000
CDUS46 KSEW 310826
CLIOLM


CLIMATE REPORT
NATIONAL WEATHER SERVICE SEATTLE WA
1226 AM PST SAT JAN 31 2015


...................................

...THE OLYMPIA WA AIRPORT CLIMATE SUMMARY FOR JANUARY 30 2015...

CLIMATE NORMAL PERIOD 1981 TO 2010
CLIMATE RECORD PERIOD 1948 TO 2015


WEATHER ITEM   OBSERVED TIME   RECORD YEAR NORMAL DEPARTURE LAST
                VALUE   (LST)  VALUE       VALUE  FROM      YEAR
                                                  NORMAL
..................................................................
TEMPERATURE (F)
 YESTERDAY
  MAXIMUM         42    528 PM  56    1995  48     -6       47
                                      1960
  MINIMUM         29    307 AM   6    1980  33     -4       39
                                      1972
                                      1950
  AVERAGE         36                        40     -4       43

PRECIPITATION (IN)
  YESTERDAY        0.00          1.08 1952   0.24  -0.24     0.12
  MONTH TO DATE    6.68                      7.61  -0.93     4.62
  SINCE OCT 1     25.71                     28.30  -2.59    13.46
  SINCE JAN 1      6.68                      7.61  -0.93     4.62

DEGREE DAYS
 HEATING
  YESTERDAY       29                        25      4       22
  MONTH TO DATE  663                       760    -97      734
  SINCE DEC 1   1386                      1585   -199     1626
  SINCE JUL 1   2485                      3030   -545     3022

 COOLING
  YESTERDAY        0                         0      0        0
  MONTH TO DATE    0                         0      0        0
  SINCE DEC 1      0                         0      0        0
  SINCE JAN 1      0                         0      0        0
..................................................................


WIND (MPH)
  RESULTANT WIND SPEED   1   RESULTANT WIND DIRECTION  NE (60)
  HIGHEST WIND SPEED    16   HIGHEST WIND DIRECTION     N (20)
  HIGHEST GUST SPEED    21   HIGHEST GUST DIRECTION    NE (30)
  AVERAGE WIND SPEED     1.7


SKY COVER
  AVERAGE SKY COVER 1.0


WEATHER CONDITIONS
 THE FOLLOWING WEATHER WAS RECORDED YESTERDAY.
  FOG
  FOG W/VISIBILITY <= 1/4 MILE


RELATIVE HUMIDITY (PERCENT)
 HIGHEST   100           100 AM
 LOWEST     89           300 PM
 AVERAGE    95

..........................................................


THE OLYMPIA WA AIRPORT CLIMATE NORMALS FOR TODAY
                         NORMAL    RECORD    YEAR
 MAXIMUM TEMPERATURE (F)   48        61      1954
 MINIMUM TEMPERATURE (F)   33         1      1950


SUNRISE AND SUNSET
JANUARY 31 2015.......SUNRISE   738 AM PST   SUNSET   513 PM PST
FEBRUARY  1 2015......SUNRISE   737 AM PST   SUNSET   514 PM PST


-  INDICATES NEGATIVE NUMBERS.
R  INDICATES RECORD WAS SET OR TIED.
MM INDICATES DATA IS MISSING.
T  INDICATES TRACE AMOUNT.




$$
