000
CDUS46 KSEW 060125
CLIOLM


CLIMATE REPORT
NATIONAL WEATHER SERVICE SEATTLE WA
625 PM PDT SUN JUL 5 2015


...................................

...THE OLYMPIA WA AIRPORT CLIMATE SUMMARY FOR JULY 5 2015...
VALID TODAY AS OF 0600 PM LOCAL TIME.

CLIMATE NORMAL PERIOD 1981 TO 2010
CLIMATE RECORD PERIOD 1948 TO 2015


WEATHER ITEM   OBSERVED TIME   RECORD YEAR NORMAL DEPARTURE LAST
                VALUE   (LST)  VALUE       VALUE  FROM      YEAR
                                                  NORMAL
..................................................................
TEMPERATURE (F)
 TODAY
  MAXIMUM         94    459 PM  95    1958  75     19       78
  MINIMUM         54    453 AM  40    2002  50      4       56
  AVERAGE         74                        62     12       67

PRECIPITATION (IN)
  TODAY            0.00          0.74 1961   0.03  -0.03     0.00
  MONTH TO DATE    0.00                      0.15  -0.15     0.00
  SINCE OCT 1     39.66                     46.87  -7.21    39.53
  SINCE JAN 1     20.63                     26.18  -5.55    30.69

DEGREE DAYS
 HEATING
  TODAY            0                         3     -3        0
  MONTH TO DATE    0                        19    -19        5
  SINCE JUN 1     63                       207   -144      160
  SINCE JUL 1      0                        19    -19        5

 COOLING
  TODAY            9                         1      8        2
  MONTH TO DATE   44                         5     39       11
  SINCE JUN 1    116                        16    100       12
  SINCE JAN 1    117                        19     98       13
..................................................................


WIND (MPH)
  RESULTANT WIND SPEED   2   RESULTANT WIND DIRECTION  NE (50)
  HIGHEST WIND SPEED    15   HIGHEST WIND DIRECTION    NE (30)
  HIGHEST GUST SPEED    20   HIGHEST GUST DIRECTION    NE (30)
  AVERAGE WIND SPEED     3.0


SKY COVER
  AVERAGE SKY COVER 0.0


WEATHER CONDITIONS
 THE FOLLOWING WEATHER WAS RECORDED TODAY.
  FOG
  HAZE


RELATIVE HUMIDITY (PERCENT)
 HIGHEST    86           200 AM
 LOWEST     19           300 PM
 AVERAGE    53

..........................................................


THE OLYMPIA WA AIRPORT CLIMATE NORMALS FOR TOMORROW
                         NORMAL    RECORD    YEAR
 MAXIMUM TEMPERATURE (F)   75        98      1960
 MINIMUM TEMPERATURE (F)   50        37      1977


SUNRISE AND SUNSET
JULY  5 2015..........SUNRISE   523 AM PDT   SUNSET   909 PM PDT
JULY  6 2015..........SUNRISE   524 AM PDT   SUNSET   908 PM PDT


-  INDICATES NEGATIVE NUMBERS.
R  INDICATES RECORD WAS SET OR TIED.
MM INDICATES DATA IS MISSING.
T  INDICATES TRACE AMOUNT.




$$
