000
CDUS46 KSEW 190831
CLIOLM


CLIMATE REPORT
NATIONAL WEATHER SERVICE SEATTLE WA
1231 AM PST THU JAN 19 2017


...................................

...THE OLYMPIA WA AIRPORT CLIMATE SUMMARY FOR JANUARY 18 2017...

CLIMATE NORMAL PERIOD 1981 TO 2010
CLIMATE RECORD PERIOD 1948 TO 2017


WEATHER ITEM   OBSERVED TIME   RECORD YEAR NORMAL DEPARTURE LAST
                VALUE   (LST)  VALUE       VALUE  FROM      YEAR
                                                  NORMAL
..................................................................
TEMPERATURE (F)
 YESTERDAY
  MAXIMUM         53    355 PM  60    2005  46      7       52
  MINIMUM         45   1159 PM  13    1984  34     11       39
                                      1950
  AVERAGE         49                        40      9       46

PRECIPITATION (IN)
  YESTERDAY        1.18          3.23 1986   0.27   0.91     0.06
  MONTH TO DATE    3.45                      4.70  -1.25     2.64
  SINCE OCT 1     31.55                     25.39   6.16    35.64
  SINCE JAN 1      3.45                      4.70  -1.25     2.64

DEGREE DAYS
 HEATING
  YESTERDAY       16                        25     -9       19
  MONTH TO DATE  583                       460    123      496
  SINCE DEC 1   1495                      1285    210     1245
  SINCE JUL 1   2692                      2730    -38     2521

 COOLING
  YESTERDAY        0                         0      0        0
  MONTH TO DATE    0                         0      0        0
  SINCE DEC 1      0                         0      0        0
  SINCE JAN 1      0                         0      0        0
..................................................................


WIND (MPH)
  RESULTANT WIND SPEED  14   RESULTANT WIND DIRECTION   S (190)
  HIGHEST WIND SPEED    29   HIGHEST WIND DIRECTION     S (190)
  HIGHEST GUST SPEED    37   HIGHEST GUST DIRECTION     S (180)
  AVERAGE WIND SPEED    12.0


SKY COVER
  AVERAGE SKY COVER 1.0


WEATHER CONDITIONS
 THE FOLLOWING WEATHER WAS RECORDED YESTERDAY.
  RAIN
  LIGHT RAIN
  FOG


RELATIVE HUMIDITY (PERCENT)
 HIGHEST   100           200 AM
 LOWEST     93          1200 AM
 AVERAGE    97

..........................................................


THE OLYMPIA WA AIRPORT CLIMATE NORMALS FOR TODAY
                         NORMAL    RECORD    YEAR
 MAXIMUM TEMPERATURE (F)   46        64      2005
 MINIMUM TEMPERATURE (F)   34        15      1984


SUNRISE AND SUNSET
JANUARY 19 2017.......SUNRISE   750 AM PST   SUNSET   456 PM PST
JANUARY 20 2017.......SUNRISE   749 AM PST   SUNSET   457 PM PST


-  INDICATES NEGATIVE NUMBERS.
R  INDICATES RECORD WAS SET OR TIED.
MM INDICATES DATA IS MISSING.
T  INDICATES TRACE AMOUNT.




$$
