000
CDUS46 KSEW 280119
CLIOLM


CLIMATE REPORT
NATIONAL WEATHER SERVICE SEATTLE WA
619 PM PDT THU JUL 27 2017


...................................

...THE OLYMPIA WA AIRPORT CLIMATE SUMMARY FOR JULY 27 2017...
VALID TODAY AS OF 0600 PM LOCAL TIME.

CLIMATE NORMAL PERIOD 1981 TO 2010
CLIMATE RECORD PERIOD 1948 TO 2017


WEATHER ITEM   OBSERVED TIME   RECORD YEAR NORMAL DEPARTURE LAST
                VALUE   (LST)  VALUE       VALUE  FROM      YEAR
                                                  NORMAL
..................................................................
TEMPERATURE (F)
 TODAY
  MAXIMUM         74    415 PM  99    1998  78     -4       87
                                      1958
  MINIMUM         54    422 AM  41    1986  52      2       52
  AVERAGE         64                        65     -1       70

PRECIPITATION (IN)
  TODAY            0.00          0.29 1950   0.02  -0.02     0.00
  MONTH TO DATE    0.05                      0.58  -0.53     0.62
  SINCE OCT 1     62.42                     47.30  15.12    60.24
  SINCE JAN 1     34.32                     26.61   7.71    27.24

DEGREE DAYS
 HEATING
  TODAY            1                         2     -1        0
  MONTH TO DATE   35                        72    -37       55
  SINCE JUN 1    186                       260    -74      221
  SINCE JUL 1     35                        72    -37       55

 COOLING
  TODAY            0                         2     -2        5
  MONTH TO DATE   28                        38    -10       22
  SINCE JUN 1     50                        49      1       56
  SINCE JAN 1     60                        52      8       57
..................................................................


WIND (MPH)
  RESULTANT WIND SPEED   5   RESULTANT WIND DIRECTION  SW (210)
  HIGHEST WIND SPEED    13   HIGHEST WIND DIRECTION     S (200)
  HIGHEST GUST SPEED    20   HIGHEST GUST DIRECTION     S (200)
  AVERAGE WIND SPEED     6.8


SKY COVER
  AVERAGE SKY COVER 0.7


WEATHER CONDITIONS
 THE FOLLOWING WEATHER WAS RECORDED TODAY.
  NO SIGNIFICANT WEATHER WAS OBSERVED.


RELATIVE HUMIDITY (PERCENT)
 HIGHEST    93          1200 AM
 LOWEST     53           300 PM
 AVERAGE    73

..........................................................


THE OLYMPIA WA AIRPORT CLIMATE NORMALS FOR TOMORROW
                         NORMAL    RECORD    YEAR
 MAXIMUM TEMPERATURE (F)   79       101      2009
 MINIMUM TEMPERATURE (F)   52        40      1976


SUNRISE AND SUNSET
JULY 27 2017..........SUNRISE   546 AM PDT   SUNSET   850 PM PDT
JULY 28 2017..........SUNRISE   547 AM PDT   SUNSET   849 PM PDT


-  INDICATES NEGATIVE NUMBERS.
R  INDICATES RECORD WAS SET OR TIED.
MM INDICATES DATA IS MISSING.
T  INDICATES TRACE AMOUNT.




$$
