000
CDUS46 KSEW 300124
CLIOLM


CLIMATE REPORT
NATIONAL WEATHER SERVICE SEATTLE WA
624 PM PDT MON MAY 29 2017


...................................

...THE OLYMPIA WA AIRPORT CLIMATE SUMMARY FOR MAY 29 2017...
VALID TODAY AS OF 0600 PM LOCAL TIME.

CLIMATE NORMAL PERIOD 1981 TO 2010
CLIMATE RECORD PERIOD 1948 TO 2017


WEATHER ITEM   OBSERVED TIME   RECORD YEAR NORMAL DEPARTURE LAST
                VALUE   (LST)  VALUE       VALUE  FROM      YEAR
                                                  NORMAL
..................................................................
TEMPERATURE (F)
 TODAY
  MAXIMUM         74    342 PM  87    1995  68      6       68
                                      1973
  MINIMUM         51    537 AM  33    1966  46      5       45
  AVERAGE         63                        57      6       57

PRECIPITATION (IN)
  TODAY            0.00          1.10 1969   0.08  -0.08      T
  MONTH TO DATE    2.98                      2.19   0.79     0.15
  SINCE OCT 1     60.95                     44.82  16.13    58.38
  SINCE JAN 1     32.85                     24.13   8.72    25.38

DEGREE DAYS
 HEATING
  TODAY            2                         9     -7        8
  MONTH TO DATE  269                       322    -53      224
  SINCE MAR 1   1417                      1459    -42     1151
  SINCE JUL 1   5145                      5181    -36     4509

 COOLING
  TODAY            0                         0      0        0
  MONTH TO DATE   10                         0     10        0
  SINCE MAR 1     10                         0     10        1
  SINCE JAN 1     10                         0     10        1
..................................................................


WIND (MPH)
  RESULTANT WIND SPEED   4   RESULTANT WIND DIRECTION   S (200)
  HIGHEST WIND SPEED    14   HIGHEST WIND DIRECTION     S (200)
  HIGHEST GUST SPEED    16   HIGHEST GUST DIRECTION    SW (210)
  AVERAGE WIND SPEED     4.7


SKY COVER
  AVERAGE SKY COVER 0.6


WEATHER CONDITIONS
 THE FOLLOWING WEATHER WAS RECORDED TODAY.
  FOG


RELATIVE HUMIDITY (PERCENT)
 HIGHEST   100           200 AM
 LOWEST     57           400 PM
 AVERAGE    79

..........................................................


THE OLYMPIA WA AIRPORT CLIMATE NORMALS FOR TOMORROW
                         NORMAL    RECORD    YEAR
 MAXIMUM TEMPERATURE (F)   68        92      1956
 MINIMUM TEMPERATURE (F)   46        33      1966


SUNRISE AND SUNSET
MAY 29 2017...........SUNRISE   522 AM PDT   SUNSET   856 PM PDT
MAY 30 2017...........SUNRISE   522 AM PDT   SUNSET   857 PM PDT


-  INDICATES NEGATIVE NUMBERS.
R  INDICATES RECORD WAS SET OR TIED.
MM INDICATES DATA IS MISSING.
T  INDICATES TRACE AMOUNT.




$$
