000
CDUS46 KSEW 300830
CLIOLM


CLIMATE REPORT
NATIONAL WEATHER SERVICE SEATTLE WA
130 AM PDT SUN AUG 30 2015


...................................

...THE OLYMPIA WA AIRPORT CLIMATE SUMMARY FOR AUGUST 29 2015...

CLIMATE NORMAL PERIOD 1981 TO 2010
CLIMATE RECORD PERIOD 1948 TO 2015


WEATHER ITEM   OBSERVED TIME   RECORD YEAR NORMAL DEPARTURE LAST
                VALUE   (LST)  VALUE       VALUE  FROM      YEAR
                                                  NORMAL
..................................................................
TEMPERATURE (F)
 YESTERDAY
  MAXIMUM         69    351 PM  94    1996  76     -7       73
  MINIMUM         56   1159 PM  34    1969  49      7       54
  AVERAGE         63                        63      0       64

PRECIPITATION (IN)
  YESTERDAY        1.25          1.33 2013   0.04   1.21     0.01
  MONTH TO DATE    2.32                      0.84   1.48     0.86
  SINCE OCT 1     42.13                     48.19  -6.06    40.66
  SINCE JAN 1     23.10                     27.50  -4.40    31.82

DEGREE DAYS
 HEATING
  YESTERDAY        2                         3     -1        1
  MONTH TO DATE   23                        63    -40       15
  SINCE JUN 1    103                       331   -228      203
  SINCE JUL 1     40                       143   -103       48

 COOLING
  YESTERDAY        0                         1     -1        0
  MONTH TO DATE   71                        45     26       83
  SINCE JUN 1    261                        99    162      180
  SINCE JAN 1    262                       102    160      181
..................................................................


WIND (MPH)
  RESULTANT WIND SPEED   9   RESULTANT WIND DIRECTION   S (200)
  HIGHEST WIND SPEED    32   HIGHEST WIND DIRECTION     S (190)
  HIGHEST GUST SPEED    45   HIGHEST GUST DIRECTION     S (180)
  AVERAGE WIND SPEED    10.7


SKY COVER
  AVERAGE SKY COVER 0.8


WEATHER CONDITIONS
 THE FOLLOWING WEATHER WAS RECORDED YESTERDAY.
  HEAVY RAIN
  RAIN
  LIGHT RAIN
  FOG


RELATIVE HUMIDITY (PERCENT)
 HIGHEST    93           800 PM
 LOWEST     59           900 AM
 AVERAGE    76

..........................................................


THE OLYMPIA WA AIRPORT CLIMATE NORMALS FOR TODAY
                         NORMAL    RECORD    YEAR
 MAXIMUM TEMPERATURE (F)   76        90      1987
 MINIMUM TEMPERATURE (F)   49        36      1977


SUNRISE AND SUNSET
AUGUST 30 2015........SUNRISE   628 AM PDT   SUNSET   755 PM PDT
AUGUST 31 2015........SUNRISE   630 AM PDT   SUNSET   753 PM PDT


-  INDICATES NEGATIVE NUMBERS.
R  INDICATES RECORD WAS SET OR TIED.
MM INDICATES DATA IS MISSING.
T  INDICATES TRACE AMOUNT.




$$
