000
CDUS43 KOAX 160805
CLIOMA


CLIMATE REPORT
NATIONAL WEATHER SERVICE OMAHA NEBRASKA
202 AM CST SAT DEC 16 2017


...................................

...THE OMAHA EPPLEY, NEBRASKA CLIMATE SUMMARY FOR DECEMBER 15 2017...

CLIMATE NORMAL PERIOD 1981 TO 2010
CLIMATE RECORD PERIOD 1871 TO 2017


WEATHER ITEM   OBSERVED TIME   RECORD YEAR NORMAL DEPARTURE LAST
                VALUE   (LST)  VALUE       VALUE  FROM      YEAR
                                                  NORMAL
..................................................................
TEMPERATURE (F)
 YESTERDAY
  MAXIMUM         49    415 PM  61    2002  35     14       20
  MINIMUM         31   1043 PM -15    1989  16     15        6
  AVERAGE         40                        26     14       13

PRECIPITATION (IN)
  YESTERDAY        0.00          2.66 1984   0.03  -0.03     0.00
  MONTH TO DATE    0.01                      0.58  -0.57     0.49
  SINCE DEC 1      0.01                      0.58  -0.57     0.49
  SINCE JAN 1     25.99                     30.16  -4.17    33.66

SNOWFALL (IN)
  YESTERDAY        0.0                       0.2   -0.2      0.0
  MONTH TO DATE    0.1                       3.0   -2.9      1.4
  SINCE JUL 1      0.1                       5.8   -5.7      1.4
  SNOW DEPTH       0

DEGREE DAYS
 HEATING
  YESTERDAY       25                        39    -14       52
  MONTH TO DATE  429                       557   -128      597
  SINCE DEC 1    429                       557   -128      597
  SINCE JUL 1   1489                      1827   -338     1348

 COOLING
  YESTERDAY        0                         0      0        0
  MONTH TO DATE    0                         0      0        0
  SINCE DEC 1      0                         0      0        0
  SINCE JAN 1   1349                      1113    236     1476
..................................................................


WIND (MPH)
  HIGHEST WIND SPEED    22   HIGHEST WIND DIRECTION    NW (330)
  HIGHEST GUST SPEED    28   HIGHEST GUST DIRECTION    NW (330)
  AVERAGE WIND SPEED    10.2


SKY COVER
  POSSIBLE SUNSHINE  MM
  AVERAGE SKY COVER 0.7


WEATHER CONDITIONS
 THE FOLLOWING WEATHER WAS RECORDED YESTERDAY.
  NO SIGNIFICANT WEATHER WAS OBSERVED.


RELATIVE HUMIDITY (PERCENT)
 HIGHEST    70          1200 AM
 LOWEST     39           300 PM
 AVERAGE    55

..........................................................


THE OMAHA EPPLEY, NEBRASKA CLIMATE NORMALS FOR TODAY
                         NORMAL    RECORD    YEAR
 MAXIMUM TEMPERATURE (F)   35        63      1939
 MINIMUM TEMPERATURE (F)   16       -11      1989


SUNRISE AND SUNSET
DECEMBER 16 2017......SUNRISE   743 AM CST   SUNSET   456 PM CST
DECEMBER 17 2017......SUNRISE   744 AM CST   SUNSET   456 PM CST


-  INDICATES NEGATIVE NUMBERS.
R  INDICATES RECORD WAS SET OR TIED.
MM INDICATES DATA IS MISSING.
T  INDICATES TRACE AMOUNT.




$$
