000
CDUS43 KOAX 042157
CLIOMA


CLIMATE REPORT
NATIONAL WEATHER SERVICE OMAHA NEBRASKA
444 PM CDT TUE AUG 4 2015


...................................

...THE OMAHA EPPLEY, NEBRASKA CLIMATE SUMMARY FOR AUGUST 4 2015...
VALID TODAY AS OF 400 PM LOCAL TIME.

CLIMATE NORMAL PERIOD 1981 TO 2010
CLIMATE RECORD PERIOD 1871 TO 2015


WEATHER ITEM   OBSERVED TIME   RECORD YEAR NORMAL DEPARTURE LAST
                VALUE   (LST)  VALUE       VALUE  FROM      YEAR
                                                  NORMAL
..................................................................
TEMPERATURE (F)
 TODAY
  MAXIMUM         76    241 PM 110    1918  86    -10       86
  MINIMUM         66    804 AM  44    1974  66      0       70
  AVERAGE         71                        76     -5       78

PRECIPITATION (IN)
  TODAY            0.21          2.28 1923   0.13   0.08     0.00
  MONTH TO DATE    0.22                      0.52  -0.30     1.19
  SINCE JUN 1      7.23                      8.53  -1.30    13.43
  SINCE JAN 1     17.92                     19.81  -1.89    20.25

SNOWFALL (IN)
  TODAY            0.0                       0.0    0.0      0.0
  MONTH TO DATE    0.0                       0.0    0.0      0.0
  SINCE JUL 1      0.0                       0.0    0.0      0.0
  SNOW DEPTH       0

DEGREE DAYS
 HEATING
  TODAY            0                         0      0        0
  MONTH TO DATE    0                         0      0        0
  SINCE JUN 1      1                        18    -17       10
  SINCE JUL 1      1                         1      0        4

 COOLING
  TODAY            6                        11     -5       13
  MONTH TO DATE   48                        44      4       45
  SINCE JUN 1    690                       639     51      593
  SINCE JAN 1    736                       721     15      736
..................................................................


WIND (MPH)
  HIGHEST WIND SPEED    16   HIGHEST WIND DIRECTION     S (160)
  HIGHEST GUST SPEED    20   HIGHEST GUST DIRECTION     E (100)
  AVERAGE WIND SPEED     7.3


SKY COVER
  POSSIBLE SUNSHINE  MM
  AVERAGE SKY COVER 0.9


WEATHER CONDITIONS
 THE FOLLOWING WEATHER WAS RECORDED TODAY.
  THUNDERSTORM
  LIGHT RAIN


RELATIVE HUMIDITY (PERCENT)
 HIGHEST    87           700 AM
 LOWEST     68          1200 AM
 AVERAGE    78

..........................................................


THE OMAHA EPPLEY, NEBRASKA CLIMATE NORMALS FOR TOMORROW
                         NORMAL    RECORD    YEAR
 MAXIMUM TEMPERATURE (F)   86       110      1934
 MINIMUM TEMPERATURE (F)   66        49      1974


SUNRISE AND SUNSET
AUGUST  4 2015........SUNRISE   622 AM CDT   SUNSET   837 PM CDT
AUGUST  5 2015........SUNRISE   623 AM CDT   SUNSET   836 PM CDT


-  INDICATES NEGATIVE NUMBERS.
R  INDICATES RECORD WAS SET OR TIED.
MM INDICATES DATA IS MISSING.
T  INDICATES TRACE AMOUNT.




$$

KLISH
