743
CDUS43 KOAX 212158
CLIOMA


CLIMATE REPORT
NATIONAL WEATHER SERVICE OMAHA NEBRASKA
454 PM CDT THU SEP 21 2017


...................................

...THE OMAHA EPPLEY, NEBRASKA CLIMATE SUMMARY FOR SEPTEMBER 21 2017...
VALID TODAY AS OF 400 PM LOCAL TIME.

CLIMATE NORMAL PERIOD 1981 TO 2010
CLIMATE RECORD PERIOD 1871 TO 2017


WEATHER ITEM   OBSERVED TIME   RECORD YEAR NORMAL DEPARTURE LAST
                VALUE   (LST)  VALUE       VALUE  FROM      YEAR
                                                  NORMAL
..................................................................
TEMPERATURE (F)
 TODAY
  MAXIMUM         92    259 PM  98    2005  76     16       91
  MINIMUM         59   1231 AM  34    1999  51      8       75
                                      1983
  AVERAGE         76                        64     12       83

PRECIPITATION (IN)
  TODAY            0.00          1.72 1932   0.09  -0.09     0.00
  MONTH TO DATE    1.31                      1.96  -0.65     3.12
  SINCE SEP 1      1.31                      1.96  -0.65     3.12
  SINCE JAN 1     20.28                     25.07  -4.79    29.44

SNOWFALL (IN)
  TODAY            0.0                       0.0    0.0      0.0
  MONTH TO DATE    0.0                       0.0    0.0      0.0
  SINCE JUL 1      0.0                       0.0    0.0       T
  SNOW DEPTH       0

DEGREE DAYS
 HEATING
  TODAY            0                         4     -4        0
  MONTH TO DATE   14                        44    -30        6
  SINCE SEP 1     14                        44    -30        6
  SINCE JUL 1     14                        52    -38        6

 COOLING
  TODAY           11                         3      8       18
  MONTH TO DATE  149                       100     49      162
  SINCE SEP 1    149                       100     49      162
  SINCE JAN 1   1278                      1080    198     1409
..................................................................


WIND (MPH)
  HIGHEST WIND SPEED    29   HIGHEST WIND DIRECTION    SE (150)
  HIGHEST GUST SPEED    35   HIGHEST GUST DIRECTION    SE (140)
  AVERAGE WIND SPEED    12.9


SKY COVER
  POSSIBLE SUNSHINE  MM
  AVERAGE SKY COVER 0.4


WEATHER CONDITIONS
 THE FOLLOWING WEATHER WAS RECORDED TODAY.
  NO SIGNIFICANT WEATHER WAS OBSERVED.


RELATIVE HUMIDITY (PERCENT)
 HIGHEST    79           800 AM
 LOWEST     52           200 PM
 AVERAGE    66

..........................................................


THE OMAHA EPPLEY, NEBRASKA CLIMATE NORMALS FOR TOMORROW
                         NORMAL    RECORD    YEAR
 MAXIMUM TEMPERATURE (F)   75        99      1937
 MINIMUM TEMPERATURE (F)   51        31      1995


SUNRISE AND SUNSET
SEPTEMBER 21 2017.....SUNRISE   710 AM CDT   SUNSET   722 PM CDT
SEPTEMBER 22 2017.....SUNRISE   711 AM CDT   SUNSET   720 PM CDT


-  INDICATES NEGATIVE NUMBERS.
R  INDICATES RECORD WAS SET OR TIED.
MM INDICATES DATA IS MISSING.
T  INDICATES TRACE AMOUNT.




$$

Klish
