000
CDUS43 KOAX 020644
CLIOMA


CLIMATE REPORT
NATIONAL WEATHER SERVICE OMAHA NEBRASKA
1243 AM CST FRI DEC 2 2016


...................................

...THE OMAHA EPPLEY, NEBRASKA CLIMATE SUMMARY FOR DECEMBER 1 2016...

CLIMATE NORMAL PERIOD 1981 TO 2010
CLIMATE RECORD PERIOD 1871 TO 2016


WEATHER ITEM   OBSERVED TIME   RECORD YEAR NORMAL DEPARTURE LAST
                VALUE   (LST)  VALUE       VALUE  FROM      YEAR
                                                  NORMAL
..................................................................
TEMPERATURE (F)
 YESTERDAY
  MAXIMUM         38    522 PM  69    1998  40     -2       33
  MINIMUM         33   1159 PM  -5    1893  21     12       26
  AVERAGE         36                        31      5       30

PRECIPITATION (IN)
  YESTERDAY        0.00          1.00 2007   0.04  -0.04     0.03
  MONTH TO DATE    0.00                      0.04  -0.04     0.03
  SINCE DEC 1      0.00                      0.04  -0.04     0.03
  SINCE JAN 1     33.17                     29.62   3.55    39.29

SNOWFALL (IN)
  YESTERDAY        0.0                       0.2   -0.2      0.6
  MONTH TO DATE    0.0                       0.2   -0.2      0.6
  SINCE JUL 1      T                         3.0   -3.0      2.5
  SNOW DEPTH       0

DEGREE DAYS
 HEATING
  YESTERDAY       29                        34     -5       35
  MONTH TO DATE   29                        34     -5       35
  SINCE DEC 1     29                        34     -5       35
  SINCE JUL 1    780                      1304   -524      913

 COOLING
  YESTERDAY        0                         0      0        0
  MONTH TO DATE    0                         0      0        0
  SINCE DEC 1      0                         0      0        0
  SINCE JAN 1   1476                      1113    363     1215
..................................................................


WIND (MPH)
  HIGHEST WIND SPEED    17   HIGHEST WIND DIRECTION    NW (310)
  HIGHEST GUST SPEED    20   HIGHEST GUST DIRECTION    NW (310)
  AVERAGE WIND SPEED     7.9


SKY COVER
  POSSIBLE SUNSHINE  MM
  AVERAGE SKY COVER 1.0


WEATHER CONDITIONS
 THE FOLLOWING WEATHER WAS RECORDED YESTERDAY.
  NO SIGNIFICANT WEATHER WAS OBSERVED.


RELATIVE HUMIDITY (PERCENT)
 HIGHEST    75           800 PM
 LOWEST     64          1100 AM
 AVERAGE    70

..........................................................


THE OMAHA EPPLEY, NEBRASKA CLIMATE NORMALS FOR TODAY
                         NORMAL    RECORD    YEAR
 MAXIMUM TEMPERATURE (F)   40        67      1973
 MINIMUM TEMPERATURE (F)   21        -4      1886


SUNRISE AND SUNSET
DECEMBER  2 2016......SUNRISE   731 AM CST   SUNSET   455 PM CST
DECEMBER  3 2016......SUNRISE   732 AM CST   SUNSET   455 PM CST


-  INDICATES NEGATIVE NUMBERS.
R  INDICATES RECORD WAS SET OR TIED.
MM INDICATES DATA IS MISSING.
T  INDICATES TRACE AMOUNT.




$$
