000
CDUS43 KOAX 280710
CLIOMA


CLIMATE REPORT
NATIONAL WEATHER SERVICE OMAHA NEBRASKA
209 AM CDT THU MAY 28 2015


...................................

...THE OMAHA EPPLEY, NEBRASKA CLIMATE SUMMARY FOR MAY 27 2015...

CLIMATE NORMAL PERIOD 1981 TO 2010
CLIMATE RECORD PERIOD 1871 TO 2015


WEATHER ITEM   OBSERVED TIME   RECORD YEAR NORMAL DEPARTURE LAST
                VALUE   (LST)  VALUE       VALUE  FROM      YEAR
                                                  NORMAL
..................................................................
TEMPERATURE (F)
 YESTERDAY
  MAXIMUM         84    401 PM  94    2012  77      7       90
  MINIMUM         53    530 AM  38    1907  55     -2       64
  AVERAGE         69                        66      3       77

PRECIPITATION (IN)
  YESTERDAY        0.00          1.44 1918   0.15  -0.15      T
  MONTH TO DATE    5.22                      4.10   1.12     2.93
  SINCE MAR 1      9.43                      9.05   0.38     5.76
  SINCE JAN 1     10.57                     10.62  -0.05     6.62

SNOWFALL (IN)
  YESTERDAY        0.0                       0.0    0.0      0.0
  MONTH TO DATE    0.0                       0.1   -0.1      0.0
  SINCE JUL 1     13.8                      26.5  -12.7     17.8
  SNOW DEPTH       0

DEGREE DAYS
 HEATING
  YESTERDAY        0                         2     -2        0
  MONTH TO DATE  127                       139    -12      143
  SINCE MAR 1   1098                      1343   -245     1425
  SINCE JUL 1   5809                      6141   -332     6530

 COOLING
  YESTERDAY        4                         3      1       12
  MONTH TO DATE   36                        50    -14       83
  SINCE MAR 1     41                        66    -25       98
  SINCE JAN 1     41                        66    -25       98
..................................................................


WIND (MPH)
  HIGHEST WIND SPEED    13   HIGHEST WIND DIRECTION     S (180)
  HIGHEST GUST SPEED    17   HIGHEST GUST DIRECTION    SW (230)
  AVERAGE WIND SPEED     5.0


SKY COVER
  POSSIBLE SUNSHINE  MM
  AVERAGE SKY COVER 0.4


WEATHER CONDITIONS
 THE FOLLOWING WEATHER WAS RECORDED YESTERDAY.
  FOG


RELATIVE HUMIDITY (PERCENT)
 HIGHEST   100           300 AM
 LOWEST     31           100 PM
 AVERAGE    66

..........................................................


THE OMAHA EPPLEY, NEBRASKA CLIMATE NORMALS FOR TODAY
                         NORMAL    RECORD    YEAR
 MAXIMUM TEMPERATURE (F)   78        97      1895
 MINIMUM TEMPERATURE (F)   55        35      1947


SUNRISE AND SUNSET
MAY 28 2015...........SUNRISE   555 AM CDT   SUNSET   847 PM CDT
MAY 29 2015...........SUNRISE   554 AM CDT   SUNSET   848 PM CDT


-  INDICATES NEGATIVE NUMBERS.
R  INDICATES RECORD WAS SET OR TIED.
MM INDICATES DATA IS MISSING.
T  INDICATES TRACE AMOUNT.




$$
