000
CDUS43 KOAX 010649
CLIOMA


CLIMATE REPORT
NATIONAL WEATHER SERVICE OMAHA NEBRASKA
1247 AM CST SUN FEB 1 2015


...................................

...THE OMAHA EPPLEY, NEBRASKA CLIMATE SUMMARY FOR JANUARY 31 2015...

CLIMATE NORMAL PERIOD 1981 TO 2010
CLIMATE RECORD PERIOD 1871 TO 2015


WEATHER ITEM   OBSERVED TIME   RECORD YEAR NORMAL DEPARTURE LAST
                VALUE   (LST)  VALUE       VALUE  FROM      YEAR
                                                  NORMAL
..................................................................
TEMPERATURE (F)
 YESTERDAY
  MAXIMUM         37    908 AM  65    1989  34      3       27
  MINIMUM         31    316 AM -20    1918  15     16       14
  AVERAGE         34                        24     10       21

PRECIPITATION (IN)
  YESTERDAY        0.62R         0.34 1998   0.03   0.59     0.03
                                      1958
                                      1891
  MONTH TO DATE    0.69                      0.72  -0.03     0.14
  SINCE DEC 1      2.37                      1.76   0.61     0.34
  SINCE JAN 1      0.69                      0.72  -0.03     0.14

SNOWFALL (IN)
  YESTERDAY        2.8                       0.2    2.6      0.4
  MONTH TO DATE    4.1                       6.1   -2.0      1.9
  SINCE JUL 1      7.2                      15.1   -7.9      5.4
  SNOW DEPTH       0

DEGREE DAYS
 HEATING
  YESTERDAY       31                        41    -10       44
  MONTH TO DATE 1148                      1292   -144     1358
  SINCE DEC 1   2178                      2495   -317     2676
  SINCE JUL 1   3479                      3765   -286     3902

 COOLING
  YESTERDAY        0                         0      0        0
  MONTH TO DATE    0                         0      0        0
  SINCE DEC 1      0                         0      0        0
  SINCE JAN 1      0                         0      0        0
..................................................................


WIND (MPH)
  HIGHEST WIND SPEED    15   HIGHEST WIND DIRECTION    SE (140)
  HIGHEST GUST SPEED    17   HIGHEST GUST DIRECTION     S (190)
  AVERAGE WIND SPEED     7.6


SKY COVER
  POSSIBLE SUNSHINE  MM
  AVERAGE SKY COVER 1.0


WEATHER CONDITIONS
 THE FOLLOWING WEATHER WAS RECORDED YESTERDAY.
  LIGHT RAIN
  SNOW
  LIGHT SNOW
  FOG


RELATIVE HUMIDITY (PERCENT)
 HIGHEST   100           100 PM
 LOWEST     64          1200 AM
 AVERAGE    82

..........................................................


THE OMAHA EPPLEY, NEBRASKA CLIMATE NORMALS FOR TODAY
                         NORMAL    RECORD    YEAR
 MAXIMUM TEMPERATURE (F)   35        61      2012
 MINIMUM TEMPERATURE (F)   15       -21      1917


SUNRISE AND SUNSET
FEBRUARY  1 2015......SUNRISE   735 AM CST   SUNSET   540 PM CST
FEBRUARY  2 2015......SUNRISE   734 AM CST   SUNSET   541 PM CST


-  INDICATES NEGATIVE NUMBERS.
R  INDICATES RECORD WAS SET OR TIED.
MM INDICATES DATA IS MISSING.
T  INDICATES TRACE AMOUNT.




$$
