000
CDUS43 KOAX 200639
CLIOMA


CLIMATE REPORT
NATIONAL WEATHER SERVICE OMAHA NEBRASKA
1237 AM CST FRI JAN 20 2017


...................................

...THE OMAHA EPPLEY, NEBRASKA CLIMATE SUMMARY FOR JANUARY 19 2017...

CLIMATE NORMAL PERIOD 1981 TO 2010
CLIMATE RECORD PERIOD 1871 TO 2017


WEATHER ITEM   OBSERVED TIME   RECORD YEAR NORMAL DEPARTURE LAST
                VALUE   (LST)  VALUE       VALUE  FROM      YEAR
                                                  NORMAL
..................................................................
TEMPERATURE (F)
 YESTERDAY
  MAXIMUM         45    327 PM  65    2014  33     12       20
  MINIMUM         30    553 AM -26    1892  13     17       15
  AVERAGE         38                        23     15       18

PRECIPITATION (IN)
  YESTERDAY        T             0.53 1958   0.02  -0.02     0.34
  MONTH TO DATE    0.69                      0.42   0.27     1.09
  SINCE DEC 1      2.16                      1.46   0.70     6.35
  SINCE JAN 1      0.69                      0.42   0.27     1.09

SNOWFALL (IN)
  YESTERDAY        0.0                       0.2   -0.2      4.1
  MONTH TO DATE    0.6                       3.7   -3.1      6.6
  SINCE JUL 1      3.8                      12.7   -8.9     20.8
  SNOW DEPTH       0

DEGREE DAYS
 HEATING
  YESTERDAY       27                        42    -15       47
  MONTH TO DATE  778                       798    -20      824
  SINCE DEC 1   1951                      2007    -56     1771
  SINCE JUL 1   2702                      3277   -575     2649

 COOLING
  YESTERDAY        0                         0      0        0
  MONTH TO DATE    0                         0      0        0
  SINCE DEC 1      0                         0      0        0
  SINCE JAN 1      0                         0      0        0
..................................................................


WIND (MPH)
  HIGHEST WIND SPEED    14   HIGHEST WIND DIRECTION     S (160)
  HIGHEST GUST SPEED    17   HIGHEST GUST DIRECTION     S (160)
  AVERAGE WIND SPEED     5.2


SKY COVER
  POSSIBLE SUNSHINE  MM
  AVERAGE SKY COVER 0.7


WEATHER CONDITIONS
 THE FOLLOWING WEATHER WAS RECORDED YESTERDAY.
  LIGHT RAIN
  FOG
  FOG W/VISIBILITY <= 1/4 MILE
  HAZE


RELATIVE HUMIDITY (PERCENT)
 HIGHEST    89           800 AM
 LOWEST     82          1200 AM
 AVERAGE    86

..........................................................


THE OMAHA EPPLEY, NEBRASKA CLIMATE NORMALS FOR TODAY
                         NORMAL    RECORD    YEAR
 MAXIMUM TEMPERATURE (F)   33        64      1944
 MINIMUM TEMPERATURE (F)   13       -22      1883


SUNRISE AND SUNSET
JANUARY 20 2017.......SUNRISE   744 AM CST   SUNSET   526 PM CST
JANUARY 21 2017.......SUNRISE   744 AM CST   SUNSET   527 PM CST


-  INDICATES NEGATIVE NUMBERS.
R  INDICATES RECORD WAS SET OR TIED.
MM INDICATES DATA IS MISSING.
T  INDICATES TRACE AMOUNT.




$$
