000
CDUS43 KOAX 010718
CLIOMA


CLIMATE REPORT
NATIONAL WEATHER SERVICE OMAHA NEBRASKA
118 AM CST SUN MAR 1 2015


...................................

...THE OMAHA EPPLEY, NEBRASKA CLIMATE SUMMARY FOR FEBRUARY 28 2015...

CLIMATE NORMAL PERIOD 1981 TO 2010
CLIMATE RECORD PERIOD 1871 TO 2015


WEATHER ITEM   OBSERVED TIME   RECORD YEAR NORMAL DEPARTURE LAST
                VALUE   (LST)  VALUE       VALUE  FROM      YEAR
                                                  NORMAL
..................................................................
TEMPERATURE (F)
 YESTERDAY
  MAXIMUM         23   1159 PM  77    1972  43    -20       41
  MINIMUM          6    642 AM -14    1962  22    -16       13
  AVERAGE         15                        33    -18       27

PRECIPITATION (IN)
  YESTERDAY        T             0.90 2012   0.04  -0.04     0.01
  MONTH TO DATE    0.45                      0.85  -0.40     0.72
  SINCE DEC 1      2.82                      2.61   0.21     1.06
  SINCE JAN 1      1.14                      1.57  -0.43     0.86

SNOWFALL (IN)
  YESTERDAY        T                         0.2   -0.2      0.2
  MONTH TO DATE    6.4                       6.1    0.3      9.5
  SINCE JUL 1     13.6                      21.2   -7.6     14.9
  SNOW DEPTH       0

DEGREE DAYS
 HEATING
  YESTERDAY       50                        32     18       38
  MONTH TO DATE 1232                      1032    200     1203
  SINCE DEC 1   3410                      3528   -118     3879
  SINCE JUL 1   4711                      4798    -87     5105

 COOLING
  YESTERDAY        0                         0      0        0
  MONTH TO DATE    0                         0      0        0
  SINCE DEC 1      0                         0      0        0
  SINCE JAN 1      0                         0      0        0
..................................................................


WIND (MPH)
  HIGHEST WIND SPEED    17   HIGHEST WIND DIRECTION     S (180)
  HIGHEST GUST SPEED    21   HIGHEST GUST DIRECTION     S (190)
  AVERAGE WIND SPEED     9.7


SKY COVER
  POSSIBLE SUNSHINE  MM
  AVERAGE SKY COVER 0.5


WEATHER CONDITIONS
 THE FOLLOWING WEATHER WAS RECORDED YESTERDAY.
  LIGHT SNOW
  FOG


RELATIVE HUMIDITY (PERCENT)
 HIGHEST    88           900 PM
 LOWEST     57          1200 PM
 AVERAGE    73

..........................................................


THE OMAHA EPPLEY, NEBRASKA CLIMATE NORMALS FOR TODAY
                         NORMAL    RECORD    YEAR
 MAXIMUM TEMPERATURE (F)   44        79      1992
 MINIMUM TEMPERATURE (F)   23        -9      1962


SUNRISE AND SUNSET
MARCH  1 2015.........SUNRISE   658 AM CST   SUNSET   614 PM CST
MARCH  2 2015.........SUNRISE   657 AM CST   SUNSET   615 PM CST


-  INDICATES NEGATIVE NUMBERS.
R  INDICATES RECORD WAS SET OR TIED.
MM INDICATES DATA IS MISSING.
T  INDICATES TRACE AMOUNT.




$$
