000
CDUS43 KOAX 300629
CLIOMA


CLIMATE REPORT
NATIONAL WEATHER SERVICE OMAHA NEBRASKA
129 AM CDT FRI SEP 30 2016


...................................

...THE OMAHA EPPLEY, NEBRASKA CLIMATE SUMMARY FOR SEPTEMBER 29 2016...

CLIMATE NORMAL PERIOD 1981 TO 2010
CLIMATE RECORD PERIOD 1871 TO 2016


WEATHER ITEM   OBSERVED TIME   RECORD YEAR NORMAL DEPARTURE LAST
                VALUE   (LST)  VALUE       VALUE  FROM      YEAR
                                                  NORMAL
..................................................................
TEMPERATURE (F)
 YESTERDAY
  MAXIMUM         73    413 PM  92    1971  72      1       73
  MINIMUM         45    646 AM  28    1984  48     -3       52
  AVERAGE         59                        60     -1       63

PRECIPITATION (IN)
  YESTERDAY        0.00          3.67 1881   0.09  -0.09     0.31
  MONTH TO DATE    4.42                      2.60   1.82     9.31
  SINCE SEP 1      4.42                      2.60   1.82     9.31
  SINCE JAN 1     30.74                     25.71   5.03    35.96

SNOWFALL (IN)
  YESTERDAY        0.0                       0.0    0.0      0.0
  MONTH TO DATE    0.0                       0.0    0.0      0.0
  SINCE JUL 1      T                         0.0    0.0      0.0
  SNOW DEPTH       0

DEGREE DAYS
 HEATING
  YESTERDAY        6                         7     -1        2
  MONTH TO DATE   24                        88    -64       27
  SINCE SEP 1     24                        88    -64       27
  SINCE JUL 1     24                        96    -72       31

 COOLING
  YESTERDAY        0                         2     -2        0
  MONTH TO DATE  207                       116     91      238
  SINCE SEP 1    207                       116     91      238
  SINCE JAN 1   1454                      1096    358     1191
..................................................................


WIND (MPH)
  HIGHEST WIND SPEED    14   HIGHEST WIND DIRECTION    NE (60)
  HIGHEST GUST SPEED    18   HIGHEST GUST DIRECTION     N (10)
  AVERAGE WIND SPEED     6.6


SKY COVER
  POSSIBLE SUNSHINE  MM
  AVERAGE SKY COVER 0.1


WEATHER CONDITIONS
 THE FOLLOWING WEATHER WAS RECORDED YESTERDAY.
  NO SIGNIFICANT WEATHER WAS OBSERVED.


RELATIVE HUMIDITY (PERCENT)
 HIGHEST    89           600 AM
 LOWEST     38           400 PM
 AVERAGE    64

..........................................................


THE OMAHA EPPLEY, NEBRASKA CLIMATE NORMALS FOR TODAY
                         NORMAL    RECORD    YEAR
 MAXIMUM TEMPERATURE (F)   72        93      1994
                                             1952
 MINIMUM TEMPERATURE (F)   47        31      1974
                                             1972


SUNRISE AND SUNSET
SEPTEMBER 30 2016.....SUNRISE   720 AM CDT   SUNSET   706 PM CDT
OCTOBER  1 2016.......SUNRISE   721 AM CDT   SUNSET   705 PM CDT


-  INDICATES NEGATIVE NUMBERS.
R  INDICATES RECORD WAS SET OR TIED.
MM INDICATES DATA IS MISSING.
T  INDICATES TRACE AMOUNT.




$$
