224
CDAK49 PAOM 240902
CLIOME

CLIMATE REPORT
NATIONAL WEATHER SERVICE NOME, AK
102 AM AKDT TUE MAY 24 2016

...................................
...THE NOME WSO AP CLIMATE SUMMARY FOR MAY 23 2016...

CLIMATE NORMAL PERIOD  1981 TO  2010
CLIMATE RECORD PERIOD  1906 TO  2016

WEATHER ITEM   OBSERVED TIME    RECORD YEAR NORMAL DEPARTURE LAST
               VALUE    (LST)   VALUE       VALUE  FROM      YEAR
                                                   NORMAL
...................................................................
TEMPERATURE
YESTERDAY
 MAXIMUM            38  0315 PM    63  1925     47      -9     52
 MINIMUM            34  1201 AM    20  2000     33       1     43
 AVERAGE            36                          40      -4     48

PRECIPITATION
(INCHES)
 YESTERDAY        0.11           0.62  2004   0.03    0.08   0.05
 MONTH TO DATE    0.79                        0.64    0.15   1.39
 SINCE MAR 1      1.63                        2.05   -0.42   2.70
 SINCE JAN 1      2.66                        3.92   -1.26   4.34

SNOWFALL
(INCHES)
 YESTERDAY         0.0            0.7  1943    0.0     0.0    0.0
 MONTH TO DATE     0.0                         2.0    -2.0      T
 SINCE MAR 1       6.6                        18.4   -11.8   16.4
 SINCE JUL 1      48.9                        75.1   -26.2   59.7
 SNOW DEPTH (IN)     0                                          0

DEGREE DAYS
 HEATING
  YESTERDAY         29                          25       4     17
  MONTH TO DATE    556                         687    -131    610
  SINCE MAR 1     3113                        3718    -605   3717
  SINCE JUL 1    11350                       13000   -1650  11895

 COOLING
  YESTERDAY          0                           0       0      0
  MONTH TO DATE      0                           0       0      0
  SINCE MAR 1        0                           0       0      0
  SINCE JAN 1        0                           0       0      0
...................................................................

WIND (MPH)
 HIGHEST WIND SPEED    23     HIGHEST WIND DIRECTION    210
 HIGHEST GUST SPEED    27     HIGHEST GUST DIRECTION    160
 AVERAGE WIND SPEED  16.0

SKY COVER
  POSSIBLE SUNSHINE    MM          AVERAGE SKY COVER     MM

WEATHER CONDITIONS
 THE FOLLOWING WEATHER WAS RECORDED YESTERDAY.
  FOG
  DRIZZLE
  RAIN


RELATIVE HUMIDITY
 HIGHEST RH     MM PERCENT       MM
 LOWEST  RH     MM PERCENT       MM
 AVERAGE RH     MM PERCENT       MM
...................................................................

THE NOME CLIMATE NORMALS FOR TODAY
                           NORMAL    RECORD   YEAR
 MAXIMUM TEMPERATURE (F)     47        68     1969
 MINIMUM TEMPERATURE (F)     34        14     1920

SUNRISE AND SUNSET
 MAY 24 2016..........SUNRISE  5:11 AM      SUNSET 12:50 AM
 MAY 25 2016..........SUNRISE  5:08 AM      SUNSET 12:53 AM

-  INDICATES NEGATIVE NUMBERS.
R  INDICATES RECORD HAS BEEN SET OR TIED.
MM INDICATES DATA IS MISSING.
T  INDICATES TRACE OF PRECIPITATION.

&&
-------------------------------------------------------------------

AMOUNT OF DAYLIGHT TODAY  (HOUR:MIN)........19 HOURS 39 MINUTES
GAIN/LOSS SINCE YESTERDAY (HOUR:MIN:SEC)....+0:06:26

TIDES FOR TUESDAY MAY 24 2016

1:16 AM LOW -0.3 FT
8:53 AM HIGH 1.0 FT
1:01 PM LOW  0.7 FT
4:38 PM HIGH 1.0 FT

$$
RCT MAY 16
