776
CDAK49 PAFG 130040
CLIOME

CLIMATE REPORT
NATIONAL WEATHER SERVICE FAIRBANKS AK
340 PM AKST TUE DEC 12 2017


...................................

...THE NOME AK CLIMATE SUMMARY FOR DECEMBER 12 2017...
VALID TODAY AS OF 0300 PM LOCAL TIME.

CLIMATE NORMAL PERIOD 1981 TO 2010
CLIMATE RECORD PERIOD 1906 TO 2017


WEATHER ITEM   OBSERVED TIME   RECORD YEAR NORMAL DEPARTURE LAST
                VALUE   (LST)  VALUE       VALUE  FROM      YEAR
                                                  NORMAL
..................................................................
TEMPERATURE (F)
 TODAY
  MAXIMUM         33    259 PM  37    1932  17     16       22
  MINIMUM         23    354 AM -29    1998   3     20       14
  AVERAGE         28                        10     18       18

PRECIPITATION (IN)
  TODAY            0.04          0.31 1948   0.03   0.01      T
  MONTH TO DATE    0.56                      0.40   0.16     0.01
  SINCE DEC 1      0.56                      0.40   0.16     0.01
  SINCE JAN 1     18.01                     16.13   1.88    14.97

SNOWFALL (IN)
  TODAY            0.1           4.2  1994   0.5   -0.4       T
  MONTH TO DATE    7.6                       5.2    2.4      0.4
  SINCE DEC 1      7.6                       5.2    2.4      0.4
  SINCE JUL 1     39.2                      22.5   16.7      9.0
  SNOW DEPTH      16

DEGREE DAYS
 HEATING
  TODAY           37                        55    -18       47
  MONTH TO DATE  515                       644   -129      744
  SINCE DEC 1    515                       644   -129      744
  SINCE JUL 1   4303                      4737   -434     4359

 COOLING
  TODAY            0                         0      0        0
  MONTH TO DATE    0                         0      0        0
  SINCE DEC 1      0                         0      0        0
  SINCE JAN 1      4                         3      1        0
..................................................................


WIND (MPH)
  HIGHEST GUST SPEED    25   HIGHEST GUST DIRECTION     E (80)


SKY COVER
  AVERAGE SKY COVER 1.0


WEATHER CONDITIONS
 THE FOLLOWING WEATHER WAS RECORDED TODAY.
  LIGHT RAIN
  SNOW
  LIGHT SNOW
  FOG


RELATIVE HUMIDITY (PERCENT)
 HIGHEST   100
 LOWEST     74
 AVERAGE    87

..........................................................


THE NOME AK CLIMATE NORMALS FOR TOMORROW
                         NORMAL    RECORD    YEAR
 MAXIMUM TEMPERATURE (F)   17        37      1985
 MINIMUM TEMPERATURE (F)    3       -29      1998


SUNRISE AND SUNSET
DECEMBER 12 2017......SUNRISE  1153 AM AKST  SUNSET   359 PM AKST
DECEMBER 13 2017......SUNRISE  1155 AM AKST  SUNSET   358 PM AKST

-  INDICATES NEGATIVE NUMBERS.
R  INDICATES RECORD WAS SET OR TIED.
MM INDICATES DATA IS MISSING.
T  INDICATES TRACE AMOUNT.

&&

SNOW DEPTH IS MEASURED AT 3AM AKST/4AM AKDT.

----------------------------
AVAILABLE DAYLIGHT

AMOUNT OF DAYLIGHT TODAY  (HOUR:MIN)........4:05
GAIN/LOSS SINCE YESTERDAY (HOUR:MIN:SEC)....-0:02:45

NOME TIDAL INFORMATION FOR 13 DECEMBER 2017
0007  +1.8
0607  +0.9
1202  +1.6
1814  +0.5

$$
AY DEC 17
