000
CDAK49 PAOM 102223
CLIOME

CLIMATE REPORT
NATIONAL WEATHER SERVICE NOME, AK
223 PM AKDT THU JUL 10 2014

...................................
...THE NOME WSO AP CLIMATE SUMMARY FOR JULY 10 2014...
VALID TODAY AS OF 2:00 PM LOCAL TIME

CLIMATE NORMAL PERIOD  1981 TO  2010
CLIMATE RECORD PERIOD  1906 TO  2014

WEATHER ITEM   OBSERVED TIME    RECORD YEAR NORMAL DEPARTURE LAST
               VALUE    (LST)   VALUE       VALUE  FROM      YEAR
                                                   NORMAL
...................................................................
TEMPERATURE
TODAY
 MAXIMUM            63  1211 PM    79  2010     59       4     50
 MINIMUM            47  0400 AM    33  1932     46       1     44
 AVERAGE            55                          53       2     47

PRECIPITATION
(INCHES)
 TODAY            0.00           0.98  1926   0.06   -0.06   0.00
 MONTH TO DATE    0.68                        0.50    0.18   1.23
 SINCE JUN 1      0.90                        1.48   -0.58   3.76
 SINCE JAN 1      5.37                        5.62   -0.25   8.01

SNOWFALL
(INCHES)
 TODAY             0.0            0.0  2014    0.0     0.0    0.0
 MONTH TO DATE     0.0                         0.0     0.0    0.0
 SINCE JUN 1       0.0                         0.3    -0.3    0.1
 SINCE JUL 1       0.0                         0.0     0.0    0.0
 SNOW DEPTH (IN)     0                                          0

DEGREE DAYS
 HEATING
  TODAY             10                          13      -3     18
  MONTH TO DATE    113                         130     -17    149
  SINCE JUN 1      681                         646      35    625
  SINCE JUL 1      113                         130     -17    149

 COOLING
  TODAY              0                           0       0      0
  MONTH TO DATE      2                           0       2      0
  SINCE JUN 1        2                           0       2      7
  SINCE JAN 1        2                           0       2      7
...................................................................

WIND (MPH)
 HIGHEST WIND SPEED    15     HIGHEST WIND DIRECTION    250
 HIGHEST GUST SPEED    18     HIGHEST GUST DIRECTION    240
 AVERAGE WIND SPEED    MM

SKY COVER
  POSSIBLE SUNSHINE  MM            AVERAGE SKY COVER MM

WEATHER CONDITIONS
 THE FOLLOWING WEATHER WAS RECORDED TODAY.
NO SIGNIFICANT WEATHER WAS OBSERVED.

RELATIVE HUMIDITY
 HIGHEST RH     MM PERCENT       MM
 LOWEST  RH     MM PERCENT       MM
 AVERAGE RH     MM PERCENT       MM
...................................................................

THE NOME CLIMATE NORMALS FOR TOMORROW
                        NORMAL    RECORD   YEAR
 MAXIMUM TEMPERATURE      59        82     1977
 MINIMUM TEMPERATURE      46        28     1934

SUNRISE AND SUNSET
 JUL 10 2014..........SUNRISE  4:55 AM      SUNSET  1:18 AM
 JUL 11 2014..........SUNRISE  4:58 AM      SUNSET  1:16 AM

-  INDICATES NEGATIVE NUMBERS.
R  INDICATES RECORD HAS BEEN SET OR TIED.
MM INDICATES DATA IS MISSING.
T  INDICATES TRACE OF PRECIPITATION.

&&
-------------------------------------------------------------------

AMOUNT OF DAYLIGHT TODAY  (HOUR:MIN)........20 HOURS 23 MINUTES
GAIN/LOSS SINCE YESTERDAY (HOUR:MIN:SEC)....-0:05:31

$$
*** JUL 14
