896
CDAK49 PAFG 191247
CLIOME

CLIMATE REPORT
NATIONAL WEATHER SERVICE FAIRBANKS AK
447 AM AKDT THU OCT 19 2017


...................................

...THE NOME AK CLIMATE SUMMARY FOR OCTOBER 18 2017...

CLIMATE NORMAL PERIOD 1981 TO 2010
CLIMATE RECORD PERIOD 1906 TO 2017


WEATHER ITEM   OBSERVED TIME   RECORD YEAR NORMAL DEPARTURE LAST
                VALUE   (LST)  VALUE       VALUE  FROM      YEAR
                                                  NORMAL
..................................................................
TEMPERATURE (F)
 YESTERDAY
  MAXIMUM         35    242 PM  48    1969  33      2       34
                                      1925
  MINIMUM         21   1043 PM   3    1931  22     -1       19
  AVERAGE         28                        28      0       27

PRECIPITATION (IN)
  YESTERDAY        T             0.54 2004   0.05  -0.05     0.00
                                      1920
  MONTH TO DATE    2.40                      1.03   1.37     0.48
  SINCE SEP 1      5.13                      3.48   1.65     2.77
  SINCE JAN 1     14.86                     13.93   0.93    13.03

SNOWFALL (IN)
  YESTERDAY        T             3.0  1920   0.1   -0.1      0.0
  MONTH TO DATE    T                         1.8   -1.8      0.0
  SINCE SEP 1      T                         2.4   -2.4      0.0
  SINCE JUL 1      T                         2.4   -2.4      0.0
  SNOW DEPTH       0

DEGREE DAYS
 HEATING
  YESTERDAY       37                        37      0       38
  MONTH TO DATE  491                       600   -109      444
  SINCE SEP 1   1175                      1266    -91     1074
  SINCE JUL 1   2021                      2126   -105     1759

 COOLING
  YESTERDAY        0                         0      0        0
  MONTH TO DATE    0                         0      0        0
  SINCE SEP 1      0                         0      0        0
  SINCE JAN 1      4                         3      1        0
..................................................................


WIND (MPH)
  HIGHEST GUST SPEED    20   HIGHEST GUST DIRECTION    NW (300)


SKY COVER
  AVERAGE SKY COVER 0.6


WEATHER CONDITIONS
 THE FOLLOWING WEATHER WAS RECORDED YESTERDAY.
  LIGHT SNOW
  FOG


RELATIVE HUMIDITY (PERCENT)
 HIGHEST    92
 LOWEST     64
 AVERAGE    78

..........................................................


THE NOME AK CLIMATE NORMALS FOR TODAY
                         NORMAL    RECORD    YEAR
 MAXIMUM TEMPERATURE (F)   33        44      2004
 MINIMUM TEMPERATURE (F)   22         0      1928


SUNRISE AND SUNSET
OCTOBER 19 2017.......SUNRISE  1008 AM AKDT  SUNSET   725 PM AKDT
OCTOBER 20 2017.......SUNRISE  1011 AM AKDT  SUNSET   722 PM AKDT

-  INDICATES NEGATIVE NUMBERS.
R  INDICATES RECORD WAS SET OR TIED.
MM INDICATES DATA IS MISSING.
T  INDICATES TRACE AMOUNT.

&&

SNOW DEPTH IS MEASURED AT 3AM AKST/4AM AKDT.

----------------------------
AVAILABLE DAYLIGHT

AMOUNT OF DAYLIGHT TODAY  (HOUR:MIN)........9:17
GAIN/LOSS SINCE YESTERDAY (HOUR:MIN:SEC)....-0:06:36

NOME TIDAL INFORMATION FOR 19 OCTOBER 2017
0550  +1.5
1121  +0.6
1748  +1.4
2329  +0.5

$$
OCT 17
