000
CDAK49 PAOM 070003
CLIOME

CLIMATE REPORT
NATIONAL WEATHER SERVICE NOME, AK
303 PM AKST SAT FEB 6 2016

...................................
...THE NOME WSO AP CLIMATE SUMMARY FOR FEBRUARY 6 2016...
VALID TODAY AS OF 2:00 PM LOCAL TIME

CLIMATE NORMAL PERIOD  1981 TO  2010
CLIMATE RECORD PERIOD  1906 TO  2016

WEATHER ITEM   OBSERVED TIME    RECORD YEAR NORMAL DEPARTURE LAST
               VALUE    (LST)   VALUE       VALUE  FROM      YEAR
                                                   NORMAL
...................................................................
TEMPERATURE
TODAY
 MAXIMUM            27  0135 PM    38  1929     14      13     12
 MINIMUM            22  0144 AM   -37  1990     -2      24     -6
 AVERAGE            25                           6      19      3

PRECIPITATION
(INCHES)
 TODAY            0.17           0.56  1982   0.04    0.13   0.00
 MONTH TO DATE    0.17                        0.20   -0.03      T
 SINCE DEC 1      1.48                        2.22   -0.74   1.25
 SINCE JAN 1      0.70                        1.14   -0.44   0.71

SNOWFALL
(INCHES)
 TODAY             2.6            3.6  1959    0.4     2.2    0.0
 MONTH TO DATE     2.6                         2.5     0.1    0.1
 SINCE DEC 1      19.1                        29.7   -10.6   15.6
 SINCE JUL 1      37.3                        47.0    -9.7   33.2
 SNOW DEPTH (IN)    14                                         11

DEGREE DAYS
 HEATING
  TODAY             40                          59     -19     62
  MONTH TO DATE    270                         355     -85    369
  SINCE DEC 1     3299                        3928    -629   3613
  SINCE JUL 1     7095                        8026    -931   7166

 COOLING
  TODAY              0                           0       0      0
  MONTH TO DATE      0                           0       0      0
  SINCE DEC 1        0                           0       0      0
  SINCE JAN 1        0                           0       0      0
...................................................................

WIND (MPH)
 HIGHEST WIND SPEED    18     HIGHEST WIND DIRECTION     90
 HIGHEST GUST SPEED    23     HIGHEST GUST DIRECTION     80
 AVERAGE WIND SPEED    MM

SKY COVER
  POSSIBLE SUNSHINE  MM            AVERAGE SKY COVER MM

WEATHER CONDITIONS
 THE FOLLOWING WEATHER WAS RECORDED TODAY.
FOG
FREEZING DRIZZLE
SNOW


RELATIVE HUMIDITY
 HIGHEST RH     MM PERCENT       MM
 LOWEST  RH     MM PERCENT       MM
 AVERAGE RH     MM PERCENT       MM
...................................................................

THE NOME CLIMATE NORMALS FOR TOMORROW
                        NORMAL    RECORD   YEAR
 MAXIMUM TEMPERATURE      14        38     2000
 MINIMUM TEMPERATURE      -2       -42     1978

SUNRISE AND SUNSET
 FEB 6 2016..........SUNRISE 10:30 AM      SUNSET  6:04 PM
 FEB 7 2016..........SUNRISE 10:27 AM      SUNSET  6:07 PM

-  INDICATES NEGATIVE NUMBERS.
R  INDICATES RECORD HAS BEEN SET OR TIED.
MM INDICATES DATA IS MISSING.
T  INDICATES TRACE OF PRECIPITATION.

&&
-------------------------------------------------------------------

AMOUNT OF DAYLIGHT TODAY  (HOUR:MIN)........7 HOURS 34 MINUTES
GAIN/LOSS SINCE YESTERDAY (HOUR:MIN:SEC)....+0:06:38

$$
RWM FEB 16
