000
CDAK49 PAFG 230943
CLIOME

CLIMATE REPORT
NATIONAL WEATHER SERVICE FAIRBANKS AK
143 AM AKDT SUN APR 23 2017


...................................

...THE NOME AK CLIMATE SUMMARY FOR APRIL 22 2017...

CLIMATE NORMAL PERIOD 1981 TO 2010
CLIMATE RECORD PERIOD 1906 TO 2017


WEATHER ITEM   OBSERVED TIME   RECORD YEAR NORMAL DEPARTURE LAST
                VALUE   (LST)  VALUE       VALUE  FROM      YEAR
                                                  NORMAL
..................................................................
TEMPERATURE (F)
 YESTERDAY
  MAXIMUM         46    252 PM  54    1940  31     15       49
  MINIMUM         31    645 AM -14    1976  18     13       33
                                      1966
  AVERAGE         39                        24     15       41

PRECIPITATION (IN)
  YESTERDAY        0.00          0.31 1927   0.03  -0.03     0.00
  MONTH TO DATE    0.11                      0.54  -0.43     0.80
  SINCE MAR 1      0.12                      1.19  -1.07     0.84
  SINCE JAN 1      1.87                      3.06  -1.19     1.87

SNOWFALL (IN)
  YESTERDAY        0.0           2.3  1961   0.2   -0.2      0.0
  MONTH TO DATE    1.1                       5.9   -4.8      0.7
  SINCE MAR 1      2.0                      14.8  -12.8      0.7
  SINCE JUL 1     54.2                      71.5  -17.3     16.2
  SNOW DEPTH      14

DEGREE DAYS
 HEATING
  YESTERDAY       26                        41    -15       24
  MONTH TO DATE  815                      1030   -215      676
  SINCE MAR 1   2803                      2726     77     2318
  SINCE JUL 1  11598                     12005   -407     5109

 COOLING
  YESTERDAY        0                         0      0        0
  MONTH TO DATE    0                         0      0        0
  SINCE MAR 1      0                         0      0        0
  SINCE JAN 1      0                         0      0        0
..................................................................


WIND (MPH)
  HIGHEST GUST SPEED    25   HIGHEST GUST DIRECTION    NE (40)


SKY COVER
  AVERAGE SKY COVER 0.5


WEATHER CONDITIONS
 THE FOLLOWING WEATHER WAS RECORDED YESTERDAY.
  NO SIGNIFICANT WEATHER WAS OBSERVED.


RELATIVE HUMIDITY (PERCENT)
 HIGHEST    69
 LOWEST     40
 AVERAGE    55

..........................................................


THE NOME AK CLIMATE NORMALS FOR TODAY
                         NORMAL    RECORD    YEAR
 MAXIMUM TEMPERATURE (F)   31        57      1940
 MINIMUM TEMPERATURE (F)   18       -20      1976


SUNRISE AND SUNSET
APRIL 23 2017.........SUNRISE   658 AM AKDT  SUNSET  1105 PM AKDT
APRIL 24 2017.........SUNRISE   655 AM AKDT  SUNSET  1108 PM AKDT

-  INDICATES NEGATIVE NUMBERS.
R  INDICATES RECORD WAS SET OR TIED.
MM INDICATES DATA IS MISSING.
T  INDICATES TRACE AMOUNT.

&&

SNOW DEPTH IS MEASURED AT 3AM AKST/4AM AKDT.

----------------------------
AVAILABLE DAYLIGHT

AMOUNT OF DAYLIGHT TODAY  (HOUR:MIN)........16:07
GAIN/LOSS SINCE YESTERDAY (HOUR:MIN:SEC)....+0:06:48

NOME TIDAL INFORMATION FOR 23 APRIL 2017
0232  +0.5
0853  +0.8
2132  +0.1

$$
APR 17
