000
CDAK49 PAOM 260903
CLIOME

CLIMATE REPORT
NATIONAL WEATHER SERVICE NOME, AK
103 AM AKDT TUE MAY 26 2015

...................................
...THE NOME WSO AP CLIMATE SUMMARY FOR MAY 25 2015...

CLIMATE NORMAL PERIOD  1981 TO  2010
CLIMATE RECORD PERIOD  1906 TO  2015

WEATHER ITEM   OBSERVED TIME    RECORD YEAR NORMAL DEPARTURE LAST
               VALUE    (LST)   VALUE       VALUE  FROM      YEAR
                                                   NORMAL
...................................................................
TEMPERATURE
YESTERDAY
 MAXIMUM            50  0951 PM    75  1969     47       3     36
 MINIMUM            38  0437 AM    21  1976     34       4     32
 AVERAGE            44                          41       3     34

PRECIPITATION
(INCHES)
 YESTERDAY        0.00           0.25  2001   0.03   -0.03   0.03
 MONTH TO DATE    1.40                        0.69    0.71   0.57
 SINCE MAR 1      2.71                        2.10    0.61   1.55
 SINCE JAN 1      4.35                        3.97    0.38   3.72

SNOWFALL
(INCHES)
 YESTERDAY         0.0            2.5  2001    0.0     0.0    0.3
 MONTH TO DATE       T                         2.1    -2.1    2.6
 SINCE MAR 1      16.4                        18.5    -2.1   18.0
 SINCE JUL 1      59.7                        75.2   -15.5   72.3
 SNOW DEPTH (IN)     0                                          0

DEGREE DAYS
 HEATING
  YESTERDAY         21                          24      -3     31
  MONTH TO DATE    652                         736     -84    778
  SINCE MAR 1     3759                        3767      -8   3498
  SINCE JUL 1    11923                       13049   -1126  11652

 COOLING
  YESTERDAY          0                           0       0      0
  MONTH TO DATE      0                           0       0      0
  SINCE MAR 1        0                           0       0      0
  SINCE JAN 1        0                           0       0      0
...................................................................

WIND (MPH)
 HIGHEST WIND SPEED    15     HIGHEST WIND DIRECTION    240
 HIGHEST GUST SPEED    18     HIGHEST GUST DIRECTION    240
 AVERAGE WIND SPEED   6.4

SKY COVER
  POSSIBLE SUNSHINE    MM          AVERAGE SKY COVER     MM

WEATHER CONDITIONS
 THE FOLLOWING WEATHER WAS RECORDED YESTERDAY.
  NO SIGNIFICANT WEATHER WAS OBSERVED.

RELATIVE HUMIDITY
 HIGHEST RH     MM PERCENT       MM
 LOWEST  RH     MM PERCENT       MM
 AVERAGE RH     MM PERCENT       MM
...................................................................

THE NOME CLIMATE NORMALS FOR TODAY
                           NORMAL    RECORD   YEAR
 MAXIMUM TEMPERATURE (F)     48        72     1997
 MINIMUM TEMPERATURE (F)     34        19     1952

SUNRISE AND SUNSET
 MAY 26 2015..........SUNRISE  5:08 AM      SUNSET 12:54 AM
 MAY 27 2015..........SUNRISE  5:05 AM      SUNSET 12:57 AM

-  INDICATES NEGATIVE NUMBERS.
R  INDICATES RECORD HAS BEEN SET OR TIED.
MM INDICATES DATA IS MISSING.
T  INDICATES TRACE OF PRECIPITATION.

&&
-------------------------------------------------------------------

AMOUNT OF DAYLIGHT TODAY  (HOUR:MIN)........19 HOURS 46 MINUTES
GAIN/LOSS SINCE YESTERDAY (HOUR:MIN:SEC)....+0:06:21

TIDE INFORMATION FOR TUESDAY MAY 26 2015
5:52 AM LOW  0.1 FT
1:05 PM HIGH 1.5 FT
7:42 PM LOW  0.6 FT

$$
RWM MAY 15
