000
CDAK49 PAOM 230902
CLIOME

CLIMATE REPORT
NATIONAL WEATHER SERVICE NOME, AK
102 AM AKDT SAT AUG 23 2014

...................................
...THE NOME WSO AP CLIMATE SUMMARY FOR AUGUST 22 2014...

CLIMATE NORMAL PERIOD  1981 TO  2010
CLIMATE RECORD PERIOD  1906 TO  2014

WEATHER ITEM   OBSERVED TIME    RECORD YEAR NORMAL DEPARTURE LAST
               VALUE    (LST)   VALUE       VALUE  FROM      YEAR
                                                   NORMAL
...................................................................
TEMPERATURE
YESTERDAY
 MAXIMUM            59  0632 PM    79  1977     56       3     59
 MINIMUM            40  0656 AM    24  1929     44      -4     50
 AVERAGE            50                          50       0     55

PRECIPITATION
(INCHES)
 YESTERDAY        0.00           0.85  1990   0.11   -0.11   0.17
 MONTH TO DATE    0.95                        2.34   -1.39   3.67
 SINCE JUN 1      3.79                        5.43   -1.64   8.32
 SINCE JAN 1      8.26                        9.57   -1.31  12.57

SNOWFALL
(INCHES)
 YESTERDAY         0.0            0.0  2014    0.0     0.0    0.0
 MONTH TO DATE     0.0                         0.0     0.0    0.0
 SINCE JUN 1       0.0                         0.3    -0.3    0.1
 SINCE JUL 1       0.0                         0.0     0.0    0.0
 SNOW DEPTH (IN)     0                                          0

DEGREE DAYS
 HEATING
  YESTERDAY         15                          15       0     10
  MONTH TO DATE    149                         318    -169    210
  SINCE JUN 1     1140                        1234     -94   1093
  SINCE JUL 1      572                         718    -146    617

 COOLING
  YESTERDAY          0                           0       0      0
  MONTH TO DATE      1                           0       1      0
  SINCE JUN 1        3                           0       3      7
  SINCE JAN 1        3                           0       3      7
...................................................................

WIND (MPH)
 HIGHEST WIND SPEED     8     HIGHEST WIND DIRECTION    220
 HIGHEST GUST SPEED     9     HIGHEST GUST DIRECTION    220
 AVERAGE WIND SPEED   2.5

SKY COVER
  POSSIBLE SUNSHINE    MM          AVERAGE SKY COVER     MM

WEATHER CONDITIONS
 THE FOLLOWING WEATHER WAS RECORDED YESTERDAY.
  NO SIGNIFICANT WEATHER WAS OBSERVED.

RELATIVE HUMIDITY
 HIGHEST RH     MM PERCENT       MM
 LOWEST  RH     MM PERCENT       MM
 AVERAGE RH     MM PERCENT       MM
...................................................................

THE NOME CLIMATE NORMALS FOR TODAY
                           NORMAL    RECORD   YEAR
 MAXIMUM TEMPERATURE (F)     55        77     1977
 MINIMUM TEMPERATURE (F)     44        28     1988

SUNRISE AND SUNSET
 AUG 23 2014..........SUNRISE  7:17 AM      SUNSET 10:51 PM
 AUG 24 2014..........SUNRISE  7:20 AM      SUNSET 10:47 PM

-  INDICATES NEGATIVE NUMBERS.
R  INDICATES RECORD HAS BEEN SET OR TIED.
MM INDICATES DATA IS MISSING.
T  INDICATES TRACE OF PRECIPITATION.

&&
-------------------------------------------------------------------

AMOUNT OF DAYLIGHT TODAY  (HOUR:MIN)........15 HOURS 34 MINUTES
GAIN/LOSS SINCE YESTERDAY (HOUR:MIN:SEC)....-0:06:41

TIDES FOR SATURDAY AUGUST 23 2014

 5:55 AM HIGH 1.2 FT
10:05 AM LOW  0.9 FT
 4:08 PM HIGH 1.3 FT
11:13 PM LOW  0.1 FT

$$
RCT AUG 14
