917
CDAK49 PAFG 230951
CLIOME

CLIMATE REPORT
NATIONAL WEATHER SERVICE FAIRBANKS AK
151 AM AKDT TUE MAY 23 2017


...................................

...THE NOME AK CLIMATE SUMMARY FOR MAY 22 2017...

CLIMATE NORMAL PERIOD 1981 TO 2010
CLIMATE RECORD PERIOD 1906 TO 2017


WEATHER ITEM   OBSERVED TIME   RECORD YEAR NORMAL DEPARTURE LAST
                VALUE   (LST)  VALUE       VALUE  FROM      YEAR
                                                  NORMAL
..................................................................
TEMPERATURE (F)
 YESTERDAY
  MAXIMUM         53   1100 AM  72    2002  46      7       43
  MINIMUM         36   1159 PM  15    1966  33      3       35
  AVERAGE         45                        40      5       39

PRECIPITATION (IN)
  YESTERDAY        0.15          0.41 1960   0.03   0.12      T
  MONTH TO DATE    0.15                      0.61  -0.46     0.68
  SINCE MAR 1      0.31                      2.02  -1.71     1.52
  SINCE JAN 1      2.06                      3.89  -1.83     2.55

SNOWFALL (IN)
  YESTERDAY        0.0           3.0  1920   0.0    0.0     MM
  MONTH TO DATE    T                         2.0   -2.0      0.0
  SINCE MAR 1      2.0                      18.4  -16.4      0.7
  SINCE JUL 1     54.2                      75.1  -20.9     16.2
  SNOW DEPTH       0

DEGREE DAYS
 HEATING
  YESTERDAY       20                        25     -5       26
  MONTH TO DATE  575                       662    -87      502
  SINCE MAR 1   3592                      3693   -101     3024
  SINCE JUL 1  12387                     12972   -585     5815

 COOLING
  YESTERDAY        0                         0      0        0
  MONTH TO DATE    0                         0      0        0
  SINCE MAR 1      0                         0      0        0
  SINCE JAN 1      0                         0      0        0
..................................................................


WIND (MPH)
  HIGHEST GUST SPEED    26   HIGHEST GUST DIRECTION    SE (120)


SKY COVER
  AVERAGE SKY COVER 0.8


WEATHER CONDITIONS
 THE FOLLOWING WEATHER WAS RECORDED YESTERDAY.
  LIGHT RAIN
  FOG


RELATIVE HUMIDITY (PERCENT)
 HIGHEST   100
 LOWEST     38
 AVERAGE    69

..........................................................


THE NOME AK CLIMATE NORMALS FOR TODAY
                         NORMAL    RECORD    YEAR
 MAXIMUM TEMPERATURE (F)   47        63      1925
 MINIMUM TEMPERATURE (F)   33        20      2000


SUNRISE AND SUNSET
MAY 23 2017...........SUNRISE   515 AM AKDT  SUNSET  1245 AM AKDT
MAY 24 2017...........SUNRISE   512 AM AKDT  SUNSET  1249 AM AKDT

-  INDICATES NEGATIVE NUMBERS.
R  INDICATES RECORD WAS SET OR TIED.
MM INDICATES DATA IS MISSING.
T  INDICATES TRACE AMOUNT.

&&

SNOW DEPTH IS MEASURED AT 3AM AKST/4AM AKDT.

----------------------------
AVAILABLE DAYLIGHT

AMOUNT OF DAYLIGHT TODAY  (HOUR:MIN)........19:27
GAIN/LOSS SINCE YESTERDAY (HOUR:MIN:SEC)....+0:06:30

NOME TIDAL INFORMATION FOR 23 MAY 2017
0313  +0.5
0846  -0.1
1510  +0.8
2148  -0.3

$$
MAY 17
