817
CDUS46 KOTX 080826
CLIOMK


CLIMATE REPORT
NATIONAL WEATHER SERVICE SPOKANE, WA
1226 AM PST THU DEC 8 2016


...................................

...THE OMAK WA AIRPORT CLIMATE SUMMARY FOR DECEMBER 7 2016...

CLIMATE NORMAL PERIOD 1981 TO 2010
CLIMATE RECORD PERIOD 9999 TO 9999


WEATHER ITEM   OBSERVED TIME   RECORD YEAR NORMAL DEPARTURE LAST
                VALUE   (LST)  VALUE       VALUE  FROM      YEAR
                                                  NORMAL
..................................................................
TEMPERATURE (F)
 YESTERDAY
  MAXIMUM         24    227 PM  51    1940  34    -10       40
  MINIMUM         16    808 AM  -2    1956  21     -5       32
  AVERAGE         20                        27     -7       36

PRECIPITATION (IN)
  YESTERDAY        0.00                      0.07  -0.07     0.35
  MONTH TO DATE    0.11                      0.44  -0.33     2.56
  SINCE OCT 1      5.76                      3.13   2.63     4.09
  SINCE JAN 1     15.23                     12.99   2.24     9.14

SNOWFALL (IN)
  YESTERDAY       MM

DEGREE DAYS
 HEATING
  YESTERDAY       45                        38      7       29
  MONTH TO DATE  256                       256      0      231
  SINCE DEC 1    256                       256      0      231
  SINCE JUL 1   1494                      1789   -295     1532

 COOLING
  YESTERDAY        0                         0      0        0
  MONTH TO DATE    0                         0      0        0
  SINCE DEC 1      0                         0      0        0
  SINCE JAN 1    637                       665    -28     1001
..................................................................


WIND (MPH)
  HIGHEST WIND SPEED    22   HIGHEST WIND DIRECTION     N (10)
  HIGHEST GUST SPEED    27   HIGHEST GUST DIRECTION     N (20)
  AVERAGE WIND SPEED    13.4


SKY COVER
  POSSIBLE SUNSHINE  MM
  AVERAGE SKY COVER 0.1


WEATHER CONDITIONS
 THE FOLLOWING WEATHER WAS RECORDED YESTERDAY.
  NO SIGNIFICANT WEATHER WAS OBSERVED.


RELATIVE HUMIDITY (PERCENT)
 HIGHEST    61          1100 PM
 LOWEST     40           200 PM
 AVERAGE    51

..........................................................


THE OMAK WA AIRPORT CLIMATE NORMALS FOR TODAY
                         NORMAL    RECORD    YEAR
 MAXIMUM TEMPERATURE (F)   33        47      1957
 MINIMUM TEMPERATURE (F)   21        -2      1948


SUNRISE AND SUNSET
DECEMBER  8 2016......SUNRISE   737 AM PST   SUNSET   403 PM PST
DECEMBER  9 2016......SUNRISE   738 AM PST   SUNSET   403 PM PST


-  INDICATES NEGATIVE NUMBERS.
R  INDICATES RECORD WAS SET OR TIED.
MM INDICATES DATA IS MISSING.
T  INDICATES TRACE AMOUNT.




$$
