000
CDUS46 KOTX 270828
CLIOMK


CLIMATE REPORT
NATIONAL WEATHER SERVICE SPOKANE, WA
127 AM PDT WED AUG 27 2014


...................................

...THE OMAK WA AIRPORT CLIMATE SUMMARY FOR AUGUST 26 2014...

CLIMATE NORMAL PERIOD 1981 TO 2010
CLIMATE RECORD PERIOD 9999 TO 9999


WEATHER ITEM   OBSERVED TIME   RECORD YEAR NORMAL DEPARTURE LAST
                VALUE   (LST)  VALUE       VALUE  FROM      YEAR
                                                  NORMAL
..................................................................
TEMPERATURE (F)
 YESTERDAY
  MAXIMUM         91    430 PM  98    1996  85      6       77
  MINIMUM         53    540 AM  39    1976  55     -2       53
  AVERAGE         72                        70      2       65

PRECIPITATION (IN)
  YESTERDAY        0.00          0.87 1941   0.02  -0.02      T
  MONTH TO DATE    0.85                      0.40   0.45     1.14
  SINCE OCT 1      7.41                     14.41  -7.00    14.23
  SINCE JAN 1      6.24                      8.96  -2.72     7.24

SNOWFALL (IN)
  YESTERDAY       MM            MM      MM  MM     MM       MM
  MONTH TO DATE   MM                        MM     MM       MM
  SINCE JUN 1     MM                        MM     MM       MM
  SINCE JUL 1     MM                        MM     MM       MM
  SNOW DEPTH      MM

DEGREE DAYS
 HEATING
  YESTERDAY        0                         1     -1        0
  MONTH TO DATE    0                         6     -6        0
  SINCE JUN 1     40                        90    -50       67
  SINCE JUL 1      2                        21    -19        0

 COOLING
  YESTERDAY        7                         6      1        0
  MONTH TO DATE  305                       220     85      224
  SINCE JUN 1    787                       558    229      637
  SINCE JAN 1    801                       581    220      660
..................................................................


WIND (MPH)
  HIGHEST WIND SPEED    13   HIGHEST WIND DIRECTION    SW (220)
  HIGHEST GUST SPEED    25   HIGHEST GUST DIRECTION     S (180)
  AVERAGE WIND SPEED     6.5


SKY COVER
  POSSIBLE SUNSHINE  MM
  AVERAGE SKY COVER 0.0


WEATHER CONDITIONS
 THE FOLLOWING WEATHER WAS RECORDED YESTERDAY.
  NO SIGNIFICANT WEATHER WAS OBSERVED.


RELATIVE HUMIDITY (PERCENT)
 HIGHEST    72           200 AM
 LOWEST     20           400 PM
 AVERAGE    46

..........................................................


THE OMAK WA AIRPORT CLIMATE NORMALS FOR TODAY
                         NORMAL    RECORD    YEAR
 MAXIMUM TEMPERATURE (F)   85        97      1934
 MINIMUM TEMPERATURE (F)   54        37      1960


SUNRISE AND SUNSET
AUGUST 27 2014........SUNRISE   609 AM PDT   SUNSET   750 PM PDT
AUGUST 28 2014........SUNRISE   610 AM PDT   SUNSET   748 PM PDT


-  INDICATES NEGATIVE NUMBERS.
R  INDICATES RECORD WAS SET OR TIED.
MM INDICATES DATA IS MISSING.
T  INDICATES TRACE AMOUNT.




$$
