000
CDUS46 KOTX 020827
CLIOMK


CLIMATE REPORT
NATIONAL WEATHER SERVICE SPOKANE, WA
125 AM PDT SUN AUG 2 2015


...................................

...THE OMAK WA AIRPORT CLIMATE SUMMARY FOR AUGUST 1 2015...

CLIMATE NORMAL PERIOD 1981 TO 2010
CLIMATE RECORD PERIOD 9999 TO 9999


WEATHER ITEM   OBSERVED TIME   RECORD YEAR NORMAL DEPARTURE LAST
                VALUE   (LST)  VALUE       VALUE  FROM      YEAR
                                                  NORMAL
..................................................................
TEMPERATURE (F)
 YESTERDAY
  MAXIMUM        100    159 PM 106    2009  91      9       98
  MINIMUM         64   1155 PM  43    2006  59      5       69
  AVERAGE         82                        75      7       84

PRECIPITATION (IN)
  YESTERDAY        0.00          0.47 2013   0.02  -0.02     0.00
  MONTH TO DATE    0.00                      0.02  -0.02     0.00
  SINCE OCT 1     11.45                     13.70  -2.25     6.56
  SINCE JAN 1      4.88                      8.81  -3.93     5.39

SNOWFALL (IN)
  YESTERDAY       MM

DEGREE DAYS
 HEATING
  YESTERDAY        0                         0      0        0
  MONTH TO DATE    0                         0      0        0
  SINCE JUN 1     15                        84    -69       40
  SINCE JUL 1      0                        15    -15        2

 COOLING
  YESTERDAY       17                        10      7       19
  MONTH TO DATE   17                        10      7       19
  SINCE JUN 1    645                       348    297      501
  SINCE JAN 1    691                       371    320      515
..................................................................


WIND (MPH)
  HIGHEST WIND SPEED    17   HIGHEST WIND DIRECTION     N (10)
  HIGHEST GUST SPEED    23   HIGHEST GUST DIRECTION     N (20)
  AVERAGE WIND SPEED     8.9


SKY COVER
  POSSIBLE SUNSHINE  MM
  AVERAGE SKY COVER 0.4


WEATHER CONDITIONS
 THE FOLLOWING WEATHER WAS RECORDED YESTERDAY.
  HAZE


RELATIVE HUMIDITY (PERCENT)
 HIGHEST    29           500 AM
 LOWEST      7          1200 PM
 AVERAGE    18

..........................................................


THE OMAK WA AIRPORT CLIMATE NORMALS FOR TODAY
                         NORMAL    RECORD    YEAR
 MAXIMUM TEMPERATURE (F)   91       100      2014
                                             2009
                                             1931
 MINIMUM TEMPERATURE (F)   59        40      1947


SUNRISE AND SUNSET
AUGUST  2 2015........SUNRISE   534 AM PDT   SUNSET   834 PM PDT
AUGUST  3 2015........SUNRISE   535 AM PDT   SUNSET   832 PM PDT


-  INDICATES NEGATIVE NUMBERS.
R  INDICATES RECORD WAS SET OR TIED.
MM INDICATES DATA IS MISSING.
T  INDICATES TRACE AMOUNT.




$$
