000
CDUS46 KOTX 260825
CLIOMK


CLIMATE REPORT
NATIONAL WEATHER SERVICE SPOKANE, WA
125 AM PDT TUE JUL 26 2016


...................................

...THE OMAK WA AIRPORT CLIMATE SUMMARY FOR JULY 25 2016...

CLIMATE NORMAL PERIOD 1981 TO 2010
CLIMATE RECORD PERIOD 9999 TO 9999


WEATHER ITEM   OBSERVED TIME   RECORD YEAR NORMAL DEPARTURE LAST
                VALUE   (LST)  VALUE       VALUE  FROM      YEAR
                                                  NORMAL
..................................................................
TEMPERATURE (F)
 YESTERDAY
  MAXIMUM         98    428 PM 105    1994  90      8       80
  MINIMUM         58    438 AM  38    1949  59     -1       59
  AVERAGE         78                        75      3       70

PRECIPITATION (IN)
  YESTERDAY        T                         0.02  -0.02     0.03
  MONTH TO DATE    0.62                      0.68  -0.06     0.08
  SINCE OCT 1     14.70                     13.55   1.15    11.27
  SINCE JAN 1      9.34                      8.66   0.68     4.70

SNOWFALL (IN)
  YESTERDAY       MM

DEGREE DAYS
 HEATING
  YESTERDAY        0                         0      0        0
  MONTH TO DATE    5                        11     -6        0
  SINCE JUN 1     90                        80     10       15
  SINCE JUL 1      5                        11     -6        0

 COOLING
  YESTERDAY       13                        10      3        5
  MONTH TO DATE  118                       193    -75      320
  SINCE JUN 1    255                       277    -22      585
  SINCE JAN 1    280                       300    -20      631
..................................................................


WIND (MPH)
  HIGHEST WIND SPEED    31   HIGHEST WIND DIRECTION     N (10)
  HIGHEST GUST SPEED    35   HIGHEST GUST DIRECTION     N (10)
  AVERAGE WIND SPEED     7.3


SKY COVER
  POSSIBLE SUNSHINE  MM
  AVERAGE SKY COVER 0.1


WEATHER CONDITIONS
 THE FOLLOWING WEATHER WAS RECORDED YESTERDAY.
  THUNDERSTORM
  LIGHT RAIN


RELATIVE HUMIDITY (PERCENT)
 HIGHEST    64           500 AM
 LOWEST     15           400 PM
 AVERAGE    40

..........................................................


THE OMAK WA AIRPORT CLIMATE NORMALS FOR TODAY
                         NORMAL    RECORD    YEAR
 MAXIMUM TEMPERATURE (F)   90       107      1939
 MINIMUM TEMPERATURE (F)   59        43      1969


SUNRISE AND SUNSET
JULY 26 2016..........SUNRISE   526 AM PDT   SUNSET   843 PM PDT
JULY 27 2016..........SUNRISE   527 AM PDT   SUNSET   841 PM PDT


-  INDICATES NEGATIVE NUMBERS.
R  INDICATES RECORD WAS SET OR TIED.
MM INDICATES DATA IS MISSING.
T  INDICATES TRACE AMOUNT.




$$
