000
CDUS46 KOTX 280836
CLIOMK


CLIMATE REPORT
NATIONAL WEATHER SERVICE SPOKANE, WA
134 AM PDT FRI APR 28 2017


...................................

...THE OMAK WA AIRPORT CLIMATE SUMMARY FOR APRIL 27 2017...

CLIMATE NORMAL PERIOD 1981 TO 2010
CLIMATE RECORD PERIOD 9999 TO 9999


WEATHER ITEM   OBSERVED TIME   RECORD YEAR NORMAL DEPARTURE LAST
                VALUE   (LST)  VALUE       VALUE  FROM      YEAR
                                                  NORMAL
..................................................................
TEMPERATURE (F)
 YESTERDAY
  MAXIMUM         60    345 PM  83    1980  67     -7       69
  MINIMUM         34    322 AM  25    1955  39     -5       44
  AVERAGE         47                        52     -5       57

PRECIPITATION (IN)
  YESTERDAY        0.00                      0.04  -0.04     0.00
  MONTH TO DATE    2.66                      0.94   1.72     0.40
  SINCE OCT 1     15.08                     10.32   4.76    11.61
  SINCE JAN 1      8.60                      5.43   3.17     6.25

DEGREE DAYS
 HEATING
  YESTERDAY       18                        13      5        8
  MONTH TO DATE  453                       414     39      229
  SINCE MAR 1   1220                      1143     77      849
  SINCE JUL 1   6155                      6004    151     5255

 COOLING
  YESTERDAY        0                         0      0        0
  MONTH TO DATE    0                         0      0        5
  SINCE MAR 1      0                         0      0        5
  SINCE JAN 1      0                         0      0        5
..................................................................


WIND (MPH)
  HIGHEST WIND SPEED    21   HIGHEST WIND DIRECTION     N (10)
  HIGHEST GUST SPEED    25   HIGHEST GUST DIRECTION     N (10)
  AVERAGE WIND SPEED     5.5


SKY COVER
  POSSIBLE SUNSHINE  MM
  AVERAGE SKY COVER 0.5


WEATHER CONDITIONS
 THE FOLLOWING WEATHER WAS RECORDED YESTERDAY.
  HAZE


RELATIVE HUMIDITY (PERCENT)
 HIGHEST    67           700 AM
 LOWEST     28          1200 PM
 AVERAGE    48

..........................................................


THE OMAK WA AIRPORT CLIMATE NORMALS FOR TODAY
                         NORMAL    RECORD    YEAR
 MAXIMUM TEMPERATURE (F)   67        85      1939
 MINIMUM TEMPERATURE (F)   39        26      1935


SUNRISE AND SUNSET
APRIL 28 2017.........SUNRISE   543 AM PDT   SUNSET   809 PM PDT
APRIL 29 2017.........SUNRISE   542 AM PDT   SUNSET   810 PM PDT


-  INDICATES NEGATIVE NUMBERS.
R  INDICATES RECORD WAS SET OR TIED.
MM INDICATES DATA IS MISSING.
T  INDICATES TRACE AMOUNT.




$$
