000
CDUS46 KOTX 220821
CLIOMK


CLIMATE REPORT
NATIONAL WEATHER SERVICE SPOKANE, WA
121 AM PDT MON SEP 22 2014


...................................

...THE OMAK WA AIRPORT CLIMATE SUMMARY FOR SEPTEMBER 21 2014...

CLIMATE NORMAL PERIOD 1981 TO 2010
CLIMATE RECORD PERIOD 9999 TO 9999


WEATHER ITEM   OBSERVED TIME   RECORD YEAR NORMAL DEPARTURE LAST
                VALUE   (LST)  VALUE       VALUE  FROM      YEAR
                                                  NORMAL
..................................................................
TEMPERATURE (F)
 YESTERDAY
  MAXIMUM         89    307 PM  90    1967  76     13       77
  MINIMUM         55    620 AM  31    1971  46      9       48
  AVERAGE         72                        60     12       63

PRECIPITATION (IN)
  YESTERDAY        0.00          0.11 1964   0.03  -0.03     0.01
  MONTH TO DATE    0.40                      0.37   0.03     0.93
  SINCE OCT 1      7.81                     14.84  -7.03    15.34
  SINCE JAN 1      6.64                      9.39  -2.75     8.35

SNOWFALL (IN)
  YESTERDAY       MM            MM      MM  MM     MM       MM
  MONTH TO DATE   MM                        MM     MM       MM
  SINCE SEP 1     MM                        MM     MM       MM
  SINCE JUL 1     MM                        MM     MM       MM
  SNOW DEPTH      MM

DEGREE DAYS
 HEATING
  YESTERDAY        0                         5     -5        2
  MONTH TO DATE   50                        66    -16       29
  SINCE SEP 1     50                        66    -16       29
  SINCE JUL 1     55                        97    -42       29

 COOLING
  YESTERDAY        7                         1      6        0
  MONTH TO DATE   45                        53     -8      128
  SINCE SEP 1     45                        53     -8      128
  SINCE JAN 1    869                       659    210      814
..................................................................


WIND (MPH)
  HIGHEST WIND SPEED    15   HIGHEST WIND DIRECTION     N (350)
  HIGHEST GUST SPEED    17   HIGHEST GUST DIRECTION     N (340)
  AVERAGE WIND SPEED     7.5


SKY COVER
  POSSIBLE SUNSHINE  MM
  AVERAGE SKY COVER 0.0


WEATHER CONDITIONS
 THE FOLLOWING WEATHER WAS RECORDED YESTERDAY.
  NO SIGNIFICANT WEATHER WAS OBSERVED.


RELATIVE HUMIDITY (PERCENT)
 HIGHEST    51           500 AM
 LOWEST     20           400 PM
 AVERAGE    36

..........................................................


THE OMAK WA AIRPORT CLIMATE NORMALS FOR TODAY
                         NORMAL    RECORD    YEAR
 MAXIMUM TEMPERATURE (F)   75        91      1939
 MINIMUM TEMPERATURE (F)   45        26      1946


SUNRISE AND SUNSET
SEPTEMBER 22 2014.....SUNRISE   645 AM PDT   SUNSET   656 PM PDT
SEPTEMBER 23 2014.....SUNRISE   646 AM PDT   SUNSET   654 PM PDT


-  INDICATES NEGATIVE NUMBERS.
R  INDICATES RECORD WAS SET OR TIED.
MM INDICATES DATA IS MISSING.
T  INDICATES TRACE AMOUNT.




$$
