000
CDUS46 KOTX 250827
CLIOMK


CLIMATE REPORT
NATIONAL WEATHER SERVICE SPOKANE, WA
1226 AM PST SAT NOV 25 2017


...................................

...THE OMAK WA AIRPORT CLIMATE SUMMARY FOR NOVEMBER 24 2017...

CLIMATE NORMAL PERIOD 1981 TO 2010
CLIMATE RECORD PERIOD 9999 TO 9999


WEATHER ITEM   OBSERVED TIME   RECORD YEAR NORMAL DEPARTURE LAST
                VALUE   (LST)  VALUE       VALUE  FROM      YEAR
                                                  NORMAL
..................................................................
TEMPERATURE (F)
 YESTERDAY
  MAXIMUM         48    334 PM  70    1933  39      9       48
  MINIMUM         36    526 AM  -6    2010  26     10       39
  AVERAGE         42                        32     10       44

PRECIPITATION (IN)
  YESTERDAY        0.00                      0.06  -0.06     0.25
  MONTH TO DATE    0.93                      1.23  -0.30     1.33
  SINCE OCT 1      2.04                      2.31  -0.27     4.97
  SINCE JAN 1     12.53                     12.17   0.36    14.44

SNOWFALL (IN)
  YESTERDAY       MM

DEGREE DAYS
 HEATING
  YESTERDAY       23                        33    -10       21
  MONTH TO DATE  620                       669    -49      493
  SINCE SEP 1   1293                      1298     -5     1077
  SINCE JUL 1   1293                      1329    -36     1085

 COOLING
  YESTERDAY        0                         0      0        0
  MONTH TO DATE    0                         0      0        0
  SINCE SEP 1     93                        59     34       11
  SINCE JAN 1    885                       665    220      637
..................................................................


WIND (MPH)
  HIGHEST WIND SPEED    14   HIGHEST WIND DIRECTION     S (190)
  HIGHEST GUST SPEED    18   HIGHEST GUST DIRECTION     S (200)
  AVERAGE WIND SPEED     7.0


SKY COVER
  POSSIBLE SUNSHINE  MM
  AVERAGE SKY COVER 0.6


WEATHER CONDITIONS
 THE FOLLOWING WEATHER WAS RECORDED YESTERDAY.
  FOG
  HAZE


RELATIVE HUMIDITY (PERCENT)
 HIGHEST    92           500 AM
 LOWEST     60          1200 PM
 AVERAGE    76

..........................................................


THE OMAK WA AIRPORT CLIMATE NORMALS FOR TODAY
                         NORMAL    RECORD    YEAR
 MAXIMUM TEMPERATURE (F)   39        60      1937
 MINIMUM TEMPERATURE (F)   25         9      1961


SUNRISE AND SUNSET
NOVEMBER 25 2017......SUNRISE   721 AM PST   SUNSET   409 PM PST
NOVEMBER 26 2017......SUNRISE   722 AM PST   SUNSET   408 PM PST


-  INDICATES NEGATIVE NUMBERS.
R  INDICATES RECORD WAS SET OR TIED.
MM INDICATES DATA IS MISSING.
T  INDICATES TRACE AMOUNT.




$$
