000
CDUS45 KBOI 280934
CLIONO


CLIMATE REPORT
NATIONAL WEATHER SERVICE BOISE ID
234 AM MST WED JAN 28 2015


...................................

...THE ONTARIO OR CLIMATE SUMMARY FOR JANUARY 27 2015...

CLIMATE NORMAL PERIOD 1981 TO 2010
CLIMATE RECORD PERIOD 1948 TO 2015


WEATHER ITEM   OBSERVED TIME   RECORD YEAR NORMAL DEPARTURE LAST
                VALUE   (LST)  VALUE       VALUE  FROM      YEAR
                                                  NORMAL
..................................................................
TEMPERATURE (F)
 YESTERDAY
  MAXIMUM         40    559 PM  57    1971  37      3       27
  MINIMUM         27    548 AM -25    1957  21      6       22
  AVERAGE         34                        29      5       25

PRECIPITATION (IN)
  YESTERDAY        0.00          0.35 1950   0.03  -0.03     0.00
  MONTH TO DATE    0.56                      1.07  -0.51     0.31
  SINCE OCT 1      5.02                      4.48   0.54     1.82
  SINCE JAN 1      0.56                      1.07  -0.51     0.31

DEGREE DAYS
 HEATING
  YESTERDAY       31                        36     -5       40
  MONTH TO DATE  925                      1019    -94     1012
  SINCE DEC 1   1806                      2172   -366     2409
  SINCE JUL 1   3087                      3600   -513     3804

 COOLING
  YESTERDAY        0                         0      0        0
  MONTH TO DATE    0                         0      0        0
  SINCE DEC 1      0                         0      0        0
  SINCE JAN 1      0                         0      0        0
..................................................................


WIND (MPH)
  HIGHEST WIND SPEED     5   HIGHEST WIND DIRECTION    NW (320)
  HIGHEST GUST SPEED     7   HIGHEST GUST DIRECTION    NE (60)
  AVERAGE WIND SPEED     0.1


SKY COVER
  AVERAGE SKY COVER 0.9


WEATHER CONDITIONS
 THE FOLLOWING WEATHER WAS RECORDED YESTERDAY.
  FOG
  FOG W/VISIBILITY <= 1/4 MILE
  HAZE


RELATIVE HUMIDITY (PERCENT)
 HIGHEST   100           700 AM
 LOWEST     79           300 PM
 AVERAGE    90

..........................................................


THE ONTARIO OR CLIMATE NORMALS FOR TODAY
                         NORMAL    RECORD    YEAR
 MAXIMUM TEMPERATURE (F)   37        57      1954
 MINIMUM TEMPERATURE (F)   21        -8      1980


SUNRISE AND SUNSET
JANUARY 28 2015.......SUNRISE   810 AM MST   SUNSET   553 PM MST
JANUARY 29 2015.......SUNRISE   809 AM MST   SUNSET   554 PM MST


-  INDICATES NEGATIVE NUMBERS.
R  INDICATES RECORD WAS SET OR TIED.
MM INDICATES DATA IS MISSING.
T  INDICATES TRACE AMOUNT.




$$
