000
CDUS45 KBOI 210931
CLIONO


CLIMATE REPORT
NATIONAL WEATHER SERVICE BOISE ID
231 AM MST TUE NOV 21 2017


...................................

...THE ONTARIO OR CLIMATE SUMMARY FOR NOVEMBER 20 2017...

CLIMATE NORMAL PERIOD 1981 TO 2010
CLIMATE RECORD PERIOD 1948 TO 2017


WEATHER ITEM   OBSERVED TIME   RECORD YEAR NORMAL DEPARTURE LAST
                VALUE   (LST)  VALUE       VALUE  FROM      YEAR
                                                  NORMAL
..................................................................
TEMPERATURE (F)
 YESTERDAY
  MAXIMUM         47    242 PM  68    1966  45      2       44
  MINIMUM         35    313 AM   5    1994  25     10       33
  AVERAGE         41                        35      6       39

PRECIPITATION (IN)
  YESTERDAY        0.07          0.27 2013   0.04   0.03     0.10
  MONTH TO DATE    1.51                      0.70   0.81     0.44
  SINCE OCT 1      2.01                      1.33   0.68     1.24
  SINCE JAN 1     11.90                      7.98   3.92     3.86

DEGREE DAYS
 HEATING
  YESTERDAY       24                        30     -6       26
  MONTH TO DATE  484                       516    -32      390
  SINCE SEP 1   1102                      1093      9      824
  SINCE JUL 1   1102                      1109     -7      833

 COOLING
  YESTERDAY        0                         0      0        0
  MONTH TO DATE    0                         0      0        0
  SINCE SEP 1    141                        59     82       31
  SINCE JAN 1   1254                       852    402      976
..................................................................


WIND (MPH)
  HIGHEST WIND SPEED     9   HIGHEST WIND DIRECTION     W (250)
  HIGHEST GUST SPEED    12   HIGHEST GUST DIRECTION    SW (240)
  AVERAGE WIND SPEED     3.2


SKY COVER
  AVERAGE SKY COVER 1.0


WEATHER CONDITIONS
 THE FOLLOWING WEATHER WAS RECORDED YESTERDAY.
  LIGHT RAIN
  FOG


RELATIVE HUMIDITY (PERCENT)
 HIGHEST    96          1000 PM
 LOWEST     82           100 AM
 AVERAGE    89

..........................................................


THE ONTARIO OR CLIMATE NORMALS FOR TODAY
                         NORMAL    RECORD    YEAR
 MAXIMUM TEMPERATURE (F)   45        68      2006
 MINIMUM TEMPERATURE (F)   25         1      1994


SUNRISE AND SUNSET
NOVEMBER 21 2017......SUNRISE   751 AM MST   SUNSET   516 PM MST
NOVEMBER 22 2017......SUNRISE   752 AM MST   SUNSET   516 PM MST


-  INDICATES NEGATIVE NUMBERS.
R  INDICATES RECORD WAS SET OR TIED.
MM INDICATES DATA IS MISSING.
T  INDICATES TRACE AMOUNT.




$$
