000
CDUS45 KBOI 280931
CLIONO


CLIMATE REPORT
NATIONAL WEATHER SERVICE BOISE ID
331 AM MDT SUN AUG 28 2016


...................................

...THE ONTARIO OR CLIMATE SUMMARY FOR AUGUST 27 2016...

CLIMATE NORMAL PERIOD 1981 TO 2010
CLIMATE RECORD PERIOD 1948 TO 2016


WEATHER ITEM   OBSERVED TIME   RECORD YEAR NORMAL DEPARTURE LAST
                VALUE   (LST)  VALUE       VALUE  FROM      YEAR
                                                  NORMAL
..................................................................
TEMPERATURE (F)
 YESTERDAY
  MAXIMUM         91    508 PM 101    1974  89      2       94
  MINIMUM         48    602 AM  38    1993  52     -4       63
  AVERAGE         70                        70      0       79

PRECIPITATION (IN)
  YESTERDAY        0.00          0.35 1956   0.01  -0.01     0.00
  MONTH TO DATE    0.01                      0.15  -0.14     0.01
  SINCE OCT 1      7.32                      9.62  -2.30     9.24
  SINCE JAN 1      2.57                      6.21  -3.64     4.78

DEGREE DAYS
 HEATING
  YESTERDAY        0                         1     -1        0
  MONTH TO DATE    0                         3     -3        0
  SINCE JUN 1     35                        60    -25        3
  SINCE JUL 1      9                         8      1        2

 COOLING
  YESTERDAY        5                         6     -1       14
  MONTH TO DATE  279                       249     30      322
  SINCE JUN 1    864                       736    128     1052
  SINCE JAN 1    903                       772    131     1085
..................................................................


WIND (MPH)
  HIGHEST WIND SPEED    10   HIGHEST WIND DIRECTION     E (100)
  HIGHEST GUST SPEED    13   HIGHEST GUST DIRECTION     E (100)
  AVERAGE WIND SPEED     3.0


SKY COVER
  AVERAGE SKY COVER 0.0


WEATHER CONDITIONS
 THE FOLLOWING WEATHER WAS RECORDED YESTERDAY.
  NO SIGNIFICANT WEATHER WAS OBSERVED.


RELATIVE HUMIDITY (PERCENT)
 HIGHEST    77           600 AM
 LOWEST     16           300 PM
 AVERAGE    47

..........................................................


THE ONTARIO OR CLIMATE NORMALS FOR TODAY
                         NORMAL    RECORD    YEAR
 MAXIMUM TEMPERATURE (F)   88       102      1972
 MINIMUM TEMPERATURE (F)   51        33      1960


SUNRISE AND SUNSET
AUGUST 28 2016........SUNRISE   707 AM MDT   SUNSET   830 PM MDT
AUGUST 29 2016........SUNRISE   709 AM MDT   SUNSET   828 PM MDT


-  INDICATES NEGATIVE NUMBERS.
R  INDICATES RECORD WAS SET OR TIED.
MM INDICATES DATA IS MISSING.
T  INDICATES TRACE AMOUNT.




$$
