000
CDUS45 KBOI 230931
CLIONO


CLIMATE REPORT
NATIONAL WEATHER SERVICE BOISE ID
231 AM MST MON JAN 23 2017


...................................

...THE ONTARIO OR CLIMATE SUMMARY FOR JANUARY 22 2017...

CLIMATE NORMAL PERIOD 1981 TO 2010
CLIMATE RECORD PERIOD 1948 TO 2017


WEATHER ITEM   OBSERVED TIME   RECORD YEAR NORMAL DEPARTURE LAST
                VALUE   (LST)  VALUE       VALUE  FROM      YEAR
                                                  NORMAL
..................................................................
TEMPERATURE (F)
 YESTERDAY
  MAXIMUM         37    544 PM  50    1954  36      1       43
  MINIMUM         21   1028 PM -25    1962  20      1       33
  AVERAGE         29                        28      1       38

PRECIPITATION (IN)
  YESTERDAY        0.04          0.47 1970   0.04   0.00     0.00
  MONTH TO DATE    3.29                      0.92   2.37     0.30
  SINCE OCT 1      6.61                      4.33   2.28     5.05
  SINCE JAN 1      3.29                      0.92   2.37     0.30

DEGREE DAYS
 HEATING
  YESTERDAY       36                        37     -1       27
  MONTH TO DATE 1062                       835    227      796
  SINCE DEC 1   2469                      1988    481     1843
  SINCE JUL 1   3560                      3416    144     2968

 COOLING
  YESTERDAY        0                         0      0        0
  MONTH TO DATE    0                         0      0        0
  SINCE DEC 1      0                         0      0        0
  SINCE JAN 1      0                         0      0        0
..................................................................


WIND (MPH)
  HIGHEST WIND SPEED    17   HIGHEST WIND DIRECTION     S (160)
  HIGHEST GUST SPEED    22   HIGHEST GUST DIRECTION     S (170)
  AVERAGE WIND SPEED     5.8


SKY COVER
  AVERAGE SKY COVER 0.8


WEATHER CONDITIONS
 THE FOLLOWING WEATHER WAS RECORDED YESTERDAY.
  LIGHT SNOW
  FOG
  FOG W/VISIBILITY <= 1/4 MILE
  HAZE


RELATIVE HUMIDITY (PERCENT)
 HIGHEST   100           200 AM
 LOWEST     76           400 PM
 AVERAGE    88

..........................................................


THE ONTARIO OR CLIMATE NORMALS FOR TODAY
                         NORMAL    RECORD    YEAR
 MAXIMUM TEMPERATURE (F)   36        52      1974
 MINIMUM TEMPERATURE (F)   20       -24      1962


SUNRISE AND SUNSET
JANUARY 23 2017.......SUNRISE   814 AM MST   SUNSET   547 PM MST
JANUARY 24 2017.......SUNRISE   813 AM MST   SUNSET   548 PM MST


-  INDICATES NEGATIVE NUMBERS.
R  INDICATES RECORD WAS SET OR TIED.
MM INDICATES DATA IS MISSING.
T  INDICATES TRACE AMOUNT.




$$
