000
CDUS45 KBOI 260932
CLIONO


CLIMATE REPORT
NATIONAL WEATHER SERVICE BOISE ID
332 AM MDT THU MAR 26 2015


...................................

...THE ONTARIO OR CLIMATE SUMMARY FOR MARCH 25 2015...

CLIMATE NORMAL PERIOD 1981 TO 2010
CLIMATE RECORD PERIOD 1948 TO 2015


WEATHER ITEM   OBSERVED TIME   RECORD YEAR NORMAL DEPARTURE LAST
                VALUE   (LST)  VALUE       VALUE  FROM      YEAR
                                                  NORMAL
..................................................................
TEMPERATURE (F)
 YESTERDAY
  MAXIMUM         56    527 PM  80    1960  60     -4       61
  MINIMUM         32    721 AM  18    1965  32      0       30
  AVERAGE         44                        46     -2       46

PRECIPITATION (IN)
  YESTERDAY        0.00          0.42 2006   0.03  -0.03     0.00
  MONTH TO DATE    0.63                      0.82  -0.19     1.04
  SINCE OCT 1      6.36                      6.21   0.15     4.47
  SINCE JAN 1      1.90                      2.80  -0.90     2.96

DEGREE DAYS
 HEATING
  YESTERDAY       21                        19      2       19
  MONTH TO DATE  450                       560   -110      483
  SINCE MAR 1    450                       560   -110      483
  SINCE JUL 1   4244                      5190   -946     5239

 COOLING
  YESTERDAY        0                         0      0        0
  MONTH TO DATE    0                         0      0        0
  SINCE MAR 1      0                         0      0        0
  SINCE JAN 1      0                         0      0        0
..................................................................


WIND (MPH)
  HIGHEST WIND SPEED     8   HIGHEST WIND DIRECTION    NW (320)
  HIGHEST GUST SPEED    12   HIGHEST GUST DIRECTION     N (10)
  AVERAGE WIND SPEED     2.3


SKY COVER
  AVERAGE SKY COVER 0.5


WEATHER CONDITIONS
 THE FOLLOWING WEATHER WAS RECORDED YESTERDAY.
  HAZE


RELATIVE HUMIDITY (PERCENT)
 HIGHEST    85           600 AM
 LOWEST     43           500 PM
 AVERAGE    64

..........................................................


THE ONTARIO OR CLIMATE NORMALS FOR TODAY
                         NORMAL    RECORD    YEAR
 MAXIMUM TEMPERATURE (F)   60        79      1988
 MINIMUM TEMPERATURE (F)   33        23      1980


SUNRISE AND SUNSET
MARCH 26 2015.........SUNRISE   741 AM MDT   SUNSET   808 PM MDT
MARCH 27 2015.........SUNRISE   739 AM MDT   SUNSET   809 PM MDT


-  INDICATES NEGATIVE NUMBERS.
R  INDICATES RECORD WAS SET OR TIED.
MM INDICATES DATA IS MISSING.
T  INDICATES TRACE AMOUNT.




$$
