000
CDUS45 KBOI 220930
CLIONO


CLIMATE REPORT
NATIONAL WEATHER SERVICE BOISE ID
230 AM MST THU FEB 22 2018


...................................

...THE ONTARIO OR CLIMATE SUMMARY FOR FEBRUARY 21 2018...

CLIMATE NORMAL PERIOD 1981 TO 2010
CLIMATE RECORD PERIOD 1948 TO 2018


WEATHER ITEM   OBSERVED TIME   RECORD YEAR NORMAL DEPARTURE LAST
                VALUE   (LST)  VALUE       VALUE  FROM      YEAR
                                                  NORMAL
..................................................................
TEMPERATURE (F)
 YESTERDAY
  MAXIMUM         30    200 PM  62    1991  46    -16       47
  MINIMUM         24    300 AM   6    1952  24      0       30
  AVERAGE         27                        35     -8       39

PRECIPITATION (IN)
  YESTERDAY        T             0.42 1968   0.03  -0.03     0.01
  MONTH TO DATE    0.06                      0.58  -0.52     1.48
  SINCE OCT 1      3.88                      5.17  -1.29     8.11
  SINCE JAN 1      1.17                      1.76  -0.59     4.79

DEGREE DAYS
 HEATING
  YESTERDAY       38                        30      8       26
  MONTH TO DATE  573                       689   -116      678
  SINCE DEC 1   2601                      3004   -403     3542
  SINCE JUL 1   3946                      4432   -486     4633

 COOLING
  YESTERDAY        0                         0      0        0
  MONTH TO DATE    0                         0      0        0
  SINCE DEC 1      0                         0      0        0
  SINCE JAN 1      0                         0      0        0
..................................................................


WIND (MPH)
  HIGHEST WIND SPEED     6   HIGHEST WIND DIRECTION    NW (330)
  HIGHEST GUST SPEED    MM   HIGHEST GUST DIRECTION    MM
  AVERAGE WIND SPEED     3.6


SKY COVER
  AVERAGE SKY COVER 1.0


WEATHER CONDITIONS
 THE FOLLOWING WEATHER WAS RECORDED YESTERDAY.
  NO SIGNIFICANT WEATHER WAS OBSERVED.


RELATIVE HUMIDITY (PERCENT)
 HIGHEST    69           900 PM
 LOWEST     50          1200 AM
 AVERAGE    60

..........................................................


THE ONTARIO OR CLIMATE NORMALS FOR TODAY
                         NORMAL    RECORD    YEAR
 MAXIMUM TEMPERATURE (F)   47        64      1991
 MINIMUM TEMPERATURE (F)   25        -1      1952


SUNRISE AND SUNSET
FEBRUARY 22 2018......SUNRISE   736 AM MST   SUNSET   627 PM MST
FEBRUARY 23 2018......SUNRISE   735 AM MST   SUNSET   629 PM MST


-  INDICATES NEGATIVE NUMBERS.
R  INDICATES RECORD WAS SET OR TIED.
MM INDICATES DATA IS MISSING.
T  INDICATES TRACE AMOUNT.




$$
