000
CDUS45 KBOI 210932
CLIONO


CLIMATE REPORT
NATIONAL WEATHER SERVICE BOISE ID
332 AM MDT SUN SEP 21 2014


...................................

...THE ONTARIO OR CLIMATE SUMMARY FOR SEPTEMBER 20 2014...

CLIMATE NORMAL PERIOD 1981 TO 2010
CLIMATE RECORD PERIOD 1948 TO 2014


WEATHER ITEM   OBSERVED TIME   RECORD YEAR NORMAL DEPARTURE LAST
                VALUE   (LST)  VALUE       VALUE  FROM      YEAR
                                                  NORMAL
..................................................................
TEMPERATURE (F)
 YESTERDAY
  MAXIMUM         87    530 PM  94    1967  80      7       83
  MINIMUM         53    650 AM  27    1978  43     10       38
  AVERAGE         70                        61      9       61

PRECIPITATION (IN)
  YESTERDAY        0.00          1.00 2008   0.01  -0.01     0.00
  MONTH TO DATE    0.01                      0.24  -0.23     0.14
  SINCE OCT 1      7.06                      9.89  -2.83     5.69
  SINCE JAN 1      5.55                      6.48  -0.93     2.75

DEGREE DAYS
 HEATING
  YESTERDAY        0                         5     -5        4
  MONTH TO DATE   18                        52    -34       18
  SINCE SEP 1     18                        52    -34       18
  SINCE JUL 1     19                        68    -49       18

 COOLING
  YESTERDAY        5                         1      4        0
  MONTH TO DATE   70                        51     19      126
  SINCE SEP 1     70                        51     19      126
  SINCE JAN 1   1067                       844    223     1298
..................................................................


WIND (MPH)
  HIGHEST WIND SPEED    10   HIGHEST WIND DIRECTION    NW (320)
  HIGHEST GUST SPEED    13   HIGHEST GUST DIRECTION    NW (310)
  AVERAGE WIND SPEED     3.5


SKY COVER
  AVERAGE SKY COVER 0.0


WEATHER CONDITIONS
 THE FOLLOWING WEATHER WAS RECORDED YESTERDAY.
  HAZE


RELATIVE HUMIDITY (PERCENT)
 HIGHEST    66           700 AM
 LOWEST     22           400 PM
 AVERAGE    44

..........................................................


THE ONTARIO OR CLIMATE NORMALS FOR TODAY
                         NORMAL    RECORD    YEAR
 MAXIMUM TEMPERATURE (F)   79        97      1966
 MINIMUM TEMPERATURE (F)   43        25      1983


SUNRISE AND SUNSET
SEPTEMBER 21 2014.....SUNRISE   734 AM MDT   SUNSET   747 PM MDT
SEPTEMBER 22 2014.....SUNRISE   735 AM MDT   SUNSET   745 PM MDT


-  INDICATES NEGATIVE NUMBERS.
R  INDICATES RECORD WAS SET OR TIED.
MM INDICATES DATA IS MISSING.
T  INDICATES TRACE AMOUNT.




$$
