000
CDUS45 KBOI 300933
CLIONO


CLIMATE REPORT
NATIONAL WEATHER SERVICE BOISE ID
332 AM MDT SAT AUG 30 2014


...................................

...THE ONTARIO OR CLIMATE SUMMARY FOR AUGUST 29 2014...

CLIMATE NORMAL PERIOD 1981 TO 2010
CLIMATE RECORD PERIOD 1948 TO 2014


WEATHER ITEM   OBSERVED TIME   RECORD YEAR NORMAL DEPARTURE LAST
                VALUE   (LST)  VALUE       VALUE  FROM      YEAR
                                                  NORMAL
..................................................................
TEMPERATURE (F)
 YESTERDAY
  MAXIMUM         91    227 PM 105    1967  88      3       96
  MINIMUM         61    642 AM  35    1960  51     10       60
  AVERAGE         76                        69      7       78

PRECIPITATION (IN)
  YESTERDAY        T             0.04 1951   0.00   0.00     0.00
  MONTH TO DATE    0.46                      0.16   0.30      T
  SINCE OCT 1      6.98                      9.63  -2.65     5.55
  SINCE JAN 1      5.47                      6.22  -0.75     2.61

DEGREE DAYS
 HEATING
  YESTERDAY        0                         1     -1        0
  MONTH TO DATE    0                         5     -5        0
  SINCE JUN 1     28                        62    -34       39
  SINCE JUL 1      0                        10    -10        0

 COOLING
  YESTERDAY       11                         5      6       13
  MONTH TO DATE  291                       259     32      391
  SINCE JUN 1    944                       746    198     1100
  SINCE JAN 1    992                       782    210     1147
..................................................................


WIND (MPH)
  HIGHEST WIND SPEED    26   HIGHEST WIND DIRECTION    NW (310)
  HIGHEST GUST SPEED    35   HIGHEST GUST DIRECTION    NW (310)
  AVERAGE WIND SPEED     7.1


SKY COVER
  AVERAGE SKY COVER 0.1


WEATHER CONDITIONS
 THE FOLLOWING WEATHER WAS RECORDED YESTERDAY.
  LIGHT RAIN


RELATIVE HUMIDITY (PERCENT)
 HIGHEST    43           700 AM
 LOWEST     21           100 PM
 AVERAGE    32

..........................................................


THE ONTARIO OR CLIMATE NORMALS FOR TODAY
                         NORMAL    RECORD    YEAR
 MAXIMUM TEMPERATURE (F)   88       103      1967
 MINIMUM TEMPERATURE (F)   51        38      1969


SUNRISE AND SUNSET
AUGUST 30 2014........SUNRISE   709 AM MDT   SUNSET   827 PM MDT
AUGUST 31 2014........SUNRISE   710 AM MDT   SUNSET   826 PM MDT


-  INDICATES NEGATIVE NUMBERS.
R  INDICATES RECORD WAS SET OR TIED.
MM INDICATES DATA IS MISSING.
T  INDICATES TRACE AMOUNT.




$$
