000
CDUS45 KBOI 050931
CLIONO


CLIMATE REPORT
NATIONAL WEATHER SERVICE BOISE ID
330 AM MDT SUN JUL 5 2015


...................................

...THE ONTARIO OR CLIMATE SUMMARY FOR JULY 4 2015...

CLIMATE NORMAL PERIOD 1981 TO 2010
CLIMATE RECORD PERIOD 1948 TO 2015


WEATHER ITEM   OBSERVED TIME   RECORD YEAR NORMAL DEPARTURE LAST
                VALUE   (LST)  VALUE       VALUE  FROM      YEAR
                                                  NORMAL
..................................................................
TEMPERATURE (F)
 YESTERDAY
  MAXIMUM        101   1223 PM 108    1968  91     10       99
  MINIMUM         67    549 AM  42    1962  57     10       69
  AVERAGE         84                        74     10       84

PRECIPITATION (IN)
  YESTERDAY        0.00          0.53 1998   0.01  -0.01     0.00
  MONTH TO DATE    0.00                      0.06  -0.06      T
  SINCE OCT 1      8.74                      9.23  -0.49     6.51
  SINCE JAN 1      4.28                      5.82  -1.54     5.00

DEGREE DAYS
 HEATING
  YESTERDAY        0                         0      0        0
  MONTH TO DATE    0                         0      0        0
  SINCE JUN 1      1                        52    -51       28
  SINCE JUL 1      0                         0      0        0

 COOLING
  YESTERDAY       19                         9     10       19
  MONTH TO DATE   90                        34     56       58
  SINCE JUN 1    455                       173    282      215
  SINCE JAN 1    488                       209    279      263
..................................................................


WIND (MPH)
  HIGHEST WIND SPEED    10   HIGHEST WIND DIRECTION    NW (300)
  HIGHEST GUST SPEED    18   HIGHEST GUST DIRECTION    NW (320)
  AVERAGE WIND SPEED     4.8


SKY COVER
  AVERAGE SKY COVER 0.0


WEATHER CONDITIONS
 THE FOLLOWING WEATHER WAS RECORDED YESTERDAY.
  NO SIGNIFICANT WEATHER WAS OBSERVED.


RELATIVE HUMIDITY (PERCENT)
 HIGHEST    47           600 AM
 LOWEST     11          1100 AM
 AVERAGE    29

..........................................................


THE ONTARIO OR CLIMATE NORMALS FOR TODAY
                         NORMAL    RECORD    YEAR
 MAXIMUM TEMPERATURE (F)   91       110      2001
 MINIMUM TEMPERATURE (F)   57        34      1986


SUNRISE AND SUNSET
JULY  5 2015..........SUNRISE   611 AM MDT   SUNSET   934 PM MDT
JULY  6 2015..........SUNRISE   612 AM MDT   SUNSET   933 PM MDT


-  INDICATES NEGATIVE NUMBERS.
R  INDICATES RECORD WAS SET OR TIED.
MM INDICATES DATA IS MISSING.
T  INDICATES TRACE AMOUNT.




$$
