000
CDUS45 KBOI 090935
CLIONO


CLIMATE REPORT
NATIONAL WEATHER SERVICE BOISE ID
234 AM MST FRI DEC 9 2016


...................................

...THE ONTARIO OR CLIMATE SUMMARY FOR DECEMBER 8 2016...

CLIMATE NORMAL PERIOD 1981 TO 2010
CLIMATE RECORD PERIOD 1948 TO 2016


WEATHER ITEM   OBSERVED TIME   RECORD YEAR NORMAL DEPARTURE LAST
                VALUE   (LST)  VALUE       VALUE  FROM      YEAR
                                                  NORMAL
..................................................................
TEMPERATURE (F)
 YESTERDAY
  MAXIMUM         24   1159 PM  54    2015  37    -13       54
                                      1993
  MINIMUM         15   1259 AM -12    2013  21     -6       41
  AVERAGE         20                        29     -9       48

PRECIPITATION (IN)
  YESTERDAY        0.34R         0.26 1953   0.05   0.29     0.03
  MONTH TO DATE    0.39                      0.39   0.00     0.65
  SINCE OCT 1      1.76                      2.12  -0.36     2.55
  SINCE JAN 1      4.38                      8.77  -4.39     7.79

DEGREE DAYS
 HEATING
  YESTERDAY       45                        36      9       17
  MONTH TO DATE  289                       281      8      236
  SINCE DEC 1    289                       281      8      236
  SINCE JUL 1   1380                      1709   -329     1361

 COOLING
  YESTERDAY        0                         0      0        0
  MONTH TO DATE    0                         0      0        0
  SINCE DEC 1      0                         0      0        0
  SINCE JAN 1    976                       852    124     1171
..................................................................


WIND (MPH)
  HIGHEST WIND SPEED    10   HIGHEST WIND DIRECTION     N (20)
  HIGHEST GUST SPEED    15   HIGHEST GUST DIRECTION    NE (30)
  AVERAGE WIND SPEED     6.3


SKY COVER
  AVERAGE SKY COVER 0.6


WEATHER CONDITIONS
 THE FOLLOWING WEATHER WAS RECORDED YESTERDAY.
  SNOW
  LIGHT SNOW
  FOG


RELATIVE HUMIDITY (PERCENT)
 HIGHEST    96          1000 PM
 LOWEST     73           500 AM
 AVERAGE    85

..........................................................


THE ONTARIO OR CLIMATE NORMALS FOR TODAY
                         NORMAL    RECORD    YEAR
 MAXIMUM TEMPERATURE (F)   37        55      2015
 MINIMUM TEMPERATURE (F)   20       -18      1972


SUNRISE AND SUNSET
DECEMBER  9 2016......SUNRISE   811 AM MST   SUNSET   510 PM MST
DECEMBER 10 2016......SUNRISE   812 AM MST   SUNSET   510 PM MST


-  INDICATES NEGATIVE NUMBERS.
R  INDICATES RECORD WAS SET OR TIED.
MM INDICATES DATA IS MISSING.
T  INDICATES TRACE AMOUNT.




$$
