000
CDUS45 KBOI 260933
CLIONO


CLIMATE REPORT
NATIONAL WEATHER SERVICE BOISE ID
332 AM MDT THU MAY 26 2016


...................................

...THE ONTARIO OR CLIMATE SUMMARY FOR MAY 25 2016...

CLIMATE NORMAL PERIOD 1981 TO 2010
CLIMATE RECORD PERIOD 1948 TO 2016


WEATHER ITEM   OBSERVED TIME   RECORD YEAR NORMAL DEPARTURE LAST
                VALUE   (LST)  VALUE       VALUE  FROM      YEAR
                                                  NORMAL
..................................................................
TEMPERATURE (F)
 YESTERDAY
  MAXIMUM         78    245 PM  97    2001  77      1       79
  MINIMUM         49    520 AM  25    1975  47      2       50
  AVERAGE         64                        62      2       65

PRECIPITATION (IN)
  YESTERDAY        0.00          0.39 1973   0.05  -0.05     0.04
  MONTH TO DATE    0.30                      1.03  -0.73     1.63
  SINCE OCT 1      6.98                      8.23  -1.25     8.49
  SINCE JAN 1      2.23                      4.82  -2.59     4.03

DEGREE DAYS
 HEATING
  YESTERDAY        1                         5     -4        0
  MONTH TO DATE  102                       185    -83       86
  SINCE MAR 1    908                      1296   -388      996
  SINCE JUL 1   4898                      5926  -1028     4790

 COOLING
  YESTERDAY        0                         2     -2        0
  MONTH TO DATE   30                        23      7        9
  SINCE MAR 1     30                        24      6        9
  SINCE JAN 1     30                        24      6        9
..................................................................


WIND (MPH)
  HIGHEST WIND SPEED    15   HIGHEST WIND DIRECTION    NW (300)
  HIGHEST GUST SPEED    21   HIGHEST GUST DIRECTION    NW (320)
  AVERAGE WIND SPEED     7.0


SKY COVER
  AVERAGE SKY COVER 0.2


WEATHER CONDITIONS
 THE FOLLOWING WEATHER WAS RECORDED YESTERDAY.
  NO SIGNIFICANT WEATHER WAS OBSERVED.


RELATIVE HUMIDITY (PERCENT)
 HIGHEST    68           500 AM
 LOWEST     21           500 PM
 AVERAGE    45

..........................................................


THE ONTARIO OR CLIMATE NORMALS FOR TODAY
                         NORMAL    RECORD    YEAR
 MAXIMUM TEMPERATURE (F)   78       102      1966
 MINIMUM TEMPERATURE (F)   47        30      1975


SUNRISE AND SUNSET
MAY 26 2016...........SUNRISE   612 AM MDT   SUNSET   919 PM MDT
MAY 27 2016...........SUNRISE   611 AM MDT   SUNSET   920 PM MDT


-  INDICATES NEGATIVE NUMBERS.
R  INDICATES RECORD WAS SET OR TIED.
MM INDICATES DATA IS MISSING.
T  INDICATES TRACE AMOUNT.




$$
