000
CDUS46 KSGX 231418
CLIONT


CLIMATE REPORT
NATIONAL WEATHER SERVICE SAN DIEGO, CA
717 AM PDT WED APR 23 2014


...................................

...THE ONTARIO INTL AIRPORT CA CLIMATE SUMMARY FOR APRIL 22 2014...

CLIMATE NORMAL PERIOD 1981 TO 2010
CLIMATE RECORD PERIOD 1998 TO 2014


WEATHER ITEM   OBSERVED TIME   RECORD YEAR NORMAL DEPARTURE LAST
                VALUE   (LST)  VALUE       VALUE  FROM      YEAR
                                                  NORMAL
..................................................................
TEMPERATURE (F)
 YESTERDAY
  MAXIMUM         73    228 PM  88    2002  75     -2       82
  MINIMUM         54   1151 PM  42    2001  52      2       54
  AVERAGE         64                        63      1       68

PRECIPITATION (IN)
  YESTERDAY        0.00          0.09 2006   0.04  -0.04     0.00
  MONTH TO DATE    0.28                      0.71  -0.43      T
  SINCE JUL 1      3.87                     14.39 -10.52     5.19
  SINCE JAN 1      2.95                      9.73  -6.78     2.42

SNOWFALL (IN)
  YESTERDAY        0.0
  MONTH TO DATE    0.0
  SINCE JAN 1      0.0
  SINCE JUL 1      0.0
  SNOW DEPTH       0

DEGREE DAYS
 HEATING
  YESTERDAY        1                         3     -2        0
  MONTH TO DATE   45                       100    -55       50
  SINCE MAR 1    118                       312   -194      150
  SINCE JUL 1    804                      1469   -665     1258

 COOLING
  YESTERDAY        0                         2     -2        3
  MONTH TO DATE   74                        26     48       31
  SINCE MAR 1    106                        38     68       68
  SINCE JAN 1    136                        44     92       69
..................................................................


WIND (MPH)
  RESULTANT WIND SPEED   7   RESULTANT WIND DIRECTION  SW (240)
  HIGHEST WIND SPEED    17   HIGHEST WIND DIRECTION    SW (230)
  HIGHEST GUST SPEED    24   HIGHEST GUST DIRECTION    SW (240)
  AVERAGE WIND SPEED     7.9


SKY COVER
  POSSIBLE SUNSHINE  MM
  AVERAGE SKY COVER 0.5


WEATHER CONDITIONS
 THE FOLLOWING WEATHER WAS RECORDED YESTERDAY.
  FOG
  HAZE


RELATIVE HUMIDITY (PERCENT)
 HIGHEST    86          1200 AM
 LOWEST     41           100 PM
 AVERAGE    64

..........................................................


THE ONTARIO INTL AIRPORT CA CLIMATE NORMALS FOR TODAY
                         NORMAL    RECORD    YEAR
 MAXIMUM TEMPERATURE (F)   75        87      2004
 MINIMUM TEMPERATURE (F)   52        42      2010


SUNRISE AND SUNSET
APRIL 23 2014.........SUNRISE   610 AM PDT   SUNSET   728 PM PDT
APRIL 24 2014.........SUNRISE   609 AM PDT   SUNSET   729 PM PDT


-  INDICATES NEGATIVE NUMBERS.
R  INDICATES RECORD WAS SET OR TIED.
MM INDICATES DATA IS MISSING.
T  INDICATES TRACE AMOUNT.




$$
