837
CDUS46 KSGX 060016
CLIONT


CLIMATE REPORT
NATIONAL WEATHER SERVICE SAN DIEGO, CA
416 PM PST FRI FEB 5 2016


...................................

...THE ONTARIO INTL AIRPORT CA CLIMATE SUMMARY FOR FEBRUARY 5 2016...
VALID TODAY AS OF 0400 PM LOCAL TIME.

CLIMATE NORMAL PERIOD 1981 TO 2010
CLIMATE RECORD PERIOD 1998 TO 2016


WEATHER ITEM   OBSERVED TIME   RECORD YEAR NORMAL DEPARTURE LAST
                VALUE   (LST)  VALUE       VALUE  FROM      YEAR
                                                  NORMAL
..................................................................
TEMPERATURE (F)
 TODAY
  MAXIMUM         75    241 PM  87    2007  65     10       84
  MINIMUM         38    629 AM  36    2002  45     -7       48
  AVERAGE         57                        55      2       66

PRECIPITATION (IN)
  TODAY            0.00          0.39 2009   0.10  -0.10     0.00
  MONTH TO DATE    0.00                      0.41  -0.41     0.00
  SINCE OCT 1      4.31                      7.89  -3.58     6.58
  SINCE JAN 1      2.19                      3.72  -1.53     0.94

DEGREE DAYS
 HEATING
  TODAY            8                        10     -2        0
  MONTH TO DATE   74                        51     23       12
  SINCE DEC 1    783                       718     65      452
  SINCE JUL 1    980                       940     40      522

 COOLING
  TODAY            0                         0      0        1
  MONTH TO DATE    0                         0      0        1
  SINCE DEC 1      2                         5     -3       16
  SINCE JAN 1      0                         3     -3       14
..................................................................


WIND (MPH)
  RESULTANT WIND SPEED   4   RESULTANT WIND DIRECTION  NE (30)
  HIGHEST WIND SPEED    20   HIGHEST WIND DIRECTION    NE (50)
  HIGHEST GUST SPEED    27   HIGHEST GUST DIRECTION    NE (30)
  AVERAGE WIND SPEED     5.9


SKY COVER
  POSSIBLE SUNSHINE  MM
  AVERAGE SKY COVER 0.2


WEATHER CONDITIONS
 THE FOLLOWING WEATHER WAS RECORDED TODAY.
  NO SIGNIFICANT WEATHER WAS OBSERVED.


RELATIVE HUMIDITY (PERCENT)
 HIGHEST    53           600 AM
 LOWEST     12           200 PM
 AVERAGE    33

..........................................................


THE ONTARIO INTL AIRPORT CA CLIMATE NORMALS FOR TOMORROW
                         NORMAL    RECORD    YEAR
 MAXIMUM TEMPERATURE (F)   65        82      2006
 MINIMUM TEMPERATURE (F)   45        37      2003


SUNRISE AND SUNSET
FEBRUARY  5 2016......SUNRISE   645 AM PST   SUNSET   524 PM PST
FEBRUARY  6 2016......SUNRISE   644 AM PST   SUNSET   525 PM PST


-  INDICATES NEGATIVE NUMBERS.
R  INDICATES RECORD WAS SET OR TIED.
MM INDICATES DATA IS MISSING.
T  INDICATES TRACE AMOUNT.




$$
