000
CDUS46 KSGX 170017
CLIONT


CLIMATE REPORT
NATIONAL WEATHER SERVICE SAN DIEGO, CA
517 PM PDT WED APR 16 2014


...................................

...THE ONTARIO INTL AIRPORT CA CLIMATE SUMMARY FOR APRIL 16 2014...
VALID TODAY AS OF 0500 PM LOCAL TIME.

CLIMATE NORMAL PERIOD 1981 TO 2010
CLIMATE RECORD PERIOD 1998 TO 2014


WEATHER ITEM   OBSERVED TIME   RECORD YEAR NORMAL DEPARTURE LAST
                VALUE   (LST)  VALUE       VALUE  FROM      YEAR
                                                  NORMAL
..................................................................
TEMPERATURE (F)
 TODAY
  MAXIMUM         80    239 PM  92    2011  74      6       65
  MINIMUM         52    545 AM  43    2009  51      1       47
  AVERAGE         66                        62      4       56

PRECIPITATION (IN)
  TODAY            0.00          T    2013   0.03  -0.03      T
  MONTH TO DATE    0.28                      0.49  -0.21      T
  SINCE JUL 1      3.87                     14.17 -10.30     5.19
  SINCE JAN 1      2.95                      9.51  -6.56     2.42

SNOWFALL (IN)
  TODAY            0.0
  MONTH TO DATE    0.0
  SINCE JAN 1      0.0
  SINCE JUL 1      0.0
  SNOW DEPTH       0

DEGREE DAYS
 HEATING
  TODAY            0                         4     -4        9
  MONTH TO DATE   44                        77    -33       42
  SINCE MAR 1    117                       289   -172      142
  SINCE JUL 1    803                      1446   -643     1250

 COOLING
  TODAY            1                         1      0        0
  MONTH TO DATE   56                        15     41       12
  SINCE MAR 1     88                        27     61       49
  SINCE JAN 1    118                        33     85       50
..................................................................


WIND (MPH)
  RESULTANT WIND SPEED   5   RESULTANT WIND DIRECTION  SW (240)
  HIGHEST WIND SPEED    18   HIGHEST WIND DIRECTION    SW (230)
  HIGHEST GUST SPEED    23   HIGHEST GUST DIRECTION     W (250)
  AVERAGE WIND SPEED     6.4


SKY COVER
  POSSIBLE SUNSHINE  MM
  AVERAGE SKY COVER 0.2


WEATHER CONDITIONS
 THE FOLLOWING WEATHER WAS RECORDED TODAY.
  FOG
  HAZE


RELATIVE HUMIDITY (PERCENT)
 HIGHEST    93           300 AM
 LOWEST     30           200 PM
 AVERAGE    62

..........................................................


THE ONTARIO INTL AIRPORT CA CLIMATE NORMALS FOR TOMORROW
                         NORMAL    RECORD    YEAR
 MAXIMUM TEMPERATURE (F)   74        92      1999
 MINIMUM TEMPERATURE (F)   51        43      2013


SUNRISE AND SUNSET
APRIL 16 2014.........SUNRISE   618 AM PDT   SUNSET   723 PM PDT
APRIL 17 2014.........SUNRISE   617 AM PDT   SUNSET   724 PM PDT


-  INDICATES NEGATIVE NUMBERS.
R  INDICATES RECORD WAS SET OR TIED.
MM INDICATES DATA IS MISSING.
T  INDICATES TRACE AMOUNT.




$$
