000
CDUS46 KSGX 031427
CLIONT


CLIMATE REPORT
NATIONAL WEATHER SERVICE SAN DIEGO, CA
726 AM PDT FRI JUL 3 2015


...................................

...THE ONTARIO INTL AIRPORT CA CLIMATE SUMMARY FOR JULY 2 2015...

CLIMATE NORMAL PERIOD 1981 TO 2010
CLIMATE RECORD PERIOD 1998 TO 2015


WEATHER ITEM   OBSERVED TIME   RECORD YEAR NORMAL DEPARTURE LAST
                VALUE   (LST)  VALUE       VALUE  FROM      YEAR
                                                  NORMAL
..................................................................
TEMPERATURE (F)
 YESTERDAY
  MAXIMUM         93    325 PM 101    2001  90      3       92
  MINIMUM         70    402 AM  58    2004  62      8       63
  AVERAGE         82                        76      6       78

PRECIPITATION (IN)
  YESTERDAY        0.00          0.00 2006   0.01  -0.01     0.00
                                      2005
                                      2004
  MONTH TO DATE    T                         0.01  -0.01     0.00
  SINCE OCT 1      9.88                     14.56  -4.68     4.37
  SINCE JAN 1      4.24                     10.39  -6.15     3.49

SNOWFALL (IN)
  YESTERDAY        0.0
  MONTH TO DATE    0.0
  SINCE JUN 1      0.0
  SINCE JUL 1      0.0
  SNOW DEPTH       0

DEGREE DAYS
 HEATING
  YESTERDAY        0                         0      0        0
  MONTH TO DATE    0                         0      0        0
  SINCE JUN 1      0                         5     -5        0
  SINCE JUL 1      0                         0      0        0

 COOLING
  YESTERDAY       17                        11      6       13
  MONTH TO DATE   34                        22     12       26
  SINCE JUN 1    384                       245    139      312
  SINCE JAN 1    679                       411    268      706
..................................................................


WIND (MPH)
  RESULTANT WIND SPEED   6   RESULTANT WIND DIRECTION   W (250)
  HIGHEST WIND SPEED    17   HIGHEST WIND DIRECTION    SW (230)
  HIGHEST GUST SPEED    25   HIGHEST GUST DIRECTION    SW (230)
  AVERAGE WIND SPEED     7.0


SKY COVER
  POSSIBLE SUNSHINE  MM
  AVERAGE SKY COVER 0.4


WEATHER CONDITIONS
 THE FOLLOWING WEATHER WAS RECORDED YESTERDAY.
  NO SIGNIFICANT WEATHER WAS OBSERVED.


RELATIVE HUMIDITY (PERCENT)
 HIGHEST    68           200 AM
 LOWEST     27          1200 PM
 AVERAGE    48

..........................................................


THE ONTARIO INTL AIRPORT CA CLIMATE NORMALS FOR TODAY
                         NORMAL    RECORD    YEAR
 MAXIMUM TEMPERATURE (F)   90       101      2007
 MINIMUM TEMPERATURE (F)   62        58      2010


SUNRISE AND SUNSET
JULY  3 2015..........SUNRISE   544 AM PDT   SUNSET   806 PM PDT
JULY  4 2015..........SUNRISE   544 AM PDT   SUNSET   806 PM PDT


-  INDICATES NEGATIVE NUMBERS.
R  INDICATES RECORD WAS SET OR TIED.
MM INDICATES DATA IS MISSING.
T  INDICATES TRACE AMOUNT.




$$
