000
CDUS46 KSGX 210129
CLIONT


CLIMATE REPORT
NATIONAL WEATHER SERVICE SAN DIEGO, CA
529 PM PST MON FEB 20 2017


...................................

...THE ONTARIO INTL AIRPORT CA CLIMATE SUMMARY FOR FEBRUARY 20 2017...
VALID TODAY AS OF 0500 PM LOCAL TIME.

CLIMATE NORMAL PERIOD 1981 TO 2010
CLIMATE RECORD PERIOD 1998 TO 2017


WEATHER ITEM   OBSERVED TIME   RECORD YEAR NORMAL DEPARTURE LAST
                VALUE   (LST)  VALUE       VALUE  FROM      YEAR
                                                  NORMAL
..................................................................
TEMPERATURE (F)
 TODAY
  MAXIMUM         64    229 PM  82    2014  66     -2       73
  MINIMUM         49    703 AM  36    2006  46      3       47
  AVERAGE         57                        56      1       60

PRECIPITATION (IN)
  TODAY            T             0.47 2005   0.15  -0.15     0.00
  MONTH TO DATE    2.20                      2.40  -0.20     0.43
  SINCE OCT 1     14.46                      9.88   4.58     4.74
  SINCE JAN 1      9.58                      5.71   3.87     2.62

DEGREE DAYS
 HEATING
  TODAY            8                         9     -1        5
  MONTH TO DATE  151                       197    -46       98
  SINCE DEC 1    861                       864     -3      807
  SINCE JUL 1    991                      1086    -95     1004

 COOLING
  TODAY            0                         0      0        0
  MONTH TO DATE    1                         0      1       35
  SINCE DEC 1      1                         5     -4       37
  SINCE JAN 1      1                         3     -2       35
..................................................................


WIND (MPH)
  RESULTANT WIND SPEED   2   RESULTANT WIND DIRECTION   E (80)
  HIGHEST WIND SPEED     8   HIGHEST WIND DIRECTION     W (250)
  HIGHEST GUST SPEED    11   HIGHEST GUST DIRECTION    SW (240)
  AVERAGE WIND SPEED     3.2


SKY COVER
  POSSIBLE SUNSHINE  MM
  AVERAGE SKY COVER 0.9


WEATHER CONDITIONS
 THE FOLLOWING WEATHER WAS RECORDED TODAY.
  LIGHT RAIN
  FOG


RELATIVE HUMIDITY (PERCENT)
 HIGHEST   100           600 AM
 LOWEST     67           300 PM
 AVERAGE    84

..........................................................


THE ONTARIO INTL AIRPORT CA CLIMATE NORMALS FOR TOMORROW
                         NORMAL    RECORD    YEAR
 MAXIMUM TEMPERATURE (F)   66        87      2002
 MINIMUM TEMPERATURE (F)   46        38      2011


SUNRISE AND SUNSET
FEBRUARY 20 2017......SUNRISE   629 AM PST   SUNSET   539 PM PST
FEBRUARY 21 2017......SUNRISE   628 AM PST   SUNSET   540 PM PST


-  INDICATES NEGATIVE NUMBERS.
R  INDICATES RECORD WAS SET OR TIED.
MM INDICATES DATA IS MISSING.
T  INDICATES TRACE AMOUNT.




$$
