000
CDUS46 KSGX 241416
CLIONT


CLIMATE REPORT
NATIONAL WEATHER SERVICE SAN DIEGO, CA
716 AM PDT SUN JUL 24 2016


...................................

...THE ONTARIO INTL AIRPORT CA CLIMATE SUMMARY FOR JULY 23 2016...

CLIMATE NORMAL PERIOD 1981 TO 2010
CLIMATE RECORD PERIOD 1998 TO 2016


WEATHER ITEM   OBSERVED TIME   RECORD YEAR NORMAL DEPARTURE LAST
                VALUE   (LST)  VALUE       VALUE  FROM      YEAR
                                                  NORMAL
..................................................................
TEMPERATURE (F)
 YESTERDAY
  MAXIMUM        108R   103 PM 104    2006  93     15       90
  MINIMUM         73    525 AM  58    2001  64      9       65
  AVERAGE         91                        78     13       78

PRECIPITATION (IN)
  YESTERDAY        0.00          0.01 2007   0.00   0.00     0.00
  MONTH TO DATE    0.00                      0.07  -0.07     0.60
  SINCE OCT 1      7.71                     14.62  -6.91    10.48
  SINCE JAN 1      5.59                     10.45  -4.86     4.84

DEGREE DAYS
 HEATING
  YESTERDAY        0                         0      0        0
  MONTH TO DATE    0                         0      0        0
  SINCE JUN 1      2                         5     -3        0
  SINCE JUL 1      0                         0      0        0

 COOLING
  YESTERDAY       26                        13     13       13
  MONTH TO DATE  332                       284     48      269
  SINCE JUN 1    680                       507    173      619
  SINCE JAN 1    908                       673    235      914
..................................................................


WIND (MPH)
  RESULTANT WIND SPEED   5   RESULTANT WIND DIRECTION   W (260)
  HIGHEST WIND SPEED    22   HIGHEST WIND DIRECTION     W (270)
  HIGHEST GUST SPEED    28   HIGHEST GUST DIRECTION     W (270)
  AVERAGE WIND SPEED     6.3


SKY COVER
  POSSIBLE SUNSHINE  MM
  AVERAGE SKY COVER 0.3


WEATHER CONDITIONS
 THE FOLLOWING WEATHER WAS RECORDED YESTERDAY.
  NO SIGNIFICANT WEATHER WAS OBSERVED.


RELATIVE HUMIDITY (PERCENT)
 HIGHEST    51           700 PM
 LOWEST      7           100 PM
 AVERAGE    29

..........................................................


THE ONTARIO INTL AIRPORT CA CLIMATE NORMALS FOR TODAY
                         NORMAL    RECORD    YEAR
 MAXIMUM TEMPERATURE (F)   93       105      2014
 MINIMUM TEMPERATURE (F)   64        59      1999


SUNRISE AND SUNSET
JULY 24 2016..........SUNRISE   557 AM PDT   SUNSET   757 PM PDT
JULY 25 2016..........SUNRISE   557 AM PDT   SUNSET   756 PM PDT


-  INDICATES NEGATIVE NUMBERS.
R  INDICATES RECORD WAS SET OR TIED.
MM INDICATES DATA IS MISSING.
T  INDICATES TRACE AMOUNT.




$$
