000
CDUS43 KLOT 272235
CLIORD


CLIMATE REPORT
NATIONAL WEATHER SERVICE CHICAGO IL
432 PM CST THU NOV 27 2014


...................................

...THE CHICAGO-OHARE IL CLIMATE SUMMARY FOR NOVEMBER 27 2014...
VALID TODAY AS OF 0400 PM LOCAL TIME.

CLIMATE NORMAL PERIOD 1981 TO 2010
CLIMATE RECORD PERIOD 1871 TO 2014


WEATHER ITEM   OBSERVED TIME   RECORD YEAR NORMAL DEPARTURE LAST
                VALUE   (LST)  VALUE       VALUE  FROM      YEAR
                                                  NORMAL
..................................................................
TEMPERATURE (F)
 TODAY
  MAXIMUM         27   1040 AM  67    1990  42    -15       29
  MINIMUM         23    359 PM   2    1887  27     -4       13
  AVERAGE         25                        35    -10       21

PRECIPITATION (IN)
  TODAY            T             2.93 1990   0.11  -0.11     0.00
  MONTH TO DATE    1.41                      2.84  -1.43     2.09
  SINCE SEP 1      6.60                      9.20  -2.60     7.78
  SINCE JAN 1     38.68                     34.33   4.35    40.15

SNOWFALL (IN)     (THROUGH NOON)
  TODAY            T             5.8  1891   0.1   -0.1      0.0
  MONTH TO DATE    2.8                       0.9    1.9      0.9
  SINCE SEP 1      2.9                       1.1    1.8      0.9
  SINCE JUL 1      2.9                       1.1    1.8      0.9

DEGREE DAYS
 HEATING
  TODAY           40                        30     10       44
  MONTH TO DATE  840                       645    195      717
  SINCE SEP 1   1342                      1147    195     1170
  SINCE JUL 1   1347                      1160    187     1181

 COOLING
  TODAY            0                         0      0        0
  MONTH TO DATE    0                         0      0        0
  SINCE SEP 1     84                       103    -19      168
  SINCE JAN 1    799                       843    -44      933
..................................................................


WIND (MPH)
  HIGHEST WIND SPEED    21   HIGHEST WIND DIRECTION    NW (320)
  HIGHEST GUST SPEED    25   HIGHEST GUST DIRECTION    NW (300)
  AVERAGE WIND SPEED    13.4


SKY COVER
  POSSIBLE SUNSHINE  MM
  AVERAGE SKY COVER 0.8


WEATHER CONDITIONS
 THE FOLLOWING WEATHER WAS RECORDED TODAY.
  LIGHT SNOW
  HAZE


RELATIVE HUMIDITY (PERCENT)
 HIGHEST    81           100 AM
 LOWEST     62           200 PM
 AVERAGE    72

..........................................................


THE CHICAGO-OHARE IL CLIMATE NORMALS FOR TOMORROW
                         NORMAL    RECORD    YEAR
 MAXIMUM TEMPERATURE (F)   41        69      1905
 MINIMUM TEMPERATURE (F)   27         0      1887
                                             1872


SUNRISE AND SUNSET
NOVEMBER 27 2014......SUNRISE   656 AM CST   SUNSET   423 PM CST
NOVEMBER 28 2014......SUNRISE   657 AM CST   SUNSET   422 PM CST


-  INDICATES NEGATIVE NUMBERS.
R  INDICATES RECORD WAS SET OR TIED.
MM INDICATES DATA IS MISSING.
T  INDICATES TRACE AMOUNT.




$$
