000
CDUS41 KAKQ 240829
CLIORF


CLIMATE REPORT
NATIONAL WEATHER SERVICE WAKEFIELD, VA
428 AM EDT FRI OCT 24 2014


...................................

...THE NORFOLK VA CLIMATE SUMMARY FOR OCTOBER 23 2014...

CLIMATE NORMAL PERIOD 1981 TO 2010
CLIMATE RECORD PERIOD 1871 TO 2014


WEATHER ITEM   OBSERVED TIME   RECORD YEAR NORMAL DEPARTURE LAST
                VALUE   (LST)  VALUE       VALUE  FROM      YEAR
                                                  NORMAL
..................................................................
TEMPERATURE (F)
 YESTERDAY
  MAXIMUM         67    323 PM  87    2007  68     -1       60
  MINIMUM         53    644 AM  34    1987  51      2       51
  AVERAGE         60                        60      0       56

PRECIPITATION (IN)
  YESTERDAY        0.00          2.68 1878   0.10  -0.10      T
  MONTH TO DATE    1.24                      2.54  -1.30     4.13
  SINCE SEP 1     10.41                      7.30   3.11     5.06
  SINCE JAN 1     42.82                     39.24   3.58    38.33

SNOWFALL (IN)
  YESTERDAY        0.0           0.0  2002   0.0    0.0
                                      2001
  MONTH TO DATE    0.0                       0.0    0.0
  SINCE NOV 1     15.5                       5.8    9.7
  SINCE JUL 1      0.0                       0.0    0.0
  SNOW DEPTH       0

DEGREE DAYS
 HEATING
  YESTERDAY        5                         6     -1        9
  MONTH TO DATE   47                        87    -40       41
  SINCE SEP 1     47                        98    -51       49
  SINCE JUL 1     47                        98    -51       49

 COOLING
  YESTERDAY        0                         1     -1        0
  MONTH TO DATE   70                        48     22       81
  SINCE SEP 1    341                       278     63      294
  SINCE JAN 1   1714                      1613    101     1743
..................................................................


WIND (MPH)
  HIGHEST WIND SPEED    17   HIGHEST WIND DIRECTION    NW (320)
  HIGHEST GUST SPEED    30   HIGHEST GUST DIRECTION    NW (310)
  AVERAGE WIND SPEED     9.2


SKY COVER
  POSSIBLE SUNSHINE  MM
  AVERAGE SKY COVER 0.6


WEATHER CONDITIONS
 THE FOLLOWING WEATHER WAS RECORDED YESTERDAY.
  NO SIGNIFICANT WEATHER WAS OBSERVED.


RELATIVE HUMIDITY (PERCENT)
 HIGHEST    66          1200 AM
 LOWEST     48           500 PM
 AVERAGE    57

..........................................................


THE NORFOLK VA CLIMATE NORMALS FOR TODAY
                         NORMAL    RECORD    YEAR
 MAXIMUM TEMPERATURE (F)   68        86      2007
                                             2001
 MINIMUM TEMPERATURE (F)   51        36      1969


SUNRISE AND SUNSET
OCTOBER 24 2014.......SUNRISE   721 AM EDT   SUNSET   617 PM EDT
OCTOBER 25 2014.......SUNRISE   722 AM EDT   SUNSET   615 PM EDT


-  INDICATES NEGATIVE NUMBERS.
R  INDICATES RECORD WAS SET OR TIED.
MM INDICATES DATA IS MISSING.
T  INDICATES TRACE AMOUNT.




$$
