000
CDUS41 KAKQ 210645
CLIORF


CLIMATE REPORT
NATIONAL WEATHER SERVICE WAKEFIELD, VA
145 AM EST TUE FEB 21 2017


...................................

...THE NORFOLK VA CLIMATE SUMMARY FOR FEBRUARY 20 2017...

CLIMATE NORMAL PERIOD 1981 TO 2010
CLIMATE RECORD PERIOD 1871 TO 2017


WEATHER ITEM   OBSERVED TIME   RECORD YEAR NORMAL DEPARTURE LAST
                VALUE   (LST)  VALUE       VALUE  FROM      YEAR
                                                  NORMAL
..................................................................
TEMPERATURE (F)
 YESTERDAY
  MAXIMUM         60    339 PM  77    1991  52      8       69
  MINIMUM         46   1159 PM   9    2015  35     11       40
  AVERAGE         53                        43     10       55

PRECIPITATION (IN)
  YESTERDAY        0.00          1.12 1884   0.11  -0.11     0.00
  MONTH TO DATE    0.65                      2.20  -1.55     5.30
  SINCE DEC 1      7.60                      8.86  -1.26    13.29
  SINCE JAN 1      5.06                      5.60  -0.54     9.92

SNOWFALL (IN)
  YESTERDAY        0.0           2.5  1907   0.1   -0.1
  MONTH TO DATE    0.0                       1.6   -1.6
  SINCE NOV 1      5.3                       5.2    0.1
  SINCE JUL 1      5.3                       5.2    0.1
  SNOW DEPTH       0

DEGREE DAYS
 HEATING
  YESTERDAY       12                        22    -10       10
  MONTH TO DATE  322                       461   -139      468
  SINCE DEC 1   1537                      1873   -336     1456
  SINCE JUL 1   2000                      2403   -403     1795

 COOLING
  YESTERDAY        0                         0      0        0
  MONTH TO DATE    0                         0      0        0
  SINCE DEC 1      0                         1     -1       29
  SINCE JAN 1      0                         0      0        0
..................................................................


WIND (MPH)
  HIGHEST WIND SPEED    16   HIGHEST WIND DIRECTION     N (20)
  HIGHEST GUST SPEED    24   HIGHEST GUST DIRECTION     N (10)
  AVERAGE WIND SPEED     7.3


SKY COVER
  POSSIBLE SUNSHINE  MM
  AVERAGE SKY COVER 0.0


WEATHER CONDITIONS
 THE FOLLOWING WEATHER WAS RECORDED YESTERDAY.
  NO SIGNIFICANT WEATHER WAS OBSERVED.


RELATIVE HUMIDITY (PERCENT)
 HIGHEST    86          1200 AM
 LOWEST     42           100 PM
 AVERAGE    64

..........................................................


THE NORFOLK VA CLIMATE NORMALS FOR TODAY
                         NORMAL    RECORD    YEAR
 MAXIMUM TEMPERATURE (F)   52        79      2014
 MINIMUM TEMPERATURE (F)   35        10      2015


SUNRISE AND SUNSET
FEBRUARY 21 2017......SUNRISE   646 AM EST   SUNSET   551 PM EST
FEBRUARY 22 2017......SUNRISE   644 AM EST   SUNSET   552 PM EST


-  INDICATES NEGATIVE NUMBERS.
R  INDICATES RECORD WAS SET OR TIED.
MM INDICATES DATA IS MISSING.
T  INDICATES TRACE AMOUNT.




$$
