000
CDUS41 KAKQ 310838
CLIORF


CLIMATE REPORT
NATIONAL WEATHER SERVICE WAKEFIELD, VA
338 AM EST SAT JAN 31 2015


...................................

...THE NORFOLK VA CLIMATE SUMMARY FOR JANUARY 30 2015...

CLIMATE NORMAL PERIOD 1981 TO 2010
CLIMATE RECORD PERIOD 1871 TO 2015


WEATHER ITEM   OBSERVED TIME   RECORD YEAR NORMAL DEPARTURE LAST
                VALUE   (LST)  VALUE       VALUE  FROM      YEAR
                                                  NORMAL
..................................................................
TEMPERATURE (F)
 YESTERDAY
  MAXIMUM         45   1252 PM  80    2002  49     -4       33
  MINIMUM         29   1159 PM   6    2014  33     -4        6
  AVERAGE         37                        41     -4       20

PRECIPITATION (IN)
  YESTERDAY        0.06          1.07 2000   0.11  -0.05     0.00
  MONTH TO DATE    3.64                      3.29   0.35     3.23
  SINCE DEC 1      7.34                      6.55   0.79     7.98
  SINCE JAN 1      3.64                      3.29   0.35     3.23

SNOWFALL (IN)
  YESTERDAY       MM             6.1  2010   0.0   MM
  MONTH TO DATE    1.0                       2.4   -1.4
  SINCE NOV 1      1.0                       3.6   -2.6
  SINCE JUL 1      1.0                       3.6   -2.6
  SNOW DEPTH       0

DEGREE DAYS
 HEATING
  YESTERDAY       28                        24      4       45
  MONTH TO DATE  744                       742      2      825
  SINCE DEC 1   1337                      1391    -54     1396
  SINCE JUL 1   1900                      1921    -21     1927

 COOLING
  YESTERDAY        0                         0      0        0
  MONTH TO DATE    0                         0      0        0
  SINCE DEC 1      0                         1     -1        5
  SINCE JAN 1      0                         0      0        0
..................................................................


WIND (MPH)
  HIGHEST WIND SPEED    22   HIGHEST WIND DIRECTION    NW (330)
  HIGHEST GUST SPEED    32   HIGHEST GUST DIRECTION     N (350)
  AVERAGE WIND SPEED    10.2


SKY COVER
  POSSIBLE SUNSHINE  MM
  AVERAGE SKY COVER 0.8


WEATHER CONDITIONS
 THE FOLLOWING WEATHER WAS RECORDED YESTERDAY.
  LIGHT RAIN


RELATIVE HUMIDITY (PERCENT)
 HIGHEST    79           700 AM
 LOWEST     32           700 PM
 AVERAGE    56

..........................................................


THE NORFOLK VA CLIMATE NORMALS FOR TODAY
                         NORMAL    RECORD    YEAR
 MAXIMUM TEMPERATURE (F)   49        73      1914
 MINIMUM TEMPERATURE (F)   33        10      1966


SUNRISE AND SUNSET
JANUARY 31 2015.......SUNRISE   708 AM EST   SUNSET   529 PM EST
FEBRUARY  1 2015......SUNRISE   707 AM EST   SUNSET   530 PM EST


-  INDICATES NEGATIVE NUMBERS.
R  INDICATES RECORD WAS SET OR TIED.
MM INDICATES DATA IS MISSING.
T  INDICATES TRACE AMOUNT.




$$
