000
CDUS41 KAKQ 300825
CLIORF


CLIMATE REPORT
NATIONAL WEATHER SERVICE WAKEFIELD, VA
425 AM EDT TUE SEP 30 2014


...................................

...THE NORFOLK VA CLIMATE SUMMARY FOR SEPTEMBER 29 2014...

CLIMATE NORMAL PERIOD 1981 TO 2010
CLIMATE RECORD PERIOD 1871 TO 2014


WEATHER ITEM   OBSERVED TIME   RECORD YEAR NORMAL DEPARTURE LAST
                VALUE   (LST)  VALUE       VALUE  FROM      YEAR
                                                  NORMAL
..................................................................
TEMPERATURE (F)
 YESTERDAY
  MAXIMUM         75    138 PM  93    1973  75      0       74
  MINIMUM         62    431 AM  49    1970  61      1       63
                                      1962
                                      1897
  AVERAGE         69                        68      1       69

PRECIPITATION (IN)
  YESTERDAY        0.01          2.33 1946   0.15  -0.14     0.00
  MONTH TO DATE    9.16                      4.63   4.53     0.93
  SINCE SEP 1      9.16                      4.63   4.53     0.93
  SINCE JAN 1     41.57                     36.57   5.00    34.20

SNOWFALL (IN)
  YESTERDAY        0.0           0.0  2002   0.0    0.0
                                      2001
  MONTH TO DATE    0.0                       0.0    0.0
  SINCE NOV 1     15.5                       5.8    9.7
  SINCE JUL 1      0.0                       0.0    0.0
  SNOW DEPTH       0

DEGREE DAYS
 HEATING
  YESTERDAY        0                         1     -1        0
  MONTH TO DATE    0                         7     -7        8
  SINCE SEP 1      0                         7     -7        8
  SINCE JUL 1      0                         7     -7        8

 COOLING
  YESTERDAY        4                         4      0        4
  MONTH TO DATE  266                       226     40      213
  SINCE SEP 1    266                       226     40      213
  SINCE JAN 1   1639                      1561     78     1662
..................................................................


WIND (MPH)
  HIGHEST WIND SPEED     9   HIGHEST WIND DIRECTION     N (360)
  HIGHEST GUST SPEED    12   HIGHEST GUST DIRECTION     N (360)
  AVERAGE WIND SPEED     2.3


SKY COVER
  POSSIBLE SUNSHINE  MM
  AVERAGE SKY COVER 0.2


WEATHER CONDITIONS
 THE FOLLOWING WEATHER WAS RECORDED YESTERDAY.
  LIGHT RAIN
  FOG


RELATIVE HUMIDITY (PERCENT)
 HIGHEST    93          1200 AM
 LOWEST     64          1100 AM
 AVERAGE    79

..........................................................


THE NORFOLK VA CLIMATE NORMALS FOR TODAY
                         NORMAL    RECORD    YEAR
 MAXIMUM TEMPERATURE (F)   75        91      1986
 MINIMUM TEMPERATURE (F)   60        40      1888


SUNRISE AND SUNSET
SEPTEMBER 30 2014.....SUNRISE   659 AM EDT   SUNSET   650 PM EDT
OCTOBER  1 2014.......SUNRISE   700 AM EDT   SUNSET   648 PM EDT


-  INDICATES NEGATIVE NUMBERS.
R  INDICATES RECORD WAS SET OR TIED.
MM INDICATES DATA IS MISSING.
T  INDICATES TRACE AMOUNT.




$$
