000
CDUS41 KAKQ 230645
CLIORF


CLIMATE REPORT
NATIONAL WEATHER SERVICE WAKEFIELD, VA
145 AM EST TUE JAN 23 2018


...................................

...THE NORFOLK VA CLIMATE SUMMARY FOR JANUARY 22 2018...

CLIMATE NORMAL PERIOD 1981 TO 2010
CLIMATE RECORD PERIOD 1871 TO 2018


WEATHER ITEM   OBSERVED TIME   RECORD YEAR NORMAL DEPARTURE LAST
                VALUE   (LST)  VALUE       VALUE  FROM      YEAR
                                                  NORMAL
..................................................................
TEMPERATURE (F)
 YESTERDAY
  MAXIMUM         68    121 PM  77    1937  48     20       52
  MINIMUM         44    727 AM  12    1893  33     11       47
  AVERAGE         56                        40     16       50

PRECIPITATION (IN)
  YESTERDAY        0.00          2.20 1954   0.11  -0.11     0.03
  MONTH TO DATE    1.82                      2.42  -0.60     3.90
  SINCE DEC 1      4.22                      5.68  -1.46     6.44
  SINCE JAN 1      1.82                      2.42  -0.60     3.90

SNOWFALL (IN)
  YESTERDAY        0.0           2.0  1918   0.1   -0.1
  MONTH TO DATE   12.8                       1.8   11.0
  SINCE NOV 1     12.8                       3.0    9.8
  SINCE JUL 1     12.8                       3.0    9.8
  SNOW DEPTH       0

DEGREE DAYS
 HEATING
  YESTERDAY        9                        25    -16       15
  MONTH TO DATE  667                       545    122      447
  SINCE DEC 1   1341                      1194    147     1054
  SINCE JUL 1   1767                      1724     43     1517

 COOLING
  YESTERDAY        0                         0      0        0
  MONTH TO DATE    1                         0      1        0
  SINCE DEC 1      1                         1      0        0
  SINCE JAN 1      1                         0      1        0
..................................................................


WIND (MPH)
  HIGHEST WIND SPEED    18   HIGHEST WIND DIRECTION    SW (210)
  HIGHEST GUST SPEED    22   HIGHEST GUST DIRECTION     S (200)
  AVERAGE WIND SPEED     8.1


SKY COVER
  POSSIBLE SUNSHINE  MM
  AVERAGE SKY COVER 0.3


WEATHER CONDITIONS
 THE FOLLOWING WEATHER WAS RECORDED YESTERDAY.
  NO SIGNIFICANT WEATHER WAS OBSERVED.


RELATIVE HUMIDITY (PERCENT)
 HIGHEST    77          1100 PM
 LOWEST     40           200 PM
 AVERAGE    59

..........................................................


THE NORFOLK VA CLIMATE NORMALS FOR TODAY
                         NORMAL    RECORD    YEAR
 MAXIMUM TEMPERATURE (F)   48        76      1999
                                             1967
 MINIMUM TEMPERATURE (F)   33        10      1936


SUNRISE AND SUNSET
JANUARY 23 2018.......SUNRISE   713 AM EST   SUNSET   520 PM EST
JANUARY 24 2018.......SUNRISE   713 AM EST   SUNSET   521 PM EST


-  INDICATES NEGATIVE NUMBERS.
R  INDICATES RECORD WAS SET OR TIED.
MM INDICATES DATA IS MISSING.
T  INDICATES TRACE AMOUNT.




$$
