000
CDUS41 KAKQ 240545
CLIORF


CLIMATE REPORT
NATIONAL WEATHER SERVICE WAKEFIELD, VA
145 AM EDT MON APR 24 2017


...................................

...THE NORFOLK VA CLIMATE SUMMARY FOR APRIL 23 2017...

CLIMATE NORMAL PERIOD 1981 TO 2010
CLIMATE RECORD PERIOD 1871 TO 2017


WEATHER ITEM   OBSERVED TIME   RECORD YEAR NORMAL DEPARTURE LAST
                VALUE   (LST)  VALUE       VALUE  FROM      YEAR
                                                  NORMAL
..................................................................
TEMPERATURE (F)
 YESTERDAY
  MAXIMUM         57    517 PM  92    1960  70    -13       70
  MINIMUM         55   1122 PM  38    1875  51      4       60
  AVERAGE         56                        60     -4       65

PRECIPITATION (IN)
  YESTERDAY        0.29          2.23 1883   0.11   0.18     0.06
  MONTH TO DATE    1.87                      2.63  -0.76     1.96
  SINCE MAR 1      6.48                      6.31   0.17     5.42
  SINCE JAN 1     11.55                     12.83  -1.28    16.29

SNOWFALL (IN)
  YESTERDAY        0.0           0.0  2002   0.0    0.0
  MONTH TO DATE    0.0                       0.0    0.0
  SINCE NOV 1      5.4                       5.8   -0.4
  SINCE JUL 1      5.4                       5.8   -0.4
  SNOW DEPTH       0

DEGREE DAYS
 HEATING
  YESTERDAY        9                         6      3        0
  MONTH TO DATE   88                       201   -113      206
  SINCE MAR 1    560                       693   -133      501
  SINCE JUL 1   2612                      3262   -650     2417

 COOLING
  YESTERDAY        0                         2     -2        0
  MONTH TO DATE   78                        26     52       21
  SINCE MAR 1     94                        32     62       39
  SINCE JAN 1     97                        33     64       39
..................................................................


WIND (MPH)
  HIGHEST WIND SPEED    20   HIGHEST WIND DIRECTION    NE (40)
  HIGHEST GUST SPEED    26   HIGHEST GUST DIRECTION    NE (40)
  AVERAGE WIND SPEED    13.6


SKY COVER
  POSSIBLE SUNSHINE  MM
  AVERAGE SKY COVER 1.0


WEATHER CONDITIONS
 THE FOLLOWING WEATHER WAS RECORDED YESTERDAY.
  RAIN
  LIGHT RAIN
  FOG


RELATIVE HUMIDITY (PERCENT)
 HIGHEST    86           400 PM
 LOWEST     72          1000 AM
 AVERAGE    79

..........................................................


THE NORFOLK VA CLIMATE NORMALS FOR TODAY
                         NORMAL    RECORD    YEAR
 MAXIMUM TEMPERATURE (F)   70        95      1960
 MINIMUM TEMPERATURE (F)   51        40      1951
                                             1931
                                             1930


SUNRISE AND SUNSET
APRIL 24 2017.........SUNRISE   619 AM EDT   SUNSET   748 PM EDT
APRIL 25 2017.........SUNRISE   617 AM EDT   SUNSET   749 PM EDT


-  INDICATES NEGATIVE NUMBERS.
R  INDICATES RECORD WAS SET OR TIED.
MM INDICATES DATA IS MISSING.
T  INDICATES TRACE AMOUNT.




$$
