000
CDUS41 KAKQ 210828
CLIORF


CLIMATE REPORT
NATIONAL WEATHER SERVICE WAKEFIELD, VA
427 AM EDT MON APR 21 2014


...................................

...THE NORFOLK VA CLIMATE SUMMARY FOR APRIL 20 2014...

CLIMATE NORMAL PERIOD 1981 TO 2010
CLIMATE RECORD PERIOD 1871 TO 2014


WEATHER ITEM   OBSERVED TIME   RECORD YEAR NORMAL DEPARTURE LAST
                VALUE   (LST)  VALUE       VALUE  FROM      YEAR
                                                  NORMAL
..................................................................
TEMPERATURE (F)
 YESTERDAY
  MAXIMUM         56    249 PM  91    1941  69    -13       66
  MINIMUM         48   1159 PM  33    1926  50     -2       50
  AVERAGE         52                        60     -8       58

PRECIPITATION (IN)
  YESTERDAY        0.00          5.86 1991   0.12  -0.12     0.40
  MONTH TO DATE    3.34                      2.29   1.05     1.84
  SINCE MAR 1      7.16                      5.97   1.19     4.34
  SINCE JAN 1     13.45                     12.49   0.96    11.90

SNOWFALL (IN)
  YESTERDAY        0.0           0.0  2002   0.0    0.0
  MONTH TO DATE    0.0                       0.0    0.0
  SINCE NOV 1     15.5                       5.8    9.7
  SINCE JUL 1     15.5                       5.8    9.7
  SNOW DEPTH       0

DEGREE DAYS
 HEATING
  YESTERDAY       13                         7      6        7
  MONTH TO DATE  172                       182    -10      117
  SINCE MAR 1    746                       674     72      729
  SINCE JUL 1   3357                      3243    114     3104

 COOLING
  YESTERDAY        0                         1     -1        0
  MONTH TO DATE   18                        20     -2       66
  SINCE MAR 1     19                        26     -7       66
  SINCE JAN 1     19                        27     -8       66
..................................................................


WIND (MPH)
  HIGHEST WIND SPEED    28   HIGHEST WIND DIRECTION    NE (30)
  HIGHEST GUST SPEED    37   HIGHEST GUST DIRECTION    NE (60)
  AVERAGE WIND SPEED    20.0


SKY COVER
  POSSIBLE SUNSHINE  MM
  AVERAGE SKY COVER 0.6


WEATHER CONDITIONS
 THE FOLLOWING WEATHER WAS RECORDED YESTERDAY.
  NO SIGNIFICANT WEATHER WAS OBSERVED.


RELATIVE HUMIDITY (PERCENT)
 HIGHEST    80          1200 AM
 LOWEST     59           500 PM
 AVERAGE    70

..........................................................


THE NORFOLK VA CLIMATE NORMALS FOR TODAY
                         NORMAL    RECORD    YEAR
 MAXIMUM TEMPERATURE (F)   69        91      1957
 MINIMUM TEMPERATURE (F)   51        32      1888


SUNRISE AND SUNSET
APRIL 21 2014.........SUNRISE   623 AM EDT   SUNSET   745 PM EDT
APRIL 22 2014.........SUNRISE   622 AM EDT   SUNSET   746 PM EDT


-  INDICATES NEGATIVE NUMBERS.
R  INDICATES RECORD WAS SET OR TIED.
MM INDICATES DATA IS MISSING.
T  INDICATES TRACE AMOUNT.




$$
