000
CDUS41 KBOX 070545
CLIORH


CLIMATE REPORT
NATIONAL WEATHER SERVICE TAUNTON MA
1238 AM EST SUN FEB 7 2016


...................................

...THE WORCESTER MA CLIMATE SUMMARY FOR FEBRUARY 6 2016...

CLIMATE NORMAL PERIOD 1981 TO 2010
CLIMATE RECORD PERIOD 1892 TO 2016


WEATHER ITEM   OBSERVED TIME   RECORD YEAR NORMAL DEPARTURE LAST
                VALUE   (LST)  VALUE       VALUE  FROM      YEAR
                                                  NORMAL
..................................................................
TEMPERATURE (F)
 YESTERDAY
  MAXIMUM         33    300 PM  53    1925  33      0       16
  MINIMUM         15    330 AM -10    1895  18     -3        0
  AVERAGE         24                        25     -1        8

PRECIPITATION (IN)
  YESTERDAY        0.00          2.70 1896   0.11  -0.11     0.00
  MONTH TO DATE    1.48                      0.68   0.80     1.18
  SINCE DEC 1      8.25                      7.99   0.26    11.11
  SINCE JAN 1      3.60                      4.17  -0.57     6.21

SNOWFALL (IN)
  YESTERDAY        0.0          10.1  1978   0.6   -0.6      0.0
  MONTH TO DATE   12.5                       3.5    9.0     22.5
  SINCE DEC 1     23.6                      35.0  -11.4     70.5
  SINCE JUL 1     23.6                      37.8  -14.2     77.7
  SNOW DEPTH      MM

DEGREE DAYS
 HEATING
  YESTERDAY       41                        40      1       57
  MONTH TO DATE  164                       240    -76      303
  SINCE DEC 1   2054                      2611   -557     2625
  SINCE JUL 1   3203                      4013   -810     4003

 COOLING
  YESTERDAY        0                         0      0        0
  MONTH TO DATE    0                         0      0        0
  SINCE DEC 1      0                         0      0        0
  SINCE JAN 1      0                         0      0        0
..................................................................


WIND (MPH)
  RESULTANT WIND SPEED   8   RESULTANT WIND DIRECTION  SW (230)
  HIGHEST WIND SPEED    14   HIGHEST WIND DIRECTION     S (200)
  HIGHEST GUST SPEED    MM   HIGHEST GUST DIRECTION    MM
  AVERAGE WIND SPEED    10.0


SKY COVER
  POSSIBLE SUNSHINE  MM
  AVERAGE SKY COVER 0.0


WEATHER CONDITIONS
 THE FOLLOWING WEATHER WAS RECORDED YESTERDAY.
  NO SIGNIFICANT WEATHER WAS OBSERVED.


RELATIVE HUMIDITY (PERCENT)
 HIGHEST    81           700 PM
 LOWEST     51           200 PM
 AVERAGE    66

..........................................................


THE WORCESTER MA CLIMATE NORMALS FOR TODAY
                         NORMAL    RECORD    YEAR
 MAXIMUM TEMPERATURE (F)   33        55      1925
 MINIMUM TEMPERATURE (F)   18       -11      1934


SUNRISE AND SUNSET
FEBRUARY  7 2016......SUNRISE   655 AM EST   SUNSET   509 PM EST
FEBRUARY  8 2016......SUNRISE   654 AM EST   SUNSET   510 PM EST


-  INDICATES NEGATIVE NUMBERS.
R  INDICATES RECORD WAS SET OR TIED.
MM INDICATES DATA IS MISSING.
T  INDICATES TRACE AMOUNT.




$$
