565
CDUS41 KBOX 230548
CLIORH


CLIMATE REPORT
NATIONAL WEATHER SERVICE TAUNTON MA
1248 AM EST THU NOV 23 2017


...................................

...THE WORCESTER MA CLIMATE SUMMARY FOR NOVEMBER 22 2017...

CLIMATE NORMAL PERIOD 1981 TO 2010
CLIMATE RECORD PERIOD 1892 TO 2017


WEATHER ITEM   OBSERVED TIME   RECORD YEAR NORMAL DEPARTURE LAST
                VALUE   (LST)  VALUE       VALUE  FROM      YEAR
                                                  NORMAL
..................................................................
TEMPERATURE (F)
 YESTERDAY
  MAXIMUM         49   1113 AM  71    1931  45      4       35
  MINIMUM         33   1159 PM  11    1987  31      2       26
  AVERAGE         41                        38      3       31

PRECIPITATION (IN)
  YESTERDAY        0.46          1.94 1952   0.15   0.31     0.00
  MONTH TO DATE    1.79                      3.14  -1.35     1.74
  SINCE SEP 1     13.13                     11.75   1.38    11.58
  SINCE JAN 1     42.42                     43.11  -0.69    34.98

SNOWFALL (IN)
  YESTERDAY        0.0           3.5  1971   0.1   -0.1      0.0
  MONTH TO DATE    T                         1.3   -1.3       T
  SINCE SEP 1      T                         1.5   -1.5       T
  SINCE JUL 1      T                         1.5   -1.5       T
  SNOW DEPTH      MM

DEGREE DAYS
 HEATING
  YESTERDAY       24                        27     -3       34
  MONTH TO DATE  542                       512     30      461
  SINCE SEP 1    863                      1134   -271      966
  SINCE JUL 1    911                      1173   -262      975

 COOLING
  YESTERDAY        0                         0      0        0
  MONTH TO DATE    0                         0      0        0
  SINCE SEP 1    102                        45     57       75
  SINCE JAN 1    533                       471     62      663
..................................................................


WIND (MPH)
  RESULTANT WIND SPEED   8   RESULTANT WIND DIRECTION   W (280)
  HIGHEST WIND SPEED    23   HIGHEST WIND DIRECTION    NW (300)
  HIGHEST GUST SPEED    34   HIGHEST GUST DIRECTION    NW (300)
  AVERAGE WIND SPEED    11.9


SKY COVER
  POSSIBLE SUNSHINE  MM
  AVERAGE SKY COVER 0.7


WEATHER CONDITIONS
 THE FOLLOWING WEATHER WAS RECORDED YESTERDAY.
  HEAVY RAIN
  RAIN
  LIGHT RAIN
  FOG
  FOG W/VISIBILITY <= 1/4 MILE


RELATIVE HUMIDITY (PERCENT)
 HIGHEST   100          1000 AM
 LOWEST     64           900 PM
 AVERAGE    82

..........................................................


THE WORCESTER MA CLIMATE NORMALS FOR TODAY
                         NORMAL    RECORD    YEAR
 MAXIMUM TEMPERATURE (F)   45        74      1931
 MINIMUM TEMPERATURE (F)   31         9      1989
                                             1972
                                             1929


SUNRISE AND SUNSET
NOVEMBER 23 2017......SUNRISE   648 AM EST   SUNSET   420 PM EST
NOVEMBER 24 2017......SUNRISE   649 AM EST   SUNSET   419 PM EST


-  INDICATES NEGATIVE NUMBERS.
R  INDICATES RECORD WAS SET OR TIED.
MM INDICATES DATA IS MISSING.
T  INDICATES TRACE AMOUNT.




$$
