000
CDUS41 KBOX 101112
CLIORH


CLIMATE REPORT
NATIONAL WEATHER SERVICE TAUNTON MA
710 AM EDT THU JUL 10 2014


...................................

...THE WORCESTER MA CLIMATE SUMMARY FOR JULY 9 2014...

CLIMATE NORMAL PERIOD 1981 TO 2010
CLIMATE RECORD PERIOD 1892 TO 2014


WEATHER ITEM   OBSERVED TIME   RECORD YEAR NORMAL DEPARTURE LAST
                VALUE   (LST)  VALUE       VALUE  FROM      YEAR
                                                  NORMAL
..................................................................
TEMPERATURE (F)
 YESTERDAY
  MAXIMUM         83    329 PM  96    1937  79      4       74
                                      1903
  MINIMUM         63   1159 PM  46    1963  61      2       64
  AVERAGE         73                        70      3       69

PRECIPITATION (IN)
  YESTERDAY        0.02          1.15 1964   0.13  -0.11     0.00
  MONTH TO DATE    1.89                      1.11   0.78     0.36
  SINCE JUN 1      3.45                      5.30  -1.85    10.42
  SINCE JAN 1     24.64                     24.53   0.11    27.23

SNOWFALL (IN)
  YESTERDAY        0.0           T    1936   0.0    0.0      0.0
  MONTH TO DATE    0.0                       0.0    0.0      0.0
  SINCE JUN 1      0.0                       0.0    0.0      0.0
  SINCE JUL 1      0.0                       0.0    0.0      0.0
  SNOW DEPTH       0

DEGREE DAYS
 HEATING
  YESTERDAY        0                         1     -1        0
  MONTH TO DATE    0                         9     -9        0
  SINCE JUN 1     45                        92    -47       67
  SINCE JUL 1      0                         9     -9        0

 COOLING
  YESTERDAY        8                         5      3        4
  MONTH TO DATE   68                        45     23      101
  SINCE JUN 1    152                       129     23      204
  SINCE JAN 1    160                       151      9      228
..................................................................


WIND (MPH)
  RESULTANT WIND SPEED  13   RESULTANT WIND DIRECTION  SW (240)
  HIGHEST WIND SPEED    29   HIGHEST WIND DIRECTION     W (250)
  HIGHEST GUST SPEED    39   HIGHEST GUST DIRECTION     W (260)
  AVERAGE WIND SPEED    13.0


SKY COVER
  POSSIBLE SUNSHINE  MM
  AVERAGE SKY COVER 0.3


WEATHER CONDITIONS
 THE FOLLOWING WEATHER WAS RECORDED YESTERDAY.
  THUNDERSTORM
  LIGHT RAIN


RELATIVE HUMIDITY (PERCENT)
 HIGHEST    93           400 AM
 LOWEST     43           200 PM
 AVERAGE    68

..........................................................


THE WORCESTER MA CLIMATE NORMALS FOR TODAY
                         NORMAL    RECORD    YEAR
 MAXIMUM TEMPERATURE (F)   79        95      1936
                                             1911
 MINIMUM TEMPERATURE (F)   61        46      1942


SUNRISE AND SUNSET
JULY 10 2014..........SUNRISE   520 AM EDT   SUNSET   825 PM EDT
JULY 11 2014..........SUNRISE   521 AM EDT   SUNSET   824 PM EDT


-  INDICATES NEGATIVE NUMBERS.
R  INDICATES RECORD WAS SET OR TIED.
MM INDICATES DATA IS MISSING.
T  INDICATES TRACE AMOUNT.




$$
