017
CDUS41 KBOX 250540
CLIORH


CLIMATE REPORT
NATIONAL WEATHER SERVICE TAUNTON MA
136 AM EDT MON SEP 25 2017


...................................

...THE WORCESTER MA CLIMATE SUMMARY FOR SEPTEMBER 24 2017...

CLIMATE NORMAL PERIOD 1981 TO 2010
CLIMATE RECORD PERIOD 1892 TO 2017


WEATHER ITEM   OBSERVED TIME   RECORD YEAR NORMAL DEPARTURE LAST
                VALUE   (LST)  VALUE       VALUE  FROM      YEAR
                                                  NORMAL
..................................................................
TEMPERATURE (F)
 YESTERDAY
  MAXIMUM         86R   421 PM  85    2010  67     19       63
                                      1914
                                      1908
  MINIMUM         66    140 AM  32    1944  50     16       48
                                      1935
  AVERAGE         76                        58     18       56

PRECIPITATION (IN)
  YESTERDAY        0.00          1.49 1975   0.14  -0.14     0.05
  MONTH TO DATE    2.49                      3.02  -0.53     2.62
  SINCE SEP 1      2.49                      3.02  -0.53     2.62
  SINCE JAN 1     31.78                     34.38  -2.60    26.02

SNOWFALL (IN)
  YESTERDAY        0.0           0.0  2002   0.0    0.0      0.0
                                      2001
                                      2000
  MONTH TO DATE    0.0                       0.0    0.0      0.0
  SINCE SEP 1      0.0                       0.0    0.0      0.0
  SINCE JUL 1      0.0                       0.0    0.0      0.0
  SNOW DEPTH      MM

DEGREE DAYS
 HEATING
  YESTERDAY        0                         7     -7        9
  MONTH TO DATE   62                       100    -38       30
  SINCE SEP 1     62                       100    -38       30
  SINCE JUL 1    110                       139    -29       39

 COOLING
  YESTERDAY       11                         1     10        0
  MONTH TO DATE   57                        40     17       75
  SINCE SEP 1     57                        40     17       75
  SINCE JAN 1    488                       466     22      663
..................................................................


WIND (MPH)
  RESULTANT WIND SPEED   3   RESULTANT WIND DIRECTION   N (350)
  HIGHEST WIND SPEED    10   HIGHEST WIND DIRECTION     N (340)
  HIGHEST GUST SPEED    14   HIGHEST GUST DIRECTION     N (350)
  AVERAGE WIND SPEED     4.3


SKY COVER
  POSSIBLE SUNSHINE  MM
  AVERAGE SKY COVER 0.0


WEATHER CONDITIONS
 THE FOLLOWING WEATHER WAS RECORDED YESTERDAY.
  NO SIGNIFICANT WEATHER WAS OBSERVED.


RELATIVE HUMIDITY (PERCENT)
 HIGHEST    78          1000 PM
 LOWEST     45           400 PM
 AVERAGE    62

..........................................................


THE WORCESTER MA CLIMATE NORMALS FOR TODAY
                         NORMAL    RECORD    YEAR
 MAXIMUM TEMPERATURE (F)   66        85      1970
                                             1926
 MINIMUM TEMPERATURE (F)   49        31      1944
                                             1928


SUNRISE AND SUNSET
SEPTEMBER 25 2017.....SUNRISE   638 AM EDT   SUNSET   639 PM EDT
SEPTEMBER 26 2017.....SUNRISE   639 AM EDT   SUNSET   637 PM EDT


-  INDICATES NEGATIVE NUMBERS.
R  INDICATES RECORD WAS SET OR TIED.
MM INDICATES DATA IS MISSING.
T  INDICATES TRACE AMOUNT.




$$
