000
CDUS41 KBOX 312202
CLIORH


CLIMATE REPORT
NATIONAL WEATHER SERVICE TAUNTON MA
602 PM EDT TUE MAY 31 2016


...................................

...THE WORCESTER MA CLIMATE SUMMARY FOR MAY 31 2016...
VALID TODAY AS OF 0600 PM LOCAL TIME.

CLIMATE NORMAL PERIOD 1981 TO 2010
CLIMATE RECORD PERIOD 1892 TO 2016


WEATHER ITEM   OBSERVED TIME   RECORD YEAR NORMAL DEPARTURE LAST
                VALUE   (LST)  VALUE       VALUE  FROM      YEAR
                                                  NORMAL
..................................................................
TEMPERATURE (F)
 TODAY
  MAXIMUM         80    400 PM  92    1944  70     10       74
  MINIMUM         65        MM  32    1938  51     14       46
  AVERAGE         73                        61     12       60

PRECIPITATION (IN)
  TODAY            0.00          2.28 1972   0.15  -0.15     0.45
  MONTH TO DATE    2.21                      4.19  -1.98     0.60
  SINCE MAR 1      8.33                     12.51  -4.18     5.99
  SINCE JAN 1     15.72                     19.23  -3.51    14.30

SNOWFALL (IN)
  TODAY            0.0           T    1942   0.0    0.0      0.0
  MONTH TO DATE    0.0                       T      0.0      0.0
  SINCE MAR 1     15.5                      14.2    1.3     11.1
  SINCE JUL 1     47.2                      64.1  -16.9    119.7
  SNOW DEPTH      MM

DEGREE DAYS
 HEATING
  TODAY            0                         6     -6        5
  MONTH TO DATE  279                       287     -8      134
  SINCE MAR 1   1651                      1797   -146     1778
  SINCE JUL 1   5710                      6634   -924     6892

 COOLING
  TODAY            8                         1      7        0
  MONTH TO DATE   38                        19     19       66
  SINCE MAR 1     42                        22     20       66
  SINCE JAN 1     42                        22     20       66
..................................................................


WIND (MPH)
  HIGHEST WIND SPEED    15   HIGHEST WIND DIRECTION     W (260)
  HIGHEST GUST SPEED    22   HIGHEST GUST DIRECTION    NW (300)
  AVERAGE WIND SPEED    11.4


SKY COVER
  POSSIBLE SUNSHINE  MM
  AVERAGE SKY COVER 0.2


WEATHER CONDITIONS
 THE FOLLOWING WEATHER WAS RECORDED TODAY.
  FOG


RELATIVE HUMIDITY (PERCENT)
 HIGHEST   100           500 AM
 LOWEST     30           300 PM
 AVERAGE    65

..........................................................


THE WORCESTER MA CLIMATE NORMALS FOR TOMORROW
                         NORMAL    RECORD    YEAR
 MAXIMUM TEMPERATURE (F)   70        92      1937
 MINIMUM TEMPERATURE (F)   52        35      1945


SUNRISE AND SUNSET
MAY 31 2016...........SUNRISE   514 AM EDT   SUNSET   817 PM EDT
JUNE  1 2016..........SUNRISE   513 AM EDT   SUNSET   818 PM EDT


-  INDICATES NEGATIVE NUMBERS.
R  INDICATES RECORD WAS SET OR TIED.
MM INDICATES DATA IS MISSING.
T  INDICATES TRACE AMOUNT.




$$
