000
CDUS46 KMFR 240836
CLIOTH


CLIMATE REPORT
NATIONAL WEATHER SERVICE MEDFORD, OR
135 AM PDT WED AUG 24 2016


...................................

...THE NORTH BEND OR CLIMATE SUMMARY FOR AUGUST 23 2016...

CLIMATE NORMAL PERIOD 1981 TO 2010
CLIMATE RECORD PERIOD 1902 TO 2016


WEATHER ITEM   OBSERVED TIME   RECORD YEAR NORMAL DEPARTURE LAST
                VALUE   (LST)  VALUE       VALUE  FROM      YEAR
                                                  NORMAL
..................................................................
TEMPERATURE (F)
 YESTERDAY
  MAXIMUM         63        MM  84    1926  66     -3       63
  MINIMUM         48        MM  42    1919  53     -5       54
  AVERAGE         56                        59     -3       59

PRECIPITATION (IN)
  YESTERDAY        0.00          1.15 1968   0.02  -0.02     0.00
  MONTH TO DATE    0.00                      0.39  -0.39     0.19
  SINCE OCT 1     57.85                     63.10  -5.25    42.73
  SINCE JAN 1     32.22                     37.01  -4.79    19.43

SNOWFALL (IN)
  YESTERDAY       MM
  SNOW DEPTH      MM

DEGREE DAYS
 HEATING
  YESTERDAY        9                         6      3        6
  MONTH TO DATE  130                       138     -8       76
  SINCE JUN 1    436                       602   -166      380
  SINCE JUL 1    246                       335    -89      156

 COOLING
  YESTERDAY        0                         0      0        0
  MONTH TO DATE    0                         0      0        5
  SINCE JUN 1      1                         0      1        9
  SINCE JAN 1      9                         0      9        9
..................................................................


WIND (MPH)
  HIGHEST WIND SPEED    22   HIGHEST WIND DIRECTION     N (350)
  HIGHEST GUST SPEED    29   HIGHEST GUST DIRECTION     N (350)
  AVERAGE WIND SPEED     8.4


SKY COVER
  POSSIBLE SUNSHINE  MM
  AVERAGE SKY COVER 0.4


WEATHER CONDITIONS
 THE FOLLOWING WEATHER WAS RECORDED YESTERDAY.
  NO SIGNIFICANT WEATHER WAS OBSERVED.


RELATIVE HUMIDITY (PERCENT)
 HIGHEST   100           100 AM
 LOWEST     67          1100 AM

..........................................................


THE NORTH BEND OR CLIMATE NORMALS FOR TODAY
                         NORMAL    RECORD    YEAR
 MAXIMUM TEMPERATURE (F)   66        87      1910
 MINIMUM TEMPERATURE (F)   53        39      1925


SUNRISE AND SUNSET
AUGUST 24 2016........SUNRISE   633 AM PDT   SUNSET   805 PM PDT
AUGUST 25 2016........SUNRISE   634 AM PDT   SUNSET   803 PM PDT


-  INDICATES NEGATIVE NUMBERS.
R  INDICATES RECORD WAS SET OR TIED.
MM INDICATES DATA IS MISSING.
T  INDICATES TRACE AMOUNT.




$$
