000
CDUS46 KMFR 230036
CLIOTH


CLIMATE REPORT
NATIONAL WEATHER SERVICE MEDFORD, OR
535 PM PDT FRI SEP 22 2017


...................................

...THE NORTH BEND OR CLIMATE SUMMARY FOR SEPTEMBER 22 2017...
VALID TODAY AS OF 0500 PM LOCAL TIME.

CLIMATE NORMAL PERIOD 1981 TO 2010
CLIMATE RECORD PERIOD 1902 TO 2017


WEATHER ITEM   OBSERVED TIME   RECORD YEAR NORMAL DEPARTURE LAST
                VALUE   (LST)  VALUE       VALUE  FROM      YEAR
                                                  NORMAL
..................................................................
TEMPERATURE (F)
 TODAY
  MAXIMUM         62        MM  94    1919  64     -2       66
                                      1946
  MINIMUM         45        MM  38    1918  49     -4       52
  AVERAGE         54                        57     -3       59

PRECIPITATION (IN)
  TODAY            0.00          0.68 1948   0.07  -0.07     0.01
  MONTH TO DATE    1.03                      1.00   0.03     0.24
  SINCE OCT 1     82.37                     64.33  18.04    58.11
  SINCE JAN 1     48.22                     38.24   9.98    32.48

SNOWFALL (IN)
  TODAY           MM                         0.0   MM       MM
  MONTH TO DATE   MM                         0.0   MM       MM
  SINCE JUL 1     MM                         0.0   MM       MM
  SNOW DEPTH      MM

DEGREE DAYS
 HEATING
  TODAY           11                         8      3        6
  MONTH TO DATE  105                       156    -51      120
  SINCE SEP 1    105                       156    -51      120
  SINCE JUL 1    412                       535   -123      408

 COOLING
  TODAY            0                         0      0        0
  MONTH TO DATE    2                         0      2        0
  SINCE SEP 1      2                         0      2        0
  SINCE JAN 1      5                         1      4       15
..................................................................


WIND (MPH)
  HIGHEST WIND SPEED    18   HIGHEST WIND DIRECTION     N (350)
  HIGHEST GUST SPEED    MM   HIGHEST GUST DIRECTION    MM
  AVERAGE WIND SPEED     6.7


SKY COVER
  POSSIBLE SUNSHINE  MM
  AVERAGE SKY COVER 0.3


WEATHER CONDITIONS
 THE FOLLOWING WEATHER WAS RECORDED TODAY.
  FOG
  FOG W/VISIBILITY <= 1/4 MILE


RELATIVE HUMIDITY (PERCENT)
 HIGHEST   100          1200 AM
 LOWEST     65           200 PM

..........................................................


THE NORTH BEND OR CLIMATE NORMALS FOR TOMORROW
                         NORMAL    RECORD    YEAR
 MAXIMUM TEMPERATURE (F)   64        90      1965
 MINIMUM TEMPERATURE (F)   49        36      1926


SUNRISE AND SUNSET
SEPTEMBER 22 2017.....SUNRISE   705 AM PDT   SUNSET   714 PM PDT
SEPTEMBER 23 2017.....SUNRISE   706 AM PDT   SUNSET   712 PM PDT


-  INDICATES NEGATIVE NUMBERS.
R  INDICATES RECORD WAS SET OR TIED.
MM INDICATES DATA IS MISSING.
T  INDICATES TRACE AMOUNT.




$$
