000
CDUS46 KMFR 280837
CLIOTH


CLIMATE REPORT
NATIONAL WEATHER SERVICE MEDFORD, OR
136 AM PDT WED SEP 28 2016


...................................

...THE NORTH BEND OR CLIMATE SUMMARY FOR SEPTEMBER 27 2016...

CLIMATE NORMAL PERIOD 1981 TO 2010
CLIMATE RECORD PERIOD 1902 TO 2016


WEATHER ITEM   OBSERVED TIME   RECORD YEAR NORMAL DEPARTURE LAST
                VALUE   (LST)  VALUE       VALUE  FROM      YEAR
                                                  NORMAL
..................................................................
TEMPERATURE (F)
 YESTERDAY
  MAXIMUM         64        MM  88    1996  64      0       61
  MINIMUM         54        MM  34    1929  48      6       46
  AVERAGE         59                        56      3       54

PRECIPITATION (IN)
  YESTERDAY        0.00          0.72 1995   0.07  -0.07     0.00
  MONTH TO DATE    0.34                      1.34  -1.00     0.00
  SINCE OCT 1     58.21                     64.67  -6.46    42.74
  SINCE JAN 1     32.58                     38.58  -6.00    19.44

SNOWFALL (IN)
  YESTERDAY       MM
  SNOW DEPTH      MM

DEGREE DAYS
 HEATING
  YESTERDAY        6                         9     -3       11
  MONTH TO DATE  142                       200    -58      156
  SINCE SEP 1    142                       200    -58      156
  SINCE JUL 1    430                       579   -149      334

 COOLING
  YESTERDAY        0                         0      0        0
  MONTH TO DATE    0                         0      0        0
  SINCE SEP 1      0                         0      0        0
  SINCE JAN 1     15                         1     14       14
..................................................................


WIND (MPH)
  HIGHEST WIND SPEED    32   HIGHEST WIND DIRECTION     N (360)
  HIGHEST GUST SPEED    40   HIGHEST GUST DIRECTION     N (360)
  AVERAGE WIND SPEED    14.8


SKY COVER
  POSSIBLE SUNSHINE  MM
  AVERAGE SKY COVER 0.1


WEATHER CONDITIONS
 THE FOLLOWING WEATHER WAS RECORDED YESTERDAY.
  NO SIGNIFICANT WEATHER WAS OBSERVED.


RELATIVE HUMIDITY (PERCENT)
 HIGHEST   100          1200 AM
 LOWEST     72           200 PM

..........................................................


THE NORTH BEND OR CLIMATE NORMALS FOR TODAY
                         NORMAL    RECORD    YEAR
 MAXIMUM TEMPERATURE (F)   64        87      1920
 MINIMUM TEMPERATURE (F)   48        34      1929


SUNRISE AND SUNSET
SEPTEMBER 28 2016.....SUNRISE   712 AM PDT   SUNSET   702 PM PDT
SEPTEMBER 29 2016.....SUNRISE   713 AM PDT   SUNSET   701 PM PDT


-  INDICATES NEGATIVE NUMBERS.
R  INDICATES RECORD WAS SET OR TIED.
MM INDICATES DATA IS MISSING.
T  INDICATES TRACE AMOUNT.




$$
