000
CDUS46 KMFR 190051
CLIOTH


CLIMATE REPORT
NATIONAL WEATHER SERVICE MEDFORD, OR
451 PM PST THU JAN 18 2018


...................................

...THE NORTH BEND OR CLIMATE SUMMARY FOR JANUARY 18 2018...
VALID TODAY AS OF 0400 PM LOCAL TIME.

CLIMATE NORMAL PERIOD 1981 TO 2010
CLIMATE RECORD PERIOD 1902 TO 2018


WEATHER ITEM   OBSERVED TIME   RECORD YEAR NORMAL DEPARTURE LAST
                VALUE   (LST)  VALUE       VALUE  FROM      YEAR
                                                  NORMAL
..................................................................
TEMPERATURE (F)
 TODAY
  MAXIMUM         MM        MM  69    1992  52     MM       61
  MINIMUM         MM        MM  19    1943  40     MM       48
  AVERAGE         MM                        46     MM       55

PRECIPITATION (IN)
  TODAY            0.41          2.08 1953   0.34   0.07     1.57
  MONTH TO DATE    1.44                      6.28  -4.84     7.48
  SINCE OCT 1     20.34                     32.37 -12.03    41.63
  SINCE JAN 1      1.44                      6.28  -4.84     7.48

SNOWFALL (IN)
  TODAY           MM                         0.0   MM       MM
  MONTH TO DATE   MM                         0.0   MM       MM
  SINCE JUL 1     MM                         0.1   MM        0.0
  SNOW DEPTH      MM

DEGREE DAYS
 HEATING
  TODAY           MM                        19     MM       10
  MONTH TO DATE  243                       344   -101      400
  SINCE DEC 1    768                       953   -185     1058
  SINCE JUL 1   1923                      2405   -482     2054

 COOLING
  TODAY           MM                         0     MM        0
  MONTH TO DATE    0                         0      0        0
  SINCE DEC 1      0                         0      0        0
  SINCE JAN 1      0                         0      0        0
..................................................................


WIND (MPH)
  HIGHEST WIND SPEED    15   HIGHEST WIND DIRECTION     S (180)
  HIGHEST GUST SPEED    20   HIGHEST GUST DIRECTION     S (180)
  AVERAGE WIND SPEED    10.7


SKY COVER
  POSSIBLE SUNSHINE  MM
  AVERAGE SKY COVER 0.9


WEATHER CONDITIONS
 THE FOLLOWING WEATHER WAS RECORDED TODAY.
  HEAVY RAIN
  RAIN
  LIGHT RAIN
  FOG


RELATIVE HUMIDITY (PERCENT)
 HIGHEST   100           100 PM
 LOWEST     77           900 AM

..........................................................


THE NORTH BEND OR CLIMATE NORMALS FOR TOMORROW
                         NORMAL    RECORD    YEAR
 MAXIMUM TEMPERATURE (F)   52        67      1977
 MINIMUM TEMPERATURE (F)   40        19      1922


SUNRISE AND SUNSET
JANUARY 18 2018.......SUNRISE   745 AM PST   SUNSET   510 PM PST
JANUARY 19 2018.......SUNRISE   744 AM PST   SUNSET   512 PM PST


-  INDICATES NEGATIVE NUMBERS.
R  INDICATES RECORD WAS SET OR TIED.
MM INDICATES DATA IS MISSING.
T  INDICATES TRACE AMOUNT.




$$
