000
CDUS46 KMFR 220839
CLIOTH


CLIMATE REPORT
NATIONAL WEATHER SERVICE MEDFORD, OR
138 AM PDT MON MAY 22 2017


...................................

...THE NORTH BEND OR CLIMATE SUMMARY FOR MAY 21 2017...

CLIMATE NORMAL PERIOD 1981 TO 2010
CLIMATE RECORD PERIOD 1902 TO 2017


WEATHER ITEM   OBSERVED TIME   RECORD YEAR NORMAL DEPARTURE LAST
                VALUE   (LST)  VALUE       VALUE  FROM      YEAR
                                                  NORMAL
..................................................................
TEMPERATURE (F)
 YESTERDAY
  MAXIMUM         70        MM  87    1914  59     11       63
  MINIMUM         52        MM  35    1909  48      4       46
  AVERAGE         61                        54      7       55

PRECIPITATION (IN)
  YESTERDAY        0.00          1.24 1990   0.11  -0.11     0.00
  MONTH TO DATE    4.57                      2.34   2.23     0.35
  SINCE OCT 1     78.92                     59.21  19.71    55.91
  SINCE JAN 1     44.77                     33.12  11.65    30.28

SNOWFALL (IN)
  YESTERDAY       MM
  SNOW DEPTH      MM

DEGREE DAYS
 HEATING
  YESTERDAY        4                        11     -7       10
  MONTH TO DATE  238                       266    -28      177
  SINCE MAR 1   1078                      1278   -200      910
  SINCE JUL 1   3854                      4452   -598     3235

 COOLING
  YESTERDAY        0                         0      0        0
  MONTH TO DATE    0                         0      0        0
  SINCE MAR 1      0                         0      0        6
  SINCE JAN 1      0                         0      0        8
..................................................................


WIND (MPH)
  HIGHEST WIND SPEED    23   HIGHEST WIND DIRECTION     N (350)
  HIGHEST GUST SPEED    29   HIGHEST GUST DIRECTION     N (360)
  AVERAGE WIND SPEED    11.2


SKY COVER
  POSSIBLE SUNSHINE  MM
  AVERAGE SKY COVER 0.3


WEATHER CONDITIONS
 THE FOLLOWING WEATHER WAS RECORDED YESTERDAY.
  NO SIGNIFICANT WEATHER WAS OBSERVED.


RELATIVE HUMIDITY (PERCENT)
 HIGHEST   100           800 AM
 LOWEST     59           300 PM

..........................................................


THE NORTH BEND OR CLIMATE NORMALS FOR TODAY
                         NORMAL    RECORD    YEAR
 MAXIMUM TEMPERATURE (F)   60        80      2001
                                             1941
 MINIMUM TEMPERATURE (F)   48        30      1920


SUNRISE AND SUNSET
MAY 22 2017...........SUNRISE   546 AM PDT   SUNSET   842 PM PDT
MAY 23 2017...........SUNRISE   545 AM PDT   SUNSET   843 PM PDT


-  INDICATES NEGATIVE NUMBERS.
R  INDICATES RECORD WAS SET OR TIED.
MM INDICATES DATA IS MISSING.
T  INDICATES TRACE AMOUNT.




$$
