006
CDUS46 KMFR 060839
CLIOTH


CLIMATE REPORT
NATIONAL WEATHER SERVICE MEDFORD, OR
1239 AM PST SAT FEB 6 2016


...................................

...THE NORTH BEND OR CLIMATE SUMMARY FOR FEBRUARY 5 2016...

CLIMATE NORMAL PERIOD 1981 TO 2010
CLIMATE RECORD PERIOD 1902 TO 2016


WEATHER ITEM   OBSERVED TIME   RECORD YEAR NORMAL DEPARTURE LAST
                VALUE   (LST)  VALUE       VALUE  FROM      YEAR
                                                  NORMAL
..................................................................
TEMPERATURE (F)
 YESTERDAY
  MAXIMUM         61        MM  68    1926  52      9       63
  MINIMUM         43        MM  14    1989  40      3       54
  AVERAGE         52                        46      6       59

PRECIPITATION (IN)
  YESTERDAY        0.25          1.41 1953   0.28  -0.03     1.01
  MONTH TO DATE    0.84                      1.39  -0.55     2.80
  SINCE OCT 1     38.67                     37.67   1.00    27.99
  SINCE JAN 1     13.04                     11.58   1.46     4.69

SNOWFALL (IN)
  YESTERDAY       MM
  SNOW DEPTH      MM

DEGREE DAYS
 HEATING
  YESTERDAY       13                        19     -6        6
  MONTH TO DATE   84                        95    -11       51
  SINCE DEC 1   1024                      1298   -274      920
  SINCE JUL 1   2031                      2750   -719     1796

 COOLING
  YESTERDAY        0                         0      0        0
  MONTH TO DATE    0                         0      0        0
  SINCE DEC 1      0                         0      0        0
  SINCE JAN 1      0                         0      0        0
..................................................................


WIND (MPH)
  HIGHEST WIND SPEED    20   HIGHEST WIND DIRECTION     S (180)
  HIGHEST GUST SPEED    21   HIGHEST GUST DIRECTION     S (190)
  AVERAGE WIND SPEED     7.6


SKY COVER
  POSSIBLE SUNSHINE  MM
  AVERAGE SKY COVER 0.4


WEATHER CONDITIONS
 THE FOLLOWING WEATHER WAS RECORDED YESTERDAY.
  NO SIGNIFICANT WEATHER WAS OBSERVED.


RELATIVE HUMIDITY (PERCENT)
 HIGHEST   100           200 AM
 LOWEST     51           200 PM

..........................................................


THE NORTH BEND OR CLIMATE NORMALS FOR TODAY
                         NORMAL    RECORD    YEAR
 MAXIMUM TEMPERATURE (F)   52        69      1917
 MINIMUM TEMPERATURE (F)   40        22      1989


SUNRISE AND SUNSET
FEBRUARY  6 2016......SUNRISE   728 AM PST   SUNSET   535 PM PST
FEBRUARY  7 2016......SUNRISE   726 AM PST   SUNSET   536 PM PST


-  INDICATES NEGATIVE NUMBERS.
R  INDICATES RECORD WAS SET OR TIED.
MM INDICATES DATA IS MISSING.
T  INDICATES TRACE AMOUNT.




$$
