000
CDUS43 KDMX 230651
CLIOTM

CLIMATE REPORT
NATIONAL WEATHER SERVICE DES MOINES IA
1248 AM CST TUE JAN 23 2018


...................................

...THE OTTUMWA IA CLIMATE SUMMARY FOR JANUARY 22 2018...

CLIMATE NORMAL PERIOD 1981 TO 2010
CLIMATE RECORD PERIOD 1920 TO 2018


WEATHER ITEM   OBSERVED TIME   RECORD YEAR NORMAL DEPARTURE LAST
                VALUE   (LST)  VALUE       VALUE  FROM      YEAR
                                                  NORMAL
..................................................................
TEMPERATURE (F)
 YESTERDAY
  MAXIMUM         54    345 AM  63    2002  32     22       39
                                      1967
  MINIMUM         35   1159 PM -36    1930  13     22       28
  AVERAGE         45                        22     23       34

PRECIPITATION (IN)
  YESTERDAY        0.01          0.49 1965   0.03  -0.02     0.00
  MONTH TO DATE    0.32                      0.66  -0.34     1.11
  SINCE DEC 1      1.02                      2.03  -1.01     2.48
  SINCE JAN 1      0.32                      0.66  -0.34     1.11

DEGREE DAYS
 HEATING
  YESTERDAY       20                        43    -23       31
  MONTH TO DATE 1008                       940     68      853
  SINCE DEC 1   2203                      2147     56     2009
  SINCE JUL 1   3330                      3445   -115     2802

 COOLING
  YESTERDAY        0                         0      0        0
  MONTH TO DATE    0                         0      0        0
  SINCE DEC 1      0                         0      0        0
  SINCE JAN 1      0                         0      0        0
..................................................................


WIND (MPH)
  HIGHEST WIND SPEED    26   HIGHEST WIND DIRECTION    SW (210)
  HIGHEST GUST SPEED    33   HIGHEST GUST DIRECTION     S (200)
  AVERAGE WIND SPEED    11.2


SKY COVER
  POSSIBLE SUNSHINE  MM
  AVERAGE SKY COVER 0.8


WEATHER CONDITIONS
 THE FOLLOWING WEATHER WAS RECORDED YESTERDAY.
  LIGHT RAIN
  FOG
  FOG W/VISIBILITY <= 1/4 MILE


RELATIVE HUMIDITY (PERCENT)
 HIGHEST   100           200 AM
 LOWEST     62           100 PM
 AVERAGE    81

..........................................................


THE OTTUMWA IA CLIMATE NORMALS FOR TODAY
                         NORMAL    RECORD    YEAR
 MAXIMUM TEMPERATURE (F)   32        64      1942
 MINIMUM TEMPERATURE (F)   13       -21      1963


SUNRISE AND SUNSET
JANUARY 23 2018.......SUNRISE   728 AM CST   SUNSET   516 PM CST
JANUARY 24 2018.......SUNRISE   727 AM CST   SUNSET   517 PM CST


-  INDICATES NEGATIVE NUMBERS.
R  INDICATES RECORD WAS SET OR TIED.
MM INDICATES DATA IS MISSING.
T  INDICATES TRACE AMOUNT.




$$
