000
CDUS43 KDMX 240635
CLIOTM

CLIMATE REPORT
NATIONAL WEATHER SERVICE DES MOINES IA
1232 AM CST FRI FEB 24 2017

...................................

...THE OTTUMWA IA CLIMATE SUMMARY FOR FEBRUARY 23 2017...

CLIMATE NORMAL PERIOD 1981 TO 2010
CLIMATE RECORD PERIOD 1920 TO 2017


WEATHER ITEM   OBSERVED TIME   RECORD YEAR NORMAL DEPARTURE LAST
                VALUE   (LST)  VALUE       VALUE  FROM      YEAR
                                                  NORMAL
..................................................................
TEMPERATURE (F)
 YESTERDAY
  MAXIMUM         51    257 PM  66    1930  39     12       46
  MINIMUM         38    331 AM  -8    1989  21     17       25
  AVERAGE         45                        30     15       36

PRECIPITATION (IN)
  YESTERDAY        0.01          1.26 1925   0.06  -0.05     0.00
  MONTH TO DATE    0.14                      0.96  -0.82     0.80
  SINCE DEC 1      2.66                      3.23  -0.57     5.33
  SINCE JAN 1      1.29                      1.86  -0.57     1.30

DEGREE DAYS
 HEATING
  YESTERDAY       20                        35    -15       29
  MONTH TO DATE  590                       892   -302      835
  SINCE DEC 1   2885                      3416   -531     2901
  SINCE JUL 1   3678                      4714  -1036     3912

 COOLING
  YESTERDAY        0                         0      0        0
  MONTH TO DATE    0                         0      0        0
  SINCE DEC 1      0                         0      0        0
  SINCE JAN 1      0                         0      0        0
..................................................................


WIND (MPH)
  HIGHEST WIND SPEED    24   HIGHEST WIND DIRECTION     E (70)
  HIGHEST GUST SPEED    32   HIGHEST GUST DIRECTION     E (70)
  AVERAGE WIND SPEED    14.1


SKY COVER
  POSSIBLE SUNSHINE  MM
  AVERAGE SKY COVER 0.6


WEATHER CONDITIONS
 THE FOLLOWING WEATHER WAS RECORDED YESTERDAY.
  THUNDERSTORM
  LIGHT RAIN
  FOG


RELATIVE HUMIDITY (PERCENT)
 HIGHEST   100           400 AM
 LOWEST     71           300 PM
 AVERAGE    86

..........................................................


THE OTTUMWA IA CLIMATE NORMALS FOR TODAY
                         NORMAL    RECORD    YEAR
 MAXIMUM TEMPERATURE (F)   40        78      1930
 MINIMUM TEMPERATURE (F)   21        -4      1993


SUNRISE AND SUNSET
FEBRUARY 24 2017......SUNRISE   651 AM CST   SUNSET   555 PM CST
FEBRUARY 25 2017......SUNRISE   650 AM CST   SUNSET   556 PM CST


-  INDICATES NEGATIVE NUMBERS.
R  INDICATES RECORD WAS SET OR TIED.
MM INDICATES DATA IS MISSING.
T  INDICATES TRACE AMOUNT.

$$
