000
CDUS43 KDMX 250731
CLIOTM

CLIMATE REPORT
NATIONAL WEATHER SERVICE DES MOINES IA
226 AM CDT WED MAY 25 2016

...................................

...THE OTTUMWA IA CLIMATE SUMMARY FOR MAY 24 2016...

CLIMATE NORMAL PERIOD 1981 TO 2010
CLIMATE RECORD PERIOD 1920 TO 2016

WEATHER ITEM   OBSERVED TIME   RECORD YEAR NORMAL DEPARTURE LAST
                VALUE   (LST)  VALUE       VALUE  FROM      YEAR
                                                  NORMAL
..................................................................
TEMPERATURE (F)
 YESTERDAY
  MAXIMUM         83    351 PM  98    1939  75      8       72
  MINIMUM         63   1130 PM  37    1931  53     10       59
  AVERAGE         73                        64      9       66

PRECIPITATION (IN)
  YESTERDAY        T             1.85 1907   0.16  -0.16     0.98
  MONTH TO DATE    2.08                      3.59  -1.51     3.29
  SINCE MAR 1      5.95                      9.23  -3.28     6.29
  SINCE JAN 1      6.38                     11.41  -5.03     8.41

DEGREE DAYS
 HEATING
  YESTERDAY        0                         4     -4        0
  MONTH TO DATE  188                       147     41      110
  SINCE MAR 1   1210                      1392   -182     1226
  SINCE JUL 1   5264                      6277  -1013     6357

 COOLING
  YESTERDAY        8                         2      6        1
  MONTH TO DATE   16                        33    -17       40
  SINCE MAR 1     25                        44    -19       41
  SINCE JAN 1     25                        44    -19       41
..................................................................

WIND (MPH)
  HIGHEST WIND SPEED    16   HIGHEST WIND DIRECTION     S (190)
  HIGHEST GUST SPEED    22   HIGHEST GUST DIRECTION    SW (210)
  AVERAGE WIND SPEED     8.4

SKY COVER
  POSSIBLE SUNSHINE  MM
  AVERAGE SKY COVER 0.3

WEATHER CONDITIONS
 THE FOLLOWING WEATHER WAS RECORDED YESTERDAY.
  NO SIGNIFICANT WEATHER WAS OBSERVED.

RELATIVE HUMIDITY (PERCENT)
 HIGHEST    87          1100 PM
 LOWEST     51           400 PM
 AVERAGE    69
..........................................................

THE OTTUMWA IA CLIMATE NORMALS FOR TODAY
                         NORMAL    RECORD    YEAR
 MAXIMUM TEMPERATURE (F)   75        93      1953
 MINIMUM TEMPERATURE (F)   54        32      1925

SUNRISE AND SUNSET
MAY 25 2016...........SUNRISE   543 AM CDT   SUNSET   831 PM CDT
MAY 26 2016...........SUNRISE   543 AM CDT   SUNSET   832 PM CDT

-  INDICATES NEGATIVE NUMBERS.
R  INDICATES RECORD WAS SET OR TIED.
MM INDICATES DATA IS MISSING.
T  INDICATES TRACE AMOUNT.

$$

FAB
