000
CDUS43 KDMX 280633 RRD
CLIOTM

CLIMATE REPORT
NATIONAL WEATHER SERVICE DES MOINES IA
131 AM CDT THU MAY 28 2015


...................................

...THE OTTUMWA IA CLIMATE SUMMARY FOR MAY 27 2015...

CLIMATE NORMAL PERIOD 1981 TO 2010
CLIMATE RECORD PERIOD 1920 TO 2015


WEATHER ITEM   OBSERVED TIME   RECORD YEAR NORMAL DEPARTURE LAST
                VALUE   (LST)  VALUE       VALUE  FROM      YEAR
                                                  NORMAL
..................................................................
TEMPERATURE (F)
 YESTERDAY
  MAXIMUM         80    408 PM  93    1977  76      4       84
  MINIMUM         57    436 AM  39    1992  54      3       63
  AVERAGE         69                        65      4       74

PRECIPITATION (IN)
  YESTERDAY        0.00          2.61 1973   0.15  -0.15     0.00
  MONTH TO DATE    3.72                      4.06  -0.34     4.19
  SINCE MAR 1      6.72                      9.70  -2.98    10.29
  SINCE JAN 1      7.88                     11.88  -4.00    13.10

DEGREE DAYS
 HEATING
  YESTERDAY        0                         3     -3        0
  MONTH TO DATE  110                       156    -46      159
  SINCE MAR 1   1226                      1401   -175     1585
  SINCE JUL 1   6357                      6286     71     7098

 COOLING
  YESTERDAY        4                         3      1        9
  MONTH TO DATE   52                        42     10       61
  SINCE MAR 1     53                        53      0       69
  SINCE JAN 1     53                        53      0       69
..................................................................


WIND (MPH)
  HIGHEST WIND SPEED    12   HIGHEST WIND DIRECTION    NW (300)
  HIGHEST GUST SPEED    16   HIGHEST GUST DIRECTION    NW (320)
  AVERAGE WIND SPEED     5.8


SKY COVER
  POSSIBLE SUNSHINE  MM
  AVERAGE SKY COVER 0.1


WEATHER CONDITIONS
 THE FOLLOWING WEATHER WAS RECORDED YESTERDAY.
  NO SIGNIFICANT WEATHER WAS OBSERVED.


RELATIVE HUMIDITY (PERCENT)
 HIGHEST   100          1200 AM
 LOWEST     42           300 PM
 AVERAGE    71

..........................................................


THE OTTUMWA IA CLIMATE NORMALS FOR TODAY
                         NORMAL    RECORD    YEAR
 MAXIMUM TEMPERATURE (F)   76        93      2006
 MINIMUM TEMPERATURE (F)   55        35      1928


SUNRISE AND SUNSET
MAY 28 2015...........SUNRISE   542 AM CDT   SUNSET   833 PM CDT
MAY 29 2015...........SUNRISE   541 AM CDT   SUNSET   834 PM CDT


-  INDICATES NEGATIVE NUMBERS.
R  INDICATES RECORD WAS SET OR TIED.
MM INDICATES DATA IS MISSING.
T  INDICATES TRACE AMOUNT.




$$
