000
CDUS46 KOTX 010825
CLIOTX


CLIMATE REPORT
NATIONAL WEATHER SERVICE SPOKANE, WA
1224 AM PST SUN FEB 1 2015


...................................

...THE SPOKANE  WA WFO CLIMATE SUMMARY FOR JANUARY 31 2015...

CLIMATE NORMAL PERIOD 1981 TO 2010
CLIMATE RECORD PERIOD 1881 TO 2015


WEATHER ITEM   OBSERVED TIME   RECORD YEAR NORMAL DEPARTURE LAST
                VALUE   (LST)  VALUE       VALUE  FROM      YEAR
                                                  NORMAL
..................................................................
TEMPERATURE (F)
 YESTERDAY
  MAXIMUM         31        MM  MM      MM  36     -5       31
  MINIMUM         28        MM  MM      MM  23      5        7
  AVERAGE         30                        29      1       19

PRECIPITATION (IN)
  YESTERDAY        T            MM      MM   0.05  -0.05      T
  MONTH TO DATE    1.90                      1.87   0.03     1.00
  SINCE OCT 1      6.61                      7.90  -1.29     3.51
  SINCE JAN 1      1.90                      1.87   0.03     1.00

SNOWFALL (IN)
  YESTERDAY        T            MM      MM   0.4   -0.4      0.2
  MONTH TO DATE    9.9                      15.5   -5.6      5.9
  SINCE DEC 1     12.7                      32.5  -19.8      9.4
  SINCE JUL 1     13.2                      40.4  -27.2     12.4
  SNOW DEPTH       0

DEGREE DAYS
 HEATING
  YESTERDAY       35                        36     -1       46
  MONTH TO DATE 1071                      1160    -89     1109
  SINCE DEC 1   2098                      2375   -277     2377
  SINCE JUL 1   3677                      4257   -580     4233

 COOLING
  YESTERDAY        0                         0      0        0
  MONTH TO DATE    0                         0      0        0
  SINCE DEC 1      0                         0      0        0
  SINCE JAN 1      0                         0      0        0
..................................................................


WIND (MPH)
  HIGHEST WIND SPEED    MM   HIGHEST WIND DIRECTION    MM
  HIGHEST GUST SPEED     0   HIGHEST GUST DIRECTION     N (0)
  AVERAGE WIND SPEED    MM


SKY COVER
  POSSIBLE SUNSHINE  MM
  AVERAGE SKY COVER 0.0


WEATHER CONDITIONS
 THE FOLLOWING WEATHER WAS RECORDED YESTERDAY.
  LIGHT SNOW
  FOG


RELATIVE HUMIDITY (PERCENT)
 HIGHEST    28          1200 AM
 LOWEST      0          1200 AM
 AVERAGE    14

..........................................................


THE SPOKANE  WA WFO CLIMATE NORMALS FOR TODAY
                         NORMAL    RECORD    YEAR
 MAXIMUM TEMPERATURE (F)   36        MM        MM
 MINIMUM TEMPERATURE (F)   23        MM        MM


SUNRISE AND SUNSET
FEBRUARY  1 2015......SUNRISE   717 AM PST   SUNSET   451 PM PST
FEBRUARY  2 2015......SUNRISE   716 AM PST   SUNSET   453 PM PST


-  INDICATES NEGATIVE NUMBERS.
R  INDICATES RECORD WAS SET OR TIED.
MM INDICATES DATA IS MISSING.
T  INDICATES TRACE AMOUNT.




$$
