000
CDUS46 KOTX 310832
CLIOTX


CLIMATE REPORT
NATIONAL WEATHER SERVICE SPOKANE, WA
130 AM PDT MON AUG 31 2015


...................................

...THE SPOKANE  WA WFO CLIMATE SUMMARY FOR AUGUST 30 2015...

CLIMATE NORMAL PERIOD 1981 TO 2010
CLIMATE RECORD PERIOD 1881 TO 2015


WEATHER ITEM   OBSERVED TIME   RECORD YEAR NORMAL DEPARTURE LAST
                VALUE   (LST)  VALUE       VALUE  FROM      YEAR
                                                  NORMAL
..................................................................
TEMPERATURE (F)
 YESTERDAY
  MAXIMUM         66        MM  MM      MM  79    -13       74
  MINIMUM         50        MM  MM      MM  47      3       51
  AVERAGE         58                        63     -5       63

PRECIPITATION (IN)
  YESTERDAY        0.16         MM      MM   0.02   0.14     0.00
  MONTH TO DATE    0.27                      0.45  -0.18     0.37
  SINCE OCT 1     12.31                     16.43  -4.12    14.27
  SINCE JAN 1      7.60                     10.40  -2.80    11.76

SNOWFALL (IN)
  YESTERDAY        0.0          MM      MM   0.0    0.0      0.0
  MONTH TO DATE    0.0                       0.0    0.0      0.0
  SINCE JUN 1      0.0                       0.0    0.0      0.0
  SINCE JUL 1      0.0                       0.0    0.0      0.0
  SNOW DEPTH       0

DEGREE DAYS
 HEATING
  YESTERDAY        7                         4      3        2
  MONTH TO DATE   23                        54    -31       10
  SINCE JUN 1     97                       293   -196      213
  SINCE JUL 1     39                       106    -67       22

 COOLING
  YESTERDAY        0                         2     -2        0
  MONTH TO DATE  154                       103     51      153
  SINCE JUN 1    493                       227    266      397
  SINCE JAN 1    510                       232    278      397
..................................................................


WIND (MPH)
  HIGHEST WIND SPEED    MM   HIGHEST WIND DIRECTION    MM
  HIGHEST GUST SPEED    MM   HIGHEST GUST DIRECTION    MM
  AVERAGE WIND SPEED    MM


SKY COVER
  POSSIBLE SUNSHINE  MM
  AVERAGE SKY COVER  MM


WEATHER CONDITIONS
 THE FOLLOWING WEATHER WAS RECORDED YESTERDAY.
  NO SIGNIFICANT WEATHER WAS OBSERVED.


RELATIVE HUMIDITY (PERCENT)
 HIGHEST    MM
 LOWEST     MM
 AVERAGE    MM

..........................................................


THE SPOKANE  WA WFO CLIMATE NORMALS FOR TODAY
                         NORMAL    RECORD    YEAR
 MAXIMUM TEMPERATURE (F)   79        MM        MM
 MINIMUM TEMPERATURE (F)   47        MM        MM


SUNRISE AND SUNSET
AUGUST 31 2015........SUNRISE   607 AM PDT   SUNSET   733 PM PDT
SEPTEMBER  1 2015.....SUNRISE   609 AM PDT   SUNSET   731 PM PDT


-  INDICATES NEGATIVE NUMBERS.
R  INDICATES RECORD WAS SET OR TIED.
MM INDICATES DATA IS MISSING.
T  INDICATES TRACE AMOUNT.




$$
