000
CDUS46 KOTX 280827
CLIOTX


CLIMATE REPORT
NATIONAL WEATHER SERVICE SPOKANE, WA
126 AM PDT TUE MAR 28 2017


...................................

...THE SPOKANE  WA WFO CLIMATE SUMMARY FOR MARCH 27 2017...

CLIMATE NORMAL PERIOD 1981 TO 2010
CLIMATE RECORD PERIOD 1881 TO 2017


WEATHER ITEM   OBSERVED TIME   RECORD YEAR NORMAL DEPARTURE LAST
                VALUE   (LST)  VALUE       VALUE  FROM      YEAR
                                                  NORMAL
..................................................................
TEMPERATURE (F)
 YESTERDAY
  MAXIMUM         52        MM  MM      MM  52      0       48
  MINIMUM         35        MM  MM      MM  32      3       36
  AVERAGE         44                        42      2       42

PRECIPITATION (IN)
  YESTERDAY        0.17         MM      MM   0.06   0.11     0.36
  MONTH TO DATE    3.34                      1.48   1.86     3.56
  SINCE OCT 1     19.14                     10.84   8.30    13.65
  SINCE JAN 1      8.77                      4.81   3.96     6.90

SNOWFALL (IN)
  YESTERDAY        0.0          MM      MM   0.1   -0.1       T
  MONTH TO DATE    5.0                       4.6    0.4       T
  SINCE MAR 1      5.0                       4.6    0.4       T
  SINCE JUL 1     53.8                      51.0    2.8     32.6
  SNOW DEPTH       0

DEGREE DAYS
 HEATING
  YESTERDAY       21                        23     -2       23
  MONTH TO DATE  673                       719    -46      648
  SINCE MAR 1    673                       719    -46      648
  SINCE JUL 1   6042                      5918    124     5304

 COOLING
  YESTERDAY        0                         0      0        0
  MONTH TO DATE    0                         0      0        0
  SINCE MAR 1      0                         0      0        0
  SINCE JAN 1      0                         0      0        0
..................................................................


WIND (MPH)
  HIGHEST WIND SPEED    MM   HIGHEST WIND DIRECTION    MM
  HIGHEST GUST SPEED    MM   HIGHEST GUST DIRECTION    MM
  AVERAGE WIND SPEED    MM


SKY COVER
  POSSIBLE SUNSHINE  MM
  AVERAGE SKY COVER  MM


WEATHER CONDITIONS
 THE FOLLOWING WEATHER WAS RECORDED YESTERDAY.
  RAIN


RELATIVE HUMIDITY (PERCENT)
 HIGHEST    MM
 LOWEST     MM
 AVERAGE    MM

..........................................................


THE SPOKANE  WA WFO CLIMATE NORMALS FOR TODAY
                         NORMAL    RECORD    YEAR
 MAXIMUM TEMPERATURE (F)   52        MM        MM
 MINIMUM TEMPERATURE (F)   32        MM        MM


SUNRISE AND SUNSET
MARCH 28 2017.........SUNRISE   637 AM PDT   SUNSET   715 PM PDT
MARCH 29 2017.........SUNRISE   634 AM PDT   SUNSET   717 PM PDT


-  INDICATES NEGATIVE NUMBERS.
R  INDICATES RECORD WAS SET OR TIED.
MM INDICATES DATA IS MISSING.
T  INDICATES TRACE AMOUNT.




$$
