000
CDUS46 KOTX 270829
CLIOTX


CLIMATE REPORT
NATIONAL WEATHER SERVICE SPOKANE, WA
130 AM PDT FRI MAR 27 2015


...................................

...THE SPOKANE  WA WFO CLIMATE SUMMARY FOR MARCH 26 2015...

CLIMATE NORMAL PERIOD 1981 TO 2010
CLIMATE RECORD PERIOD 1881 TO 2015


WEATHER ITEM   OBSERVED TIME   RECORD YEAR NORMAL DEPARTURE LAST
                VALUE   (LST)  VALUE       VALUE  FROM      YEAR
                                                  NORMAL
..................................................................
TEMPERATURE (F)
 YESTERDAY
  MAXIMUM         62        MM  MM      MM  52     10       52
  MINIMUM         42        MM  MM      MM  32     10       32
  AVERAGE         52                        42     10       42

PRECIPITATION (IN)
  YESTERDAY        0.01         MM      MM   0.05  -0.04      T
  MONTH TO DATE    2.14                      1.42   0.72     2.23
  SINCE OCT 1     10.02                     10.78  -0.76     7.36
  SINCE JAN 1      5.31                      4.75   0.56     4.85

SNOWFALL (IN)
  YESTERDAY        0.0          MM      MM   0.2   -0.2      0.0
  MONTH TO DATE    0.4                       4.5   -4.1      4.8
  SINCE MAR 1      0.4                       4.5   -4.1      4.8
  SINCE JUL 1     15.5                      50.9  -35.4     31.0
  SNOW DEPTH       0

DEGREE DAYS
 HEATING
  YESTERDAY       13                        23    -10       23
  MONTH TO DATE  574                       696   -122      697
  SINCE MAR 1    574                       696   -122      697
  SINCE JUL 1   5008                      5895   -887     6028

 COOLING
  YESTERDAY        0                         0      0        0
  MONTH TO DATE    0                         0      0        0
  SINCE MAR 1      0                         0      0        0
  SINCE JAN 1      0                         0      0        0
..................................................................


WIND (MPH)
  HIGHEST WIND SPEED    14   HIGHEST WIND DIRECTION    MM
  HIGHEST GUST SPEED    16   HIGHEST GUST DIRECTION    MM
  AVERAGE WIND SPEED     6.0


SKY COVER
  POSSIBLE SUNSHINE  MM
  AVERAGE SKY COVER  MM


WEATHER CONDITIONS
 THE FOLLOWING WEATHER WAS RECORDED YESTERDAY.
  LIGHT RAIN
  FOG


RELATIVE HUMIDITY (PERCENT)
 HIGHEST    99
 LOWEST     57
 AVERAGE    78

..........................................................


THE SPOKANE  WA WFO CLIMATE NORMALS FOR TODAY
                         NORMAL    RECORD    YEAR
 MAXIMUM TEMPERATURE (F)   52        MM        MM
 MINIMUM TEMPERATURE (F)   32        MM        MM


SUNRISE AND SUNSET
MARCH 27 2015.........SUNRISE   640 AM PDT   SUNSET   713 PM PDT
MARCH 28 2015.........SUNRISE   638 AM PDT   SUNSET   715 PM PDT


-  INDICATES NEGATIVE NUMBERS.
R  INDICATES RECORD WAS SET OR TIED.
MM INDICATES DATA IS MISSING.
T  INDICATES TRACE AMOUNT.




$$
