000
CDAK49 PAOT 021200
CLIOTZ

CLIMATE REPORT
NATIONAL WEATHER SERVICE KOTZEBUE, AK
400 AM AKDT THU JUL 2 2015

...................................
...THE KOTZEBUE WSO AP CLIMATE SUMMARY FOR JULY 1 2015...

CLIMATE NORMAL PERIOD  1981 TO  2010
CLIMATE RECORD PERIOD  1897 TO  2015

WEATHER ITEM   OBSERVED TIME    RECORD YEAR NORMAL DEPARTURE LAST
               VALUE    (LST)   VALUE       VALUE  FROM      YEAR
                                                   NORMAL
...................................................................
TEMPERATURE
YESTERDAY
 MAXIMUM            58  0825 PM    82  1990     58       0     58
 MINIMUM            49  0720 AM    32  1976     47       2     52
 AVERAGE            54                          52       2     55

PRECIPITATION
(INCHES)
 YESTERDAY        0.02           0.68  2003   0.03   -0.01      T
 MONTH TO DATE    0.02                        0.03   -0.01      T
 SINCE JUN 1      0.23                        0.61   -0.38   0.38
 SINCE JAN 1      2.74                        3.28   -0.54   2.64

SNOWFALL
(INCHES)
 YESTERDAY         0.0              T  1976    0.0     0.0    0.0
 MONTH TO DATE     0.0                         0.0     0.0    0.0
 SINCE JUN 1       0.0                         0.0     0.0    0.0
 SINCE JUL 1       0.0                         0.0     0.0    0.0
 SNOW DEPTH (IN)     0                                          0

DEGREE DAYS
 HEATING
  YESTERDAY         11                          13      -2     10
  MONTH TO DATE     11                          13      -2     10
  SINCE JUN 1      420                         594    -174    627
  SINCE JUL 1       11                          13      -2     10

 COOLING
  YESTERDAY          0                           0       0      0
  MONTH TO DATE      0                           0       0      0
  SINCE JUN 1        4                           0       4      0
  SINCE JAN 1        4                           0       4      0
...................................................................

WIND (MPH)
 HIGHEST WIND SPEED    14     HIGHEST WIND DIRECTION    230
 HIGHEST GUST SPEED    18     HIGHEST GUST DIRECTION    220
 AVERAGE WIND SPEED   9.2

SKY COVER
  POSSIBLE SUNSHINE    MM          AVERAGE SKY COVER     MM

WEATHER CONDITIONS
 THE FOLLOWING WEATHER WAS RECORDED YESTERDAY.
  FOG
  RAIN


RELATIVE HUMIDITY
 HIGHEST RH     MM PERCENT       MM
 LOWEST  RH     MM PERCENT       MM
 AVERAGE RH     MM PERCENT       MM
...................................................................

THE KOTZEBUE CLIMATE NORMALS FOR TODAY
                           NORMAL    RECORD   YEAR
 MAXIMUM TEMPERATURE (F)     58        75     2004
 MINIMUM TEMPERATURE (F)     47        30     1976

SUNRISE AND SUNSET
 JUL 2 2015..........SUNRISE  **.**      SUNSET **.**
 JUL 3 2015..........SUNRISE  **.**      SUNSET **.**

-  INDICATES NEGATIVE NUMBERS.
R  INDICATES RECORD HAS BEEN SET OR TIED.
MM INDICATES DATA IS MISSING.
T  INDICATES TRACE OF PRECIPITATION.

&&
-------------------------------------------------------------------

AMOUNT OF DAYLIGHT TODAY  (HOUR:MIN)........24 HOURS 00 MINUTES
GAIN SINCE YESTERDAY (HOUR:MIN:SEC).........+0:00:00

$$

DT JUL 15
