591
CDAK49 PAFG 220046
CLIOTZ

CLIMATE REPORT
NATIONAL WEATHER SERVICE FAIRBANKS AK
346 PM AKST SUN JAN 21 2018


...................................

...THE KOTZEBUE AK CLIMATE SUMMARY FOR JANUARY 21 2018...
VALID TODAY AS OF 0300 PM LOCAL TIME.

CLIMATE NORMAL PERIOD 1981 TO 2010
CLIMATE RECORD PERIOD 1920 TO 2018


WEATHER ITEM   OBSERVED TIME   RECORD YEAR NORMAL DEPARTURE LAST
                VALUE   (LST)  VALUE       VALUE  FROM      YEAR
                                                  NORMAL
..................................................................
TEMPERATURE (F)
 TODAY
  MAXIMUM         -9    259 PM  38    1961   3    -12      -11
  MINIMUM        -15   1203 AM -47    1989 -10     -5      -31
  AVERAGE        -12                        -3     -9      -21

PRECIPITATION (IN)
  TODAY            0.00          0.30 1937   0.02  -0.02      T
  MONTH TO DATE    0.25                      0.43  -0.18     0.15
  SINCE DEC 1      1.83                      1.19   0.64     0.89
  SINCE JAN 1      0.25                      0.43  -0.18     0.15

SNOWFALL (IN)
  TODAY            0.0           8.0  1937   0.3   -0.3      0.1
  MONTH TO DATE    4.3                       6.3   -2.0      1.1
  SINCE DEC 1     24.0                      17.8    6.2     15.2
  SINCE JUL 1     65.0                      35.2   29.8     20.8
  SNOW DEPTH      67

DEGREE DAYS
 HEATING
  TODAY           77                        68      9       86
  MONTH TO DATE 1166                      1417   -251     1389
  SINCE DEC 1   2614                      3361   -747     3191
  SINCE JUL 1   6431                      7719  -1288     6804

 COOLING
  TODAY            0                         0      0        0
  MONTH TO DATE    0                         0      0        0
  SINCE DEC 1      0                         0      0        0
  SINCE JAN 1      0                         0      0        0
..................................................................


WIND (MPH)
  HIGHEST GUST SPEED    28   HIGHEST GUST DIRECTION    NW (330)


SKY COVER
  AVERAGE SKY COVER 0.2


WEATHER CONDITIONS
 THE FOLLOWING WEATHER WAS RECORDED TODAY.
  NO SIGNIFICANT WEATHER WAS OBSERVED.


RELATIVE HUMIDITY (PERCENT)
 HIGHEST    79
 LOWEST     70
 AVERAGE    75

..........................................................


THE KOTZEBUE AK CLIMATE NORMALS FOR TOMORROW
                         NORMAL    RECORD    YEAR
 MAXIMUM TEMPERATURE (F)    3        33      2008
 MINIMUM TEMPERATURE (F)  -10       -48      1989


SUNRISE AND SUNSET
JANUARY 21 2018.......SUNRISE  1136 AM AKST  SUNSET   430 PM AKST
JANUARY 22 2018.......SUNRISE  1132 AM AKST  SUNSET   434 PM AKST

-  INDICATES NEGATIVE NUMBERS.
R  INDICATES RECORD WAS SET OR TIED.
MM INDICATES DATA IS MISSING.
T  INDICATES TRACE AMOUNT.

&&

SNOW DEPTH IS MEASURED AT 3AM AKST/4AM AKDT.

----------------------------
AVAILABLE DAYLIGHT

AMOUNT OF DAYLIGHT TODAY  (HOUR:MIN)........4:54
GAIN/LOSS SINCE YESTERDAY (HOUR:MIN:SEC)....+0:07:58

$$
JAN 18
