176
CDAK49 PAFG 190046
CLIOTZ

CLIMATE REPORT
NATIONAL WEATHER SERVICE FAIRBANKS AK
446 PM AKDT FRI AUG 18 2017


...................................

...THE KOTZEBUE AK CLIMATE SUMMARY FOR AUGUST 18 2017...
VALID TODAY AS OF 0400 PM LOCAL TIME.

CLIMATE NORMAL PERIOD 1981 TO 2010
CLIMATE RECORD PERIOD 1920 TO 2017


WEATHER ITEM   OBSERVED TIME   RECORD YEAR NORMAL DEPARTURE LAST
                VALUE   (LST)  VALUE       VALUE  FROM      YEAR
                                                  NORMAL
..................................................................
TEMPERATURE (F)
 TODAY
  MAXIMUM         44   1245 PM  76    2004  56    -12       62
  MINIMUM         41    259 PM  31    1902  47     -6       55
  AVERAGE         43                        52     -9       59

PRECIPITATION (IN)
  TODAY            0.04          1.30 2010   0.08  -0.04     0.01
  MONTH TO DATE    1.17                      1.31  -0.14     0.72
  SINCE JUN 1      4.00                      3.34   0.66     2.41
  SINCE JAN 1      6.08                      6.01   0.07     4.54

SNOWFALL (IN)
  TODAY            0.0           T    1966   0.0    0.0      0.0
  MONTH TO DATE    0.0                       0.0    0.0      0.0
  SINCE JUN 1      0.0                       0.0    0.0      0.0
  SINCE JUL 1      0.0                       0.0    0.0      0.0
  SNOW DEPTH       0

DEGREE DAYS
 HEATING
  TODAY           22                        14      8        6
  MONTH TO DATE  208                       217     -9      119
  SINCE JUN 1    848                      1122   -274      776
  SINCE JUL 1    437                       542   -105      372

 COOLING
  TODAY            0                         0      0        0
  MONTH TO DATE    0                         0      0        0
  SINCE JUN 1      1                         4     -3        5
  SINCE JAN 1      1                         4     -3        5
..................................................................


WIND (MPH)
  HIGHEST GUST SPEED    24   HIGHEST GUST DIRECTION     W (270)


SKY COVER
  AVERAGE SKY COVER 1.0


WEATHER CONDITIONS
 THE FOLLOWING WEATHER WAS RECORDED TODAY.
  RAIN
  LIGHT RAIN
  FOG


RELATIVE HUMIDITY (PERCENT)
 HIGHEST    82
 LOWEST     76
 AVERAGE    79

..........................................................


THE KOTZEBUE AK CLIMATE NORMALS FOR TOMORROW
                         NORMAL    RECORD    YEAR
 MAXIMUM TEMPERATURE (F)   56        75      2007
                                             2004
 MINIMUM TEMPERATURE (F)   47        30      1902


SUNRISE AND SUNSET
AUGUST 18 2017........SUNRISE   634 AM AKDT  SUNSET  1112 PM AKDT
AUGUST 19 2017........SUNRISE   638 AM AKDT  SUNSET  1108 PM AKDT

-  INDICATES NEGATIVE NUMBERS.
R  INDICATES RECORD WAS SET OR TIED.
MM INDICATES DATA IS MISSING.
T  INDICATES TRACE AMOUNT.

&&

SNOW DEPTH IS MEASURED AT 3AM AKST/4AM AKDT.

----------------------------
AVAILABLE DAYLIGHT

AMOUNT OF DAYLIGHT TODAY  (HOUR:MIN)........16:38
GAIN/LOSS SINCE YESTERDAY (HOUR:MIN:SEC)....-0:07:51

$$
HFL AUG 17
