000
CDAK49 PAOT 250942
CLIOTZ

CLIMATE REPORT
NATIONAL WEATHER SERVICE KOTZEBUE, AK
142 AM AKDT MON MAY 25 2015

...................................
...THE KOTZEBUE WSO AP CLIMATE SUMMARY FOR MAY 24 2015...

CLIMATE NORMAL PERIOD  1981 TO  2010
CLIMATE RECORD PERIOD  1897 TO  2015

WEATHER ITEM   OBSERVED TIME    RECORD YEAR NORMAL DEPARTURE LAST
               VALUE    (LST)   VALUE       VALUE  FROM      YEAR
                                                   NORMAL
...................................................................
TEMPERATURE
YESTERDAY
 MAXIMUM            58   0554 PM    61  2011     41      17     37
 MINIMUM            42R  0835 PM     4  1901     30      12     26
 AVERAGE            50                           36      14     32

PRECIPITATION
(INCHES)
 YESTERDAY        0.00           0.42  1995   0.01   -0.01   0.02
 MONTH TO DATE    0.58                        0.33    0.25   0.49
 SINCE MAR 1      1.66                        1.31    0.35   1.04
 SINCE JAN 1      2.51                        2.59   -0.08   1.76

SNOWFALL
(INCHES)
 YESTERDAY         0.0            0.4  1952    0.0     0.0      T
 MONTH TO DATE       T                         1.1    -1.1      T
 SINCE MAR 1       9.4                        12.1    -2.7    7.2
 SINCE JUL 1      24.7                        59.7   -35.0   32.2
 SNOW DEPTH (IN)     0                                          0

DEGREE DAYS
 HEATING
  YESTERDAY         15                          29     -14     33
  MONTH TO DATE    651                         832    -181    733
  SINCE MAR 1     4178                        4370    -192   3780
  SINCE JUL 1    13029                       14612   -1583  12731

 COOLING
  YESTERDAY          0                           0       0      0
  MONTH TO DATE      0                           0       0      0
  SINCE MAR 1        0                           0       0      0
  SINCE JAN 1        0                           0       0      0
...................................................................

WIND (MPH)
 HIGHEST WIND SPEED    17     HIGHEST WIND DIRECTION    180
 HIGHEST GUST SPEED    21     HIGHEST GUST DIRECTION    180
 AVERAGE WIND SPEED   8.9

SKY COVER
  POSSIBLE SUNSHINE    MM          AVERAGE SKY COVER     MM

WEATHER CONDITIONS
 THE FOLLOWING WEATHER WAS RECORDED YESTERDAY.
 NO SIGNIFICANT WEATHER WAS OBSERVED.

RELATIVE HUMIDITY
 HIGHEST RH     MM PERCENT       MM
 LOWEST  RH     MM PERCENT       MM
 AVERAGE RH     MM PERCENT       MM
...................................................................

THE KOTZEBUE CLIMATE NORMALS FOR TODAY
                           NORMAL    RECORD   YEAR
 MAXIMUM TEMPERATURE (F)     42        68     1969
 MINIMUM TEMPERATURE (F)     31         8     1901

SUNRISE AND SUNSET
 MAY 25 2015..........SUNRISE  4:10 AM      SUNSET  1:31 AM
 MAY 26 2015..........SUNRISE  4:05 AM      SUNSET  1:37 AM

-  INDICATES NEGATIVE NUMBERS.
R  INDICATES RECORD HAS BEEN SET OR TIED.
MM INDICATES DATA IS MISSING.
T  INDICATES TRACE OF PRECIPITATION.

&&
-------------------------------------------------------------------

AMOUNT OF DAYLIGHT TODAY  (HOUR:MIN)........21 HOURS 21 MINUTES
GAIN/LOSS SINCE YESTERDAY (HOUR:MIN:SEC)....+0:10:50

$$


MAY 15
