000
CDAK49 PAOT 021210
CLIOTZ

CLIMATE REPORT
NATIONAL WEATHER SERVICE KOTZEBUE, AK
410 AM AKDT THU OCT 2 2014

...................................
...THE KOTZEBUE WSO AP CLIMATE SUMMARY FOR OCTOBER 1 2014...

CLIMATE NORMAL PERIOD  1981 TO  2010
CLIMATE RECORD PERIOD  1897 TO  2014

WEATHER ITEM   OBSERVED TIME    RECORD YEAR NORMAL DEPARTURE LAST
               VALUE    (LST)   VALUE       VALUE  FROM      YEAR
                                                   NORMAL
...................................................................
TEMPERATURE
YESTERDAY
 MAXIMUM            45  0349 PM    54  2003     38       7     34
 MINIMUM            41  1159 PM     8  1897     30      11     22
 AVERAGE            43                          34       9     28

PRECIPITATION
(INCHES)
 YESTERDAY        0.02           0.80  1993   0.05   -0.03   0.00
 MONTH TO DATE    0.02                        0.05   -0.03   0.00
 SINCE SEP 1      1.83                        1.63    0.20   2.02
 SINCE JAN 1      8.57                        8.51    0.06   8.48

SNOWFALL
(INCHES)
 YESTERDAY         0.0            1.5  1956    0.1    -0.1    0.0
 MONTH TO DATE     0.0                         0.1    -0.1    0.0
 SINCE SEP 1       0.0                         0.9    -0.9    0.4
 SINCE JUL 1         T                         0.9    -0.9    0.4
 SNOW DEPTH (IN)     0                                          0

DEGREE DAYS
 HEATING
  YESTERDAY         22                          31      -9     37
  MONTH TO DATE     22                          31      -9     37
  SINCE SEP 1      593                         711    -118    799
  SINCE JUL 1     1153                        1449    -296   1393

 COOLING
  YESTERDAY          0                           0       0      0
  MONTH TO DATE      0                           0       0      0
  SINCE SEP 1        0                           0       0      0
  SINCE JAN 1       19                           0      19     13
...................................................................

WIND (MPH)
 HIGHEST WIND SPEED    16     HIGHEST WIND DIRECTION    230
 HIGHEST GUST SPEED    19     HIGHEST GUST DIRECTION    240
 AVERAGE WIND SPEED  10.6

SKY COVER
  POSSIBLE SUNSHINE    MM          AVERAGE SKY COVER     MM

WEATHER CONDITIONS
 THE FOLLOWING WEATHER WAS RECORDED YESTERDAY.
  FOG
RAIN


RELATIVE HUMIDITY
 HIGHEST RH     MM PERCENT       MM
 LOWEST  RH     MM PERCENT       MM
 AVERAGE RH     MM PERCENT       MM
...................................................................

THE KOTZEBUE CLIMATE NORMALS FOR TODAY
                           NORMAL    RECORD   YEAR
 MAXIMUM TEMPERATURE (F)     38        51     1950
 MINIMUM TEMPERATURE (F)     29         5     1897

SUNRISE AND SUNSET
 OCT 2 2014..........SUNRISE  9:07 AM      SUNSET  8:12 PM
 OCT 3 2014..........SUNRISE  9:10 AM      SUNSET  8:08 PM

-  INDICATES NEGATIVE NUMBERS.
R  INDICATES RECORD HAS BEEN SET OR TIED.
MM INDICATES DATA IS MISSING.
T  INDICATES TRACE OF PRECIPITATION.

&&
-------------------------------------------------------------------

AMOUNT OF DAYLIGHT TODAY  (HOUR:MIN)........11 HOURS 5 MINUTES
GAIN/LOSS SINCE YESTERDAY (HOUR:MIN:SEC)....-0:07:18

$$
EWH OCT 14
