000
CDAK49 PAOT 221314
CLIOTZ

CLIMATE REPORT
NATIONAL WEATHER SERVICE KOTZEBUE, AK
414 AM AKST MON DEC 22 2014

...................................
...THE KOTZEBUE WSO AP CLIMATE SUMMARY FOR DECEMBER 21 2014...

CLIMATE NORMAL PERIOD  1981 TO  2010
CLIMATE RECORD PERIOD  1897 TO  2014

WEATHER ITEM   OBSERVED TIME    RECORD YEAR NORMAL DEPARTURE LAST
               VALUE    (LST)   VALUE       VALUE  FROM      YEAR
                                                   NORMAL
...................................................................
TEMPERATURE
YESTERDAY
 MAXIMUM             7  1159 PM    33  1970      8      -1     19
 MINIMUM            -4  0426 AM   -37  1957     -5       1     11
 AVERAGE             2                           1       1     15

PRECIPITATION
(INCHES)
 YESTERDAY           T           0.21  2009   0.03   -0.03   0.10
 MONTH TO DATE    0.09                        0.53   -0.44   0.69
 SINCE DEC 1      0.09                        0.53   -0.44   0.69
 SINCE JAN 1      9.35                       10.77   -1.42  12.00

SNOWFALL
(INCHES)
 YESTERDAY           T            2.9  2001    0.4    -0.4    2.0
 MONTH TO DATE     1.0                         8.1    -7.1    5.1
 SINCE DEC 1       1.0                         8.1    -7.1    5.1
 SINCE JUL 1       5.7                        25.5   -19.8   16.8
 SNOW DEPTH (IN)     2                                          5

DEGREE DAYS
 HEATING
  YESTERDAY         63                          64      -1     50
  MONTH TO DATE   1203                        1295     -92   1112
  SINCE DEC 1     1201                        1295     -94   1109
  SINCE JUL 1     4876                        5654    -778   4992

 COOLING
  YESTERDAY          0                           0       0      0
  MONTH TO DATE      0                           0       0      0
  SINCE DEC 1        0                           0       0      0
  SINCE JAN 1       19                           0      19     13
...................................................................

WIND (MPH)
 HIGHEST WIND SPEED     8     HIGHEST WIND DIRECTION     50
 HIGHEST GUST SPEED    10     HIGHEST GUST DIRECTION     20
 AVERAGE WIND SPEED   3.2

SKY COVER
  POSSIBLE SUNSHINE    MM          AVERAGE SKY COVER     MM

WEATHER CONDITIONS
 THE FOLLOWING WEATHER WAS RECORDED YESTERDAY.
 SNOW


RELATIVE HUMIDITY
 HIGHEST RH     MM PERCENT       MM
 LOWEST  RH     MM PERCENT       MM
 AVERAGE RH     MM PERCENT       MM
...................................................................

THE KOTZEBUE CLIMATE NORMALS FOR TODAY
                           NORMAL    RECORD   YEAR
 MAXIMUM TEMPERATURE (F)      8        32     1985
 MINIMUM TEMPERATURE (F)     -5       -40     1898

SUNRISE AND SUNSET
 DEC 22 2014..........SUNRISE 12:58 PM      SUNSET  2:41 PM
 DEC 23 2014..........SUNRISE 12:58 PM      SUNSET  2:42 PM

-  INDICATES NEGATIVE NUMBERS.
R  INDICATES RECORD HAS BEEN SET OR TIED.
MM INDICATES DATA IS MISSING.
T  INDICATES TRACE OF PRECIPITATION.

&&
-------------------------------------------------------------------

AMOUNT OF DAYLIGHT TODAY  (HOUR:MIN)........1 HOURS 43 MINUTES
GAIN/LOSS SINCE YESTERDAY (HOUR:MIN:SEC)....+0:00:23

$$


DEC 14
