874
CDAK49 PAOT 301233
CLIOTZ

CLIMATE REPORT
NATIONAL WEATHER SERVICE KOTZEBUE, AK
433 AM AKDT MON MAY 30 2016

...................................
...THE KOTZEBUE WSO AP CLIMATE SUMMARY FOR MAY 29 2016...

CLIMATE NORMAL PERIOD  1981 TO  2010
CLIMATE RECORD PERIOD  1897 TO  2016

WEATHER ITEM   OBSERVED TIME    RECORD YEAR NORMAL DEPARTURE LAST
               VALUE    (LST)   VALUE       VALUE  FROM      YEAR
                                                   NORMAL
...................................................................
TEMPERATURE
YESTERDAY
 MAXIMUM            72  1223 PM    74  1947     43      29     56
 MINIMUM            50  1136 PM    20  1984     32      18     41
 AVERAGE            61                          38      23     49

PRECIPITATION
(INCHES)
 YESTERDAY        0.00           0.25  1996   0.02   -0.02   0.00
 MONTH TO DATE    0.65                        0.39    0.26   0.58
 SINCE MAR 1      1.39                        1.37    0.02   1.66
 SINCE JAN 1      2.11                        2.65   -0.54   2.51

SNOWFALL
(INCHES)
 YESTERDAY         0.0            1.0  1968    0.0     0.0    0.0
 MONTH TO DATE       T                         1.2    -1.2      T
 SINCE MAR 1      14.3                        12.2     2.1    9.4
 SINCE JUL 1      59.7                        59.8    -0.1   24.7
 SNOW DEPTH (IN)     0                                          0

DEGREE DAYS
 HEATING
  YESTERDAY          4                          27     -23     16
  MONTH TO DATE    740                         973    -233    739
  SINCE MAR 1     3819                        4511    -692   4266
  SINCE JUL 1    12817                       14753   -1936  13144

 COOLING
  YESTERDAY          0                           0       0      0
  MONTH TO DATE      0                           0       0      0
  SINCE MAR 1        0                           0       0      0
  SINCE JAN 1        0                           0       0      0
...................................................................

WIND (MPH)
 HIGHEST WIND SPEED    14     HIGHEST WIND DIRECTION    300
 HIGHEST GUST SPEED    17     HIGHEST GUST DIRECTION    300
 AVERAGE WIND SPEED   6.8

SKY COVER
  POSSIBLE SUNSHINE    MM          AVERAGE SKY COVER     MM

WEATHER CONDITIONS
 THE FOLLOWING WEATHER WAS RECORDED YESTERDAY.
  NO SIGNIFICANT WEATHER WAS OBSERVED.

RELATIVE HUMIDITY
 HIGHEST RH     MM PERCENT       MM
 LOWEST  RH     MM PERCENT       MM
 AVERAGE RH     MM PERCENT       MM
...................................................................

THE KOTZEBUE CLIMATE NORMALS FOR TODAY
                           NORMAL    RECORD   YEAR
 MAXIMUM TEMPERATURE (F)     44        67     1953
 MINIMUM TEMPERATURE (F)     33        15     1901

SUNRISE AND SUNSET
 MAY 30 2016..........SUNRISE  3:34 AM      SUNSET  2:11 AM
 MAY 31 2016..........SUNRISE  3:26 AM      SUNSET  2:22 AM

-  INDICATES NEGATIVE NUMBERS.
R  INDICATES RECORD HAS BEEN SET OR TIED.
MM INDICATES DATA IS MISSING.
T  INDICATES TRACE OF PRECIPITATION.

&&
-------------------------------------------------------------------

AMOUNT OF DAYLIGHT TODAY  (HOUR:MIN)........22 HOURS 37 MINUTES
GAIN SINCE YESTERDAY  (HOUR:MIN:SEC)........+0:14:59

$$
SV MAY 16
