000
CDUS43 KDDC 220707
CLIP28


CLIMATE REPORT
NATIONAL WEATHER SERVICE DODGE CITY KS
206 AM CDT FRI SEP 22 2017


...................................

...THE MEDICINE LODGE KS CLIMATE SUMMARY FOR SEPTEMBER 21 2017...

CLIMATE NORMAL PERIOD 1981 TO 2010
CLIMATE RECORD PERIOD 1893 TO 2017


WEATHER ITEM   OBSERVED TIME   RECORD YEAR NORMAL DEPARTURE LAST
                VALUE   (LST)  VALUE       VALUE  FROM      YEAR
                                                  NORMAL
..................................................................
TEMPERATURE (F)
 YESTERDAY
  MAXIMUM         98    340 PM 102    1956  82     16       94
  MINIMUM         69    700 AM  29    1983  56     13       70
  AVERAGE         84                        69     15       82

PRECIPITATION (IN)
  YESTERDAY        0.00          3.88 1985   0.06  -0.06     0.00
  MONTH TO DATE    1.72                      1.48   0.24     4.22
  SINCE SEP 1      1.72                      1.48   0.24     4.22
  SINCE JAN 1     23.85                     21.83   2.02    24.65

SNOWFALL (IN)
  YESTERDAY        0.0          MM      MM   0.0             0.0
  MONTH TO DATE    0.0                       0.0             0.0
  SINCE SEP 1      0.0                       0.0             0.0
  SINCE JUL 1      0.0                       0.0             0.0
  SNOW DEPTH       0

DEGREE DAYS
 HEATING
  YESTERDAY        0                         2     -2        0
  MONTH TO DATE    2                        10     -8        0
  SINCE SEP 1      2                        10     -8        0
  SINCE JUL 1      2                        10     -8        0

 COOLING
  YESTERDAY       19                         6     13       17
  MONTH TO DATE  186                       182      4      213
  SINCE SEP 1    186                       182      4      213
  SINCE JAN 1   1545                      1693   -148     1813
..................................................................


WIND (MPH)
  HIGHEST WIND SPEED    29   HIGHEST WIND DIRECTION     S (180)
  HIGHEST GUST SPEED    37   HIGHEST GUST DIRECTION     S (170)
  AVERAGE WIND SPEED    12.4




RELATIVE HUMIDITY (PERCENT)
 HIGHEST    90           600 AM
 LOWEST     31           300 PM
 AVERAGE    61

..........................................................


THE MEDICINE LODGE KS CLIMATE NORMALS FOR TODAY
                         NORMAL    RECORD    YEAR
 MAXIMUM TEMPERATURE (F)   81        99      1921
 MINIMUM TEMPERATURE (F)   56        32      1995


SUNRISE AND SUNSET
SEPTEMBER 22 2017.....SUNRISE   722 AM CDT   SUNSET   731 PM CDT
SEPTEMBER 23 2017.....SUNRISE   723 AM CDT   SUNSET   729 PM CDT


-  INDICATES NEGATIVE NUMBERS.
R  INDICATES RECORD WAS SET OR TIED.
MM INDICATES DATA IS MISSING.
T  INDICATES TRACE AMOUNT.




$$
