000
CDUS43 KDDC 162327
CLIP28


CLIMATE REPORT
NATIONAL WEATHER SERVICE DODGE CITY KS
626 PM CDT TUE SEP 16 2014


...................................

...THE MEDICINE LODGE KS CLIMATE SUMMARY FOR SEPTEMBER 16 2014...
VALID TODAY AS OF 0500 PM LOCAL TIME.

CLIMATE NORMAL PERIOD 1981 TO 2010
CLIMATE RECORD PERIOD 1893 TO 2014


WEATHER ITEM   OBSERVED TIME   RECORD YEAR NORMAL DEPARTURE LAST
                VALUE   (LST)  VALUE       VALUE  FROM      YEAR
                                                  NORMAL
..................................................................
TEMPERATURE (F)
 TODAY
  MAXIMUM         80    356 PM 106    1978  84     -4       79
  MINIMUM         62    817 AM  41    1961  59      3       63
  AVERAGE         71                        71      0       71

PRECIPITATION (IN)
  TODAY            0.00          1.22 1897   0.05  -0.05     0.03
  MONTH TO DATE    0.54                      1.16  -0.62     0.07
  SINCE SEP 1      0.54                      1.16  -0.62     0.07
  SINCE JAN 1     18.05                     21.51  -3.46    21.71

DEGREE DAYS
 HEATING
  TODAY            0                         1     -1        0
  MONTH TO DATE   19                         4     15        0
  SINCE SEP 1     19                         4     15        0
  SINCE JUL 1     24                         4     20        0

 COOLING
  TODAY            6                         7     -1        6
  MONTH TO DATE  132                       151    -19      209
  SINCE SEP 1    132                       151    -19      209
  SINCE JAN 1   1616                      1662    -46     1658
..................................................................


WIND (MPH)
  HIGHEST WIND SPEED    14   HIGHEST WIND DIRECTION     S (190)
  HIGHEST GUST SPEED    18   HIGHEST GUST DIRECTION     S (190)
  AVERAGE WIND SPEED     6.2




RELATIVE HUMIDITY (PERCENT)
 HIGHEST    84           200 AM
 LOWEST     54           300 PM
 AVERAGE    69

..........................................................


THE MEDICINE LODGE KS CLIMATE NORMALS FOR TOMORROW
                         NORMAL    RECORD    YEAR
 MAXIMUM TEMPERATURE (F)   83       105      1931
 MINIMUM TEMPERATURE (F)   58        37      1981


SUNRISE AND SUNSET
SEPTEMBER 16 2014.....SUNRISE   717 AM CDT   SUNSET   740 PM CDT
SEPTEMBER 17 2014.....SUNRISE   718 AM CDT   SUNSET   739 PM CDT


-  INDICATES NEGATIVE NUMBERS.
R  INDICATES RECORD WAS SET OR TIED.
MM INDICATES DATA IS MISSING.
T  INDICATES TRACE AMOUNT.




$$
