000
CDUS43 KDDC 091428
CLIP28


CLIMATE REPORT
NATIONAL WEATHER SERVICE DODGE CITY KS
825 AM CST FRI DEC 9 2016


...................................

...THE MEDICINE LODGE KS CLIMATE SUMMARY FOR DECEMBER 9 2016...
VALID AS OF 0800 AM LOCAL TIME.

CLIMATE NORMAL PERIOD 1981 TO 2010
CLIMATE RECORD PERIOD 1893 TO 2016


WEATHER ITEM   OBSERVED TIME   RECORD YEAR NORMAL DEPARTURE LAST
                VALUE   (LST)  VALUE       VALUE  FROM      YEAR
                                                  NORMAL
..................................................................
TEMPERATURE (F)
 TODAY
  MAXIMUM         20    759 AM  74    1939  48    -28       71
  MINIMUM          9   1230 AM  -4    1919  24    -15       33
  AVERAGE         15                        36    -21       52

PRECIPITATION (IN)
  TODAY            0.00          0.80 1911   0.03  -0.03     0.00
  MONTH TO DATE    0.27                      0.27   0.00     0.00
  SINCE DEC 1      0.27                      0.27   0.00     0.00
  SINCE JAN 1     29.91                     26.49   3.42    31.83

..................................................................


WIND (MPH)
  HIGHEST WIND SPEED    10   HIGHEST WIND DIRECTION    SE (140)
  HIGHEST GUST SPEED    15   HIGHEST GUST DIRECTION    SE (140)



WEATHER CONDITIONS
 THE FOLLOWING WEATHER WAS RECORDED TODAY.
  NO SIGNIFICANT WEATHER WAS OBSERVED.


RELATIVE HUMIDITY (PERCENT)
 HIGHEST    84           300 AM
 LOWEST     67           500 AM

..........................................................


THE MEDICINE LODGE KS CLIMATE NORMALS FOR TOMORROW
                         NORMAL    RECORD    YEAR
 MAXIMUM TEMPERATURE (F)   47        78      1933
 MINIMUM TEMPERATURE (F)   24        -5      1919


SUNRISE AND SUNSET
DECEMBER  9 2016......SUNRISE   737 AM CST   SUNSET   517 PM CST
DECEMBER 10 2016......SUNRISE   738 AM CST   SUNSET   517 PM CST


-  INDICATES NEGATIVE NUMBERS.
R  INDICATES RECORD WAS SET OR TIED.
MM INDICATES DATA IS MISSING.
T  INDICATES TRACE AMOUNT.




$$
