000
CDUS43 KDDC 061025
CLIP28


CLIMATE REPORT
NATIONAL WEATHER SERVICE DODGE CITY KS
525 AM CDT MON JUL 6 2015


...................................

...THE MEDICINE LODGE KS CLIMATE SUMMARY FOR JULY 5 2015...

CLIMATE NORMAL PERIOD 1981 TO 2010
CLIMATE RECORD PERIOD 1893 TO 2015


WEATHER ITEM   OBSERVED TIME   RECORD YEAR NORMAL DEPARTURE LAST
                VALUE   (LST)  VALUE       VALUE  FROM      YEAR
                                                  NORMAL
..................................................................
TEMPERATURE (F)
 YESTERDAY
  MAXIMUM         99    243 PM 108    1911  94      5       94
  MINIMUM         71    615 AM  50    1924  69      2       71
  AVERAGE         85                        81      4       83

PRECIPITATION (IN)
  YESTERDAY        0.00          4.58 1932   0.11  -0.11     0.00
  MONTH TO DATE    0.00                      0.65  -0.65     0.37
  SINCE JUN 1      2.26                      4.76  -2.50     8.26
  SINCE JAN 1     14.22                     14.50  -0.28    11.15

SNOWFALL (IN)
  YESTERDAY        0.0          MM      MM   0.0             0.0
  MONTH TO DATE    0.0                       0.0             0.0
  SINCE JUN 1      0.0                       0.0             0.0
  SINCE JUL 1      0.0                       0.0             0.0
  SNOW DEPTH       0

DEGREE DAYS
 HEATING
  YESTERDAY        0                         0      0        0
  MONTH TO DATE    0                         0      0        0
  SINCE JUN 1      0                         3     -3        0
  SINCE JUL 1      0                         0      0        0

 COOLING
  YESTERDAY       20                        16      4       18
  MONTH TO DATE   82                        79      3       46
  SINCE JUN 1    514                       432     82      388
  SINCE JAN 1    621                       588     33      657
..................................................................


WIND (MPH)
  HIGHEST WIND SPEED    25   HIGHEST WIND DIRECTION     S (190)
  HIGHEST GUST SPEED    34   HIGHEST GUST DIRECTION     S (200)
  AVERAGE WIND SPEED    12.4




RELATIVE HUMIDITY (PERCENT)
 HIGHEST    93           600 AM
 LOWEST     29           100 PM
 AVERAGE    61

..........................................................


THE MEDICINE LODGE KS CLIMATE NORMALS FOR TODAY
                         NORMAL    RECORD    YEAR
 MAXIMUM TEMPERATURE (F)   94       106      1897
                                             1996
 MINIMUM TEMPERATURE (F)   69        54      1985


SUNRISE AND SUNSET
JULY  6 2015..........SUNRISE   620 AM CDT   SUNSET   858 PM CDT
JULY  7 2015..........SUNRISE   620 AM CDT   SUNSET   858 PM CDT


-  INDICATES NEGATIVE NUMBERS.
R  INDICATES RECORD WAS SET OR TIED.
MM INDICATES DATA IS MISSING.
T  INDICATES TRACE AMOUNT.




$$
