000
CDUS43 KDDC 210712
CLIP28


CLIMATE REPORT
NATIONAL WEATHER SERVICE DODGE CITY KS
111 AM CST WED FEB 21 2018


...................................

...THE MEDICINE LODGE KS CLIMATE SUMMARY FOR FEBRUARY 20 2018...

CLIMATE NORMAL PERIOD 1981 TO 2010
CLIMATE RECORD PERIOD 1893 TO 2018


WEATHER ITEM   OBSERVED TIME   RECORD YEAR NORMAL DEPARTURE LAST
                VALUE   (LST)  VALUE       VALUE  FROM      YEAR
                                                  NORMAL
..................................................................
TEMPERATURE (F)
 YESTERDAY
  MAXIMUM         32    445 PM  86    1981  52    -20       72
  MINIMUM         18    854 AM   4    1918  27     -9       46
  AVERAGE         25                        40    -15       59

PRECIPITATION (IN)
  YESTERDAY        0.00          0.86 2013   0.04  -0.04     0.00
  MONTH TO DATE    0.01                      0.67  -0.66     0.22
  SINCE DEC 1      0.09                      2.30  -2.21     4.62
  SINCE JAN 1      0.09                      1.38  -1.29     3.92

SNOWFALL (IN)
  YESTERDAY        0.0          MM      MM   0.0             0.0
  MONTH TO DATE    0.0                       1.8             0.0
  SINCE DEC 1      T                         7.8             1.4
  SINCE JUL 1      T                         8.0             1.4
  SNOW DEPTH       0

DEGREE DAYS
 HEATING
  YESTERDAY       40                        26     14        6
  MONTH TO DATE  602                       559     43      404
  SINCE DEC 1   2403                      2478    -75     2328
  SINCE JUL 1   3163                      3336   -173     2864

 COOLING
  YESTERDAY        0                         0      0        0
  MONTH TO DATE    0                         0      0        0
  SINCE DEC 1      0                         0      0        0
  SINCE JAN 1      0                         0      0        0
..................................................................


WIND (MPH)
  HIGHEST WIND SPEED    26   HIGHEST WIND DIRECTION     N (350)
  HIGHEST GUST SPEED    38   HIGHEST GUST DIRECTION     N (350)
  AVERAGE WIND SPEED    17.4




RELATIVE HUMIDITY (PERCENT)
 HIGHEST   100           100 AM
 LOWEST     57           700 PM
 AVERAGE    79

..........................................................


THE MEDICINE LODGE KS CLIMATE NORMALS FOR TODAY
                         NORMAL    RECORD    YEAR
 MAXIMUM TEMPERATURE (F)   52        83      1935
 MINIMUM TEMPERATURE (F)   27        -3      1939


SUNRISE AND SUNSET
FEBRUARY 21 2018......SUNRISE   716 AM CST   SUNSET   620 PM CST
FEBRUARY 22 2018......SUNRISE   715 AM CST   SUNSET   621 PM CST


-  INDICATES NEGATIVE NUMBERS.
R  INDICATES RECORD WAS SET OR TIED.
MM INDICATES DATA IS MISSING.
T  INDICATES TRACE AMOUNT.




$$
