000
CDUS43 KDDC 241429
CLIP28


CLIMATE REPORT
NATIONAL WEATHER SERVICE DODGE CITY KS
929 AM CDT FRI OCT 24 2014


...................................

...THE MEDICINE LODGE KS CLIMATE SUMMARY FOR OCTOBER 24 2014...
VALID AS OF 0800 AM LOCAL TIME.

CLIMATE NORMAL PERIOD 1981 TO 2010
CLIMATE RECORD PERIOD 1893 TO 2014


WEATHER ITEM   OBSERVED TIME   RECORD YEAR NORMAL DEPARTURE LAST
                VALUE   (LST)  VALUE       VALUE  FROM      YEAR
                                                  NORMAL
..................................................................
TEMPERATURE (F)
 TODAY
  MAXIMUM         61    104 AM  95    1939  68     -7       57
  MINIMUM         55    721 AM  23    1938  43     12       38
  AVERAGE         58                        56      2       48

PRECIPITATION (IN)
  TODAY            0.00          0.43 1949   0.08  -0.08     0.00
  MONTH TO DATE    0.70                      2.29  -1.59     0.79
  SINCE SEP 1      1.55                      4.39  -2.84     1.88
  SINCE JAN 1     19.06                     24.74  -5.68    23.52

..................................................................


WIND (MPH)
  HIGHEST WIND SPEED     8   HIGHEST WIND DIRECTION     E (110)
  HIGHEST GUST SPEED    10   HIGHEST GUST DIRECTION     E (110)



WEATHER CONDITIONS
 THE FOLLOWING WEATHER WAS RECORDED TODAY.
  NO SIGNIFICANT WEATHER WAS OBSERVED.


RELATIVE HUMIDITY (PERCENT)
 HIGHEST   100

..........................................................


THE MEDICINE LODGE KS CLIMATE NORMALS FOR TOMORROW
                         NORMAL    RECORD    YEAR
 MAXIMUM TEMPERATURE (F)   68        90      1939
 MINIMUM TEMPERATURE (F)   43        21      1898


SUNRISE AND SUNSET
OCTOBER 24 2014.......SUNRISE   751 AM CDT   SUNSET   646 PM CDT
OCTOBER 25 2014.......SUNRISE   752 AM CDT   SUNSET   644 PM CDT


-  INDICATES NEGATIVE NUMBERS.
R  INDICATES RECORD WAS SET OR TIED.
MM INDICATES DATA IS MISSING.
T  INDICATES TRACE AMOUNT.




$$
