950
CDUS43 KDDC 282359
CLIP28


CLIMATE REPORT
NATIONAL WEATHER SERVICE DODGE CITY KS
659 PM CDT TUE MAR 28 2017


...................................

...THE MEDICINE LODGE KS CLIMATE SUMMARY FOR MARCH 28 2017...
VALID TODAY AS OF 0500 PM LOCAL TIME.

CLIMATE NORMAL PERIOD 1981 TO 2010
CLIMATE RECORD PERIOD 1893 TO 2017


WEATHER ITEM   OBSERVED TIME   RECORD YEAR NORMAL DEPARTURE LAST
                VALUE   (LST)  VALUE       VALUE  FROM      YEAR
                                                  NORMAL
..................................................................
TEMPERATURE (F)
 TODAY
  MAXIMUM         54   1112 AM  89    1963  63     -9       68
  MINIMUM         42    457 AM  13    1931  38      4       31
  AVERAGE         48                        50     -2       50

PRECIPITATION (IN)
  TODAY            0.17          1.37 1989   0.07   0.10     0.00
  MONTH TO DATE    0.45                      2.03  -1.58     0.67
  SINCE MAR 1      0.45                      2.03  -1.58     0.67
  SINCE JAN 1      4.37                      3.78   0.59     1.56

DEGREE DAYS
 HEATING
  TODAY           17                        15      2       15
  MONTH TO DATE  388                       526   -138      387
  SINCE MAR 1    388                       526   -138      387
  SINCE JUL 1   3389                      4055   -666     3276

 COOLING
  TODAY            0                         0      0        0
  MONTH TO DATE   12                         0     12        6
  SINCE MAR 1     12                         0     12        6
  SINCE JAN 1     12                         0     12        6
..................................................................


WIND (MPH)
  HIGHEST WIND SPEED    21   HIGHEST WIND DIRECTION     E (70)
  HIGHEST GUST SPEED    26   HIGHEST GUST DIRECTION    NE (60)
  AVERAGE WIND SPEED     9.3




RELATIVE HUMIDITY (PERCENT)
 HIGHEST   100           600 AM
 LOWEST     77          1100 AM
 AVERAGE    89

..........................................................


THE MEDICINE LODGE KS CLIMATE NORMALS FOR TOMORROW
                         NORMAL    RECORD    YEAR
 MAXIMUM TEMPERATURE (F)   63        89      1967
 MINIMUM TEMPERATURE (F)   38        16      1944


SUNRISE AND SUNSET
MARCH 28 2017.........SUNRISE   725 AM CDT   SUNSET   754 PM CDT
MARCH 29 2017.........SUNRISE   724 AM CDT   SUNSET   755 PM CDT


-  INDICATES NEGATIVE NUMBERS.
R  INDICATES RECORD WAS SET OR TIED.
MM INDICATES DATA IS MISSING.
T  INDICATES TRACE AMOUNT.




$$
