000
CDUS43 KDDC 210706
CLIP28


CLIMATE REPORT
NATIONAL WEATHER SERVICE DODGE CITY KS
105 AM CST SAT JAN 21 2017


...................................

...THE MEDICINE LODGE KS CLIMATE SUMMARY FOR JANUARY 20 2017...

CLIMATE NORMAL PERIOD 1981 TO 2010
CLIMATE RECORD PERIOD 1893 TO 2017


WEATHER ITEM   OBSERVED TIME   RECORD YEAR NORMAL DEPARTURE LAST
                VALUE   (LST)  VALUE       VALUE  FROM      YEAR
                                                  NORMAL
..................................................................
TEMPERATURE (F)
 YESTERDAY
  MAXIMUM         49    416 PM  72    1906  46      3       28
  MINIMUM         31    239 AM -15    1985  22      9       14
  AVERAGE         40                        34      6       21

PRECIPITATION (IN)
  YESTERDAY        0.00          0.53 2007   0.02  -0.02     0.01
  MONTH TO DATE    3.46                      0.39   3.07     0.51
  SINCE DEC 1      4.16                      1.31   2.85     2.88
  SINCE JAN 1      3.46                      0.39   3.07     0.51

SNOWFALL (IN)
  YESTERDAY        0.0          MM      MM   0.1              T
  MONTH TO DATE    T                         1.6              T
  SINCE DEC 1      1.4                       4.3             1.0
  SINCE JUL 1      1.4                       4.5             1.0
  SNOW DEPTH       0

DEGREE DAYS
 HEATING
  YESTERDAY       25                        31     -6       44
  MONTH TO DATE  639                       639      0      663
  SINCE DEC 1   1660                      1580     80     1403
  SINCE JUL 1   2196                      2438   -242     1998

 COOLING
  YESTERDAY        0                         0      0        0
  MONTH TO DATE    0                         0      0        0
  SINCE DEC 1      0                         0      0        0
  SINCE JAN 1      0                         0      0        0
..................................................................


WIND (MPH)
  HIGHEST WIND SPEED    12   HIGHEST WIND DIRECTION    SW (210)
  HIGHEST GUST SPEED    15   HIGHEST GUST DIRECTION     S (200)
  AVERAGE WIND SPEED     4.6




RELATIVE HUMIDITY (PERCENT)
 HIGHEST   100           100 AM
 LOWEST     77           400 PM
 AVERAGE    89

..........................................................


THE MEDICINE LODGE KS CLIMATE NORMALS FOR TODAY
                         NORMAL    RECORD    YEAR
 MAXIMUM TEMPERATURE (F)   46        72      1943
 MINIMUM TEMPERATURE (F)   22        -3      1935


SUNRISE AND SUNSET
JANUARY 21 2017.......SUNRISE   745 AM CST   SUNSET   547 PM CST
JANUARY 22 2017.......SUNRISE   744 AM CST   SUNSET   548 PM CST


-  INDICATES NEGATIVE NUMBERS.
R  INDICATES RECORD WAS SET OR TIED.
MM INDICATES DATA IS MISSING.
T  INDICATES TRACE AMOUNT.




$$
