000
CDUS45 KRIW 280736
CLIP60


CLIMATE REPORT
NATIONAL WEATHER SERVICE RIVERTON WY
1235 AM MST TUE FEB 28 2017


...................................

...THE LAKE YELLOWSTONE WY CLIMATE SUMMARY FOR FEBRUARY 27 2017...

CLIMATE NORMAL PERIOD 1981 TO 2010
CLIMATE RECORD PERIOD 1998 TO 2017


WEATHER ITEM   OBSERVED TIME   RECORD YEAR NORMAL DEPARTURE LAST
                VALUE   (LST)  VALUE       VALUE  FROM      YEAR
                                                  NORMAL
..................................................................
TEMPERATURE (F)
 YESTERDAY
  MAXIMUM         20    226 PM  42    2014  31    -11       38
  MINIMUM         -3    754 AM -13    2015   5     -8        7
  AVERAGE          9                        18     -9       23

PRECIPITATION (IN)
  YESTERDAY        0.16R         0.16 2007   0.06   0.10     0.05
  MONTH TO DATE    7.49                      1.36   6.13     1.30
  SINCE DEC 1     13.28                      4.97   8.31     5.55
  SINCE JAN 1     10.18                      3.47   6.71     2.51

DEGREE DAYS
 HEATING
  YESTERDAY       56                        47      9       42
  MONTH TO DATE 1269                      1357    -88     1226
  SINCE DEC 1   4857                      4568    289     4367
  SINCE JUL 1   8001                      7888    113     7695

 COOLING
  YESTERDAY        0                         0      0        0
  MONTH TO DATE    0                         0      0        0
  SINCE DEC 1      0                         0      0        0
  SINCE JAN 1      0                         0      0        0
..................................................................


WIND (MPH)
  HIGHEST WIND SPEED    12   HIGHEST WIND DIRECTION     W (280)
  HIGHEST GUST SPEED    20   HIGHEST GUST DIRECTION    SW (240)
  AVERAGE WIND SPEED     2.6


SKY COVER
  POSSIBLE SUNSHINE  MM
  AVERAGE SKY COVER 0.0


WEATHER CONDITIONS
 THE FOLLOWING WEATHER WAS RECORDED YESTERDAY.
  NO SIGNIFICANT WEATHER WAS OBSERVED.


RELATIVE HUMIDITY (PERCENT)
 HIGHEST   100           500 AM
 LOWEST     67           300 PM
 AVERAGE    84

..........................................................


THE LAKE YELLOWSTONE WY CLIMATE NORMALS FOR TODAY
                         NORMAL    RECORD    YEAR
 MAXIMUM TEMPERATURE (F)   32        38      2010
 MINIMUM TEMPERATURE (F)    5       -22      2009


SUNRISE AND SUNSET
FEBRUARY 28 2017......SUNRISE   700 AM MST   SUNSET   609 PM MST
MARCH  1 2017.........SUNRISE   658 AM MST   SUNSET   610 PM MST


-  INDICATES NEGATIVE NUMBERS.
R  INDICATES RECORD WAS SET OR TIED.
MM INDICATES DATA IS MISSING.
T  INDICATES TRACE AMOUNT.




$$
