000
CDUS45 KRIW 240734
CLIP60


CLIMATE REPORT
NATIONAL WEATHER SERVICE RIVERTON WY
134 AM MDT SUN MAY 24 2015


...................................

...THE LAKE YELLOWSTONE WY CLIMATE SUMMARY FOR MAY 23 2015...

CLIMATE NORMAL PERIOD 1981 TO 2010
CLIMATE RECORD PERIOD 1998 TO 2015


WEATHER ITEM   OBSERVED TIME   RECORD YEAR NORMAL DEPARTURE LAST
                VALUE   (LST)  VALUE       VALUE  FROM      YEAR
                                                  NORMAL
..................................................................
TEMPERATURE (F)
 YESTERDAY
  MAXIMUM         51   1005 AM  69    2001  54     -3       65
  MINIMUM         35    348 AM  21    2010  30      5       28
  AVERAGE         43                        42      1       47

PRECIPITATION (IN)
  YESTERDAY        0.06          0.23 2012   0.07  -0.01     0.00
  MONTH TO DATE    2.11                      1.61   0.50     1.36
  SINCE MAR 1      3.85                      4.90  -1.05     9.72
  SINCE JAN 1      6.74                      8.42  -1.68    14.80

DEGREE DAYS
 HEATING
  YESTERDAY       22                        23     -1       18
  MONTH TO DATE  544                       601    -57      628
  SINCE MAR 1   2706                      2915   -209     3115
  SINCE JUL 1  10270                     10852   -582    11168

 COOLING
  YESTERDAY        0                         0      0        0
  MONTH TO DATE    0                         0      0        0
  SINCE MAR 1      0                         0      0        0
  SINCE JAN 1      0                         0      0        0
..................................................................


WIND (MPH)
  HIGHEST WIND SPEED    10   HIGHEST WIND DIRECTION     E (90)
  HIGHEST GUST SPEED    16   HIGHEST GUST DIRECTION     N (20)
  AVERAGE WIND SPEED     2.9


SKY COVER
  POSSIBLE SUNSHINE  MM
  AVERAGE SKY COVER 0.0


WEATHER CONDITIONS
 THE FOLLOWING WEATHER WAS RECORDED YESTERDAY.
  NO SIGNIFICANT WEATHER WAS OBSERVED.


RELATIVE HUMIDITY (PERCENT)
 HIGHEST   100           300 AM
 LOWEST     54          1000 AM
 AVERAGE    77

..........................................................


THE LAKE YELLOWSTONE WY CLIMATE NORMALS FOR TODAY
                         NORMAL    RECORD    YEAR
 MAXIMUM TEMPERATURE (F)   54        71      2001
 MINIMUM TEMPERATURE (F)   30        22      2007


SUNRISE AND SUNSET
MAY 24 2015...........SUNRISE   545 AM MDT   SUNSET   852 PM MDT
MAY 25 2015...........SUNRISE   545 AM MDT   SUNSET   853 PM MDT


-  INDICATES NEGATIVE NUMBERS.
R  INDICATES RECORD WAS SET OR TIED.
MM INDICATES DATA IS MISSING.
T  INDICATES TRACE AMOUNT.




$$
