000
CDUS45 KRIW 020736
CLIP60


CLIMATE REPORT
NATIONAL WEATHER SERVICE RIVERTON WY
136 AM MDT WED SEP 2 2015


...................................

...THE LAKE YELLOWSTONE WY CLIMATE SUMMARY FOR SEPTEMBER 1 2015...

CLIMATE NORMAL PERIOD 1981 TO 2010
CLIMATE RECORD PERIOD 1998 TO 2015


WEATHER ITEM   OBSERVED TIME   RECORD YEAR NORMAL DEPARTURE LAST
                VALUE   (LST)  VALUE       VALUE  FROM      YEAR
                                                  NORMAL
..................................................................
TEMPERATURE (F)
 YESTERDAY
  MAXIMUM         73    347 PM  76    2013  68      5       56
  MINIMUM         31    612 AM  25    2006  35     -4       33
  AVERAGE         52                        52      0       45

PRECIPITATION (IN)
  YESTERDAY        0.00          1.08 2012   0.06  -0.06     0.01
  MONTH TO DATE    0.00                      0.06  -0.06     0.01
  SINCE SEP 1      0.00                      0.06  -0.06     0.01
  SINCE JAN 1     11.63                     14.13  -2.50    23.13

DEGREE DAYS
 HEATING
  YESTERDAY       13                        13      0       20
  MONTH TO DATE   13                        13      0       20
  SINCE SEP 1     13                        13      0       20
  SINCE JUL 1    698                       600     98      682

 COOLING
  YESTERDAY        0                         0      0        0
  MONTH TO DATE    0                         0      0        0
  SINCE SEP 1      0                         0      0        0
  SINCE JAN 1      1                         0      1        0
..................................................................


WIND (MPH)
  HIGHEST WIND SPEED    17   HIGHEST WIND DIRECTION     W (270)
  HIGHEST GUST SPEED    26   HIGHEST GUST DIRECTION     W (280)
  AVERAGE WIND SPEED     4.6


SKY COVER
  POSSIBLE SUNSHINE  MM
  AVERAGE SKY COVER 0.0


WEATHER CONDITIONS
 THE FOLLOWING WEATHER WAS RECORDED YESTERDAY.
  NO SIGNIFICANT WEATHER WAS OBSERVED.


RELATIVE HUMIDITY (PERCENT)
 HIGHEST    89           700 AM
 LOWEST     15           300 PM
 AVERAGE    52

..........................................................


THE LAKE YELLOWSTONE WY CLIMATE NORMALS FOR TODAY
                         NORMAL    RECORD    YEAR
 MAXIMUM TEMPERATURE (F)   68        79      2007
 MINIMUM TEMPERATURE (F)   35        25      2006


SUNRISE AND SUNSET
SEPTEMBER  2 2015.....SUNRISE   645 AM MDT   SUNSET   757 PM MDT
SEPTEMBER  3 2015.....SUNRISE   646 AM MDT   SUNSET   755 PM MDT


-  INDICATES NEGATIVE NUMBERS.
R  INDICATES RECORD WAS SET OR TIED.
MM INDICATES DATA IS MISSING.
T  INDICATES TRACE AMOUNT.




$$
