000
CDUS45 KRIW 230729
CLIP60


CLIMATE REPORT
NATIONAL WEATHER SERVICE RIVERTON WY
128 AM MDT FRI JUN 23 2017


...................................

...THE LAKE YELLOWSTONE WY CLIMATE SUMMARY FOR JUNE 22 2017...

CLIMATE NORMAL PERIOD 1981 TO 2010
CLIMATE RECORD PERIOD 1998 TO 2017


WEATHER ITEM   OBSERVED TIME   RECORD YEAR NORMAL DEPARTURE LAST
                VALUE   (LST)  VALUE       VALUE  FROM      YEAR
                                                  NORMAL
..................................................................
TEMPERATURE (F)
 YESTERDAY
  MAXIMUM         64    326 PM  78    2007  65     -1       72
  MINIMUM         35    511 AM  27    2013  36     -1       32
                                      2003
  AVERAGE         50                        50      0       52

PRECIPITATION (IN)
  YESTERDAY        0.00          0.38 2004   0.06  -0.06     0.00
  MONTH TO DATE    1.19                      1.61  -0.42     0.83
  SINCE JUN 1      1.19                      1.61  -0.42     0.83
  SINCE JAN 1     18.40                     10.69   7.71     9.89

DEGREE DAYS
 HEATING
  YESTERDAY       15                        14      1       13
  MONTH TO DATE  363                       388    -25      283
  SINCE JUN 1    363                       388    -25      283
  SINCE JUL 1  11362                     11416    -54    11036

 COOLING
  YESTERDAY        0                         0      0        0
  MONTH TO DATE    0                         0      0        0
  SINCE JUN 1      0                         0      0        0
  SINCE JAN 1      0                         0      0        0
..................................................................


WIND (MPH)
  HIGHEST WIND SPEED    18   HIGHEST WIND DIRECTION     W (270)
  HIGHEST GUST SPEED    27   HIGHEST GUST DIRECTION     W (290)
  AVERAGE WIND SPEED     5.0


SKY COVER
  POSSIBLE SUNSHINE  MM
  AVERAGE SKY COVER 0.0


WEATHER CONDITIONS
 THE FOLLOWING WEATHER WAS RECORDED YESTERDAY.
  NO SIGNIFICANT WEATHER WAS OBSERVED.


RELATIVE HUMIDITY (PERCENT)
 HIGHEST    83           100 AM
 LOWEST     14           200 PM
 AVERAGE    49

..........................................................


THE LAKE YELLOWSTONE WY CLIMATE NORMALS FOR TODAY
                         NORMAL    RECORD    YEAR
 MAXIMUM TEMPERATURE (F)   66        80      2012
 MINIMUM TEMPERATURE (F)   36        27      2009
                                             2003


SUNRISE AND SUNSET
JUNE 23 2017..........SUNRISE   537 AM MDT   SUNSET   911 PM MDT
JUNE 24 2017..........SUNRISE   538 AM MDT   SUNSET   911 PM MDT


-  INDICATES NEGATIVE NUMBERS.
R  INDICATES RECORD WAS SET OR TIED.
MM INDICATES DATA IS MISSING.
T  INDICATES TRACE AMOUNT.




$$
