226
CDUS45 KRIW 010738
CLIP60


CLIMATE REPORT
NATIONAL WEATHER SERVICE RIVERTON WY
127 AM MDT SUN MAY 1 2016


...................................

...THE LAKE YELLOWSTONE WY CLIMATE SUMMARY FOR APRIL 30 2016...

CLIMATE NORMAL PERIOD 1981 TO 2010
CLIMATE RECORD PERIOD 1998 TO 2016


WEATHER ITEM   OBSERVED TIME   RECORD YEAR NORMAL DEPARTURE LAST
                VALUE   (LST)  VALUE       VALUE  FROM      YEAR
                                                  NORMAL
..................................................................
TEMPERATURE (F)
 YESTERDAY
  MAXIMUM         43   1224 PM  59    2007  47     -4       52
  MINIMUM         27    526 AM   9    2011  24      3       28
  AVERAGE         35                        35      0       40

PRECIPITATION (IN)
  YESTERDAY        0.01          0.43 2002   0.08  -0.07     0.04
  MONTH TO DATE    1.35                      2.08  -0.73     0.99
  SINCE MAR 1      3.60                      3.29   0.31     1.74
  SINCE JAN 1      6.25                      6.81  -0.56     4.63

DEGREE DAYS
 HEATING
  YESTERDAY       30                        30      0       25
  MONTH TO DATE  902                      1013   -111      988
  SINCE MAR 1   2211                      2314   -103     2162
  SINCE JUL 1   9995                     10251   -256     9726

 COOLING
  YESTERDAY        0                         0      0        0
  MONTH TO DATE    0                         0      0        0
  SINCE MAR 1      0                         0      0        0
  SINCE JAN 1      0                         0      0        0
..................................................................


WIND (MPH)
  HIGHEST WIND SPEED     9   HIGHEST WIND DIRECTION     E (80)
  HIGHEST GUST SPEED    16   HIGHEST GUST DIRECTION    NE (50)
  AVERAGE WIND SPEED     3.1


SKY COVER
  POSSIBLE SUNSHINE  MM
  AVERAGE SKY COVER 0.0


WEATHER CONDITIONS
 THE FOLLOWING WEATHER WAS RECORDED YESTERDAY.
  NO SIGNIFICANT WEATHER WAS OBSERVED.


RELATIVE HUMIDITY (PERCENT)
 HIGHEST    92           400 AM
 LOWEST     45          1200 PM
 AVERAGE    69

..........................................................


THE LAKE YELLOWSTONE WY CLIMATE NORMALS FOR TODAY
                         NORMAL    RECORD    YEAR
 MAXIMUM TEMPERATURE (F)   47        62      2007
 MINIMUM TEMPERATURE (F)   24         6      2009


SUNRISE AND SUNSET
MAY  1 2016...........SUNRISE   611 AM MDT   SUNSET   827 PM MDT
MAY  2 2016...........SUNRISE   610 AM MDT   SUNSET   828 PM MDT


-  INDICATES NEGATIVE NUMBERS.
R  INDICATES RECORD WAS SET OR TIED.
MM INDICATES DATA IS MISSING.
T  INDICATES TRACE AMOUNT.




$$
