000
CDUS45 KRIW 240028
CLIP60


CLIMATE REPORT
NATIONAL WEATHER SERVICE RIVERTON WY
527 PM MST TUE JAN 23 2018


...................................

...THE LAKE YELLOWSTONE WY CLIMATE SUMMARY FOR JANUARY 23 2018...
VALID TODAY AS OF 0500 PM LOCAL TIME.

CLIMATE NORMAL PERIOD 1981 TO 2010
CLIMATE RECORD PERIOD 1998 TO 2018


WEATHER ITEM   OBSERVED TIME   RECORD YEAR NORMAL DEPARTURE LAST
                VALUE   (LST)  VALUE       VALUE  FROM      YEAR
                                                  NORMAL
..................................................................
TEMPERATURE (F)
 TODAY
  MAXIMUM         22        MM  39    2005  24     -2       22
  MINIMUM         -8        MM -14    2008   1     -9        4
  AVERAGE          7

PRECIPITATION (IN)
  TODAY            0.00          0.16 2011   0.05  -0.05     0.00
  MONTH TO DATE    1.73                      1.75  -0.02     2.51
  SINCE DEC 1      3.98                      3.25   0.73     5.61
  SINCE JAN 1      1.73                      1.75  -0.02     2.51

DEGREE DAYS
 HEATING
  TODAY           58                        52      6       52
  MONTH TO DATE 1140                      1196    -56     1387
  SINCE DEC 1   2734                      2786    -52     3146
  SINCE JUL 1   6103                      6106     -3     6290

 COOLING
  TODAY            0                         0      0        0
  MONTH TO DATE    0                         0      0        0
  SINCE DEC 1      0                         0      0        0
  SINCE JAN 1      0                         0      0        0
..................................................................


WIND (MPH)
  HIGHEST WIND SPEED     7   HIGHEST WIND DIRECTION     W (250)
  HIGHEST GUST SPEED    MM   HIGHEST GUST DIRECTION    MM
  AVERAGE WIND SPEED     1.7


SKY COVER
  POSSIBLE SUNSHINE  MM
  AVERAGE SKY COVER 0.0


WEATHER CONDITIONS
 THE FOLLOWING WEATHER WAS RECORDED TODAY.
  NO SIGNIFICANT WEATHER WAS OBSERVED.


RELATIVE HUMIDITY (PERCENT)
 HIGHEST    95           900 AM
 LOWEST     73           100 PM
 AVERAGE    84

..........................................................


THE LAKE YELLOWSTONE WY CLIMATE NORMALS FOR TOMORROW
                         NORMAL    RECORD    YEAR
 MAXIMUM TEMPERATURE (F)   24        34      2007
 MINIMUM TEMPERATURE (F)    1       -27      2008


SUNRISE AND SUNSET
JANUARY 23 2018.......SUNRISE   749 AM MST   SUNSET   518 PM MST
JANUARY 24 2018.......SUNRISE   748 AM MST   SUNSET   520 PM MST


-  INDICATES NEGATIVE NUMBERS.
R  INDICATES RECORD WAS SET OR TIED.
MM INDICATES DATA IS MISSING.
T  INDICATES TRACE AMOUNT.




$$
