000
CDUS45 KRIW 280035
CLIP60


CLIMATE REPORT
NATIONAL WEATHER SERVICE RIVERTON WY
628 PM MDT WED AUG 27 2014


...................................

...THE LAKE YELLOWSTONE WY CLIMATE SUMMARY FOR AUGUST 27 2014...
VALID TODAY AS OF 0500 PM LOCAL TIME.

CLIMATE NORMAL PERIOD 1981 TO 2010
CLIMATE RECORD PERIOD 1998 TO 2014


WEATHER ITEM   OBSERVED TIME   RECORD YEAR NORMAL DEPARTURE LAST
                VALUE   (LST)  VALUE       VALUE  FROM      YEAR
                                                  NORMAL
..................................................................
TEMPERATURE (F)
 TODAY
  MAXIMUM         68        MM  79    2012  70     -2       69
                                      2011
  MINIMUM         33        MM  30    2008  37     -4       41
  AVERAGE         51

PRECIPITATION (IN)
  TODAY            0.00          0.04 2011   0.06  -0.06     0.00
  MONTH TO DATE    2.72                      1.29   1.43     0.73
  SINCE JUN 1      6.41                      4.76   1.65     3.09
  SINCE JAN 1     21.55                     13.84   7.71    12.08

DEGREE DAYS
 HEATING
  TODAY           14                        12      2       10
  MONTH TO DATE  336                       254     82      192
  SINCE JUN 1   1187                      1030    157      823
  SINCE JUL 1    601                       537     64      390

 COOLING
  TODAY            0                         0      0        0
  MONTH TO DATE    0                         0      0        0
  SINCE JUN 1      0                         0      0        0
  SINCE JAN 1      0                         0      0        0
..................................................................


WIND (MPH)
  HIGHEST WIND SPEED     6   HIGHEST WIND DIRECTION     E (99)
  HIGHEST GUST SPEED    MM   HIGHEST GUST DIRECTION    MM
  AVERAGE WIND SPEED     2.5


SKY COVER
  POSSIBLE SUNSHINE  MM
  AVERAGE SKY COVER 0.0


WEATHER CONDITIONS
 THE FOLLOWING WEATHER WAS RECORDED TODAY.
  NO SIGNIFICANT WEATHER WAS OBSERVED.


RELATIVE HUMIDITY (PERCENT)
 HIGHEST   100           200 AM
 LOWEST     37           400 PM
 AVERAGE    69

..........................................................


THE LAKE YELLOWSTONE WY CLIMATE NORMALS FOR TOMORROW
                         NORMAL    RECORD    YEAR
 MAXIMUM TEMPERATURE (F)   70        82      2012
 MINIMUM TEMPERATURE (F)   36        28      2008


SUNRISE AND SUNSET
AUGUST 27 2014........SUNRISE   638 AM MDT   SUNSET   807 PM MDT
AUGUST 28 2014........SUNRISE   640 AM MDT   SUNSET   805 PM MDT


-  INDICATES NEGATIVE NUMBERS.
R  INDICATES RECORD WAS SET OR TIED.
MM INDICATES DATA IS MISSING.
T  INDICATES TRACE AMOUNT.




$$
