000
CDUS45 KRIW 240750
CLIP60


CLIMATE REPORT
NATIONAL WEATHER SERVICE RIVERTON WY
1248 AM MST MON NOV 24 2014


...................................

...THE LAKE YELLOWSTONE WY CLIMATE SUMMARY FOR NOVEMBER 23 2014...

CLIMATE NORMAL PERIOD 1981 TO 2010
CLIMATE RECORD PERIOD 1998 TO 2014


WEATHER ITEM   OBSERVED TIME   RECORD YEAR NORMAL DEPARTURE LAST
                VALUE   (LST)  VALUE       VALUE  FROM      YEAR
                                                  NORMAL
..................................................................
TEMPERATURE (F)
 YESTERDAY
  MAXIMUM         24    148 PM  39    2011  29     -5       29
  MINIMUM         10    217 AM -16    2003   9      1       -4
  AVERAGE         17                        19     -2       13

PRECIPITATION (IN)
  YESTERDAY        0.07          0.80 2002   0.07   0.00     0.00
  MONTH TO DATE    1.22                      1.60  -0.38     1.01
  SINCE SEP 1      4.72                      4.25   0.47     6.70
  SINCE JAN 1     27.84                     18.32   9.52    18.87

DEGREE DAYS
 HEATING
  YESTERDAY       48                        46      2       52
  MONTH TO DATE 1034                       939     95      965
  SINCE SEP 1   2400                      2400      0     2507
  SINCE JUL 1   3062                      2987     75     2931

 COOLING
  YESTERDAY        0                         0      0        0
  MONTH TO DATE    0                         0      0        0
  SINCE SEP 1      0                         0      0        0
  SINCE JAN 1      0                         0      0        0
..................................................................


WIND (MPH)
  HIGHEST WIND SPEED    14   HIGHEST WIND DIRECTION     W (280)
  HIGHEST GUST SPEED    20   HIGHEST GUST DIRECTION     W (290)
  AVERAGE WIND SPEED     6.7


SKY COVER
  POSSIBLE SUNSHINE  MM
  AVERAGE SKY COVER 0.0


WEATHER CONDITIONS
 THE FOLLOWING WEATHER WAS RECORDED YESTERDAY.
  NO SIGNIFICANT WEATHER WAS OBSERVED.


RELATIVE HUMIDITY (PERCENT)
 HIGHEST    92           300 AM
 LOWEST     54           200 PM
 AVERAGE    73

..........................................................


THE LAKE YELLOWSTONE WY CLIMATE NORMALS FOR TODAY
                         NORMAL    RECORD    YEAR
 MAXIMUM TEMPERATURE (F)   29        41      2011
 MINIMUM TEMPERATURE (F)    9       -18      2010


SUNRISE AND SUNSET
NOVEMBER 24 2014......SUNRISE   730 AM MST   SUNSET   447 PM MST
NOVEMBER 25 2014......SUNRISE   731 AM MST   SUNSET   446 PM MST


-  INDICATES NEGATIVE NUMBERS.
R  INDICATES RECORD WAS SET OR TIED.
MM INDICATES DATA IS MISSING.
T  INDICATES TRACE AMOUNT.




$$
