157
CDUS45 KLKN 240941
CLIP68


CLIMATE REPORT
NATIONAL WEATHER SERVICE ELKO NV
236 AM PDT MON APR 24 2017


...................................

...THE EUREKA AIRPORT NV CLIMATE SUMMARY FOR APRIL 23 2017...

CLIMATE NORMAL PERIOD 1981 TO 2010
CLIMATE RECORD PERIOD 1963 TO 2017


WEATHER ITEM   OBSERVED TIME   RECORD YEAR NORMAL DEPARTURE LAST
                VALUE   (LST)  VALUE       VALUE  FROM      YEAR
                                                  NORMAL
..................................................................
TEMPERATURE (F)
 YESTERDAY
  MAXIMUM         63    356 PM  85    2012  61      2       52
  MINIMUM         32    504 AM   8    1968  29      3       33
  AVERAGE         48                        45      3       43

PRECIPITATION (IN)
  YESTERDAY        0.00          0.46 1990   0.03  -0.03     0.03
  MONTH TO DATE    1.83                      0.73   1.10     0.92
  SINCE OCT 1      8.29                      5.39   2.90     8.49
  SINCE JAN 1      6.20                      3.26   2.94     4.22

DEGREE DAYS
 HEATING
  YESTERDAY       17                        20     -3       22
  MONTH TO DATE  489                       519    -30      388
  SINCE MAR 1   1174                      1390   -216     1137
  SINCE JUL 1   6034                      6675   -641     6240

 COOLING
  YESTERDAY        0                         0      0        0
  MONTH TO DATE    0                         0      0        0
  SINCE MAR 1      0                         0      0        0
  SINCE JAN 1      0                         0      0        0
..................................................................


WIND (MPH)
  HIGHEST WIND SPEED    23   HIGHEST WIND DIRECTION     W (260)
  HIGHEST GUST SPEED    29   HIGHEST GUST DIRECTION     W (260)
  AVERAGE WIND SPEED     7.2




RELATIVE HUMIDITY (PERCENT)
 HIGHEST    75           600 AM
 LOWEST     20           500 PM
 AVERAGE    48

..........................................................


THE EUREKA AIRPORT NV CLIMATE NORMALS FOR TODAY
                         NORMAL    RECORD    YEAR
 MAXIMUM TEMPERATURE (F)   62        79      2012
 MINIMUM TEMPERATURE (F)   30         3      1964


SUNRISE AND SUNSET
APRIL 24 2017.........SUNRISE   553 AM PDT   SUNSET   731 PM PDT
APRIL 25 2017.........SUNRISE   552 AM PDT   SUNSET   732 PM PDT


-  INDICATES NEGATIVE NUMBERS.
R  INDICATES RECORD WAS SET OR TIED.
MM INDICATES DATA IS MISSING.
T  INDICATES TRACE AMOUNT.




$$
