000
CDUS45 KLKN 230031
CLIP68


CLIMATE REPORT
NATIONAL WEATHER SERVICE ELKO NV
529 PM PDT TUE AUG 22 2017


...................................

...THE EUREKA AIRPORT NV CLIMATE SUMMARY FOR AUGUST 22 2017...
VALID TODAY AS OF 0500 PM LOCAL TIME.

CLIMATE NORMAL PERIOD 1981 TO 2010
CLIMATE RECORD PERIOD 1963 TO 2017


WEATHER ITEM   OBSERVED TIME   RECORD YEAR NORMAL DEPARTURE LAST
                VALUE   (LST)  VALUE       VALUE  FROM      YEAR
                                                  NORMAL
..................................................................
TEMPERATURE (F)
 TODAY
  MAXIMUM         84    137 PM  93    2011  86     -2       87
                                      2009
                                      2007
  MINIMUM         58    221 AM  34    1968  46     12       50
                                      1963
  AVERAGE         71                        66      5       69

PRECIPITATION (IN)
  TODAY            0.04          0.25 1983   0.02   0.02     0.00
  MONTH TO DATE    0.52                      0.40   0.12     0.00
  SINCE OCT 1     10.04                      8.24   1.80    12.11
  SINCE JAN 1      7.95                      6.11   1.84     7.84

DEGREE DAYS
 HEATING
  TODAY            0                         1     -1        0
  MONTH TO DATE    4                        15    -11        1
  SINCE JUN 1     78                       188   -110       68
  SINCE JUL 1      4                        28    -24       14

 COOLING
  TODAY            6                         2      4        4
  MONTH TO DATE  126                        85     41      105
  SINCE JUN 1    458                       257    201      395
  SINCE JAN 1    458                       260    198      395
..................................................................


WIND (MPH)
  HIGHEST WIND SPEED    22   HIGHEST WIND DIRECTION     S (160)
  HIGHEST GUST SPEED    26   HIGHEST GUST DIRECTION     E (70)




RELATIVE HUMIDITY (PERCENT)
 HIGHEST    67           800 AM
 LOWEST     32          1200 PM
 AVERAGE    50

..........................................................


THE EUREKA AIRPORT NV CLIMATE NORMALS FOR TOMORROW
                         NORMAL    RECORD    YEAR
 MAXIMUM TEMPERATURE (F)   86        94      2011
 MINIMUM TEMPERATURE (F)   46        23      1968


SUNRISE AND SUNSET
AUGUST 22 2017........SUNRISE   603 AM PDT   SUNSET   729 PM PDT
AUGUST 23 2017........SUNRISE   604 AM PDT   SUNSET   728 PM PDT


-  INDICATES NEGATIVE NUMBERS.
R  INDICATES RECORD WAS SET OR TIED.
MM INDICATES DATA IS MISSING.
T  INDICATES TRACE AMOUNT.




$$
