000
CDUS45 KLKN 280935
CLIP68


CLIMATE REPORT
NATIONAL WEATHER SERVICE ELKO NV
230 AM PDT WED SEP 28 2016


...................................

...THE EUREKA AIRPORT NV CLIMATE SUMMARY FOR SEPTEMBER 27 2016...

CLIMATE NORMAL PERIOD 1981 TO 2010
CLIMATE RECORD PERIOD 1963 TO 2016


WEATHER ITEM   OBSERVED TIME   RECORD YEAR NORMAL DEPARTURE LAST
                VALUE   (LST)  VALUE       VALUE  FROM      YEAR
                                                  NORMAL
..................................................................
TEMPERATURE (F)
 YESTERDAY
  MAXIMUM         81    349 PM  90    2010  73      8       84
  MINIMUM         42    548 AM  18    1999  34      8       48
  AVERAGE         62                        54      8       66

PRECIPITATION (IN)
  YESTERDAY        0.00          0.57 1983   0.02  -0.02     0.00
  MONTH TO DATE    1.07                      0.52   0.55     1.46
  SINCE OCT 1     13.18                      8.94   4.24     8.20
  SINCE JAN 1      8.91                      6.81   2.10     7.08

DEGREE DAYS
 HEATING
  YESTERDAY        3                        11     -8        0
  MONTH TO DATE  182                       180      2       81
  SINCE SEP 1    182                       180      2       81
  SINCE JUL 1    206                       227    -21      109

 COOLING
  YESTERDAY        0                         0      0        1
  MONTH TO DATE    9                         9      0       39
  SINCE SEP 1      9                         9      0       39
  SINCE JAN 1    424                       286    138      512
..................................................................


WIND (MPH)
  HIGHEST WIND SPEED    12   HIGHEST WIND DIRECTION    SW (210)
  HIGHEST GUST SPEED    13   HIGHEST GUST DIRECTION    SW (220)
  AVERAGE WIND SPEED     4.2




RELATIVE HUMIDITY (PERCENT)
 HIGHEST    70           100 AM
 LOWEST     16           300 PM
 AVERAGE    43

..........................................................


THE EUREKA AIRPORT NV CLIMATE NORMALS FOR TODAY
                         NORMAL    RECORD    YEAR
 MAXIMUM TEMPERATURE (F)   72        91      2010
 MINIMUM TEMPERATURE (F)   34        14      1986


SUNRISE AND SUNSET
SEPTEMBER 28 2016.....SUNRISE   638 AM PDT   SUNSET   630 PM PDT
SEPTEMBER 29 2016.....SUNRISE   639 AM PDT   SUNSET   629 PM PDT


-  INDICATES NEGATIVE NUMBERS.
R  INDICATES RECORD WAS SET OR TIED.
MM INDICATES DATA IS MISSING.
T  INDICATES TRACE AMOUNT.




$$
