000
CDUS45 KLKN 230937
CLIP68


CLIMATE REPORT
NATIONAL WEATHER SERVICE ELKO NV
130 AM PST MON JAN 23 2017


...................................

...THE EUREKA AIRPORT NV CLIMATE SUMMARY FOR JANUARY 22 2017...

CLIMATE NORMAL PERIOD 1981 TO 2010
CLIMATE RECORD PERIOD 1963 TO 2017


WEATHER ITEM   OBSERVED TIME   RECORD YEAR NORMAL DEPARTURE LAST
                VALUE   (LST)  VALUE       VALUE  FROM      YEAR
                                                  NORMAL
..................................................................
TEMPERATURE (F)
 YESTERDAY
  MAXIMUM         36    202 PM  61    1994  38     -2       45
  MINIMUM         22   1216 AM -13    2008  11     11       20
                                      2004
  AVERAGE         29                        24      5       33

PRECIPITATION (IN)
  YESTERDAY        0.08          0.17 2009   0.02   0.06     0.00
  MONTH TO DATE    2.02                      0.52   1.50     0.68
  SINCE OCT 1      4.11                      2.65   1.46     4.95
  SINCE JAN 1      2.02                      0.52   1.50     0.68

DEGREE DAYS
 HEATING
  YESTERDAY       36                        41     -5       32
  MONTH TO DATE  922                       917      5      934
  SINCE DEC 1   2147                      2164    -17     2160
  SINCE JUL 1   3560                      3923   -363     3646

 COOLING
  YESTERDAY        0                         0      0        0
  MONTH TO DATE    0                         0      0        0
  SINCE DEC 1      0                         0      0        0
  SINCE JAN 1      0                         0      0        0
..................................................................


WIND (MPH)
  HIGHEST WIND SPEED    33   HIGHEST WIND DIRECTION     S (160)
  HIGHEST GUST SPEED    42   HIGHEST GUST DIRECTION     S (160)
  AVERAGE WIND SPEED    12.2




RELATIVE HUMIDITY (PERCENT)
 HIGHEST    92           700 PM
 LOWEST     58           200 AM
 AVERAGE    75

..........................................................


THE EUREKA AIRPORT NV CLIMATE NORMALS FOR TODAY
                         NORMAL    RECORD    YEAR
 MAXIMUM TEMPERATURE (F)   38        60      1981
 MINIMUM TEMPERATURE (F)   11       -16      1985


SUNRISE AND SUNSET
JANUARY 23 2017.......SUNRISE   658 AM PST   SUNSET   454 PM PST
JANUARY 24 2017.......SUNRISE   657 AM PST   SUNSET   455 PM PST


-  INDICATES NEGATIVE NUMBERS.
R  INDICATES RECORD WAS SET OR TIED.
MM INDICATES DATA IS MISSING.
T  INDICATES TRACE AMOUNT.




$$
