000
CDUS45 KLKN 310931
CLIP68


CLIMATE REPORT
NATIONAL WEATHER SERVICE ELKO NV
228 AM PDT WED AUG 31 2016


...................................

...THE EUREKA AIRPORT NV CLIMATE SUMMARY FOR AUGUST 30 2016...

CLIMATE NORMAL PERIOD 1981 TO 2010
CLIMATE RECORD PERIOD 1963 TO 2016


WEATHER ITEM   OBSERVED TIME   RECORD YEAR NORMAL DEPARTURE LAST
                VALUE   (LST)  VALUE       VALUE  FROM      YEAR
                                                  NORMAL
..................................................................
TEMPERATURE (F)
 YESTERDAY
  MAXIMUM         91    303 PM  93    2011  84      7       85
                                      1998
  MINIMUM         49    503 AM  30    1968  44      5       47
  AVERAGE         70                        64      6       66

PRECIPITATION (IN)
  YESTERDAY        0.00          0.31 2012   0.02  -0.02     0.00
  MONTH TO DATE    0.00                      0.56  -0.56     0.72
  SINCE OCT 1     12.11                      8.40   3.71     6.74
  SINCE JAN 1      7.84                      6.27   1.57     5.62

DEGREE DAYS
 HEATING
  YESTERDAY        0                         3     -3        0
  MONTH TO DATE   11                        31    -20        7
  SINCE JUN 1     78                       204   -126       67
  SINCE JUL 1     24                        44    -20       28

 COOLING
  YESTERDAY        5                         1      4        1
  MONTH TO DATE  120                       100     20      187
  SINCE JUN 1    410                       272    138      465
  SINCE JAN 1    410                       275    135      473
..................................................................


WIND (MPH)
  HIGHEST WIND SPEED    28   HIGHEST WIND DIRECTION     S (180)
  HIGHEST GUST SPEED    32   HIGHEST GUST DIRECTION     S (180)
  AVERAGE WIND SPEED     9.8




RELATIVE HUMIDITY (PERCENT)
 HIGHEST    33           500 AM
 LOWEST      8           100 PM
 AVERAGE    21

..........................................................


THE EUREKA AIRPORT NV CLIMATE NORMALS FOR TODAY
                         NORMAL    RECORD    YEAR
 MAXIMUM TEMPERATURE (F)   83        92      1995
 MINIMUM TEMPERATURE (F)   44        29      2005
                                             1968


SUNRISE AND SUNSET
AUGUST 31 2016........SUNRISE   612 AM PDT   SUNSET   715 PM PDT
SEPTEMBER  1 2016.....SUNRISE   613 AM PDT   SUNSET   714 PM PDT


-  INDICATES NEGATIVE NUMBERS.
R  INDICATES RECORD WAS SET OR TIED.
MM INDICATES DATA IS MISSING.
T  INDICATES TRACE AMOUNT.




$$
