000
CDUS45 KLKN 270929
CLIP68


CLIMATE REPORT
NATIONAL WEATHER SERVICE ELKO NV
128 AM PST SAT DEC 27 2014


...................................

...THE EUREKA AIRPORT NV CLIMATE SUMMARY FOR DECEMBER 26 2014...

CLIMATE NORMAL PERIOD 1981 TO 2010
CLIMATE RECORD PERIOD 1963 TO 2014


WEATHER ITEM   OBSERVED TIME   RECORD YEAR NORMAL DEPARTURE LAST
                VALUE   (LST)  VALUE       VALUE  FROM      YEAR
                                                  NORMAL
..................................................................
TEMPERATURE (F)
 YESTERDAY
  MAXIMUM         27    206 PM  56    1980  37    -10       41
  MINIMUM         11   1159 PM -19    1985  10      1        6
  AVERAGE         19                        23     -4       24

PRECIPITATION (IN)
  YESTERDAY        0.01          0.27 1983   0.02  -0.01     0.00
  MONTH TO DATE    0.75                      0.51   0.24     1.07
  SINCE OCT 1      1.08                      2.03  -0.95     2.40
  SINCE JAN 1      9.02                      8.90   0.12     8.54

DEGREE DAYS
 HEATING
  YESTERDAY       46                        42      4       41
  MONTH TO DATE  764                      1039   -275     1149
  SINCE DEC 1    764                      1039   -275     1149
  SINCE JUL 1   2104                      2798   -694     2760

 COOLING
  YESTERDAY        0                         0      0        0
  MONTH TO DATE    0                         0      0        0
  SINCE DEC 1      0                         0      0        0
  SINCE JAN 1    436                       288    148      585
..................................................................


WIND (MPH)
  HIGHEST WIND SPEED    20   HIGHEST WIND DIRECTION     N (350)
  HIGHEST GUST SPEED    25   HIGHEST GUST DIRECTION     N (340)
  AVERAGE WIND SPEED    10.0




RELATIVE HUMIDITY (PERCENT)
 HIGHEST    84          1100 PM
 LOWEST     55           200 PM
 AVERAGE    70

..........................................................


THE EUREKA AIRPORT NV CLIMATE NORMALS FOR TODAY
                         NORMAL    RECORD    YEAR
 MAXIMUM TEMPERATURE (F)   37        51      2011
 MINIMUM TEMPERATURE (F)   10       -25      1988


SUNRISE AND SUNSET
DECEMBER 27 2014......SUNRISE   703 AM PST   SUNSET   427 PM PST
DECEMBER 28 2014......SUNRISE   703 AM PST   SUNSET   428 PM PST


-  INDICATES NEGATIVE NUMBERS.
R  INDICATES RECORD WAS SET OR TIED.
MM INDICATES DATA IS MISSING.
T  INDICATES TRACE AMOUNT.




$$
