000
CDUS45 KLKN 280033
CLIP68


CLIMATE REPORT
NATIONAL WEATHER SERVICE ELKO NV
531 PM PDT WED MAY 27 2015


...................................

...THE EUREKA AIRPORT NV CLIMATE SUMMARY FOR MAY 27 2015...
VALID TODAY AS OF 500 PM LOCAL TIME.

CLIMATE NORMAL PERIOD 1981 TO 2010
CLIMATE RECORD PERIOD 1963 TO 2015


WEATHER ITEM   OBSERVED TIME   RECORD YEAR NORMAL DEPARTURE LAST
                VALUE   (LST)  VALUE       VALUE  FROM      YEAR
                                                  NORMAL
..................................................................
TEMPERATURE (F)
 TODAY
  MAXIMUM         72   1246 PM  90    2014  73     -1       90
                                      2003
  MINIMUM         45    104 AM  24    1980  36      9       41
  AVERAGE         59                        55      4       66

PRECIPITATION (IN)
  TODAY            0.11          0.81 1987   0.02   0.09     0.00
  MONTH TO DATE    1.96                      0.64   1.32     0.95
  SINCE OCT 1      4.33                      6.27  -1.94     6.95
  SINCE JAN 1      3.21                      4.14  -0.93     4.55

DEGREE DAYS
 HEATING
  TODAY            6                        11     -5        0
  MONTH TO DATE  372                       372      0      335
  SINCE MAR 1   1652                      1891   -239     1702
  SINCE JUL 1   5695                      7176  -1481     6506

 COOLING
  TODAY            0                         0      0        1
  MONTH TO DATE    0                         0      0        2
  SINCE MAR 1      0                         0      0        2
  SINCE JAN 1      0                         0      0        2
..................................................................


WIND (MPH)
  HIGHEST WIND SPEED    20   HIGHEST WIND DIRECTION     N (20)
  HIGHEST GUST SPEED    24   HIGHEST GUST DIRECTION    SE (130)




RELATIVE HUMIDITY (PERCENT)
 HIGHEST    86           500 AM
 LOWEST     37          1200 PM
 AVERAGE    62

..........................................................


THE EUREKA AIRPORT NV CLIMATE NORMALS FOR TOMORROW
                         NORMAL    RECORD    YEAR
 MAXIMUM TEMPERATURE (F)   73        95      2003
 MINIMUM TEMPERATURE (F)   36        25      1982


SUNRISE AND SUNSET
MAY 27 2015...........SUNRISE   521 AM PDT   SUNSET   801 PM PDT
MAY 28 2015...........SUNRISE   521 AM PDT   SUNSET   802 PM PDT


-  INDICATES NEGATIVE NUMBERS.
R  INDICATES RECORD WAS SET OR TIED.
MM INDICATES DATA IS MISSING.
T  INDICATES TRACE AMOUNT.




$$
