000
CDUS45 KLKN 110929
CLIP68


CLIMATE REPORT
NATIONAL WEATHER SERVICE ELKO NV
129 AM PST THU FEB 11 2016


...................................

...THE EUREKA AIRPORT NV CLIMATE SUMMARY FOR FEBRUARY 10 2016...

CLIMATE NORMAL PERIOD 1981 TO 2010
CLIMATE RECORD PERIOD 1963 TO 2016


WEATHER ITEM   OBSERVED TIME   RECORD YEAR NORMAL DEPARTURE LAST
                VALUE   (LST)  VALUE       VALUE  FROM      YEAR
                                                  NORMAL
..................................................................
TEMPERATURE (F)
 YESTERDAY
  MAXIMUM         37    349 PM  61    2012  41     -4       50
  MINIMUM          2    352 AM -14    1985  15    -13       19
  AVERAGE         20                        28     -8       35

PRECIPITATION (IN)
  YESTERDAY        0.00          0.10 2000   0.03  -0.03     0.00
  MONTH TO DATE    0.05                      0.30  -0.25     0.09
  SINCE OCT 1      5.96                      3.17   2.79     1.47
  SINCE JAN 1      1.69                      1.04   0.65     0.35

DEGREE DAYS
 HEATING
  YESTERDAY       45                        37      8       30
  MONTH TO DATE  527                       382    145      207
  SINCE DEC 1   3062                      2906    156     2178
  SINCE JUL 1   4548                      4665   -117     3518

 COOLING
  YESTERDAY        0                         0      0        0
  MONTH TO DATE    0                         0      0        0
  SINCE DEC 1      0                         0      0        0
  SINCE JAN 1      0                         0      0        0
..................................................................


WIND (MPH)
  HIGHEST WIND SPEED    15   HIGHEST WIND DIRECTION    SW (210)
  HIGHEST GUST SPEED    17   HIGHEST GUST DIRECTION    SW (210)
  AVERAGE WIND SPEED     5.6




RELATIVE HUMIDITY (PERCENT)
 HIGHEST    88          1000 PM
 LOWEST     58          1100 AM
 AVERAGE    73

..........................................................


THE EUREKA AIRPORT NV CLIMATE NORMALS FOR TODAY
                         NORMAL    RECORD    YEAR
 MAXIMUM TEMPERATURE (F)   42        58      2015
                                             1991
 MINIMUM TEMPERATURE (F)   15       -18      1966


SUNRISE AND SUNSET
FEBRUARY 11 2016......SUNRISE   641 AM PST   SUNSET   515 PM PST
FEBRUARY 12 2016......SUNRISE   640 AM PST   SUNSET   517 PM PST


-  INDICATES NEGATIVE NUMBERS.
R  INDICATES RECORD WAS SET OR TIED.
MM INDICATES DATA IS MISSING.
T  INDICATES TRACE AMOUNT.




$$
