000
CDUS43 KPAH 280638
CLIPAH


CLIMATE REPORT
NATIONAL WEATHER SERVICE PADUCAH KY
1237 AM CST FRI NOV 28 2014


...................................

...THE PADUCAH KY CLIMATE SUMMARY FOR NOVEMBER 27 2014...

CLIMATE NORMAL PERIOD 1981 TO 2010
CLIMATE RECORD PERIOD 1937 TO 2014


WEATHER ITEM   OBSERVED TIME   RECORD YEAR NORMAL DEPARTURE LAST
                VALUE   (LST)  VALUE       VALUE  FROM      YEAR
                                                  NORMAL
..................................................................
TEMPERATURE (F)
 YESTERDAY
  MAXIMUM         38    112 AM  78    1990  53    -15       33
  MINIMUM         25   1104 PM  16    1938  34     -9       18
  AVERAGE         32                        43    -11       26

PRECIPITATION (IN)
  YESTERDAY        0.00          1.80 1968   0.16  -0.16     0.00
  MONTH TO DATE    2.57                      3.81  -1.24     2.27
  SINCE SEP 1      7.16                     11.52  -4.36    11.43
  SINCE JAN 1     43.93                     44.00  -0.07    52.20

SNOWFALL (IN)
  YESTERDAY        0.0           T    1992   0.0    0.0      0.0
  MONTH TO DATE    2.8                       0.0    2.8       T
  SINCE SEP 1      2.8                       0.1    2.7       T
  SINCE JUL 1      2.8                       0.1    2.7       T
  SNOW DEPTH       0

DEGREE DAYS
 HEATING
  YESTERDAY       33                        22     11       39
  MONTH TO DATE  665                       442    223      508
  SINCE SEP 1    890                       708    182      717
  SINCE JUL 1    890                       709    181      717

 COOLING
  YESTERDAY        0                         0      0        0
  MONTH TO DATE    0                         0      0        0
  SINCE SEP 1    251                       225     26      304
  SINCE JAN 1   1722                      1538    184     1478
..................................................................


WIND (MPH)
  HIGHEST WIND SPEED    20   HIGHEST WIND DIRECTION     N (350)
  HIGHEST GUST SPEED    26   HIGHEST GUST DIRECTION    NW (310)
  AVERAGE WIND SPEED     7.0


SKY COVER
  POSSIBLE SUNSHINE  MM
  AVERAGE SKY COVER 0.8


WEATHER CONDITIONS
 THE FOLLOWING WEATHER WAS RECORDED YESTERDAY.
  LIGHT RAIN
  FOG


RELATIVE HUMIDITY (PERCENT)
 HIGHEST    92          1200 AM
 LOWEST     64           400 PM
 AVERAGE    78

..........................................................


THE PADUCAH KY CLIMATE NORMALS FOR TODAY
                         NORMAL    RECORD    YEAR
 MAXIMUM TEMPERATURE (F)   52        73      1949
 MINIMUM TEMPERATURE (F)   33        13      1958
                                             1955


SUNRISE AND SUNSET
NOVEMBER 28 2014......SUNRISE   647 AM CST   SUNSET   439 PM CST
NOVEMBER 29 2014......SUNRISE   648 AM CST   SUNSET   439 PM CST


-  INDICATES NEGATIVE NUMBERS.
R  INDICATES RECORD WAS SET OR TIED.
MM INDICATES DATA IS MISSING.
T  INDICATES TRACE AMOUNT.


&&
.........................................................

***** AGRICULTURAL DATA *****

SOIL TEMPERATURES AT A DEPTH OF FOUR INCHES

UNDER GRASS.........  MAX: 47  MIN: 46

$$
