000
CDUS43 KPAH 232234
CLIPAH


CLIMATE REPORT
NATIONAL WEATHER SERVICE PADUCAH KY
433 PM CST FRI FEB 23 2018


...................................

...THE PADUCAH KY CLIMATE SUMMARY FOR FEBRUARY 23 2018...
VALID TODAY AS OF 0400 PM LOCAL TIME.

CLIMATE NORMAL PERIOD 1981 TO 2010
CLIMATE RECORD PERIOD 1937 TO 2018


WEATHER ITEM   OBSERVED TIME   RECORD YEAR NORMAL DEPARTURE LAST
                VALUE   (LST)  VALUE       VALUE  FROM      YEAR
                                                  NORMAL
..................................................................
TEMPERATURE (F)
 TODAY
  MAXIMUM         60    220 PM  75    1982  52      8       74
  MINIMUM         52   1236 AM  13    2015  32     20       54
                                      1968
  AVERAGE         56                        42     14       64

PRECIPITATION (IN)
  TODAY            1.49          1.68 1962   0.14   1.35     0.00
  MONTH TO DATE    6.26                      3.22   3.04     1.17
  SINCE DEC 1     13.53                     11.49   2.04     9.68
  SINCE JAN 1     10.26                      6.90   3.36     3.67

SNOWFALL (IN)
  TODAY            0.0                                       0.0
  MONTH TO DATE    0.1                                        T
  SINCE JUL 1     12.5                                       0.2
  SNOW DEPTH       0

..................................................................


WIND (MPH)
  HIGHEST WIND SPEED    18   HIGHEST WIND DIRECTION     W (250)
  HIGHEST GUST SPEED    24   HIGHEST GUST DIRECTION    SE (140)




RELATIVE HUMIDITY (PERCENT)
 HIGHEST    96
 LOWEST     86

..........................................................


THE PADUCAH KY CLIMATE NORMALS FOR TOMORROW
                         NORMAL    RECORD    YEAR
 MAXIMUM TEMPERATURE (F)   52        74      2017
 MINIMUM TEMPERATURE (F)   32         9      1967


SUNRISE AND SUNSET
FEBRUARY 23 2018......SUNRISE   634 AM CST   SUNSET   543 PM CST
FEBRUARY 24 2018......SUNRISE   633 AM CST   SUNSET   544 PM CST


-  INDICATES NEGATIVE NUMBERS.
R  INDICATES RECORD WAS SET OR TIED.
MM INDICATES DATA IS MISSING.
T  INDICATES TRACE AMOUNT.




$$
