000
CDUS43 KPAH 032137
CLIPAH


CLIMATE REPORT
NATIONAL WEATHER SERVICE PADUCAH KY
436 PM CDT WED JUN 3 2015


...................................

...THE PADUCAH KY CLIMATE SUMMARY FOR JUNE 3 2015...
VALID TODAY AS OF 0400 PM LOCAL TIME.

CLIMATE NORMAL PERIOD 1981 TO 2010
CLIMATE RECORD PERIOD 1937 TO 2015


WEATHER ITEM   OBSERVED TIME   RECORD YEAR NORMAL DEPARTURE LAST
                VALUE   (LST)  VALUE       VALUE  FROM      YEAR
                                                  NORMAL
..................................................................
TEMPERATURE (F)
 TODAY
  MAXIMUM         79    251 PM  96    1942  83     -4       89
  MINIMUM         62    622 AM  48    1956  62      0       71
  AVERAGE         71                        72     -1       80

PRECIPITATION (IN)
  TODAY            0.00          1.44 1983   0.14  -0.14     0.00
  MONTH TO DATE    T                         0.42  -0.42     0.74
  SINCE JUN 1      T                         0.42  -0.42     0.74
  SINCE JAN 1     25.62                     21.64   3.98    20.93

SNOWFALL (IN)
  TODAY            0.0                                       0.0
  MONTH TO DATE    0.0                                       0.0
  SINCE JUL 1     28.6                                      18.5
  SNOW DEPTH       0

..................................................................


WIND (MPH)
  HIGHEST WIND SPEED    10   HIGHEST WIND DIRECTION    NE (50)
  HIGHEST GUST SPEED    18   HIGHEST GUST DIRECTION    NE (40)




RELATIVE HUMIDITY (PERCENT)
 HIGHEST    84
 LOWEST     48

..........................................................


THE PADUCAH KY CLIMATE NORMALS FOR TOMORROW
                         NORMAL    RECORD    YEAR
 MAXIMUM TEMPERATURE (F)   83        98      2011
 MINIMUM TEMPERATURE (F)   62        47      1964


SUNRISE AND SUNSET
JUNE  3 2015..........SUNRISE   536 AM CDT   SUNSET   810 PM CDT
JUNE  4 2015..........SUNRISE   536 AM CDT   SUNSET   811 PM CDT


-  INDICATES NEGATIVE NUMBERS.
R  INDICATES RECORD WAS SET OR TIED.
MM INDICATES DATA IS MISSING.
T  INDICATES TRACE AMOUNT.




$$
