000
CDUS43 KPAH 140631
CLIPAH

CLIMATE REPORT
NATIONAL WEATHER SERVICE PADUCAH KY
127 AM CDT MON JUL 14 2014

...................................

...THE PADUCAH KY CLIMATE SUMMARY FOR JULY 13 2014...

CLIMATE NORMAL PERIOD 1981 TO 2010
CLIMATE RECORD PERIOD 1937 TO 2014

WEATHER ITEM   OBSERVED TIME   RECORD YEAR NORMAL DEPARTURE LAST
                VALUE   (LST)  VALUE       VALUE  FROM      YEAR
                                                  NORMAL
..................................................................
TEMPERATURE (F)
 YESTERDAY
  MAXIMUM         94    318 PM 105    1966  89      5       85
  MINIMUM         75    448 AM  57    2013  69      6       57
  AVERAGE         85                        79      6       71

PRECIPITATION (IN)
  YESTERDAY        0.00          1.15 1963   0.15  -0.15     0.00
  MONTH TO DATE    1.44                      1.94  -0.50     0.51
  SINCE JUN 1      8.13                      6.00   2.13     9.62
  SINCE JAN 1     28.32                     27.22   1.10    35.09

SNOWFALL (IN)
  YESTERDAY        0.0           0.0  2002   0.0    0.0      0.0
                                      2001
  MONTH TO DATE    0.0                       0.0    0.0      0.0
  SINCE JUN 1      0.0                       0.0    0.0      0.0
  SINCE JUL 1      0.0                       0.0    0.0      0.0
  SNOW DEPTH       0

DEGREE DAYS
 HEATING
  YESTERDAY        0                         0      0        0
  MONTH TO DATE    0                         0      0        0
  SINCE JUN 1      0                         4     -4        0
  SINCE JUL 1      0                         0      0        0

 COOLING
  YESTERDAY       20                        14      6        6
  MONTH TO DATE  160                       182    -22      130
  SINCE JUN 1    565                       502     63      447
  SINCE JAN 1    843                       674    169      625
..................................................................

WIND (MPH)
  HIGHEST WIND SPEED    17   HIGHEST WIND DIRECTION    SW (240)
  HIGHEST GUST SPEED    24   HIGHEST GUST DIRECTION    SW (220)
  AVERAGE WIND SPEED     7.7

SKY COVER
  POSSIBLE SUNSHINE  MM
  AVERAGE SKY COVER 0.0

WEATHER CONDITIONS
 THE FOLLOWING WEATHER WAS RECORDED YESTERDAY.
  NO SIGNIFICANT WEATHER WAS OBSERVED.

RELATIVE HUMIDITY (PERCENT)
 HIGHEST    87           500 AM
 LOWEST     52           400 PM
 AVERAGE    70
..........................................................

THE PADUCAH KY CLIMATE NORMALS FOR TODAY
                         NORMAL    RECORD    YEAR
 MAXIMUM TEMPERATURE (F)   89       105      1966
 MINIMUM TEMPERATURE (F)   69        55      2001
                                             1975

SUNRISE AND SUNSET
JULY 14 2014..........SUNRISE   546 AM CDT   SUNSET   815 PM CDT
JULY 15 2014..........SUNRISE   547 AM CDT   SUNSET   815 PM CDT

-  INDICATES NEGATIVE NUMBERS.
R  INDICATES RECORD WAS SET OR TIED.
MM INDICATES DATA IS MISSING.
T  INDICATES TRACE AMOUNT.

&&
..........................................................
***** AGRICULTURAL DATA *****

SOIL TEMPERATURES AT A DEPTH OF FOUR INCHES

UNDER BARE GROUND...  MAX: MM  MIN: MM
UNDER GRASS.........  MAX: 80  MIN: 79

$$
