412
CDUS44 KLZK 280635
CLIPBF


CLIMATE REPORT
NATIONAL WEATHER SERVICE LITTLE ROCK AR
135 AM CDT TUE MAR 28 2017


...................................

...THE PINE BLUFF CLIMATE SUMMARY FOR MARCH 27 2017...

CLIMATE NORMAL PERIOD 1981 TO 2010
CLIMATE RECORD PERIOD 1883 TO 2017


WEATHER ITEM   OBSERVED TIME   RECORD YEAR NORMAL DEPARTURE LAST
                VALUE   (LST)  VALUE       VALUE  FROM      YEAR
                                                  NORMAL
..................................................................
TEMPERATURE (F)
 YESTERDAY
  MAXIMUM         81    450 PM  88    1935  69     12       80
                                      1918
  MINIMUM         59    533 AM  20    1955  46     13       48
  AVERAGE         70                        58     12       64

PRECIPITATION (IN)
  YESTERDAY        0.01          2.96 1977   0.16  -0.15     0.00
  MONTH TO DATE    3.10                      4.72  -1.62    10.41
  SINCE MAR 1      3.10                      4.72  -1.62    10.41
  SINCE JAN 1      9.40                     12.54  -3.14    16.46

SNOWFALL (IN)
  YESTERDAY        0.0           T    1937   0.0    0.0      0.0
  MONTH TO DATE    0.0                       0.0    0.0      0.0
  SINCE MAR 1      0.0                       0.0    0.0      0.0
  SINCE JUL 1      1.5                       3.1   -1.6      3.6
  SNOW DEPTH       0

DEGREE DAYS
 HEATING
  YESTERDAY        0                         8     -8        1
  MONTH TO DATE  239                       317    -78      207
  SINCE MAR 1    239                       317    -78      207
  SINCE JUL 1   1950                      2705   -755     2114

 COOLING
  YESTERDAY        5                         1      4        0
  MONTH TO DATE   27                        12     15       15
  SINCE MAR 1     27                        12     15       15
  SINCE JAN 1     48                        15     33       19
..................................................................


WIND (MPH)
  HIGHEST WIND SPEED    24   HIGHEST WIND DIRECTION    SW (220)
  HIGHEST GUST SPEED    33   HIGHEST GUST DIRECTION     S (200)
  AVERAGE WIND SPEED    10.5


SKY COVER
  POSSIBLE SUNSHINE  MM
  AVERAGE SKY COVER 0.4


WEATHER CONDITIONS
 THE FOLLOWING WEATHER WAS RECORDED YESTERDAY.
  THUNDERSTORM
  LIGHT RAIN


RELATIVE HUMIDITY (PERCENT)
 HIGHEST    93           800 AM
 LOWEST     51           200 PM
 AVERAGE    72

..........................................................


THE PINE BLUFF CLIMATE NORMALS FOR TODAY
                         NORMAL    RECORD    YEAR
 MAXIMUM TEMPERATURE (F)   69        92      1918
 MINIMUM TEMPERATURE (F)   47        27      1937


SUNRISE AND SUNSET
MARCH 28 2017.........SUNRISE   700 AM CDT   SUNSET   726 PM CDT
MARCH 29 2017.........SUNRISE   659 AM CDT   SUNSET   727 PM CDT


-  INDICATES NEGATIVE NUMBERS.
R  INDICATES RECORD WAS SET OR TIED.
MM INDICATES DATA IS MISSING.
T  INDICATES TRACE AMOUNT.




$$
