000
CDUS44 KLZK 240636
CLIPBF


CLIMATE REPORT
NATIONAL WEATHER SERVICE LITTLE ROCK AR
1234 AM CST FRI NOV 24 2017


...................................

...THE PINE BLUFF CLIMATE SUMMARY FOR NOVEMBER 23 2017...

CLIMATE NORMAL PERIOD 1981 TO 2010
CLIMATE RECORD PERIOD 1883 TO 2017


WEATHER ITEM   OBSERVED TIME   RECORD YEAR NORMAL DEPARTURE LAST
                VALUE   (LST)  VALUE       VALUE  FROM      YEAR
                                                  NORMAL
..................................................................
TEMPERATURE (F)
 YESTERDAY
  MAXIMUM         59    300 PM  82    1931  60     -1       64
  MINIMUM         24    133 AM  15    1929  40    -16       53
  AVERAGE         42                        50     -8       59

PRECIPITATION (IN)
  YESTERDAY        0.00          2.64 2004   0.16  -0.16     1.04
  MONTH TO DATE    0.25                      3.61  -3.36     1.87
  SINCE SEP 1      2.01                     11.30  -9.29     3.79
  SINCE JAN 1     42.52                     44.49  -1.97    47.74

SNOWFALL (IN)
  YESTERDAY        0.0           T    1971   0.0    0.0      0.0
  MONTH TO DATE    0.0                       0.0    0.0      0.0
  SINCE SEP 1      0.0                       0.0    0.0      0.0
  SINCE JUL 1      0.0                       0.0    0.0      0.0
  SNOW DEPTH       0

DEGREE DAYS
 HEATING
  YESTERDAY       23                        15      8        6
  MONTH TO DATE  240                       255    -15      163
  SINCE SEP 1    379                       392    -13      191
  SINCE JUL 1    379                       392    -13      191

 COOLING
  YESTERDAY        0                         0      0        0
  MONTH TO DATE   35                        10     25       15
  SINCE SEP 1    448                       371     77      520
  SINCE JAN 1   2094                      2129    -35     2328
..................................................................


WIND (MPH)
  HIGHEST WIND SPEED     7   HIGHEST WIND DIRECTION     S (180)
  HIGHEST GUST SPEED     9   HIGHEST GUST DIRECTION     S (190)
  AVERAGE WIND SPEED     1.2


SKY COVER
  POSSIBLE SUNSHINE  MM
  AVERAGE SKY COVER 0.0


WEATHER CONDITIONS
 THE FOLLOWING WEATHER WAS RECORDED YESTERDAY.
  NO SIGNIFICANT WEATHER WAS OBSERVED.


RELATIVE HUMIDITY (PERCENT)
 HIGHEST    92           200 AM
 LOWEST     25           300 PM
 AVERAGE    59

..........................................................


THE PINE BLUFF CLIMATE NORMALS FOR TODAY
                         NORMAL    RECORD    YEAR
 MAXIMUM TEMPERATURE (F)   60        85      1908
 MINIMUM TEMPERATURE (F)   40        19      1970


SUNRISE AND SUNSET
NOVEMBER 24 2017......SUNRISE   649 AM CST   SUNSET   459 PM CST
NOVEMBER 25 2017......SUNRISE   650 AM CST   SUNSET   459 PM CST


-  INDICATES NEGATIVE NUMBERS.
R  INDICATES RECORD WAS SET OR TIED.
MM INDICATES DATA IS MISSING.
T  INDICATES TRACE AMOUNT.




$$
