000
CDUS44 KLZK 230906
CLIPBF


CLIMATE REPORT
NATIONAL WEATHER SERVICE LITTLE ROCK AR
406 AM CDT THU OCT 23 2014


...................................

...THE PINE BLUFF CLIMATE SUMMARY FOR OCTOBER 22 2014...

CLIMATE NORMAL PERIOD 1981 TO 2010
CLIMATE RECORD PERIOD 1883 TO 2014


WEATHER ITEM   OBSERVED TIME   RECORD YEAR NORMAL DEPARTURE LAST
                VALUE   (LST)  VALUE       VALUE  FROM      YEAR
                                                  NORMAL
..................................................................
TEMPERATURE (F)
 YESTERDAY
  MAXIMUM         72    231 PM  92    1934  73     -1       68
  MINIMUM         48   1150 PM  32    1976  50     -2       51
                                      1916
  AVERAGE         60                        61     -1       60

PRECIPITATION (IN)
  YESTERDAY        0.00          2.47 1957   0.19  -0.19     0.04
  MONTH TO DATE    5.04                      3.53   1.51     2.53
  SINCE SEP 1      5.83                      6.22  -0.39     7.01
  SINCE JAN 1     35.74                     39.41  -3.67    40.64

SNOWFALL (IN)
  YESTERDAY        0.0          MM      MM   0.0    0.0      0.0
  MONTH TO DATE    0.0                       0.0    0.0      0.0
  SINCE SEP 1      0.0                       0.0    0.0      0.0
  SINCE JUL 1      0.0                       0.0    0.0      0.0
  SNOW DEPTH       0

DEGREE DAYS
 HEATING
  YESTERDAY        5                         5      0        5
  MONTH TO DATE   41                        66    -25       55
  SINCE SEP 1     44                        77    -33       55
  SINCE JUL 1     45                        77    -32       55

 COOLING
  YESTERDAY        0                         2     -2        0
  MONTH TO DATE   78                        63     15       88
  SINCE SEP 1    383                       349     34      476
  SINCE JAN 1   1884                      2107   -223     2140
..................................................................


WIND (MPH)
  HIGHEST WIND SPEED    15   HIGHEST WIND DIRECTION    NE (30)
  HIGHEST GUST SPEED    22   HIGHEST GUST DIRECTION    NE (50)
  AVERAGE WIND SPEED     5.8


SKY COVER
  POSSIBLE SUNSHINE  MM
  AVERAGE SKY COVER 0.0


WEATHER CONDITIONS
 THE FOLLOWING WEATHER WAS RECORDED YESTERDAY.
  NO SIGNIFICANT WEATHER WAS OBSERVED.


RELATIVE HUMIDITY (PERCENT)
 HIGHEST    93           300 AM
 LOWEST     41           300 PM
 AVERAGE    67

..........................................................


THE PINE BLUFF CLIMATE NORMALS FOR TODAY
                         NORMAL    RECORD    YEAR
 MAXIMUM TEMPERATURE (F)   73        96      1939
 MINIMUM TEMPERATURE (F)   50        28      1952


SUNRISE AND SUNSET
OCTOBER 23 2014.......SUNRISE   720 AM CDT   SUNSET   624 PM CDT
OCTOBER 24 2014.......SUNRISE   720 AM CDT   SUNSET   623 PM CDT


-  INDICATES NEGATIVE NUMBERS.
R  INDICATES RECORD WAS SET OR TIED.
MM INDICATES DATA IS MISSING.
T  INDICATES TRACE AMOUNT.




$$
