000
CDUS44 KLZK 160635
CLIPBF


CLIMATE REPORT
NATIONAL WEATHER SERVICE LITTLE ROCK AR
1235 AM CST MON JAN 16 2017


...................................

...THE PINE BLUFF CLIMATE SUMMARY FOR JANUARY 15 2017...

CLIMATE NORMAL PERIOD 1981 TO 2010
CLIMATE RECORD PERIOD 1883 TO 2017


WEATHER ITEM   OBSERVED TIME   RECORD YEAR NORMAL DEPARTURE LAST
                VALUE   (LST)  VALUE       VALUE  FROM      YEAR
                                                  NORMAL
..................................................................
TEMPERATURE (F)
 YESTERDAY
  MAXIMUM         50    655 PM  80    1928  52     -2       68
  MINIMUM         44    732 AM  10    1892  33     11       43
  AVERAGE         47                        42      5       56

PRECIPITATION (IN)
  YESTERDAY        T             2.61 1954   0.13  -0.13     0.00
  MONTH TO DATE    0.95                      1.77  -0.82     0.91
  SINCE DEC 1      5.53                      7.21  -1.68     6.25
  SINCE JAN 1      0.95                      1.77  -0.82     0.91

SNOWFALL (IN)
  YESTERDAY        0.0           3.0  1917   0.1   -0.1      0.0
  MONTH TO DATE    1.5                       0.5    1.0      0.0
  SINCE DEC 1      1.5                       0.7    0.8      0.0
  SINCE JUL 1      1.5                       0.7    0.8      0.0
  SNOW DEPTH       0

DEGREE DAYS
 HEATING
  YESTERDAY       18                        23     -5        9
  MONTH TO DATE  305                       345    -40      327
  SINCE DEC 1    916                       994    -78      730
  SINCE JUL 1   1213                      1498   -285     1069

 COOLING
  YESTERDAY        0                         0      0        0
  MONTH TO DATE    5                         0      5        0
  SINCE DEC 1     10                         1      9       10
  SINCE JAN 1      5                         0      5        0
..................................................................


WIND (MPH)
  HIGHEST WIND SPEED    10   HIGHEST WIND DIRECTION     N (20)
  HIGHEST GUST SPEED    12   HIGHEST GUST DIRECTION    NE (30)
  AVERAGE WIND SPEED     6.1


SKY COVER
  POSSIBLE SUNSHINE  MM
  AVERAGE SKY COVER 1.0


WEATHER CONDITIONS
 THE FOLLOWING WEATHER WAS RECORDED YESTERDAY.
  LIGHT RAIN
  FOG
  FOG W/VISIBILITY <= 1/4 MILE


RELATIVE HUMIDITY (PERCENT)
 HIGHEST   100          1200 AM
 LOWEST     93           500 PM
 AVERAGE    97

..........................................................


THE PINE BLUFF CLIMATE NORMALS FOR TODAY
                         NORMAL    RECORD    YEAR
 MAXIMUM TEMPERATURE (F)   52        81      1943
 MINIMUM TEMPERATURE (F)   33        12      1905


SUNRISE AND SUNSET
JANUARY 16 2017.......SUNRISE   713 AM CST   SUNSET   523 PM CST
JANUARY 17 2017.......SUNRISE   713 AM CST   SUNSET   524 PM CST


-  INDICATES NEGATIVE NUMBERS.
R  INDICATES RECORD WAS SET OR TIED.
MM INDICATES DATA IS MISSING.
T  INDICATES TRACE AMOUNT.




$$
