000
CDUS44 KLZK 312121
CLIPBF


CLIMATE REPORT
NATIONAL WEATHER SERVICE LITTLE ROCK AR
420 PM CDT TUE MAY 31 2016


...................................

...THE PINE BLUFF CLIMATE SUMMARY FOR MAY 31 2016...
VALID TODAY AS OF 0400 PM LOCAL TIME.

CLIMATE NORMAL PERIOD 1981 TO 2010
CLIMATE RECORD PERIOD 1883 TO 2016


WEATHER ITEM   OBSERVED TIME   RECORD YEAR NORMAL DEPARTURE LAST
                VALUE   (LST)  VALUE       VALUE  FROM      YEAR
                                                  NORMAL
..................................................................
TEMPERATURE (F)
 TODAY
  MAXIMUM         86    238 PM  99    1886  86      0       75
  MINIMUM         72    800 AM  40    1984  66      6       67
                                      2002
  AVERAGE         79                        76      3       71

PRECIPITATION (IN)
  TODAY            0.00          3.46 1909   0.16  -0.16     0.73
  MONTH TO DATE    4.44                      5.05  -0.61     5.01
  SINCE MAR 1     24.95                     15.38   9.57    20.72
  SINCE JAN 1     31.00                     23.20   7.80    27.65

SNOWFALL (IN)
  TODAY            0.0          MM      MM   0.0    0.0      0.0
  MONTH TO DATE    0.0                       0.0    0.0      0.0
  SINCE MAR 1      0.0                       0.0    0.0      2.0
  SINCE JUL 1      3.6                       3.1    0.5      9.2
  SNOW DEPTH      MM

DEGREE DAYS
 HEATING
  TODAY            0                         0      0        0
  MONTH TO DATE   28                        15     13       13
  SINCE MAR 1    327                       493   -166      515
  SINCE JUL 1   2234                      2881   -647     3249

 COOLING
  TODAY           14                        11      3        6
  MONTH TO DATE  164                       220    -56      244
  SINCE MAR 1    247                       304    -57      329
  SINCE JAN 1    251                       307    -56      329
..................................................................


WIND (MPH)
  HIGHEST WIND SPEED     7   HIGHEST WIND DIRECTION     E (80)
  HIGHEST GUST SPEED    MM   HIGHEST GUST DIRECTION    MM
  AVERAGE WIND SPEED     4.1


SKY COVER
  POSSIBLE SUNSHINE  MM
  AVERAGE SKY COVER 0.2


WEATHER CONDITIONS
 THE FOLLOWING WEATHER WAS RECORDED TODAY.
  NO SIGNIFICANT WEATHER WAS OBSERVED.


RELATIVE HUMIDITY (PERCENT)
 HIGHEST    84           800 AM
 LOWEST     61           200 PM
 AVERAGE    73

..........................................................


THE PINE BLUFF CLIMATE NORMALS FOR TOMORROW
                         NORMAL    RECORD    YEAR
 MAXIMUM TEMPERATURE (F)   86        98      1921
                                             1886
 MINIMUM TEMPERATURE (F)   66        50      1894
                                             1889


SUNRISE AND SUNSET
MAY 31 2016...........SUNRISE   557 AM CDT   SUNSET   814 PM CDT
JUNE  1 2016..........SUNRISE   557 AM CDT   SUNSET   815 PM CDT


-  INDICATES NEGATIVE NUMBERS.
R  INDICATES RECORD WAS SET OR TIED.
MM INDICATES DATA IS MISSING.
T  INDICATES TRACE AMOUNT.




$$
