000
CDUS44 KLZK 240909
CLIPBF


CLIMATE REPORT
NATIONAL WEATHER SERVICE LITTLE ROCK AR
409 AM CDT THU APR 24 2014


...................................

...THE PINE BLUFF CLIMATE SUMMARY FOR APRIL 23 2014...

CLIMATE NORMAL PERIOD 1981 TO 2010
CLIMATE RECORD PERIOD 1883 TO 2014


WEATHER ITEM   OBSERVED TIME   RECORD YEAR NORMAL DEPARTURE LAST
                VALUE   (LST)  VALUE       VALUE  FROM      YEAR
                                                  NORMAL
..................................................................
TEMPERATURE (F)
 YESTERDAY
  MAXIMUM         79    339 PM  96    1905  76      3       79
  MINIMUM         50    400 AM  38    1931  54     -4       52
  AVERAGE         65                        65      0       66

PRECIPITATION (IN)
  YESTERDAY        0.00          4.05 1941   0.17  -0.17     0.02
  MONTH TO DATE    3.71                      3.78  -0.07     4.71
  SINCE MAR 1      8.17                      9.18  -1.01     8.53
  SINCE JAN 1     13.60                     17.00  -3.40    19.84

SNOWFALL (IN)
  YESTERDAY        0.0          MM      MM   0.0    0.0      0.0
  MONTH TO DATE    0.0                       0.0    0.0      0.0
  SINCE MAR 1      T                         0.0    0.0      0.0
  SINCE JUL 1      3.7                       3.1    0.6      2.1
  SNOW DEPTH       0

DEGREE DAYS
 HEATING
  YESTERDAY        0                         3     -3        0
  MONTH TO DATE  138                       114     24      155
  SINCE MAR 1    622                       461    161      649
  SINCE JUL 1   3391                      2849    542     2860

 COOLING
  YESTERDAY        0                         3     -3        1
  MONTH TO DATE   32                        43    -11       46
  SINCE MAR 1     32                        60    -28       49
  SINCE JAN 1     32                        63    -31       54
..................................................................


WIND (MPH)
  HIGHEST WIND SPEED    12   HIGHEST WIND DIRECTION     E (100)
  HIGHEST GUST SPEED    17   HIGHEST GUST DIRECTION     E (100)
  AVERAGE WIND SPEED     4.9


SKY COVER
  POSSIBLE SUNSHINE  MM
  AVERAGE SKY COVER 0.0


WEATHER CONDITIONS
 THE FOLLOWING WEATHER WAS RECORDED YESTERDAY.
  NO SIGNIFICANT WEATHER WAS OBSERVED.


RELATIVE HUMIDITY (PERCENT)
 HIGHEST    96           400 AM
 LOWEST     32           300 PM
 AVERAGE    64

..........................................................


THE PINE BLUFF CLIMATE NORMALS FOR TODAY
                         NORMAL    RECORD    YEAR
 MAXIMUM TEMPERATURE (F)   76        90      1965
                                             2002
 MINIMUM TEMPERATURE (F)   54        41      1982
                                             1951
                                             1910


SUNRISE AND SUNSET
APRIL 24 2014.........SUNRISE   626 AM CDT   SUNSET   746 PM CDT
APRIL 25 2014.........SUNRISE   625 AM CDT   SUNSET   747 PM CDT


-  INDICATES NEGATIVE NUMBERS.
R  INDICATES RECORD WAS SET OR TIED.
MM INDICATES DATA IS MISSING.
T  INDICATES TRACE AMOUNT.




$$
