000
CDUS44 KLZK 280902
CLIPBF


CLIMATE REPORT
NATIONAL WEATHER SERVICE LITTLE ROCK AR
401 AM CDT THU MAY 28 2015


...................................

...THE PINE BLUFF CLIMATE SUMMARY FOR MAY 27 2015...

CLIMATE NORMAL PERIOD 1981 TO 2010
CLIMATE RECORD PERIOD 1883 TO 2015


WEATHER ITEM   OBSERVED TIME   RECORD YEAR NORMAL DEPARTURE LAST
                VALUE   (LST)  VALUE       VALUE  FROM      YEAR
                                                  NORMAL
..................................................................
TEMPERATURE (F)
 YESTERDAY
  MAXIMUM         84    525 PM  97    1918  85     -1       85
  MINIMUM         69   1153 PM  45    1901  65      4       68
  AVERAGE         77                        75      2       77

PRECIPITATION (IN)
  YESTERDAY        0.03          1.65 1924   0.15  -0.12     0.22
  MONTH TO DATE    3.59                      4.42  -0.83     3.56
  SINCE MAR 1     19.30                     14.75   4.55    13.25
  SINCE JAN 1     26.23                     22.57   3.66    18.68

SNOWFALL (IN)
  YESTERDAY        0.0          MM      MM   0.0    0.0      0.0
  MONTH TO DATE    0.0                       0.0    0.0      0.0
  SINCE MAR 1      2.0                       0.0    2.0       T
  SINCE JUL 1      9.2                       3.1    6.1      3.7
  SNOW DEPTH       0

DEGREE DAYS
 HEATING
  YESTERDAY        0                         0      0        0
  MONTH TO DATE   13                        15     -2       46
  SINCE MAR 1    515                       491     24      684
  SINCE JUL 1   3249                      2879    370     3453

 COOLING
  YESTERDAY       12                        10      2       12
  MONTH TO DATE  203                       180     23      170
  SINCE MAR 1    288                       264     24      224
  SINCE JAN 1    288                       267     21      224
..................................................................


WIND (MPH)
  HIGHEST WIND SPEED    14   HIGHEST WIND DIRECTION    SE (140)
  HIGHEST GUST SPEED    18   HIGHEST GUST DIRECTION    SE (140)
  AVERAGE WIND SPEED     6.9


SKY COVER
  POSSIBLE SUNSHINE  MM
  AVERAGE SKY COVER 0.3


WEATHER CONDITIONS
 THE FOLLOWING WEATHER WAS RECORDED YESTERDAY.
  THUNDERSTORM
  LIGHT RAIN
  FOG


RELATIVE HUMIDITY (PERCENT)
 HIGHEST   100          1100 PM
 LOWEST     59           500 PM
 AVERAGE    80

..........................................................


THE PINE BLUFF CLIMATE NORMALS FOR TODAY
                         NORMAL    RECORD    YEAR
 MAXIMUM TEMPERATURE (F)   85        99      1926
 MINIMUM TEMPERATURE (F)   65        47      1961


SUNRISE AND SUNSET
MAY 28 2015...........SUNRISE   559 AM CDT   SUNSET   812 PM CDT
MAY 29 2015...........SUNRISE   558 AM CDT   SUNSET   812 PM CDT


-  INDICATES NEGATIVE NUMBERS.
R  INDICATES RECORD WAS SET OR TIED.
MM INDICATES DATA IS MISSING.
T  INDICATES TRACE AMOUNT.




$$
