000
CDUS42 KMFL 180835
CLIPBI


CLIMATE REPORT
NATIONAL WEATHER SERVICE MIAMI, FL
433 AM EDT THU SEP 18 2014


...................................

...THE WEST PALM BEACH CLIMATE SUMMARY FOR SEPTEMBER 17 2014...

CLIMATE NORMAL PERIOD 1981 TO 2010
CLIMATE RECORD PERIOD 1894 TO 2014


WEATHER ITEM   OBSERVED TIME   RECORD YEAR NORMAL DEPARTURE LAST
                VALUE   (LST)  VALUE       VALUE  FROM      YEAR
                                                  NORMAL
..................................................................
TEMPERATURE (F)
 YESTERDAY
  MAXIMUM         89    100 PM  95    1938  88      1       81
  MINIMUM         74    632 AM  68    1961  75     -1       73
  AVERAGE         82                        82      0       77

PRECIPITATION (IN)
  YESTERDAY        T             5.19 1960   0.30  -0.30     0.62
  MONTH TO DATE    5.60                      4.83   0.77     4.28
  SINCE JUN 1     31.02                     26.84   4.18    26.95
  SINCE JAN 1     48.74                     45.55   3.19    51.90

SNOWFALL (IN)
  YESTERDAY        0.0
  MONTH TO DATE    0.0
  SINCE SEP 1      0.0
  SINCE JUL 1      0.0
  SNOW DEPTH       0

DEGREE DAYS
 HEATING
  YESTERDAY        0                         0      0
  MONTH TO DATE    0                         0      0
  SINCE SEP 1      0                         0      0
  SINCE JUL 1      0                         0      0

 COOLING
  YESTERDAY       17                        17      0
  MONTH TO DATE  297                       289      8
  SINCE SEP 1    297                       289      8
  SINCE JAN 1   3305                      2995    310
..................................................................


WIND (MPH)
  HIGHEST WIND SPEED    23   HIGHEST WIND DIRECTION     W (290)
  HIGHEST GUST SPEED    29   HIGHEST GUST DIRECTION     W (280)
  AVERAGE WIND SPEED     5.3


SKY COVER
  AVERAGE SKY COVER 0.7


WEATHER CONDITIONS
 THE FOLLOWING WEATHER WAS RECORDED YESTERDAY.
  LIGHT RAIN


RELATIVE HUMIDITY (PERCENT)
 HIGHEST    94
 LOWEST     55
 AVERAGE    75

..........................................................


THE WEST PALM BEACH CLIMATE NORMALS FOR TODAY
                         NORMAL    RECORD    YEAR
 MAXIMUM TEMPERATURE (F)   88        95      1900
 MINIMUM TEMPERATURE (F)   75        66      1920


SUNRISE AND SUNSET
SEPTEMBER 18 2014.....SUNRISE   707 AM EDT   SUNSET   721 PM EDT
SEPTEMBER 19 2014.....SUNRISE   708 AM EDT   SUNSET   720 PM EDT


-  INDICATES NEGATIVE NUMBERS.
R  INDICATES RECORD WAS SET OR TIED.
MM INDICATES DATA IS MISSING.
T  INDICATES TRACE AMOUNT.




$$
