000
CDUS42 KMFL 250825
CLIPBI


CLIMATE REPORT
NATIONAL WEATHER SERVICE MIAMI, FL
425 AM EDT FRI JUL 25 2014


...................................

...THE WEST PALM BEACH CLIMATE SUMMARY FOR JULY 24 2014...

CLIMATE NORMAL PERIOD 1981 TO 2010
CLIMATE RECORD PERIOD 1894 TO 2014


WEATHER ITEM   OBSERVED TIME   RECORD YEAR NORMAL DEPARTURE LAST
                VALUE   (LST)  VALUE       VALUE  FROM      YEAR
                                                  NORMAL
..................................................................
TEMPERATURE (F)
 YESTERDAY
  MAXIMUM         90    346 PM  97    1912  90      0       94
  MINIMUM         77    521 AM  67    1940  76      1       78
  AVERAGE         84                        83      1       86

PRECIPITATION (IN)
  YESTERDAY        0.01          2.00 1933   0.17  -0.16      T
  MONTH TO DATE    6.70                      4.51   2.19     5.59
  SINCE JUN 1     14.68                     12.81   1.87    18.32
  SINCE JAN 1     32.40                     31.52   0.88    43.27

SNOWFALL (IN)
  YESTERDAY        0.0
  MONTH TO DATE    0.0
  SINCE JUN 1      0.0
  SINCE JUL 1      0.0
  SNOW DEPTH       0

DEGREE DAYS
 HEATING
  YESTERDAY        0                         0      0
  MONTH TO DATE    0                         0      0
  SINCE JUN 1      0                         0      0
  SINCE JUL 1      0                         0      0

 COOLING
  YESTERDAY       19                        18      1
  MONTH TO DATE  426                       421      5
  SINCE JUN 1    914                       911      3
  SINCE JAN 1   2266                      2020    246
..................................................................


WIND (MPH)
  HIGHEST WIND SPEED    15   HIGHEST WIND DIRECTION    SE (130)
  HIGHEST GUST SPEED    19   HIGHEST GUST DIRECTION    SW (210)
  AVERAGE WIND SPEED     5.8


SKY COVER
  AVERAGE SKY COVER 0.5


WEATHER CONDITIONS
 THE FOLLOWING WEATHER WAS RECORDED YESTERDAY.
  THUNDERSTORM
  LIGHT RAIN


RELATIVE HUMIDITY (PERCENT)
 HIGHEST    91
 LOWEST     61
 AVERAGE    76

..........................................................


THE WEST PALM BEACH CLIMATE NORMALS FOR TODAY
                         NORMAL    RECORD    YEAR
 MAXIMUM TEMPERATURE (F)   90        98      1912
 MINIMUM TEMPERATURE (F)   76        66      1940


SUNRISE AND SUNSET
JULY 25 2014..........SUNRISE   642 AM EDT   SUNSET   812 PM EDT
JULY 26 2014..........SUNRISE   642 AM EDT   SUNSET   811 PM EDT


-  INDICATES NEGATIVE NUMBERS.
R  INDICATES RECORD WAS SET OR TIED.
MM INDICATES DATA IS MISSING.
T  INDICATES TRACE AMOUNT.




$$
