000
CDUS42 KMFL 252016
CLIPBI


CLIMATE REPORT
NATIONAL WEATHER SERVICE MIAMI, FL
416 PM EDT SAT MAR 25 2017


...................................

...THE WEST PALM BEACH CLIMATE SUMMARY FOR MARCH 25 2017...
VALID TODAY AS OF 0400 PM LOCAL TIME.

CLIMATE NORMAL PERIOD 1981 TO 2010
CLIMATE RECORD PERIOD 1888 TO 2017


WEATHER ITEM   OBSERVED TIME   RECORD YEAR NORMAL DEPARTURE LAST
                VALUE   (LST)  VALUE       VALUE  FROM      YEAR
                                                  NORMAL
..................................................................
TEMPERATURE (F)
 TODAY
  MAXIMUM         78    259 PM  91    1957  79     -1       83
                                      1952
  MINIMUM         71    702 AM  42    1915  63      8       71
  AVERAGE         75                        71      4       77

PRECIPITATION (IN)
  TODAY            0.00          4.15 1970   0.15  -0.15     0.10
  MONTH TO DATE    1.52                      3.71  -2.19     0.42
  SINCE NOV 1      9.53                     17.79  -8.26    23.38
  SINCE JAN 1      5.06                      9.66  -4.60    12.98

SNOWFALL (IN)
  TODAY            0.0
  MONTH TO DATE    0.0
  SINCE MAR 1      0.0
  SINCE JUL 1      0.0
  SNOW DEPTH       0

DEGREE DAYS
 HEATING
  TODAY            0                         0      0        0
  MONTH TO DATE   16                        22     -6        2
  SINCE MAR 1     16                        22     -6        2
  SINCE JUL 1     68                       227   -159      135

 COOLING
  TODAY           10                         7      3       12
  MONTH TO DATE  138                       151    -13      236
  SINCE MAR 1    138                       151    -13      236
  SINCE JAN 1    478                       386     92      438
..................................................................


WIND (MPH)
  HIGHEST WIND SPEED    22   HIGHEST WIND DIRECTION     E (110)
  HIGHEST GUST SPEED    27   HIGHEST GUST DIRECTION     E (110)
  AVERAGE WIND SPEED    15.5


SKY COVER
  AVERAGE SKY COVER 0.7


WEATHER CONDITIONS
 THE FOLLOWING WEATHER WAS RECORDED TODAY.
  NO SIGNIFICANT WEATHER WAS OBSERVED.


RELATIVE HUMIDITY (PERCENT)
 HIGHEST    66
 LOWEST     45
 AVERAGE    56

..........................................................


THE WEST PALM BEACH CLIMATE NORMALS FOR TOMORROW
                         NORMAL    RECORD    YEAR
 MAXIMUM TEMPERATURE (F)   80        95      1928
 MINIMUM TEMPERATURE (F)   63        47      2006


SUNRISE AND SUNSET
MARCH 25 2017.........SUNRISE   719 AM EDT   SUNSET   734 PM EDT
MARCH 26 2017.........SUNRISE   718 AM EDT   SUNSET   735 PM EDT


-  INDICATES NEGATIVE NUMBERS.
R  INDICATES RECORD WAS SET OR TIED.
MM INDICATES DATA IS MISSING.
T  INDICATES TRACE AMOUNT.




$$
