000
CDUS42 KMFL 192117
CLIPBI


CLIMATE REPORT
NATIONAL WEATHER SERVICE MIAMI, FL
417 PM EST FRI JAN 19 2018


...................................

...THE WEST PALM BEACH CLIMATE SUMMARY FOR JANUARY 19 2018...
VALID TODAY AS OF 0400 PM LOCAL TIME.

CLIMATE NORMAL PERIOD 1981 TO 2010
CLIMATE RECORD PERIOD 1888 TO 2018


WEATHER ITEM   OBSERVED TIME   RECORD YEAR NORMAL DEPARTURE LAST
                VALUE   (LST)  VALUE       VALUE  FROM      YEAR
                                                  NORMAL
..................................................................
TEMPERATURE (F)
 TODAY
  MAXIMUM         68    339 PM  86    1987  75     -7       80
                                      1943
  MINIMUM         48    742 AM  29    1977  57     -9       60
  AVERAGE         58                        66     -8       70

PRECIPITATION (IN)
  TODAY            0.00          2.86 1908   0.10  -0.10     0.00
  MONTH TO DATE    3.94                      2.00   1.94     0.24
  SINCE NOV 1      7.38                     10.13  -2.75     4.71
  SINCE JAN 1      3.94                      2.00   1.94     0.24

SNOWFALL (IN)
  TODAY            0.0
  MONTH TO DATE    0.0
  SINCE DEC 1      0.0
  SINCE JUL 1      0.0
  SNOW DEPTH       0

DEGREE DAYS
 HEATING
  TODAY            7                         3      4        0
  MONTH TO DATE   79                        57     22       15
  SINCE DEC 1    128                       116     12       21
  SINCE JUL 1    132                       128      4       22

 COOLING
  TODAY            0                         3     -3        5
  MONTH TO DATE   40                        64    -24      130
  SINCE DEC 1    217                       219     -2      423
  SINCE JAN 1     40                        64    -24      130
..................................................................


WIND (MPH)
  HIGHEST WIND SPEED    14   HIGHEST WIND DIRECTION     N (340)
  HIGHEST GUST SPEED    16   HIGHEST GUST DIRECTION     N (350)
  AVERAGE WIND SPEED     8.3


SKY COVER
  AVERAGE SKY COVER 0.7


WEATHER CONDITIONS
 THE FOLLOWING WEATHER WAS RECORDED TODAY.
  NO SIGNIFICANT WEATHER WAS OBSERVED.


RELATIVE HUMIDITY (PERCENT)
 HIGHEST    86
 LOWEST     55
 AVERAGE    71

..........................................................


THE WEST PALM BEACH CLIMATE NORMALS FOR TOMORROW
                         NORMAL    RECORD    YEAR
 MAXIMUM TEMPERATURE (F)   75        86      1947
 MINIMUM TEMPERATURE (F)   57        27      1977


SUNRISE AND SUNSET
JANUARY 19 2018.......SUNRISE   710 AM EST   SUNSET   553 PM EST
JANUARY 20 2018.......SUNRISE   710 AM EST   SUNSET   554 PM EST


-  INDICATES NEGATIVE NUMBERS.
R  INDICATES RECORD WAS SET OR TIED.
MM INDICATES DATA IS MISSING.
T  INDICATES TRACE AMOUNT.




$$
