000
CDUS42 KMFL 180922
CLIPBI


CLIMATE REPORT
NATIONAL WEATHER SERVICE MIAMI, FL
422 AM EST WED JAN 18 2017


...................................

...THE WEST PALM BEACH CLIMATE SUMMARY FOR JANUARY 17 2017...

CLIMATE NORMAL PERIOD 1981 TO 2010
CLIMATE RECORD PERIOD 1888 TO 2017


WEATHER ITEM   OBSERVED TIME   RECORD YEAR NORMAL DEPARTURE LAST
                VALUE   (LST)  VALUE       VALUE  FROM      YEAR
                                                  NORMAL
..................................................................
TEMPERATURE (F)
 YESTERDAY
  MAXIMUM         79    259 PM  86    1920  74      5       80
  MINIMUM         63   1132 PM  37    1965  57      6       58
  AVERAGE         71                        66      5       69

PRECIPITATION (IN)
  YESTERDAY        T             2.44 1970   0.09  -0.09     0.30
  MONTH TO DATE    0.24                      1.81  -1.57     2.81
  SINCE NOV 1      4.71                      9.94  -5.23    13.21
  SINCE JAN 1      0.24                      1.81  -1.57     2.81

SNOWFALL (IN)
  YESTERDAY        0.0
  MONTH TO DATE    0.0
  SINCE DEC 1      0.0
  SINCE JUL 1      0.0
  SNOW DEPTH       0

DEGREE DAYS
 HEATING
  YESTERDAY        0                         3     -3        0
  MONTH TO DATE   15                        51    -36        7
  SINCE DEC 1     21                       110    -89        7
  SINCE JUL 1     22                       122   -100        7

 COOLING
  YESTERDAY        6                         3      3        4
  MONTH TO DATE  119                        58     61       66
  SINCE DEC 1    412                       213    199      422
  SINCE JAN 1    119                        58     61       66
..................................................................


WIND (MPH)
  HIGHEST WIND SPEED    18   HIGHEST WIND DIRECTION    SE (150)
  HIGHEST GUST SPEED    24   HIGHEST GUST DIRECTION    SE (120)
  AVERAGE WIND SPEED     9.3


SKY COVER
  AVERAGE SKY COVER 0.6


WEATHER CONDITIONS
 THE FOLLOWING WEATHER WAS RECORDED YESTERDAY.
  LIGHT RAIN


RELATIVE HUMIDITY (PERCENT)
 HIGHEST    79
 LOWEST     48
 AVERAGE    64

..........................................................


THE WEST PALM BEACH CLIMATE NORMALS FOR TODAY
                         NORMAL    RECORD    YEAR
 MAXIMUM TEMPERATURE (F)   75        87      1960
 MINIMUM TEMPERATURE (F)   57        32      1977
                                             1965


SUNRISE AND SUNSET
JANUARY 18 2017.......SUNRISE   710 AM EST   SUNSET   552 PM EST
JANUARY 19 2017.......SUNRISE   710 AM EST   SUNSET   553 PM EST


-  INDICATES NEGATIVE NUMBERS.
R  INDICATES RECORD WAS SET OR TIED.
MM INDICATES DATA IS MISSING.
T  INDICATES TRACE AMOUNT.




$$
