000
CDUS42 KFFC 280820
CLIPDK


CLIMATE REPORT
NATIONAL WEATHER SERVICE PEACHTREE CITY GA
419 AM EDT THU JUL 28 2016


...................................

...THE DEKALB PEACHTREE AIRPORT CLIMATE SUMMARY FOR JULY 27 2016...

CLIMATE NORMAL PERIOD 1981 TO 2010
CLIMATE RECORD PERIOD 9999 TO 9999


WEATHER ITEM   OBSERVED TIME   RECORD YEAR NORMAL DEPARTURE LAST
                VALUE   (LST)  VALUE       VALUE  FROM      YEAR
                                                  NORMAL
..................................................................
TEMPERATURE (F)
 YESTERDAY
  MAXIMUM         93    330 PM  MM      MM  89      4       96
  MINIMUM         76    643 AM  MM      MM  71      5       72
  AVERAGE         85                        80      5       84

PRECIPITATION (IN)
  YESTERDAY        0.00         MM      MM   0.13  -0.13     0.02
  MONTH TO DATE    2.19                      4.49  -2.30     2.78
  SINCE JUN 1      3.68                      9.25  -5.57     3.97
  SINCE JAN 1     20.21                     31.74 -11.53    22.52

DEGREE DAYS
 COOLING
  YESTERDAY       20                        15      5       19
  MONTH TO DATE  503                       400    103      449
  SINCE JUN 1    972                       753    219      883
  SINCE JAN 1   1253                       964    289     1160
..................................................................


WIND (MPH)
  RESULTANT WIND SPEED   8   RESULTANT WIND DIRECTION  SW (230)
  HIGHEST WIND SPEED    15   HIGHEST WIND DIRECTION    SW (240)
  HIGHEST GUST SPEED    22   HIGHEST GUST DIRECTION    NW (310)
  AVERAGE WIND SPEED     8.7


SKY COVER
  AVERAGE SKY COVER 0.5


WEATHER CONDITIONS
 THE FOLLOWING WEATHER WAS RECORDED YESTERDAY.
  NO SIGNIFICANT WEATHER WAS OBSERVED.


RELATIVE HUMIDITY (PERCENT)
 HIGHEST    87           400 AM
 LOWEST     44           500 PM
 AVERAGE    66

..........................................................


THE DEKALB PEACHTREE AIRPORT CLIMATE NORMALS FOR TODAY
                         NORMAL    RECORD    YEAR
 MAXIMUM TEMPERATURE (F)   89        MM        MM
 MINIMUM TEMPERATURE (F)   71        MM        MM


SUNRISE AND SUNSET
JULY 28 2016..........SUNRISE   646 AM EDT   SUNSET   841 PM EDT
JULY 29 2016..........SUNRISE   647 AM EDT   SUNSET   840 PM EDT


-  INDICATES NEGATIVE NUMBERS.
R  INDICATES RECORD WAS SET OR TIED.
MM INDICATES DATA IS MISSING.
T  INDICATES TRACE AMOUNT.




$$
