000
CDUS42 KFFC 310820
CLIPDK


CLIMATE REPORT
NATIONAL WEATHER SERVICE PEACHTREE CITY GA
420 AM EDT MON AUG 31 2015


...................................

...THE DEKALB PEACHTREE AIRPORT CLIMATE SUMMARY FOR AUGUST 30 2015...

CLIMATE NORMAL PERIOD 1981 TO 2010
CLIMATE RECORD PERIOD 9999 TO 9999


WEATHER ITEM   OBSERVED TIME   RECORD YEAR NORMAL DEPARTURE LAST
                VALUE   (LST)  VALUE       VALUE  FROM      YEAR
                                                  NORMAL
..................................................................
TEMPERATURE (F)
 YESTERDAY
  MAXIMUM         75    210 PM  MM      MM  87    -12       91
  MINIMUM         66   1025 AM  MM      MM  68     -2       68
  AVERAGE         71                        78     -7       80

PRECIPITATION (IN)
  YESTERDAY        0.34         MM      MM   0.10   0.24     0.22
  MONTH TO DATE    7.16                      4.21   2.95     3.44
  SINCE JUN 1     11.13                     13.99  -2.86    11.33
  SINCE JAN 1     29.68                     36.48  -6.80    30.21

DEGREE DAYS
 COOLING
  YESTERDAY        6                        12     -6       15
  MONTH TO DATE  448                       423     25      388
  SINCE JUN 1   1416                      1235    181     1172
  SINCE JAN 1   1693                      1446    247     1389
..................................................................


WIND (MPH)
  RESULTANT WIND SPEED   4   RESULTANT WIND DIRECTION   E (90)
  HIGHEST WIND SPEED    13   HIGHEST WIND DIRECTION    NE (30)
  HIGHEST GUST SPEED    18   HIGHEST GUST DIRECTION     E (110)
  AVERAGE WIND SPEED     3.9


SKY COVER
  AVERAGE SKY COVER 0.9


WEATHER CONDITIONS
 THE FOLLOWING WEATHER WAS RECORDED YESTERDAY.
  RAIN
  LIGHT RAIN
  FOG


RELATIVE HUMIDITY (PERCENT)
 HIGHEST   100          1000 AM
 LOWEST     69           200 PM
 AVERAGE    85

..........................................................


THE DEKALB PEACHTREE AIRPORT CLIMATE NORMALS FOR TODAY
                         NORMAL    RECORD    YEAR
 MAXIMUM TEMPERATURE (F)   87        MM        MM
 MINIMUM TEMPERATURE (F)   68        MM        MM


SUNRISE AND SUNSET
AUGUST 31 2015........SUNRISE   710 AM EDT   SUNSET   804 PM EDT
SEPTEMBER  1 2015.....SUNRISE   711 AM EDT   SUNSET   803 PM EDT


-  INDICATES NEGATIVE NUMBERS.
R  INDICATES RECORD WAS SET OR TIED.
MM INDICATES DATA IS MISSING.
T  INDICATES TRACE AMOUNT.




$$
