000
CDUS46 KPDT 140103
CLIPDT

CLIMATE REPORT
NATIONAL WEATHER SERVICE PENDLETON OR
450 PM PST WED DEC 13 2017


...................................

...THE PENDLETON OR CLIMATE SUMMARY FOR DECEMBER 13 2017...
VALID TODAY AS OF 0400 PM LOCAL TIME.

CLIMATE NORMAL PERIOD 1981 TO 2010
CLIMATE RECORD PERIOD 1890 TO 2017


WEATHER ITEM   OBSERVED TIME   RECORD YEAR NORMAL DEPARTURE LAST
                VALUE   (LST)  VALUE       VALUE  FROM      YEAR
                                                  NORMAL
..................................................................
TEMPERATURE (F)
 TODAY
  MAXIMUM         29    350 PM  63    1924  39    -10       27
  MINIMUM         27    835 AM -28    1919  27      0       20
  AVERAGE         28                        33     -5       24

PRECIPITATION (IN)
  TODAY            0.01          0.92 1966   0.05  -0.04     0.00
  MONTH TO DATE    0.08                      0.63  -0.55     0.67
  SINCE OCT 1      3.05                      3.16  -0.11     3.90
  SINCE JAN 1     15.34                     11.82   3.52    11.97

SNOWFALL (IN)
  TODAY            T             1.3  1975   0.2   -0.2      0.0
  MONTH TO DATE    T                         2.2   -2.2      6.8
  SINCE JAN 1     25.9                      11.4   14.5      6.8
  SINCE JUL 1      T                         3.7   -3.7      6.8
  SNOW DEPTH       0

DEGREE DAYS
 HEATING
  TODAY           37                        32      5       41
  MONTH TO DATE  430                       400     30      474
  SINCE DEC 1    430                       400     30      474
  SINCE JUL 1   1638                      1653    -15     1498

 COOLING
  TODAY            0                         0      0        0
  MONTH TO DATE    0                         0      0        0
  SINCE DEC 1      0                         0      0        0
  SINCE JAN 1    894                       636    258      605
..................................................................


WIND (MPH)
  HIGHEST WIND SPEED     8   HIGHEST WIND DIRECTION    NW (310)
  HIGHEST GUST SPEED     9   HIGHEST GUST DIRECTION    NW (320)
  AVERAGE WIND SPEED     2.7


SKY COVER
  POSSIBLE SUNSHINE  MM
  AVERAGE SKY COVER 1.0


WEATHER CONDITIONS
THE FOLLOWING WEATHER WAS RECORDED TODAY.
  SLEET
  FOG


RELATIVE HUMIDITY (PERCENT)
 HIGHEST    92          1200 AM
 LOWEST     84           100 AM
 AVERAGE    88

..........................................................


THE PENDLETON OR CLIMATE NORMALS FOR TOMORROW
                         NORMAL    RECORD    YEAR
 MAXIMUM TEMPERATURE (F)   39        64      2002
 MINIMUM TEMPERATURE (F)   27       -22      1919


SUNRISE AND SUNSET
DECEMBER 13 2017......SUNRISE   728 AM PST   SUNSET   411 PM PST
DECEMBER 14 2017......SUNRISE   729 AM PST   SUNSET   412 PM PST


-  INDICATES NEGATIVE NUMBERS.
R  INDICATES RECORD WAS SET OR TIED.
MM INDICATES DATA IS MISSING.
T  INDICATES TRACE AMOUNT.




$$
