000
CDUS46 KPDT 050037
CLIPDT

CLIMATE REPORT
NATIONAL WEATHER SERVICE PENDLETON OR
537 PM PDT WED MAY 4 2016


...................................

...THE PENDLETON OR CLIMATE SUMMARY FOR MAY 4 2016...
VALID TODAY AS OF 0500 PM LOCAL TIME.

CLIMATE NORMAL PERIOD 1981 TO 2010
CLIMATE RECORD PERIOD 1890 TO 2016


WEATHER ITEM   OBSERVED TIME   RECORD YEAR NORMAL DEPARTURE LAST
                VALUE   (LST)  VALUE       VALUE  FROM      YEAR
                                                  NORMAL
..................................................................
TEMPERATURE (F)
 TODAY
  MAXIMUM         77    359 PM  92    1966  67     10       77
  MINIMUM         53    541 AM  22    1897  43     10       40
  AVERAGE         65                        55     10       59

PRECIPITATION (IN)
  TODAY            0.00          0.68 1910   0.04  -0.04     0.00
  MONTH TO DATE    0.00                      0.16  -0.16     0.00
  SINCE OCT 1      8.67                      9.22  -0.55     7.83
  SINCE JAN 1      4.40                      5.22  -0.82     3.13

SNOWFALL (IN)
  TODAY            0.0           0.0  2002   0.0    0.0      0.0
                                      2001
                                      2000
  MONTH TO DATE    0.0                       0.0    0.0      0.0
  SINCE JAN 1      T                         7.7   -7.7      0.4
  SINCE JUL 1      4.1                      15.2  -11.1      7.2
  SNOW DEPTH       0

DEGREE DAYS
 HEATING
  TODAY            0                        11    -11        6
  MONTH TO DATE    9                        44    -35       28
  SINCE MAR 1    829                      1092   -263      974
  SINCE JUL 1   4421                      4991   -570     4467

 COOLING
  TODAY            0                         0      0        0
  MONTH TO DATE    8                         0      8        0
  SINCE MAR 1      8                         1      7        0
  SINCE JAN 1      8                         1      7        0
..................................................................


WIND (MPH)
  HIGHEST WIND SPEED    17   HIGHEST WIND DIRECTION    NW (300)
  HIGHEST GUST SPEED    21   HIGHEST GUST DIRECTION    NW (310)
  AVERAGE WIND SPEED     8.1


SKY COVER
  POSSIBLE SUNSHINE  MM
  AVERAGE SKY COVER 0.3


WEATHER CONDITIONS
 THE FOLLOWING WEATHER WAS RECORDED TODAY.
  NO SIGNIFICANT WEATHER WAS OBSERVED.


RELATIVE HUMIDITY (PERCENT)
 HIGHEST    66           300 AM
 LOWEST     35          1000 AM
 AVERAGE    51

..........................................................


THE PENDLETON OR CLIMATE NORMALS FOR TOMORROW
                         NORMAL    RECORD    YEAR
 MAXIMUM TEMPERATURE (F)   67        96      1966
 MINIMUM TEMPERATURE (F)   43        29      1904


SUNRISE AND SUNSET
MAY  4 2016...........SUNRISE   538 AM PDT   SUNSET   807 PM PDT
MAY  5 2016...........SUNRISE   536 AM PDT   SUNSET   808 PM PDT


-  INDICATES NEGATIVE NUMBERS.
R  INDICATES RECORD WAS SET OR TIED.
MM INDICATES DATA IS MISSING.
T  INDICATES TRACE AMOUNT.




$$
