882
CDUS46 KPDT 090919
CLIPDT

CLIMATE REPORT
NATIONAL WEATHER SERVICE PENDLETON OR
119 AM PST TUE FEB 9 2016


...................................

...THE PENDLETON OR CLIMATE SUMMARY FOR FEBRUARY 8 2016...

CLIMATE NORMAL PERIOD 1981 TO 2010
CLIMATE RECORD PERIOD 1890 TO 2016


WEATHER ITEM   OBSERVED TIME   RECORD YEAR NORMAL DEPARTURE LAST
                VALUE   (LST)  VALUE       VALUE  FROM      YEAR
                                                  NORMAL
..................................................................
TEMPERATURE (F)
 YESTERDAY
  MAXIMUM         50    334 PM  75    1996  45      5       61
  MINIMUM         29    719 AM -21    1929  30     -1       41
  AVERAGE         40                        38      2       51

PRECIPITATION (IN)
  YESTERDAY        0.00          0.49 1900   0.04  -0.04      T
  MONTH TO DATE    0.22                      0.31  -0.09     0.46
  SINCE OCT 1      6.00                      5.74   0.26     5.88
  SINCE JAN 1      1.73                      1.74  -0.01     1.18

SNOWFALL (IN)
  YESTERDAY        0.0           6.0  2014   0.1   -0.1      0.0
  MONTH TO DATE    0.0                       1.0   -1.0      0.0
  SINCE JAN 1      T                         4.7   -4.7      0.4
  SINCE JUL 1      4.1                      12.2   -8.1      7.2
  SNOW DEPTH       0

DEGREE DAYS
 HEATING
  YESTERDAY       25                        27     -2       14
  MONTH TO DATE  196                       223    -27      140
  SINCE DEC 1   1962                      2128   -166     1921
  SINCE JUL 1   3162                      3381   -219     3051

 COOLING
  YESTERDAY        0                         0      0        0
  MONTH TO DATE    0                         0      0        0
  SINCE DEC 1      0                         0      0        0
  SINCE JAN 1      0                         0      0        0
..................................................................


WIND (MPH)
  HIGHEST WIND SPEED    12   HIGHEST WIND DIRECTION    NE (50)
  HIGHEST GUST SPEED    12   HIGHEST GUST DIRECTION    NE (30)
  AVERAGE WIND SPEED     3.6


SKY COVER
  POSSIBLE SUNSHINE  MM
  AVERAGE SKY COVER 0.0


WEATHER CONDITIONS
 THE FOLLOWING WEATHER WAS RECORDED YESTERDAY.
  FOG


RELATIVE HUMIDITY (PERCENT)
 HIGHEST   100           800 AM
 LOWEST     61           100 PM
 AVERAGE    81

..........................................................


THE PENDLETON OR CLIMATE NORMALS FOR TODAY
                         NORMAL    RECORD    YEAR
 MAXIMUM TEMPERATURE (F)   45        73      1996
 MINIMUM TEMPERATURE (F)   30       -20      1929


SUNRISE AND SUNSET
FEBRUARY  9 2016......SUNRISE   707 AM PST   SUNSET   513 PM PST
FEBRUARY 10 2016......SUNRISE   706 AM PST   SUNSET   514 PM PST


-  INDICATES NEGATIVE NUMBERS.
R  INDICATES RECORD WAS SET OR TIED.
MM INDICATES DATA IS MISSING.
T  INDICATES TRACE AMOUNT.




$$
