000
CDUS46 KPDT 180842
CLIPDT

CLIMATE REPORT
NATIONAL WEATHER SERVICE PENDLETON OR
1241 AM PST THU DEC 18 2014


...................................

...THE PENDLETON OR CLIMATE SUMMARY FOR DECEMBER 17 2014...

CLIMATE NORMAL PERIOD 1981 TO 2010
CLIMATE RECORD PERIOD 1890 TO 2014


WEATHER ITEM   OBSERVED TIME   RECORD YEAR NORMAL DEPARTURE LAST
                VALUE   (LST)  VALUE       VALUE  FROM      YEAR
                                                  NORMAL
..................................................................
TEMPERATURE (F)
 YESTERDAY
  MAXIMUM         37    209 PM  62    1917  39     -2       48
  MINIMUM         29    421 AM -12    1964  26      3       27
  AVERAGE         33                        32      1       38

PRECIPITATION (IN)
  YESTERDAY        0.01          0.91 1915   0.04  -0.03     0.00
  MONTH TO DATE    1.29                      0.81   0.48     0.45
  SINCE OCT 1      3.19                      3.34  -0.15     1.44
  SINCE JAN 1     11.73                     12.00  -0.27     8.93

SNOWFALL (IN)
  YESTERDAY       MM             2.8  1984   0.2   MM        0.0
  MONTH TO DATE    T                         3.0   -3.0      4.4
  SINCE JAN 1     19.8                      12.2    7.6      4.6
  SINCE JUL 1      4.6                       4.5    0.1      4.4
  SNOW DEPTH       0

DEGREE DAYS
 HEATING
  YESTERDAY       32                        33     -1       27
  MONTH TO DATE  496                       529    -33      658
  SINCE DEC 1    496                       529    -33      658
  SINCE JUL 1   1626                      1782   -156     2041

 COOLING
  YESTERDAY        0                         0      0        0
  MONTH TO DATE    0                         0      0        0
  SINCE DEC 1      0                         0      0        0
  SINCE JAN 1    839                       636    203      831
..................................................................


WIND (MPH)
  HIGHEST WIND SPEED    10   HIGHEST WIND DIRECTION    NW (320)
  HIGHEST GUST SPEED    12   HIGHEST GUST DIRECTION    NW (300)
  AVERAGE WIND SPEED     4.9


SKY COVER
  POSSIBLE SUNSHINE  MM
  AVERAGE SKY COVER 1.0


WEATHER CONDITIONS
 THE FOLLOWING WEATHER WAS RECORDED YESTERDAY.
  LIGHT RAIN
  FOG
  FOG W/VISIBILITY <= 1/4 MILE


RELATIVE HUMIDITY (PERCENT)
 HIGHEST   100           200 AM
 LOWEST     92           100 AM
 AVERAGE    96

..........................................................


THE PENDLETON OR CLIMATE NORMALS FOR TODAY
                         NORMAL    RECORD    YEAR
 MAXIMUM TEMPERATURE (F)   39        68      1917
 MINIMUM TEMPERATURE (F)   26        -5      1924


SUNRISE AND SUNSET
DECEMBER 18 2014......SUNRISE   731 AM PST   SUNSET   413 PM PST
DECEMBER 19 2014......SUNRISE   732 AM PST   SUNSET   413 PM PST


-  INDICATES NEGATIVE NUMBERS.
R  INDICATES RECORD WAS SET OR TIED.
MM INDICATES DATA IS MISSING.
T  INDICATES TRACE AMOUNT.




$$
