000
CDUS46 KPDT 310837
CLIPDT

CLIMATE REPORT
NATIONAL WEATHER SERVICE PENDLETON OR
137 AM PDT FRI OCT 31 2014


...................................

...THE PENDLETON OR CLIMATE SUMMARY FOR OCTOBER 30 2014...

CLIMATE NORMAL PERIOD 1981 TO 2010
CLIMATE RECORD PERIOD 1890 TO 2014


WEATHER ITEM   OBSERVED TIME   RECORD YEAR NORMAL DEPARTURE LAST
                VALUE   (LST)  VALUE       VALUE  FROM      YEAR
                                                  NORMAL
..................................................................
TEMPERATURE (F)
 YESTERDAY
  MAXIMUM         65   1228 PM  79    1901  57      8       57
  MINIMUM         48    835 PM  11    1935  37     11       30
  AVERAGE         57                        47     10       44

PRECIPITATION (IN)
  YESTERDAY        T             0.49 1992   0.04  -0.04     0.00
  MONTH TO DATE    0.51                      0.96  -0.45     0.32
  SINCE OCT 1      0.51                      0.96  -0.45     0.32
  SINCE JAN 1      9.05                      9.62  -0.57     7.81

SNOWFALL (IN)
  YESTERDAY        0.0           1.3  1971   0.0    0.0      0.0
  MONTH TO DATE    0.0                       0.1   -0.1       T
  SINCE JAN 1     15.2                       7.8    7.4      0.2
  SINCE JUL 1      0.0                       0.1   -0.1       T
  SNOW DEPTH       0

DEGREE DAYS
 HEATING
  YESTERDAY        8                        18    -10       21
  MONTH TO DATE  215                       389   -174      478
  SINCE SEP 1    278                       501   -223      584
  SINCE JUL 1    281                       523   -242      584

 COOLING
  YESTERDAY        0                         0      0        0
  MONTH TO DATE   12                         0     12        0
  SINCE SEP 1     78                        64     14      121
  SINCE JAN 1    839                       634    205      831
..................................................................


WIND (MPH)
  HIGHEST WIND SPEED    17   HIGHEST WIND DIRECTION     W (290)
  HIGHEST GUST SPEED    19   HIGHEST GUST DIRECTION     W (280)
  AVERAGE WIND SPEED     6.4


SKY COVER
  POSSIBLE SUNSHINE  MM
  AVERAGE SKY COVER 0.6


WEATHER CONDITIONS
 THE FOLLOWING WEATHER WAS RECORDED YESTERDAY.
  LIGHT RAIN
  FOG
  HAZE


RELATIVE HUMIDITY (PERCENT)
 HIGHEST    93           600 AM
 LOWEST     60           300 PM
 AVERAGE    77

..........................................................


THE PENDLETON OR CLIMATE NORMALS FOR TODAY
                         NORMAL    RECORD    YEAR
 MAXIMUM TEMPERATURE (F)   57        78      1901
 MINIMUM TEMPERATURE (F)   37        14      2002


SUNRISE AND SUNSET
OCTOBER 31 2014.......SUNRISE   734 AM PDT   SUNSET   543 PM PDT
NOVEMBER  1 2014......SUNRISE   735 AM PDT   SUNSET   542 PM PDT


-  INDICATES NEGATIVE NUMBERS.
R  INDICATES RECORD WAS SET OR TIED.
MM INDICATES DATA IS MISSING.
T  INDICATES TRACE AMOUNT.




$$
