743
CDUS46 KPDT 210904
CLIPDT

CLIMATE REPORT
NATIONAL WEATHER SERVICE PENDLETON OR
204 AM PDT FRI JUL 21 2017


...................................

...THE PENDLETON OR CLIMATE SUMMARY FOR JULY 20 2017...

CLIMATE NORMAL PERIOD 1981 TO 2010
CLIMATE RECORD PERIOD 1890 TO 2017


WEATHER ITEM   OBSERVED TIME   RECORD YEAR NORMAL DEPARTURE LAST
                VALUE   (LST)  VALUE       VALUE  FROM      YEAR
                                                  NORMAL
..................................................................
TEMPERATURE (F)
 YESTERDAY
  MAXIMUM         83    427 PM 110    1931  90     -7       87
                                      1905
  MINIMUM         60   1053 PM  42    1932  58      2       58
  AVERAGE         72                        74     -2       73

PRECIPITATION (IN)
  YESTERDAY        0.00          0.33 1972   0.01  -0.01      T
  MONTH TO DATE    T                         0.23  -0.23     0.80
  SINCE OCT 1     16.82                     11.62   5.20    11.59
  SINCE JAN 1     11.30                      7.62   3.68     7.32

SNOWFALL (IN)
  YESTERDAY        0.0           0.0  2002   0.0    0.0      0.0
                                      2001
                                      2000
  MONTH TO DATE    0.0                       0.0    0.0      0.0
  SINCE JAN 1     25.9                       7.7   18.2       T
  SINCE JUL 1      0.0                       0.0    0.0      0.0
  SNOW DEPTH       0

DEGREE DAYS
 HEATING
  YESTERDAY        0                         0      0        0
  MONTH TO DATE    0                         7     -7        0
  SINCE JUN 1     75                        90    -15       69
  SINCE JUL 1      0                         7     -7        0

 COOLING
  YESTERDAY        7                         9     -2        8
  MONTH TO DATE  199                       143     56       83
  SINCE JUN 1    298                       222     76      220
  SINCE JAN 1    326                       245     81      238
..................................................................


WIND (MPH)
  HIGHEST WIND SPEED    22   HIGHEST WIND DIRECTION     W (290)
  HIGHEST GUST SPEED    28   HIGHEST GUST DIRECTION    NW (300)
  AVERAGE WIND SPEED    11.4


SKY COVER
  POSSIBLE SUNSHINE  MM
  AVERAGE SKY COVER 0.0


WEATHER CONDITIONS
 THE FOLLOWING WEATHER WAS RECORDED YESTERDAY.
  NO SIGNIFICANT WEATHER WAS OBSERVED.


RELATIVE HUMIDITY (PERCENT)
 HIGHEST    56           400 AM
 LOWEST     17           500 PM
 AVERAGE    37

..........................................................


THE PENDLETON OR CLIMATE NORMALS FOR TODAY
                         NORMAL    RECORD    YEAR
 MAXIMUM TEMPERATURE (F)   90       114      1905
 MINIMUM TEMPERATURE (F)   58        42      1934


SUNRISE AND SUNSET
JULY 21 2017..........SUNRISE   527 AM PDT   SUNSET   836 PM PDT
JULY 22 2017..........SUNRISE   528 AM PDT   SUNSET   835 PM PDT


-  INDICATES NEGATIVE NUMBERS.
R  INDICATES RECORD WAS SET OR TIED.
MM INDICATES DATA IS MISSING.
T  INDICATES TRACE AMOUNT.

$$
