000
CDUS46 KPDT 270039
CLIPDT

CLIMATE REPORT
NATIONAL WEATHER SERVICE PENDLETON OR
526 PM PDT THU MAY 26 2016


...................................

...THE PENDLETON OR CLIMATE SUMMARY FOR MAY 26 2016...
VALID TODAY AS OF 0500 PM LOCAL TIME.

CLIMATE NORMAL PERIOD 1981 TO 2010
CLIMATE RECORD PERIOD 1890 TO 2016


WEATHER ITEM   OBSERVED TIME   RECORD YEAR NORMAL DEPARTURE LAST
                VALUE   (LST)  VALUE       VALUE  FROM      YEAR
                                                  NORMAL
..................................................................
TEMPERATURE (F)
 TODAY
  MAXIMUM         69    352 PM  99    1936  73     -4       77
  MINIMUM         48    359 AM  29    1918  48      0       48
  AVERAGE         59                        60     -1       63

PRECIPITATION (IN)
  TODAY            0.00          0.82 1953   0.05  -0.05     0.00
  MONTH TO DATE    1.19                      1.11   0.08     1.29
  SINCE OCT 1      9.86                     10.17  -0.31     9.12
  SINCE JAN 1      5.59                      6.17  -0.58     4.42

SNOWFALL (IN)
  TODAY            0.0           0.0  2002   0.0    0.0      0.0
                                      2001
                                      2000
  MONTH TO DATE    0.0                       0.0    0.0      0.0
  SINCE JAN 1      T                         7.7   -7.7      0.4
  SINCE JUL 1      4.1                      15.2  -11.1      7.2
  SNOW DEPTH       0

DEGREE DAYS
 HEATING
  TODAY            6                         6      0        2
  MONTH TO DATE  136                       220    -84      155
  SINCE MAR 1    956                      1268   -312     1101
  SINCE JUL 1   4548                      5167   -619     4594

 COOLING
  TODAY            0                         1     -1        0
  MONTH TO DATE   18                        17      1        3
  SINCE MAR 1     18                        18      0        3
  SINCE JAN 1     18                        18      0        3
..................................................................


WIND (MPH)
  HIGHEST WIND SPEED    26   HIGHEST WIND DIRECTION     W (260)
  HIGHEST GUST SPEED    33   HIGHEST GUST DIRECTION     W (260)
  AVERAGE WIND SPEED    13.7


SKY COVER
  POSSIBLE SUNSHINE  MM
  AVERAGE SKY COVER 0.2


WEATHER CONDITIONS
THE FOLLOWING WEATHER WAS RECORDED TODAY.
  NO SIGNIFICANT WEATHER WAS OBSERVED.


RELATIVE HUMIDITY (PERCENT)
 HIGHEST    71           400 AM
 LOWEST     24           300 PM
 AVERAGE    48

..........................................................


THE PENDLETON OR CLIMATE NORMALS FOR TOMORROW
                         NORMAL    RECORD    YEAR
 MAXIMUM TEMPERATURE (F)   73        99      1934
 MINIMUM TEMPERATURE (F)   48        33      1932


SUNRISE AND SUNSET
MAY 26 2016...........SUNRISE   513 AM PDT   SUNSET   833 PM PDT
MAY 27 2016...........SUNRISE   512 AM PDT   SUNSET   834 PM PDT


-  INDICATES NEGATIVE NUMBERS.
R  INDICATES RECORD WAS SET OR TIED.
MM INDICATES DATA IS MISSING.
T  INDICATES TRACE AMOUNT.




$$
