440
CDUS46 KPDT 240831
CLIPDT

CLIMATE REPORT
NATIONAL WEATHER SERVICE PENDLETON OR
1229 AM PST FRI FEB 24 2017


...................................

...THE PENDLETON OR CLIMATE SUMMARY FOR FEBRUARY 23 2017...

CLIMATE NORMAL PERIOD 1981 TO 2010
CLIMATE RECORD PERIOD 1890 TO 2017


WEATHER ITEM   OBSERVED TIME   RECORD YEAR NORMAL DEPARTURE LAST
                VALUE   (LST)  VALUE       VALUE  FROM      YEAR
                                                  NORMAL
..................................................................
TEMPERATURE (F)
 YESTERDAY
  MAXIMUM         42    220 PM  66    1921  49     -7       56
  MINIMUM         27   1152 PM   7    1894  31     -4       26
  AVERAGE         35                        40     -5       41

PRECIPITATION (IN)
  YESTERDAY        0.00          0.53 1986   0.04  -0.04     0.00
  MONTH TO DATE    1.88                      0.90   0.98     0.82
  SINCE OCT 1      9.05                      6.33   2.72     6.60
  SINCE JAN 1      3.53                      2.33   1.20     2.33

SNOWFALL (IN)
  YESTERDAY        0.0           3.5  1993   0.1   -0.1      0.0
  MONTH TO DATE    3.0                       2.9    0.1       T
  SINCE JAN 1     21.5                       6.6   14.9       T
  SINCE JUL 1     40.0                      14.1   25.9      4.1
  SNOW DEPTH       0

DEGREE DAYS
 HEATING
  YESTERDAY       30                        25      5       24
  MONTH TO DATE  680                       619     61      503
  SINCE DEC 1   3129                      2524    605     2269
  SINCE JUL 1   4153                      3777    376     3469

 COOLING
  YESTERDAY        0                         0      0        0
  MONTH TO DATE    0                         0      0        0
  SINCE DEC 1      0                         0      0        0
  SINCE JAN 1      0                         0      0        0
..................................................................


WIND (MPH)
  HIGHEST WIND SPEED    12   HIGHEST WIND DIRECTION    NW (320)
  HIGHEST GUST SPEED    14   HIGHEST GUST DIRECTION    NW (320)
  AVERAGE WIND SPEED     5.2


SKY COVER
  POSSIBLE SUNSHINE  MM
  AVERAGE SKY COVER 0.2


WEATHER CONDITIONS
 THE FOLLOWING WEATHER WAS RECORDED YESTERDAY.
  NO SIGNIFICANT WEATHER WAS OBSERVED.


RELATIVE HUMIDITY (PERCENT)
 HIGHEST    92           500 AM
 LOWEST     54           100 PM
 AVERAGE    73

..........................................................


THE PENDLETON OR CLIMATE NORMALS FOR TODAY
                         NORMAL    RECORD    YEAR
 MAXIMUM TEMPERATURE (F)   49        72      1986
 MINIMUM TEMPERATURE (F)   31        10      1993


SUNRISE AND SUNSET
FEBRUARY 24 2017......SUNRISE   642 AM PST   SUNSET   536 PM PST
FEBRUARY 25 2017......SUNRISE   640 AM PST   SUNSET   537 PM PST


-  INDICATES NEGATIVE NUMBERS.
R  INDICATES RECORD WAS SET OR TIED.
MM INDICATES DATA IS MISSING.
T  INDICATES TRACE AMOUNT.




$$
