000
CDUS46 KPQR 220228
CLIPDX


CLIMATE REPORT
NATIONAL WEATHER SERVICE PORTLAND OREGON
728 PM PDT MON AUG 21 2017


...................................

...THE PORTLAND OR CLIMATE SUMMARY FOR AUGUST 21 2017...
VALID TODAY AS OF 0700 PM LOCAL TIME.

CLIMATE NORMAL PERIOD 1981 TO 2010
CLIMATE RECORD PERIOD 1940 TO 2017


WEATHER ITEM   OBSERVED TIME   RECORD YEAR NORMAL DEPARTURE LAST
                VALUE   (LST)  VALUE       VALUE  FROM      YEAR
                                                  NORMAL
..................................................................
TEMPERATURE (F)
 TODAY
  MAXIMUM         91    339 PM  95    1945  81     10       81
  MINIMUM         59    500 AM  45    1955  58      1       58
  AVERAGE         75                        69      6       70

PRECIPITATION (IN)
  TODAY            0.00          0.54 2004   0.02  -0.02     0.00
  MONTH TO DATE    0.06                      0.38  -0.32     0.09
  SINCE OCT 1     49.07                     34.27  14.80    45.33
  SINCE JAN 1     29.32                     20.15   9.17    21.91

SNOWFALL (IN)
  TODAY            0.0          MM      MM
  MONTH TO DATE    0.0
  SINCE JUN 1      0.0
  SINCE JUL 1      0.0

DEGREE DAYS
 HEATING
  TODAY            0                         0      0        0
  MONTH TO DATE    1                         0      1        1
  SINCE JUN 1     71                       108    -37       71
  SINCE JUL 1      2                        17    -15        4

 COOLING
  TODAY           10                         5      5        5
  MONTH TO DATE  191                       114     77      159
  SINCE JUN 1    443                       308    135      404
  SINCE JAN 1    484                       325    159      453
..................................................................


WIND (MPH)
  HIGHEST WIND SPEED    17   HIGHEST WIND DIRECTION    NW (320)
  HIGHEST GUST SPEED    20   HIGHEST GUST DIRECTION    NW (320)
  AVERAGE WIND SPEED     7.0



WEATHER CONDITIONS
 THE FOLLOWING WEATHER WAS RECORDED TODAY.
  NO SIGNIFICANT WEATHER WAS OBSERVED.


RELATIVE HUMIDITY (PERCENT)
 HIGHEST    90           400 AM
 LOWEST     34           400 PM
 AVERAGE    62

..........................................................


THE PORTLAND OR CLIMATE NORMALS FOR TOMORROW
                         NORMAL    RECORD    YEAR
 MAXIMUM TEMPERATURE (F)   81        98      1942
 MINIMUM TEMPERATURE (F)   58        47      1973
                                             1962
                                             1955


SUNRISE AND SUNSET
AUGUST 21 2017........SUNRISE   619 AM PDT   SUNSET   807 PM PDT
AUGUST 22 2017........SUNRISE   620 AM PDT   SUNSET   806 PM PDT


-  INDICATES NEGATIVE NUMBERS.
R  INDICATES RECORD WAS SET OR TIED.
MM INDICATES DATA IS MISSING.
T  INDICATES TRACE AMOUNT.




$$
