000
CDUS46 KPQR 290222
CLIPDX


CLIMATE REPORT
NATIONAL WEATHER SERVICE PORTLAND OREGON
621 PM PST SUN DEC 28 2014


...................................

...THE PORTLAND OR CLIMATE SUMMARY FOR DECEMBER 28 2014...
VALID TODAY AS OF 0600 PM LOCAL TIME.

CLIMATE NORMAL PERIOD 1981 TO 2010
CLIMATE RECORD PERIOD 1940 TO 2014


WEATHER ITEM   OBSERVED TIME   RECORD YEAR NORMAL DEPARTURE LAST
                VALUE   (LST)  VALUE       VALUE  FROM      YEAR
                                                  NORMAL
..................................................................
TEMPERATURE (F)
 TODAY
  MAXIMUM         47    240 PM  58    1945  45      2       45
  MINIMUM         41    822 AM  19    1990  35      6       37
                                      1978
  AVERAGE         44                        40      4       41

PRECIPITATION (IN)
  TODAY            0.22          0.94 2005   0.17   0.05     0.00
  MONTH TO DATE    5.93                      5.02   0.91     1.61
  SINCE OCT 1     14.86                     13.65   1.21     5.81
  SINCE JAN 1     39.99                     35.56   4.43    26.71

DEGREE DAYS
 HEATING
  TODAY           21                        25     -4       24
  MONTH TO DATE  543                       683   -140      803
  SINCE DEC 1    543                       683   -140      803
  SINCE JUL 1   1276                      1652   -376     1814

 COOLING
  TODAY            0                         0      0        0
  MONTH TO DATE    0                         0      0        0
  SINCE DEC 1      0                         0      0        0
  SINCE JAN 1    653                       424    229      539
..................................................................


WIND (MPH)
  HIGHEST WIND SPEED    15   HIGHEST WIND DIRECTION    SW (220)
  HIGHEST GUST SPEED    19   HIGHEST GUST DIRECTION    NW (310)
  AVERAGE WIND SPEED     6.3



WEATHER CONDITIONS
 THE FOLLOWING WEATHER WAS RECORDED TODAY.
  RAIN
  LIGHT RAIN
  HAIL
  FOG


RELATIVE HUMIDITY (PERCENT)
 HIGHEST    96           300 AM
 LOWEST     76           500 AM
 AVERAGE    86

..........................................................


THE PORTLAND OR CLIMATE NORMALS FOR TOMORROW
                         NORMAL    RECORD    YEAR
 MAXIMUM TEMPERATURE (F)   45        58      1950
 MINIMUM TEMPERATURE (F)   35        14      1990
                                             1968


SUNRISE AND SUNSET
DECEMBER 28 2014......SUNRISE   750 AM PST   SUNSET   434 PM PST
DECEMBER 29 2014......SUNRISE   751 AM PST   SUNSET   435 PM PST


-  INDICATES NEGATIVE NUMBERS.
R  INDICATES RECORD WAS SET OR TIED.
MM INDICATES DATA IS MISSING.
T  INDICATES TRACE AMOUNT.




$$
