000
CDUS46 KPQR 251143
CLIPDX


CLIMATE REPORT
NATIONAL WEATHER SERVICE PORTLAND OREGON
442 AM PDT TUE APR 25 2017


...................................

...THE PORTLAND OR CLIMATE SUMMARY FOR APRIL 24 2017...

CLIMATE NORMAL PERIOD 1981 TO 2010
CLIMATE RECORD PERIOD 1940 TO 2017


WEATHER ITEM   OBSERVED TIME   RECORD YEAR NORMAL DEPARTURE LAST
                VALUE   (LST)  VALUE       VALUE  FROM      YEAR
                                                  NORMAL
..................................................................
TEMPERATURE (F)
 YESTERDAY
  MAXIMUM         54    418 PM  79    1999  63     -9       57
                                      1946
  MINIMUM         44    852 AM  32    1950  44      0       43
  AVERAGE         49                        54     -5       50

PRECIPITATION (IN)
  YESTERDAY        1.02R         0.54 1970   0.09   0.93     0.05
  MONTH TO DATE    4.00                      2.26   1.74     1.86
  SINCE OCT 1     45.50                     28.60  16.90    41.34
  SINCE JAN 1     25.75                     14.48  11.27    17.92

SNOWFALL (IN)
  YESTERDAY       MM             0.0  2016
  MONTH TO DATE    0.0
  SINCE MAR 1      T
  SINCE JUL 1     11.2

DEGREE DAYS
 HEATING
  YESTERDAY       16                        12      4       15
  MONTH TO DATE  336                       319     17      161
  SINCE MAR 1    866                       841     25      610
  SINCE JUL 1   4071                      3899    172     3213

 COOLING
  YESTERDAY        0                         0      0        0
  MONTH TO DATE    0                         0      0       18
  SINCE MAR 1      0                         0      0       18
  SINCE JAN 1      0                         0      0       18
..................................................................


WIND (MPH)
  HIGHEST WIND SPEED    18   HIGHEST WIND DIRECTION    NW (310)
  HIGHEST GUST SPEED    22   HIGHEST GUST DIRECTION    NW (320)
  AVERAGE WIND SPEED     8.6


SKY COVER
  POSSIBLE SUNSHINE  MM
  AVERAGE SKY COVER 1.0


WEATHER CONDITIONS
 THE FOLLOWING WEATHER WAS RECORDED YESTERDAY.
  RAIN
  LIGHT RAIN
  FOG


RELATIVE HUMIDITY (PERCENT)
 HIGHEST    93          1200 AM
 LOWEST     71           500 PM
 AVERAGE    82

..........................................................


THE PORTLAND OR CLIMATE NORMALS FOR TODAY
                         NORMAL    RECORD    YEAR
 MAXIMUM TEMPERATURE (F)   63        82      2001
 MINIMUM TEMPERATURE (F)   44        32      1955


SUNRISE AND SUNSET
APRIL 25 2017.........SUNRISE   607 AM PDT   SUNSET   810 PM PDT
APRIL 26 2017.........SUNRISE   606 AM PDT   SUNSET   812 PM PDT


-  INDICATES NEGATIVE NUMBERS.
R  INDICATES RECORD WAS SET OR TIED.
MM INDICATES DATA IS MISSING.
T  INDICATES TRACE AMOUNT.




$$
