000
CDUS46 KPQR 241144
CLIPDX


CLIMATE REPORT
NATIONAL WEATHER SERVICE PORTLAND OREGON
443 AM PDT THU APR 24 2014


...................................

...THE PORTLAND OR CLIMATE SUMMARY FOR APRIL 23 2014...

CLIMATE NORMAL PERIOD 1981 TO 2010
CLIMATE RECORD PERIOD 1940 TO 2014


WEATHER ITEM   OBSERVED TIME   RECORD YEAR NORMAL DEPARTURE LAST
                VALUE   (LST)  VALUE       VALUE  FROM      YEAR
                                                  NORMAL
..................................................................
TEMPERATURE (F)
 YESTERDAY
  MAXIMUM         55    131 PM  82    2012  63     -8       68
  MINIMUM         46    653 AM  34    1954  44      2       38
  AVERAGE         51                        53     -2       53

PRECIPITATION (IN)
  YESTERDAY        0.40          0.71 1996   0.08   0.32     0.00
  MONTH TO DATE    2.29                      2.17   0.12     2.12
  SINCE OCT 1     23.45                     28.51  -5.06    30.26
  SINCE JAN 1     17.63                     14.39   3.24     8.33

DEGREE DAYS
 HEATING
  YESTERDAY       14                        12      2       12
  MONTH TO DATE  261                       307    -46      318
  SINCE MAR 1    745                       829    -84      816
  SINCE JUL 1   4043                      3887    156     3713

 COOLING
  YESTERDAY        0                         0      0        0
  MONTH TO DATE    0                         0      0        0
  SINCE MAR 1      0                         0      0        0
  SINCE JAN 1      0                         0      0        0
..................................................................


WIND (MPH)
  HIGHEST WIND SPEED    23   HIGHEST WIND DIRECTION     S (190)
  HIGHEST GUST SPEED    32   HIGHEST GUST DIRECTION     S (200)
  AVERAGE WIND SPEED    12.7


SKY COVER
  POSSIBLE SUNSHINE  MM
  AVERAGE SKY COVER 0.8


WEATHER CONDITIONS
 THE FOLLOWING WEATHER WAS RECORDED YESTERDAY.
  LIGHT RAIN
  FOG


RELATIVE HUMIDITY (PERCENT)
 HIGHEST   100           600 PM
 LOWEST     71          1200 PM
 AVERAGE    86

..........................................................


THE PORTLAND OR CLIMATE NORMALS FOR TODAY
                         NORMAL    RECORD    YEAR
 MAXIMUM TEMPERATURE (F)   63        79      1999
                                             1946
 MINIMUM TEMPERATURE (F)   44        32      1950


SUNRISE AND SUNSET
APRIL 24 2014.........SUNRISE   609 AM PDT   SUNSET   809 PM PDT
APRIL 25 2014.........SUNRISE   608 AM PDT   SUNSET   810 PM PDT


-  INDICATES NEGATIVE NUMBERS.
R  INDICATES RECORD WAS SET OR TIED.
MM INDICATES DATA IS MISSING.
T  INDICATES TRACE AMOUNT.




$$
