000
CDUS46 KPQR 241144
CLIPDX


CLIMATE REPORT
NATIONAL WEATHER SERVICE PORTLAND OREGON
443 AM PDT WED MAY 24 2017


...................................

...THE PORTLAND OR CLIMATE SUMMARY FOR MAY 23 2017...

CLIMATE NORMAL PERIOD 1981 TO 2010
CLIMATE RECORD PERIOD 1940 TO 2017


WEATHER ITEM   OBSERVED TIME   RECORD YEAR NORMAL DEPARTURE LAST
                VALUE   (LST)  VALUE       VALUE  FROM      YEAR
                                                  NORMAL
..................................................................
TEMPERATURE (F)
 YESTERDAY
  MAXIMUM         84    200 PM  90    1947  70     14       68
  MINIMUM         52   1159 PM  35    1964  50      2       53
  AVERAGE         68                        60      8       61

PRECIPITATION (IN)
  YESTERDAY        0.00          0.96 1997   0.08  -0.08      T
  MONTH TO DATE    1.92                      1.79   0.13     1.66
  SINCE OCT 1     47.93                     30.86  17.07    43.10
  SINCE JAN 1     28.18                     16.74  11.44    19.68

SNOWFALL (IN)
  YESTERDAY        0.0          MM      MM
  MONTH TO DATE    0.0
  SINCE MAR 1      T
  SINCE JUL 1     11.2

DEGREE DAYS
 HEATING
  YESTERDAY        0                         6     -6        4
  MONTH TO DATE  176                       181     -5       81
  SINCE MAR 1   1127                      1086     41      757
  SINCE JUL 1   4332                      4144    188     3360

 COOLING
  YESTERDAY        3                         1      2        0
  MONTH TO DATE   25                         4     21       25
  SINCE MAR 1     25                         5     20       43
  SINCE JAN 1     25                         5     20       43
..................................................................


WIND (MPH)
  HIGHEST WIND SPEED    29   HIGHEST WIND DIRECTION    NW (310)
  HIGHEST GUST SPEED    35   HIGHEST GUST DIRECTION    NW (310)
  AVERAGE WIND SPEED     9.1


SKY COVER
  POSSIBLE SUNSHINE  MM
  AVERAGE SKY COVER 0.2


WEATHER CONDITIONS
 THE FOLLOWING WEATHER WAS RECORDED YESTERDAY.
  NO SIGNIFICANT WEATHER WAS OBSERVED.


RELATIVE HUMIDITY (PERCENT)
 HIGHEST    78           500 AM
 LOWEST     26           400 PM
 AVERAGE    52

..........................................................


THE PORTLAND OR CLIMATE NORMALS FOR TODAY
                         NORMAL    RECORD    YEAR
 MAXIMUM TEMPERATURE (F)   70        93      1992
 MINIMUM TEMPERATURE (F)   50        37      1955


SUNRISE AND SUNSET
MAY 24 2017...........SUNRISE   530 AM PDT   SUNSET   845 PM PDT
MAY 25 2017...........SUNRISE   529 AM PDT   SUNSET   846 PM PDT


-  INDICATES NEGATIVE NUMBERS.
R  INDICATES RECORD WAS SET OR TIED.
MM INDICATES DATA IS MISSING.
T  INDICATES TRACE AMOUNT.




$$
