000
CDUS46 KPQR 281151
CLIPDX


CLIMATE REPORT
NATIONAL WEATHER SERVICE PORTLAND OREGON
350 AM PST TUE FEB 28 2017


...................................

...THE PORTLAND OR CLIMATE SUMMARY FOR FEBRUARY 27 2017...

CLIMATE NORMAL PERIOD 1981 TO 2010
CLIMATE RECORD PERIOD 1940 TO 2017


WEATHER ITEM   OBSERVED TIME   RECORD YEAR NORMAL DEPARTURE LAST
                VALUE   (LST)  VALUE       VALUE  FROM      YEAR
                                                  NORMAL
..................................................................
TEMPERATURE (F)
 YESTERDAY
  MAXIMUM         45    419 PM  67    1968  54     -9       59
  MINIMUM         36    809 AM  19    1960  37     -1       48
  AVERAGE         41                        45     -4       54

PRECIPITATION (IN)
  YESTERDAY        0.03          1.32 1976   0.13  -0.10     0.13
  MONTH TO DATE   10.34                      3.53   6.81     3.70
  SINCE OCT 1     34.22                     22.53  11.69    34.35
  SINCE JAN 1     14.47                      8.41   6.06    10.93

SNOWFALL (IN)
  YESTERDAY        0.0           0.8  1971
  MONTH TO DATE    T
  SINCE DEC 1     11.2
  SINCE JUL 1     11.2

DEGREE DAYS
 HEATING
  YESTERDAY       24                        20      4       11
  MONTH TO DATE  650                       574     76      419
  SINCE DEC 1   2473                      2069    404     1766
  SINCE JUL 1   3183                      3038    145     2574

 COOLING
  YESTERDAY        0                         0      0        0
  MONTH TO DATE    0                         0      0        0
  SINCE DEC 1      0                         0      0        0
  SINCE JAN 1      0                         0      0        0
..................................................................


WIND (MPH)
  HIGHEST WIND SPEED    18   HIGHEST WIND DIRECTION    SW (210)
  HIGHEST GUST SPEED    23   HIGHEST GUST DIRECTION    SW (210)
  AVERAGE WIND SPEED     7.7


SKY COVER
  POSSIBLE SUNSHINE  MM
  AVERAGE SKY COVER 1.0


WEATHER CONDITIONS
 THE FOLLOWING WEATHER WAS RECORDED YESTERDAY.
  LIGHT RAIN


RELATIVE HUMIDITY (PERCENT)
 HIGHEST    92          1200 AM
 LOWEST     65           500 PM
 AVERAGE    79

..........................................................


THE PORTLAND OR CLIMATE NORMALS FOR TODAY
                         NORMAL    RECORD    YEAR
 MAXIMUM TEMPERATURE (F)   54        71      1988
 MINIMUM TEMPERATURE (F)   37        24      1960


SUNRISE AND SUNSET
FEBRUARY 28 2017......SUNRISE   650 AM PST   SUNSET   556 PM PST
MARCH  1 2017.........SUNRISE   648 AM PST   SUNSET   558 PM PST


-  INDICATES NEGATIVE NUMBERS.
R  INDICATES RECORD WAS SET OR TIED.
MM INDICATES DATA IS MISSING.
T  INDICATES TRACE AMOUNT.




$$
