510
CDUS46 KPQR 251141
CLIPDX


CLIMATE REPORT
NATIONAL WEATHER SERVICE PORTLAND OREGON
440 AM PDT MON JUL 25 2016


...................................

...THE PORTLAND OR CLIMATE SUMMARY FOR JULY 24 2016...

CLIMATE NORMAL PERIOD 1981 TO 2010
CLIMATE RECORD PERIOD 1940 TO 2016


WEATHER ITEM   OBSERVED TIME   RECORD YEAR NORMAL DEPARTURE LAST
                VALUE   (LST)  VALUE       VALUE  FROM      YEAR
                                                  NORMAL
..................................................................
TEMPERATURE (F)
 YESTERDAY
  MAXIMUM         88    434 PM 100    2004  82      6       82
                                      1984
  MINIMUM         57    510 AM  50    1973  59     -2       58
                                      1964
  AVERAGE         73                        70      3       70

PRECIPITATION (IN)
  YESTERDAY        0.00          0.51 1949   0.01  -0.01     0.00
  MONTH TO DATE    0.66                      0.54   0.12     0.03
  SINCE OCT 1     45.24                     33.78  11.46    29.50
  SINCE JAN 1     21.82                     19.66   2.16    14.52

DEGREE DAYS
 HEATING
  YESTERDAY        0                         0      0        0
  MONTH TO DATE    3                        15    -12        0
  SINCE JUN 1     70                       106    -36       19
  SINCE JUL 1      3                        15    -12        0

 COOLING
  YESTERDAY        8                         6      2        5
  MONTH TO DATE   79                       107    -28      228
  SINCE JUN 1    184                       154     30      413
  SINCE JAN 1    233                       171     62      435
..................................................................


WIND (MPH)
  HIGHEST WIND SPEED    18   HIGHEST WIND DIRECTION    NW (310)
  HIGHEST GUST SPEED    25   HIGHEST GUST DIRECTION    NW (320)
  AVERAGE WIND SPEED     7.5


SKY COVER
  POSSIBLE SUNSHINE  MM
  AVERAGE SKY COVER 0.1


WEATHER CONDITIONS
 THE FOLLOWING WEATHER WAS RECORDED YESTERDAY.
  NO SIGNIFICANT WEATHER WAS OBSERVED.


RELATIVE HUMIDITY (PERCENT)
 HIGHEST    86           500 AM
 LOWEST     31           400 PM
 AVERAGE    59

..........................................................


THE PORTLAND OR CLIMATE NORMALS FOR TODAY
                         NORMAL    RECORD    YEAR
 MAXIMUM TEMPERATURE (F)   82       100      1988
 MINIMUM TEMPERATURE (F)   59        49      1963


SUNRISE AND SUNSET
JULY 25 2016..........SUNRISE   547 AM PDT   SUNSET   846 PM PDT
JULY 26 2016..........SUNRISE   548 AM PDT   SUNSET   845 PM PDT


-  INDICATES NEGATIVE NUMBERS.
R  INDICATES RECORD WAS SET OR TIED.
MM INDICATES DATA IS MISSING.
T  INDICATES TRACE AMOUNT.




$$
