000
CDUS46 KPQR 301141
CLIPDX


CLIMATE REPORT
NATIONAL WEATHER SERVICE PORTLAND OREGON
440 AM PDT THU OCT 30 2014


...................................

...THE PORTLAND OR CLIMATE SUMMARY FOR OCTOBER 29 2014...

CLIMATE NORMAL PERIOD 1981 TO 2010
CLIMATE RECORD PERIOD 1940 TO 2014


WEATHER ITEM   OBSERVED TIME   RECORD YEAR NORMAL DEPARTURE LAST
                VALUE   (LST)  VALUE       VALUE  FROM      YEAR
                                                  NORMAL
..................................................................
TEMPERATURE (F)
 YESTERDAY
  MAXIMUM         61    326 PM  71    1993  58      3       59
                                      1962
  MINIMUM         56    727 AM  26    1971  44     12       32
  AVERAGE         59                        51      8       46

PRECIPITATION (IN)
  YESTERDAY        0.20          1.14 1997   0.14   0.06     0.00
  MONTH TO DATE    4.57                      2.71   1.86     1.10
  SINCE OCT 1      4.57                      2.71   1.86     1.10
  SINCE JAN 1     29.70                     24.62   5.08    22.00

DEGREE DAYS
 HEATING
  YESTERDAY        6                        14     -8       19
  MONTH TO DATE  145                       287   -142      318
  SINCE SEP 1    162                       363   -201      403
  SINCE JUL 1    163                       390   -227      408

 COOLING
  YESTERDAY        0                         0      0        0
  MONTH TO DATE   17                         0     17        0
  SINCE SEP 1    118                        59     59       86
  SINCE JAN 1    653                       422    231      539
..................................................................


WIND (MPH)
  HIGHEST WIND SPEED    20   HIGHEST WIND DIRECTION     S (180)
  HIGHEST GUST SPEED    23   HIGHEST GUST DIRECTION     S (200)
  AVERAGE WIND SPEED     6.9


SKY COVER
  POSSIBLE SUNSHINE  MM
  AVERAGE SKY COVER 0.9


WEATHER CONDITIONS
 THE FOLLOWING WEATHER WAS RECORDED YESTERDAY.
  RAIN
  LIGHT RAIN
  FOG


RELATIVE HUMIDITY (PERCENT)
 HIGHEST    93           200 AM
 LOWEST     84           300 PM
 AVERAGE    89

..........................................................


THE PORTLAND OR CLIMATE NORMALS FOR TODAY
                         NORMAL    RECORD    YEAR
 MAXIMUM TEMPERATURE (F)   58        69      1988
                                             1987
 MINIMUM TEMPERATURE (F)   44        27      1991


SUNRISE AND SUNSET
OCTOBER 30 2014.......SUNRISE   747 AM PDT   SUNSET   600 PM PDT
OCTOBER 31 2014.......SUNRISE   749 AM PDT   SUNSET   559 PM PDT


-  INDICATES NEGATIVE NUMBERS.
R  INDICATES RECORD WAS SET OR TIED.
MM INDICATES DATA IS MISSING.
T  INDICATES TRACE AMOUNT.




$$
