000
CDUS46 KPQR 261144
CLIPDX


CLIMATE REPORT
NATIONAL WEATHER SERVICE PORTLAND OREGON
444 AM PDT SAT JUL 26 2014


...................................

...THE PORTLAND OR CLIMATE SUMMARY FOR JULY 25 2014...

CLIMATE NORMAL PERIOD 1981 TO 2010
CLIMATE RECORD PERIOD 1940 TO 2014


WEATHER ITEM   OBSERVED TIME   RECORD YEAR NORMAL DEPARTURE LAST
                VALUE   (LST)  VALUE       VALUE  FROM      YEAR
                                                  NORMAL
..................................................................
TEMPERATURE (F)
 YESTERDAY
  MAXIMUM         78    521 PM 100    1988  82     -4       90
  MINIMUM         54    439 AM  49    1963  59     -5       57
  AVERAGE         66                        70     -4       74

PRECIPITATION (IN)
  YESTERDAY        0.00          0.42 1983   0.02  -0.02     0.00
  MONTH TO DATE    1.05                      0.56   0.49      T
  SINCE OCT 1     29.96                     33.80  -3.84    36.43
  SINCE JAN 1     24.14                     19.68   4.46    14.50

DEGREE DAYS
 HEATING
  YESTERDAY        0                         0      0        0
  MONTH TO DATE    1                        15    -14        1
  SINCE JUN 1     63                       106    -43       50
  SINCE JUL 1      1                        15    -14        1

 COOLING
  YESTERDAY        1                         6     -5        9
  MONTH TO DATE  159                       113     46      144
  SINCE JUN 1    188                       160     28      211
  SINCE JAN 1    216                       177     39      226
..................................................................


WIND (MPH)
  HIGHEST WIND SPEED    13   HIGHEST WIND DIRECTION    NW (310)
  HIGHEST GUST SPEED    17   HIGHEST GUST DIRECTION    NW (300)
  AVERAGE WIND SPEED     5.9


SKY COVER
  POSSIBLE SUNSHINE  MM
  AVERAGE SKY COVER 0.3


WEATHER CONDITIONS
 THE FOLLOWING WEATHER WAS RECORDED YESTERDAY.
  NO SIGNIFICANT WEATHER WAS OBSERVED.


RELATIVE HUMIDITY (PERCENT)
 HIGHEST    86          1200 AM
 LOWEST     38           200 PM
 AVERAGE    62

..........................................................


THE PORTLAND OR CLIMATE NORMALS FOR TODAY
                         NORMAL    RECORD    YEAR
 MAXIMUM TEMPERATURE (F)   82        99      1998
 MINIMUM TEMPERATURE (F)   59        48      1953
                                             1951


SUNRISE AND SUNSET
JULY 26 2014..........SUNRISE   547 AM PDT   SUNSET   846 PM PDT
JULY 27 2014..........SUNRISE   548 AM PDT   SUNSET   845 PM PDT


-  INDICATES NEGATIVE NUMBERS.
R  INDICATES RECORD WAS SET OR TIED.
MM INDICATES DATA IS MISSING.
T  INDICATES TRACE AMOUNT.




$$
