000
CDUS46 KPQR 200221
CLIPDX


CLIMATE REPORT
NATIONAL WEATHER SERVICE PORTLAND OREGON
620 PM PST FRI JAN 19 2018


...................................

...THE PORTLAND OR CLIMATE SUMMARY FOR JANUARY 19 2018...
VALID TODAY AS OF 0600 PM LOCAL TIME.

CLIMATE NORMAL PERIOD 1981 TO 2010
CLIMATE RECORD PERIOD 1940 TO 2018


WEATHER ITEM   OBSERVED TIME   RECORD YEAR NORMAL DEPARTURE LAST
                VALUE   (LST)  VALUE       VALUE  FROM      YEAR
                                                  NORMAL
..................................................................
TEMPERATURE (F)
 TODAY
  MAXIMUM         49    254 PM  60    1971  47      2       52
  MINIMUM         40    148 AM  18    1950  36      4       35
  AVERAGE         45                        42      3       44

PRECIPITATION (IN)
  TODAY            0.01          1.98 1950   0.15  -0.14      T
  MONTH TO DATE    2.55                      3.14  -0.59     3.36
  SINCE OCT 1     16.65                     17.26  -0.61    23.11
  SINCE JAN 1      2.55                      3.14  -0.59     3.36

SNOWFALL (IN)
  TODAY            0.0           4.1  1950
  MONTH TO DATE    0.0
  SINCE DEC 1      1.0
  SINCE JUL 1      1.0

DEGREE DAYS
 HEATING
  TODAY           20                        23     -3       21
  MONTH TO DATE  372                       459    -87      663
  SINCE DEC 1   1148                      1222    -74     1517
  SINCE JUL 1   2073                      2191   -118     2227

 COOLING
  TODAY            0                         0      0        0
  MONTH TO DATE    0                         0      0        0
  SINCE DEC 1      0                         0      0        0
  SINCE JAN 1      0                         0      0        0
..................................................................


WIND (MPH)
  HIGHEST WIND SPEED    22   HIGHEST WIND DIRECTION     S (200)
  HIGHEST GUST SPEED    28   HIGHEST GUST DIRECTION    SW (210)
  AVERAGE WIND SPEED    12.5



WEATHER CONDITIONS
 THE FOLLOWING WEATHER WAS RECORDED TODAY.
  LIGHT RAIN


RELATIVE HUMIDITY (PERCENT)
 HIGHEST    93          1200 AM
 LOWEST     71           200 PM
 AVERAGE    82

..........................................................


THE PORTLAND OR CLIMATE NORMALS FOR TOMORROW
                         NORMAL    RECORD    YEAR
 MAXIMUM TEMPERATURE (F)   48        56      1961
 MINIMUM TEMPERATURE (F)   36        15      1949


SUNRISE AND SUNSET
JANUARY 19 2018.......SUNRISE   744 AM PST   SUNSET   459 PM PST
JANUARY 20 2018.......SUNRISE   743 AM PST   SUNSET   500 PM PST


-  INDICATES NEGATIVE NUMBERS.
R  INDICATES RECORD WAS SET OR TIED.
MM INDICATES DATA IS MISSING.
T  INDICATES TRACE AMOUNT.




$$
