000
CDUS41 KPBZ 240713
CLIPHD


CLIMATE REPORT
NATIONAL WEATHER SERVICE PITTSBURGH PA
312 AM EDT SUN MAY 24 2015


...................................

...THE NEW PHILADELPHIA OH CLIMATE SUMMARY FOR MAY 23 2015...

CLIMATE NORMAL PERIOD 1981 TO 2010
CLIMATE RECORD PERIOD 1946 TO 2015


WEATHER ITEM   OBSERVED TIME   RECORD YEAR NORMAL DEPARTURE LAST
                VALUE   (LST)  VALUE       VALUE  FROM      YEAR
                                                  NORMAL
..................................................................
TEMPERATURE (F)
 YESTERDAY
  MAXIMUM         76    544 PM  88    1991  74      2       67
  MINIMUM         40            30    2002  50    -10       48
  AVERAGE         58                        62     -4       58

PRECIPITATION (IN)
  YESTERDAY        0.00         MM      MM   0.16  -0.16     0.00
  MONTH TO DATE    2.68                      2.99  -0.31     3.18
  SINCE JUN 1     37.66                     37.72  -0.06    39.61
  SINCE JAN 1     12.93                     14.42  -1.49    14.97

DEGREE DAYS
 HEATING
  YESTERDAY        7                         5      2        7
  MONTH TO DATE   87                       163    -76      149
  SINCE MAR 1   1279                      1371    -92     1520
  SINCE JUL 1   5897                      5578    319     6153

 COOLING
  YESTERDAY        0                         2     -2        0
  MONTH TO DATE   98                        17     81       39
  SINCE MAR 1    101                        24     77       40
  SINCE JAN 1    101                        24     77       40
..................................................................


WIND (MPH)
  HIGHEST WIND SPEED    10   HIGHEST WIND DIRECTION    NW (300)
  HIGHEST GUST SPEED    15   HIGHEST GUST DIRECTION     W (260)
  AVERAGE WIND SPEED     2.6


SKY COVER
  POSSIBLE SUNSHINE  MM
  AVERAGE SKY COVER 0.0


WEATHER CONDITIONS
 THE FOLLOWING WEATHER WAS RECORDED YESTERDAY.
  HAZE


RELATIVE HUMIDITY (PERCENT)
 HIGHEST    85           500 AM
 LOWEST     23           400 PM
 AVERAGE    54

..........................................................


THE NEW PHILADELPHIA OH CLIMATE NORMALS FOR TODAY
                         NORMAL    RECORD    YEAR
 MAXIMUM TEMPERATURE (F)   74        89      1964
 MINIMUM TEMPERATURE (F)   50        27      1963


SUNRISE AND SUNSET
MAY 24 2015...........SUNRISE   602 AM EDT   SUNSET   843 PM EDT
MAY 25 2015...........SUNRISE   601 AM EDT   SUNSET   844 PM EDT


-  INDICATES NEGATIVE NUMBERS.
R  INDICATES RECORD WAS SET OR TIED.
MM INDICATES DATA IS MISSING.
T  INDICATES TRACE AMOUNT.




$$
