000
CDUS41 KPBZ 262122
CLIPHD


CLIMATE REPORT
NATIONAL WEATHER SERVICE PITTSBURGH PA
522 PM EDT WED JUL 26 2017


...................................

...THE NEW PHILADELPHIA OH CLIMATE SUMMARY FOR JULY 26 2017...
VALID TODAY AS OF 0500 PM LOCAL TIME.

CLIMATE NORMAL PERIOD 1981 TO 2010
CLIMATE RECORD PERIOD 1948 TO 2017


WEATHER ITEM   OBSERVED TIME   RECORD YEAR NORMAL DEPARTURE LAST
                VALUE   (LST)  VALUE       VALUE  FROM      YEAR
                                                  NORMAL
..................................................................
TEMPERATURE (F)
 TODAY
  MAXIMUM         81    320 PM  95    2016  84     -3       95
  MINIMUM         57    547 AM  51    1965  62     -5       68
  AVERAGE         69                        73     -4       82

PRECIPITATION (IN)
  TODAY            0.00          1.28 2004   0.15  -0.15     0.00
  MONTH TO DATE    5.76                      3.29   2.47     1.17
  SINCE JUN 1      7.91                      7.02   0.89     2.34
  SINCE JAN 1     28.66                     22.62   6.04    16.99

DEGREE DAYS
 HEATING
  TODAY            0                         0      0        0
  MONTH TO DATE    0                         0      0        0
  SINCE JUN 1     27                        35     -8        7
  SINCE JUL 1      0                         0      0        0

 COOLING
  TODAY            4                         8     -4       17
  MONTH TO DATE  227                       199     28      326
  SINCE JUN 1    415                       342     73      596
  SINCE JAN 1    482                       385     97      675
..................................................................


WIND (MPH)
  HIGHEST WIND SPEED     9   HIGHEST WIND DIRECTION     S (190)
  HIGHEST GUST SPEED    12   HIGHEST GUST DIRECTION    SE (150)
  AVERAGE WIND SPEED     1.4


SKY COVER
  POSSIBLE SUNSHINE  MM
  AVERAGE SKY COVER 0.4


WEATHER CONDITIONS
 THE FOLLOWING WEATHER WAS RECORDED TODAY.
  FOG
  FOG W/VISIBILITY <= 1/4 MILE


RELATIVE HUMIDITY (PERCENT)
 HIGHEST   100          1200 AM
 LOWEST     54           300 PM
 AVERAGE    77

..........................................................


THE NEW PHILADELPHIA OH CLIMATE NORMALS FOR TOMORROW
                         NORMAL    RECORD    YEAR
 MAXIMUM TEMPERATURE (F)   84        95      2016
 MINIMUM TEMPERATURE (F)   62        45      1962


SUNRISE AND SUNSET
JULY 26 2017..........SUNRISE   618 AM EDT   SUNSET   846 PM EDT
JULY 27 2017..........SUNRISE   619 AM EDT   SUNSET   845 PM EDT


-  INDICATES NEGATIVE NUMBERS.
R  INDICATES RECORD WAS SET OR TIED.
MM INDICATES DATA IS MISSING.
T  INDICATES TRACE AMOUNT.




$$
