000
CDUS41 KPBZ 220702
CLIPHD


CLIMATE REPORT
NATIONAL WEATHER SERVICE PITTSBURGH PA
302 AM EDT FRI AUG 22 2014


...................................

...THE NEW PHILADELPHIA OH CLIMATE SUMMARY FOR AUGUST 21 2014...

CLIMATE NORMAL PERIOD 1981 TO 2010
CLIMATE RECORD PERIOD 1946 TO 2014


WEATHER ITEM   OBSERVED TIME   RECORD YEAR NORMAL DEPARTURE LAST
                VALUE   (LST)  VALUE       VALUE  FROM      YEAR
                                                  NORMAL
..................................................................
TEMPERATURE (F)
 YESTERDAY
  MAXIMUM         77   1143 AM  98    1983  83     -6       87
  MINIMUM         63            46    1969  60      3       59
  AVERAGE         70                        71     -1       73

PRECIPITATION (IN)
  YESTERDAY        T            MM      MM   0.13  -0.13     0.00
  MONTH TO DATE    5.68                      2.29   3.39     0.99
  SINCE JUN 1     15.43                     10.05   5.38    13.11
  SINCE JAN 1     30.61                     25.65   4.96    23.15

DEGREE DAYS
 HEATING
  YESTERDAY        0                         0      0        0
  MONTH TO DATE   13                         0     13       10
  SINCE JUN 1     42                        38      4       36
  SINCE JUL 1     32                         3     29       14

 COOLING
  YESTERDAY        5                         6     -1        8
  MONTH TO DATE   86                       146    -60       85
  SINCE JUN 1    415                       523   -108      467
  SINCE JAN 1    481                       566    -85      565
..................................................................


WIND (MPH)
  HIGHEST WIND SPEED    10   HIGHEST WIND DIRECTION    SW (210)
  HIGHEST GUST SPEED    15   HIGHEST GUST DIRECTION     S (200)
  AVERAGE WIND SPEED     3.3


SKY COVER
  POSSIBLE SUNSHINE  MM
  AVERAGE SKY COVER 0.8


WEATHER CONDITIONS
 THE FOLLOWING WEATHER WAS RECORDED YESTERDAY.
  FOG
  FOG W/VISIBILITY <= 1/4 MILE


RELATIVE HUMIDITY (PERCENT)
 HIGHEST   100          1200 AM
 LOWEST     82          1100 AM
 AVERAGE    91

..........................................................


THE NEW PHILADELPHIA OH CLIMATE NORMALS FOR TODAY
                         NORMAL    RECORD    YEAR
 MAXIMUM TEMPERATURE (F)   82        94      1968
 MINIMUM TEMPERATURE (F)   59        40      1982


SUNRISE AND SUNSET
AUGUST 22 2014........SUNRISE   643 AM EDT   SUNSET   813 PM EDT
AUGUST 23 2014........SUNRISE   644 AM EDT   SUNSET   812 PM EDT


-  INDICATES NEGATIVE NUMBERS.
R  INDICATES RECORD WAS SET OR TIED.
MM INDICATES DATA IS MISSING.
T  INDICATES TRACE AMOUNT.




$$
