000
CDUS41 KPBZ 290701
CLIPHD


CLIMATE REPORT
NATIONAL WEATHER SERVICE PITTSBURGH PA
300 AM EDT WED MAR 29 2017


...................................

...THE NEW PHILADELPHIA OH CLIMATE SUMMARY FOR MARCH 28 2017...

CLIMATE NORMAL PERIOD 1981 TO 2010
CLIMATE RECORD PERIOD 1946 TO 2017


WEATHER ITEM   OBSERVED TIME   RECORD YEAR NORMAL DEPARTURE LAST
                VALUE   (LST)  VALUE       VALUE  FROM      YEAR
                                                  NORMAL
..................................................................
TEMPERATURE (F)
 YESTERDAY
  MAXIMUM         57   1150 AM  82    1989  56      1       66
  MINIMUM         44            11    1982  33     11       42
  AVERAGE         51                        44      7       54

PRECIPITATION (IN)
  YESTERDAY        0.10         MM      MM   0.10   0.00     0.27
  MONTH TO DATE    3.22                      2.73   0.49     2.92
  SINCE JUN 1     29.06                     30.99  -1.93    25.36
  SINCE JAN 1      8.48                      7.69   0.79     7.28

DEGREE DAYS
 HEATING
  YESTERDAY       14                        21     -7       11
  MONTH TO DATE  712                       719     -7      521
  SINCE MAR 1    712                       719     -7      521
  SINCE JUL 1   4209                      4926   -717     4135

 COOLING
  YESTERDAY        0                         0      0        0
  MONTH TO DATE    0                         0      0        0
  SINCE MAR 1      0                         0      0        0
  SINCE JAN 1      0                         0      0        0
..................................................................


WIND (MPH)
  HIGHEST WIND SPEED    15   HIGHEST WIND DIRECTION    NW (330)
  HIGHEST GUST SPEED    20   HIGHEST GUST DIRECTION    NW (320)
  AVERAGE WIND SPEED     6.4


SKY COVER
  POSSIBLE SUNSHINE  MM
  AVERAGE SKY COVER 0.9


WEATHER CONDITIONS
 THE FOLLOWING WEATHER WAS RECORDED YESTERDAY.
  LIGHT RAIN
  FOG


RELATIVE HUMIDITY (PERCENT)
 HIGHEST   100           700 AM
 LOWEST     77           300 PM
 AVERAGE    89

..........................................................


THE NEW PHILADELPHIA OH CLIMATE NORMALS FOR TODAY
                         NORMAL    RECORD    YEAR
 MAXIMUM TEMPERATURE (F)   57        81      1998
 MINIMUM TEMPERATURE (F)   33        14      1966


SUNRISE AND SUNSET
MARCH 29 2017.........SUNRISE   714 AM EDT   SUNSET   747 PM EDT
MARCH 30 2017.........SUNRISE   712 AM EDT   SUNSET   748 PM EDT


-  INDICATES NEGATIVE NUMBERS.
R  INDICATES RECORD WAS SET OR TIED.
MM INDICATES DATA IS MISSING.
T  INDICATES TRACE AMOUNT.




$$
