000
CDUS41 KPBZ 250703
CLIPHD


CLIMATE REPORT
NATIONAL WEATHER SERVICE PITTSBURGH PA
303 AM EDT WED MAY 25 2016


...................................

...THE NEW PHILADELPHIA OH CLIMATE SUMMARY FOR MAY 24 2016...

CLIMATE NORMAL PERIOD 1981 TO 2010
CLIMATE RECORD PERIOD 1946 TO 2016


WEATHER ITEM   OBSERVED TIME   RECORD YEAR NORMAL DEPARTURE LAST
                VALUE   (LST)  VALUE       VALUE  FROM      YEAR
                                                  NORMAL
..................................................................
TEMPERATURE (F)
 YESTERDAY
  MAXIMUM         82    517 PM  89    1964  74      8       84
  MINIMUM         50            27    1963  50      0       48
  AVERAGE         66                        62      4       66

PRECIPITATION (IN)
  YESTERDAY        0.00         MM      MM   0.14  -0.14     0.00
  MONTH TO DATE    3.13                      3.13   0.00     2.68
  SINCE JUN 1     32.73                     37.86  -5.13    37.66
  SINCE JAN 1     14.65                     14.56   0.09    12.93

DEGREE DAYS
 HEATING
  YESTERDAY        0                         5     -5        0
  MONTH TO DATE  173                       168      5       87
  SINCE MAR 1   1197                      1376   -179     1279
  SINCE JUL 1   4811                      5583   -772     5897

 COOLING
  YESTERDAY        1                         2     -1        1
  MONTH TO DATE    6                        19    -13       99
  SINCE MAR 1      6                        26    -20      102
  SINCE JAN 1      6                        26    -20      102
..................................................................


WIND (MPH)
  HIGHEST WIND SPEED    15   HIGHEST WIND DIRECTION    NW (300)
  HIGHEST GUST SPEED    20   HIGHEST GUST DIRECTION    NW (300)
  AVERAGE WIND SPEED     3.3


SKY COVER
  POSSIBLE SUNSHINE  MM
  AVERAGE SKY COVER 0.0


WEATHER CONDITIONS
 THE FOLLOWING WEATHER WAS RECORDED YESTERDAY.
  FOG


RELATIVE HUMIDITY (PERCENT)
 HIGHEST    89           200 AM
 LOWEST     26           400 PM
 AVERAGE    58

..........................................................


THE NEW PHILADELPHIA OH CLIMATE NORMALS FOR TODAY
                         NORMAL    RECORD    YEAR
 MAXIMUM TEMPERATURE (F)   75        88      2012
                                             1966
 MINIMUM TEMPERATURE (F)   51        32      2013


SUNRISE AND SUNSET
MAY 25 2016...........SUNRISE   601 AM EDT   SUNSET   845 PM EDT
MAY 26 2016...........SUNRISE   600 AM EDT   SUNSET   846 PM EDT


-  INDICATES NEGATIVE NUMBERS.
R  INDICATES RECORD WAS SET OR TIED.
MM INDICATES DATA IS MISSING.
T  INDICATES TRACE AMOUNT.




$$
