000
CDUS41 KPBZ 032120
CLIPHD


CLIMATE REPORT
NATIONAL WEATHER SERVICE PITTSBURGH PA
517 PM EDT FRI JUL 3 2015


...................................

...THE NEW PHILADELPHIA OH CLIMATE SUMMARY FOR JULY 3 2015...
VALID TODAY AS OF 0500 PM LOCAL TIME.

CLIMATE NORMAL PERIOD 1981 TO 2010
CLIMATE RECORD PERIOD 1946 TO 2015


WEATHER ITEM   OBSERVED TIME   RECORD YEAR NORMAL DEPARTURE LAST
                VALUE   (LST)  VALUE       VALUE  FROM      YEAR
                                                  NORMAL
..................................................................
TEMPERATURE (F)
 TODAY
  MAXIMUM         78    301 PM  99    1966  83     -5       77
  MINIMUM         53    528 AM  46    2001  61     -8       60
  AVERAGE         66                        72     -6       69

PRECIPITATION (IN)
  TODAY            0.00         MM      MM   0.10  -0.10     0.25
  MONTH TO DATE    0.00                      0.29  -0.29     0.46
  SINCE JUN 1      5.08                      4.02   1.06     5.33
  SINCE JAN 1     18.30                     19.62  -1.32    20.51

DEGREE DAYS
 HEATING
  TODAY            0                         0      0        0
  MONTH TO DATE    0                         0      0        0
  SINCE JUN 1     23                        35    -12       10
  SINCE JUL 1      0                         0      0        0

 COOLING
  TODAY            1                         7     -6        4
  MONTH TO DATE    5                        21    -16       30
  SINCE JUN 1    231                       164     67      207
  SINCE JAN 1    392                       207    185      273
..................................................................


WIND (MPH)
  HIGHEST WIND SPEED    10   HIGHEST WIND DIRECTION    NE (50)
  HIGHEST GUST SPEED    14   HIGHEST GUST DIRECTION     E (80)
  AVERAGE WIND SPEED     1.9


SKY COVER
  POSSIBLE SUNSHINE  MM
  AVERAGE SKY COVER 0.0


WEATHER CONDITIONS
 THE FOLLOWING WEATHER WAS RECORDED TODAY.
  FOG


RELATIVE HUMIDITY (PERCENT)
 HIGHEST   100           300 AM
 LOWEST     54           100 PM
 AVERAGE    77

..........................................................


THE NEW PHILADELPHIA OH CLIMATE NORMALS FOR TOMORROW
                         NORMAL    RECORD    YEAR
 MAXIMUM TEMPERATURE (F)   83        99      1966
 MINIMUM TEMPERATURE (F)   61        42      1968


SUNRISE AND SUNSET
JULY  3 2015..........SUNRISE   600 AM EDT   SUNSET   900 PM EDT
JULY  4 2015..........SUNRISE   600 AM EDT   SUNSET   859 PM EDT


-  INDICATES NEGATIVE NUMBERS.
R  INDICATES RECORD WAS SET OR TIED.
MM INDICATES DATA IS MISSING.
T  INDICATES TRACE AMOUNT.




$$
