000
CDUS41 KPBZ 170806
CLIPHD


CLIMATE REPORT
NATIONAL WEATHER SERVICE PITTSBURGH PA
305 AM EST TUE JAN 17 2017


...................................

...THE NEW PHILADELPHIA OH CLIMATE SUMMARY FOR JANUARY 16 2017...

CLIMATE NORMAL PERIOD 1981 TO 2010
CLIMATE RECORD PERIOD 1946 TO 2017


WEATHER ITEM   OBSERVED TIME   RECORD YEAR NORMAL DEPARTURE LAST
                VALUE   (LST)  VALUE       VALUE  FROM      YEAR
                                                  NORMAL
..................................................................
TEMPERATURE (F)
 YESTERDAY
  MAXIMUM         41   1120 PM  55    1991  37      4       41
  MINIMUM         26           -11    1972  21      5       30
  AVERAGE         34                        29      5       36

PRECIPITATION (IN)
  YESTERDAY        0.01         MM      MM   0.10  -0.09      T
  MONTH TO DATE    2.48                      1.46   1.02     0.96
  SINCE JUN 1     23.06                     24.76  -1.70    19.04
  SINCE JAN 1      2.48                      1.46   1.02     0.96

DEGREE DAYS
 HEATING
  YESTERDAY       31                        36     -5       29
  MONTH TO DATE  556                       576    -20      578
  SINCE DEC 1   1587                      1579      8     1215
  SINCE JUL 1   2454                      2737   -283     2111

 COOLING
  YESTERDAY        0                         0      0        0
  MONTH TO DATE    0                         0      0        0
  SINCE DEC 1      0                         0      0        0
  SINCE JAN 1      0                         0      0        0
..................................................................


WIND (MPH)
  HIGHEST WIND SPEED     7   HIGHEST WIND DIRECTION    SE (120)
  HIGHEST GUST SPEED     9   HIGHEST GUST DIRECTION    NE (60)
  AVERAGE WIND SPEED     1.0


SKY COVER
  POSSIBLE SUNSHINE  MM
  AVERAGE SKY COVER 0.8


WEATHER CONDITIONS
 THE FOLLOWING WEATHER WAS RECORDED YESTERDAY.
  LIGHT RAIN
  HAZE


RELATIVE HUMIDITY (PERCENT)
 HIGHEST    92          1200 AM
 LOWEST     75          1100 AM
 AVERAGE    84

..........................................................


THE NEW PHILADELPHIA OH CLIMATE NORMALS FOR TODAY
                         NORMAL    RECORD    YEAR
 MAXIMUM TEMPERATURE (F)   37        55      2012
 MINIMUM TEMPERATURE (F)   21       -18      1977


SUNRISE AND SUNSET
JANUARY 17 2017.......SUNRISE   746 AM EST   SUNSET   526 PM EST
JANUARY 18 2017.......SUNRISE   745 AM EST   SUNSET   527 PM EST


-  INDICATES NEGATIVE NUMBERS.
R  INDICATES RECORD WAS SET OR TIED.
MM INDICATES DATA IS MISSING.
T  INDICATES TRACE AMOUNT.




$$
