000
CDUS41 KPHI 240626
CLIPHL


CLIMATE REPORT
NATIONAL WEATHER SERVICE MOUNT HOLLY NJ
226 AM EDT THU APR 24 2014


...................................

...THE PHILADELPHIA PA CLIMATE SUMMARY FOR APRIL 23 2014...

CLIMATE NORMAL PERIOD 1981 TO 2010
CLIMATE RECORD PERIOD 1872 TO 2014


WEATHER ITEM   OBSERVED TIME   RECORD YEAR NORMAL DEPARTURE LAST
                VALUE   (LST)  VALUE       VALUE  FROM      YEAR
                                                  NORMAL
..................................................................
TEMPERATURE (F)
 YESTERDAY
  MAXIMUM         61    337 PM  91    1960  67     -6       51
  MINIMUM         47   1159 PM  33    1982  47      0       43
  AVERAGE         54                        57     -3       47

PRECIPITATION (IN)
  YESTERDAY        0.00          1.55 1928   0.12  -0.12      T
  MONTH TO DATE    1.38                      2.78  -1.40     2.02
  SINCE MAR 1      5.61                      6.57  -0.96     4.44
  SINCE JAN 1     14.28                     12.25   2.03     9.90

SNOWFALL (IN)
  YESTERDAY        0.0           T    1986   0.0    0.0      0.0
  MONTH TO DATE    T                         0.5   -0.5      0.0
  SINCE MAR 1      8.5                       3.4    5.1      1.3
  SINCE JUL 1     68.0                      22.4   45.6      8.3
  SNOW DEPTH       0

DEGREE DAYS
 HEATING
  YESTERDAY       11                         9      2       18
  MONTH TO DATE  264                       289    -25      267
  SINCE MAR 1   1065                       954    111      997
  SINCE JUL 1   4721                      4436    285     4204

 COOLING
  YESTERDAY        0                         1     -1        0
  MONTH TO DATE    9                         5      4       17
  SINCE MAR 1      9                         6      3       17
  SINCE JAN 1      9                         6      3       17
..................................................................


WIND (MPH)
  HIGHEST WIND SPEED    32   HIGHEST WIND DIRECTION    NW (320)
  HIGHEST GUST SPEED    44   HIGHEST GUST DIRECTION    NW (320)
  AVERAGE WIND SPEED    19.8


SKY COVER
  POSSIBLE SUNSHINE  MM
  AVERAGE SKY COVER 0.7


WEATHER CONDITIONS
 THE FOLLOWING WEATHER WAS RECORDED YESTERDAY.
  NO SIGNIFICANT WEATHER WAS OBSERVED.


RELATIVE HUMIDITY (PERCENT)
 HIGHEST    54           600 AM
 LOWEST     35           200 PM
 AVERAGE    45

..........................................................


THE PHILADELPHIA PA CLIMATE NORMALS FOR TODAY
                         NORMAL    RECORD    YEAR
 MAXIMUM TEMPERATURE (F)   67        86      2001
                                             1960
 MINIMUM TEMPERATURE (F)   47        33      1930


SUNRISE AND SUNSET
APRIL 24 2014.........SUNRISE   610 AM EDT   SUNSET   748 PM EDT
APRIL 25 2014.........SUNRISE   609 AM EDT   SUNSET   749 PM EDT


-  INDICATES NEGATIVE NUMBERS.
R  INDICATES RECORD WAS SET OR TIED.
MM INDICATES DATA IS MISSING.
T  INDICATES TRACE AMOUNT.




$$
