000
CDUS41 KPHI 210631
CLIPHL


CLIMATE REPORT
NATIONAL WEATHER SERVICE MOUNT HOLLY NJ
129 AM EST TUE FEB 21 2017


...................................

...THE PHILADELPHIA PA CLIMATE SUMMARY FOR FEBRUARY 20 2017...

CLIMATE NORMAL PERIOD 1981 TO 2010
CLIMATE RECORD PERIOD 1872 TO 2017


WEATHER ITEM   OBSERVED TIME   RECORD YEAR NORMAL DEPARTURE LAST
                VALUE   (LST)  VALUE       VALUE  FROM      YEAR
                                                  NORMAL
..................................................................
TEMPERATURE (F)
 YESTERDAY
  MAXIMUM         58    429 PM  70    1939  45     13       60
                                      1930
  MINIMUM         41   1159 PM   1    1979  29     12       40
  AVERAGE         50                        37     13       50

PRECIPITATION (IN)
  YESTERDAY        0.00          2.40 1921   0.09  -0.09     0.00
  MONTH TO DATE    0.79                      1.88  -1.09     2.04
  SINCE DEC 1      6.42                      8.47  -2.05     9.81
  SINCE JAN 1      3.70                      4.91  -1.21     4.67

SNOWFALL (IN)
  YESTERDAY        0.0           8.0  1947   0.3   -0.3      0.0
  MONTH TO DATE    2.0                       6.8   -4.8      3.3
  SINCE DEC 1      8.0                      16.7   -8.7     26.2
  SINCE JUL 1      8.0                      17.0   -9.0     26.2
  SNOW DEPTH       0

DEGREE DAYS
 HEATING
  YESTERDAY       15                        28    -13       15
  MONTH TO DATE  468                       601   -133      590
  SINCE DEC 1   2087                      2448   -361     1958
  SINCE JUL 1   2718                      3264   -546     2518

 COOLING
  YESTERDAY        0                         0      0        0
  MONTH TO DATE    0                         0      0        0
  SINCE DEC 1      0                         0      0        2
  SINCE JAN 1      0                         0      0        0
..................................................................


WIND (MPH)
  HIGHEST WIND SPEED    18   HIGHEST WIND DIRECTION     N (350)
  HIGHEST GUST SPEED    27   HIGHEST GUST DIRECTION     N (350)
  AVERAGE WIND SPEED    11.2


SKY COVER
  POSSIBLE SUNSHINE  MM
  AVERAGE SKY COVER 0.1


WEATHER CONDITIONS
 THE FOLLOWING WEATHER WAS RECORDED YESTERDAY.
  NO SIGNIFICANT WEATHER WAS OBSERVED.


RELATIVE HUMIDITY (PERCENT)
 HIGHEST    67           700 AM
 LOWEST     23          1000 PM
 AVERAGE    45

..........................................................


THE PHILADELPHIA PA CLIMATE NORMALS FOR TODAY
                         NORMAL    RECORD    YEAR
 MAXIMUM TEMPERATURE (F)   45        72      1930
 MINIMUM TEMPERATURE (F)   29         6      1968


SUNRISE AND SUNSET
FEBRUARY 21 2017......SUNRISE   645 AM EST   SUNSET   544 PM EST
FEBRUARY 22 2017......SUNRISE   644 AM EST   SUNSET   545 PM EST


-  INDICATES NEGATIVE NUMBERS.
R  INDICATES RECORD WAS SET OR TIED.
MM INDICATES DATA IS MISSING.
T  INDICATES TRACE AMOUNT.




$$
