000
CDUS41 KPHI 190623
CLIPHL


CLIMATE REPORT
NATIONAL WEATHER SERVICE MOUNT HOLLY NJ
120 AM EST FRI JAN 19 2018


...................................

...THE PHILADELPHIA PA CLIMATE SUMMARY FOR JANUARY 18 2018...

CLIMATE NORMAL PERIOD 1981 TO 2010
CLIMATE RECORD PERIOD 1872 TO 2018


WEATHER ITEM   OBSERVED TIME   RECORD YEAR NORMAL DEPARTURE LAST
                VALUE   (LST)  VALUE       VALUE  FROM      YEAR
                                                  NORMAL
..................................................................
TEMPERATURE (F)
 YESTERDAY
  MAXIMUM         36    402 PM  64    2006  40     -4       49
                                      1990
  MINIMUM         18    603 AM  -4    1982  25     -7       41
  AVERAGE         27                        33     -6       45

PRECIPITATION (IN)
  YESTERDAY        0.00          1.84 2015   0.10  -0.10     0.22
  MONTH TO DATE    1.85                      1.76   0.09     1.75
  SINCE DEC 1      3.16                      5.32  -2.16     4.47
  SINCE JAN 1      1.85                      1.76   0.09     1.75

SNOWFALL (IN)
  YESTERDAY        0.0           3.5  1984   0.2   -0.2      0.0
                                      1918
  MONTH TO DATE    4.3                       3.3    1.0      4.9
  SINCE DEC 1     12.9                       6.7    6.2      5.2
  SINCE JUL 1     12.9                       7.0    5.9      5.2
  SNOW DEPTH       0

DEGREE DAYS
 HEATING
  YESTERDAY       38                        32      6       20
  MONTH TO DATE  671                       574     97      507
  SINCE DEC 1   1562                      1428    134     1311
  SINCE JUL 1   2197                      2244    -47     1942

 COOLING
  YESTERDAY        0                         0      0        0
  MONTH TO DATE    0                         0      0        0
  SINCE DEC 1      0                         0      0        0
  SINCE JAN 1      0                         0      0        0
..................................................................


WIND (MPH)
  HIGHEST WIND SPEED    17   HIGHEST WIND DIRECTION     W (290)
  HIGHEST GUST SPEED    24   HIGHEST GUST DIRECTION    NW (310)
  AVERAGE WIND SPEED     8.1


SKY COVER
  POSSIBLE SUNSHINE  MM
  AVERAGE SKY COVER 0.2


WEATHER CONDITIONS
 THE FOLLOWING WEATHER WAS RECORDED YESTERDAY.
  NO SIGNIFICANT WEATHER WAS OBSERVED.


RELATIVE HUMIDITY (PERCENT)
 HIGHEST    MM
 LOWEST     MM
 AVERAGE    MM

..........................................................


THE PHILADELPHIA PA CLIMATE NORMALS FOR TODAY
                         NORMAL    RECORD    YEAR
 MAXIMUM TEMPERATURE (F)   40        65      1951
 MINIMUM TEMPERATURE (F)   25        -5      1994


SUNRISE AND SUNSET
JANUARY 19 2018.......SUNRISE   719 AM EST   SUNSET   505 PM EST
JANUARY 20 2018.......SUNRISE   718 AM EST   SUNSET   506 PM EST


-  INDICATES NEGATIVE NUMBERS.
R  INDICATES RECORD WAS SET OR TIED.
MM INDICATES DATA IS MISSING.
T  INDICATES TRACE AMOUNT.




$$
