000
CDUS41 KPHI 200602
CLIPHL


CLIMATE REPORT
NATIONAL WEATHER SERVICE MOUNT HOLLY NJ
202 AM EDT THU JUL 20 2017


...................................

...THE PHILADELPHIA PA CLIMATE SUMMARY FOR JULY 19 2017...

CLIMATE NORMAL PERIOD 1981 TO 2010
CLIMATE RECORD PERIOD 1872 TO 2017


WEATHER ITEM   OBSERVED TIME   RECORD YEAR NORMAL DEPARTURE LAST
                VALUE   (LST)  VALUE       VALUE  FROM      YEAR
                                                  NORMAL
..................................................................
TEMPERATURE (F)
 YESTERDAY
  MAXIMUM         96    427 PM 100    1930  87      9       89
  MINIMUM         76    619 AM  58    1962  70      6       72
  AVERAGE         86                        78      8       81

PRECIPITATION (IN)
  YESTERDAY        0.00          1.93 1877   0.14  -0.14     0.00
  MONTH TO DATE    2.17                      2.65  -0.48     1.21
  SINCE JUN 1      4.03                      6.08  -2.05     3.08
  SINCE JAN 1     21.98                     22.82  -0.84    20.48

SNOWFALL (IN)
  YESTERDAY        0.0           0.0  1870   0.0    0.0      0.0
  MONTH TO DATE    0.0                       0.0    0.0      0.0
  SINCE JUN 1      0.0                       0.0    0.0      0.0
  SINCE JUL 1      0.0                       0.0    0.0      0.0
  SNOW DEPTH       0

DEGREE DAYS
 HEATING
  YESTERDAY        0                         0      0        0
  MONTH TO DATE    0                         0      0        0
  SINCE JUN 1      8                        11     -3        0
  SINCE JUL 1      0                         0      0        0

 COOLING
  YESTERDAY       21                        13      8       16
  MONTH TO DATE  287                       244     43      292
  SINCE JUN 1    591                       502     89      574
  SINCE JAN 1    702                       593    109      688
..................................................................


WIND (MPH)
  HIGHEST WIND SPEED    21   HIGHEST WIND DIRECTION     S (200)
  HIGHEST GUST SPEED    28   HIGHEST GUST DIRECTION     S (200)
  AVERAGE WIND SPEED     7.3


SKY COVER
  POSSIBLE SUNSHINE  MM
  AVERAGE SKY COVER 0.5


WEATHER CONDITIONS
 THE FOLLOWING WEATHER WAS RECORDED YESTERDAY.
  NO SIGNIFICANT WEATHER WAS OBSERVED.


RELATIVE HUMIDITY (PERCENT)
 HIGHEST    94           300 AM
 LOWEST     41           300 PM
 AVERAGE    68

..........................................................


THE PHILADELPHIA PA CLIMATE NORMALS FOR TODAY
                         NORMAL    RECORD    YEAR
 MAXIMUM TEMPERATURE (F)   87        99      1930
 MINIMUM TEMPERATURE (F)   70        57      1890


SUNRISE AND SUNSET
JULY 20 2017..........SUNRISE   549 AM EDT   SUNSET   825 PM EDT
JULY 21 2017..........SUNRISE   550 AM EDT   SUNSET   824 PM EDT


-  INDICATES NEGATIVE NUMBERS.
R  INDICATES RECORD WAS SET OR TIED.
MM INDICATES DATA IS MISSING.
T  INDICATES TRACE AMOUNT.




$$
