000
CDUS41 KPHI 190635
CLIPHL


CLIMATE REPORT
NATIONAL WEATHER SERVICE MOUNT HOLLY NJ
235 AM EDT FRI SEP 19 2014


...................................

...THE PHILADELPHIA PA CLIMATE SUMMARY FOR SEPTEMBER 18 2014...

CLIMATE NORMAL PERIOD 1981 TO 2010
CLIMATE RECORD PERIOD 1872 TO 2014


WEATHER ITEM   OBSERVED TIME   RECORD YEAR NORMAL DEPARTURE LAST
                VALUE   (LST)  VALUE       VALUE  FROM      YEAR
                                                  NORMAL
..................................................................
TEMPERATURE (F)
 YESTERDAY
  MAXIMUM         74   1142 AM  90    1891  77     -3       71
  MINIMUM         56    504 AM  42    1959  60     -4       48
  AVERAGE         65                        68     -3       60

PRECIPITATION (IN)
  YESTERDAY        0.00          1.91 1918   0.14  -0.14     0.00
  MONTH TO DATE    0.76                      2.20  -1.44     2.14
  SINCE SEP 1      0.76                      2.20  -1.44     2.14
  SINCE JAN 1     36.57                     30.22   6.35    44.38

SNOWFALL (IN)
  YESTERDAY        0.0           0.0  1870   0.0    0.0      0.0
  MONTH TO DATE    0.0                       0.0    0.0      0.0
  SINCE SEP 1      0.0                       0.0    0.0      0.0
  SINCE JUL 1      0.0                       0.0    0.0      0.0
  SNOW DEPTH       0

DEGREE DAYS
 HEATING
  YESTERDAY        0                         1     -1        5
  MONTH TO DATE    6                         7     -1       19
  SINCE SEP 1      6                         7     -1       19
  SINCE JUL 1      6                         8     -2       19

 COOLING
  YESTERDAY        0                         5     -5        0
  MONTH TO DATE  150                       125     25      122
  SINCE SEP 1    150                       125     25      122
  SINCE JAN 1   1248                      1242      6     1338
..................................................................


WIND (MPH)
  HIGHEST WIND SPEED    18   HIGHEST WIND DIRECTION     W (270)
  HIGHEST GUST SPEED    23   HIGHEST GUST DIRECTION     W (270)
  AVERAGE WIND SPEED     5.7


SKY COVER
  POSSIBLE SUNSHINE  MM
  AVERAGE SKY COVER 0.4


WEATHER CONDITIONS
 THE FOLLOWING WEATHER WAS RECORDED YESTERDAY.
  NO SIGNIFICANT WEATHER WAS OBSERVED.


RELATIVE HUMIDITY (PERCENT)
 HIGHEST    83           500 AM
 LOWEST     46          1100 AM
 AVERAGE    65

..........................................................


THE PHILADELPHIA PA CLIMATE NORMALS FOR TODAY
                         NORMAL    RECORD    YEAR
 MAXIMUM TEMPERATURE (F)   77        92      1983
 MINIMUM TEMPERATURE (F)   59        43      1959
                                             1943


SUNRISE AND SUNSET
SEPTEMBER 19 2014.....SUNRISE   646 AM EDT   SUNSET   703 PM EDT
SEPTEMBER 20 2014.....SUNRISE   647 AM EDT   SUNSET   701 PM EDT


-  INDICATES NEGATIVE NUMBERS.
R  INDICATES RECORD WAS SET OR TIED.
MM INDICATES DATA IS MISSING.
T  INDICATES TRACE AMOUNT.




$$
