000
CDUS41 KPHI 290629
CLIPHL


CLIMATE REPORT
NATIONAL WEATHER SERVICE MOUNT HOLLY NJ
227 AM EDT SAT AUG 29 2015


...................................

...THE PHILADELPHIA PA CLIMATE SUMMARY FOR AUGUST 28 2015...

CLIMATE NORMAL PERIOD 1981 TO 2010
CLIMATE RECORD PERIOD 1872 TO 2015


WEATHER ITEM   OBSERVED TIME   RECORD YEAR NORMAL DEPARTURE LAST
                VALUE   (LST)  VALUE       VALUE  FROM      YEAR
                                                  NORMAL
..................................................................
TEMPERATURE (F)
 YESTERDAY
  MAXIMUM         85    400 PM  99    1973  84      1       81
                                      1948
  MINIMUM         63    520 AM  49    1986  66     -3       66
  AVERAGE         74                        75     -1       74

PRECIPITATION (IN)
  YESTERDAY        0.00          2.33 1978   0.09  -0.09     0.00
  MONTH TO DATE    0.98                      3.20  -2.22     2.44
  SINCE JUN 1     13.02                     10.98   2.04    12.20
  SINCE JAN 1     30.19                     27.72   2.47    34.70

SNOWFALL (IN)
  YESTERDAY        0.0           0.0  1870   0.0    0.0      0.0
  MONTH TO DATE    0.0                       0.0    0.0      0.0
  SINCE JUN 1      0.0                       0.0    0.0      0.0
  SINCE JUL 1      0.0                       0.0    0.0      0.0
  SNOW DEPTH       0

DEGREE DAYS
 HEATING
  YESTERDAY        0                         0      0        0
  MONTH TO DATE    0                         0      0        0
  SINCE JUN 1     12                        11      1        0
  SINCE JUL 1      0                         0      0        0

 COOLING
  YESTERDAY        9                        10     -1        9
  MONTH TO DATE  399                       332     67      281
  SINCE JUN 1   1162                       998    164      985
  SINCE JAN 1   1361                      1089    272     1068
..................................................................


WIND (MPH)
  HIGHEST WIND SPEED    15   HIGHEST WIND DIRECTION     N (340)
  HIGHEST GUST SPEED    22   HIGHEST GUST DIRECTION     N (340)
  AVERAGE WIND SPEED     4.9


SKY COVER
  POSSIBLE SUNSHINE  MM
  AVERAGE SKY COVER 0.2


WEATHER CONDITIONS
 THE FOLLOWING WEATHER WAS RECORDED YESTERDAY.
  NO SIGNIFICANT WEATHER WAS OBSERVED.


RELATIVE HUMIDITY (PERCENT)
 HIGHEST    67           400 AM
 LOWEST     34           100 PM
 AVERAGE    51

..........................................................


THE PHILADELPHIA PA CLIMATE NORMALS FOR TODAY
                         NORMAL    RECORD    YEAR
 MAXIMUM TEMPERATURE (F)   84        98      1991
                                             1953
 MINIMUM TEMPERATURE (F)   66        44      1986


SUNRISE AND SUNSET
AUGUST 29 2015........SUNRISE   626 AM EDT   SUNSET   737 PM EDT
AUGUST 30 2015........SUNRISE   627 AM EDT   SUNSET   736 PM EDT


-  INDICATES NEGATIVE NUMBERS.
R  INDICATES RECORD WAS SET OR TIED.
MM INDICATES DATA IS MISSING.
T  INDICATES TRACE AMOUNT.




$$
