000
CDUS41 KPHI 050635
CLIPHL


CLIMATE REPORT
NATIONAL WEATHER SERVICE MOUNT HOLLY NJ
134 AM EST THU MAR 5 2015


...................................

...THE PHILADELPHIA PA CLIMATE SUMMARY FOR MARCH 4 2015...

CLIMATE NORMAL PERIOD 1981 TO 2010
CLIMATE RECORD PERIOD 1872 TO 2015


WEATHER ITEM   OBSERVED TIME   RECORD YEAR NORMAL DEPARTURE LAST
                VALUE   (LST)  VALUE       VALUE  FROM      YEAR
                                                  NORMAL
..................................................................
TEMPERATURE (F)
 YESTERDAY
  MAXIMUM         43    944 PM  74    1974  49     -6       29
  MINIMUM         33    234 AM   7    1943  31      2       12
  AVERAGE         38                        40     -2       21

PRECIPITATION (IN)
  YESTERDAY        0.49          1.61 1993   0.11   0.38     0.00
  MONTH TO DATE    1.62                      0.42   1.20     0.38
  SINCE MAR 1      1.62                      0.42   1.20     0.38
  SINCE JAN 1      8.50                      6.10   2.40     9.05

SNOWFALL (IN)
  YESTERDAY        0.0           4.1  1944   0.2   -0.2      0.0
  MONTH TO DATE    0.5                       0.7   -0.2      3.4
  SINCE MAR 1      0.5                       0.7   -0.2      3.4
  SINCE JUL 1     15.5                      19.7   -4.2     62.9
  SNOW DEPTH       0

DEGREE DAYS
 HEATING
  YESTERDAY       27                        25      2       44
  MONTH TO DATE  130                       102     28      148
  SINCE MAR 1    130                       102     28      148
  SINCE JUL 1   3783                      3584    199     3804

 COOLING
  YESTERDAY        0                         0      0        0
  MONTH TO DATE    0                         0      0        0
  SINCE MAR 1      0                         0      0        0
  SINCE JAN 1      0                         0      0        0
..................................................................


WIND (MPH)
  HIGHEST WIND SPEED    15   HIGHEST WIND DIRECTION     S (190)
  HIGHEST GUST SPEED    23   HIGHEST GUST DIRECTION     S (200)
  AVERAGE WIND SPEED     5.8


SKY COVER
  POSSIBLE SUNSHINE  MM
  AVERAGE SKY COVER 0.9


WEATHER CONDITIONS
 THE FOLLOWING WEATHER WAS RECORDED YESTERDAY.
  LIGHT RAIN
  FOG


RELATIVE HUMIDITY (PERCENT)
 HIGHEST    96           200 AM
 LOWEST     86          1200 PM
 AVERAGE    91

..........................................................


THE PHILADELPHIA PA CLIMATE NORMALS FOR TODAY
                         NORMAL    RECORD    YEAR
 MAXIMUM TEMPERATURE (F)   49        79      1976
 MINIMUM TEMPERATURE (F)   31         5      1872


SUNRISE AND SUNSET
MARCH  5 2015.........SUNRISE   629 AM EST   SUNSET   557 PM EST
MARCH  6 2015.........SUNRISE   627 AM EST   SUNSET   558 PM EST


-  INDICATES NEGATIVE NUMBERS.
R  INDICATES RECORD WAS SET OR TIED.
MM INDICATES DATA IS MISSING.
T  INDICATES TRACE AMOUNT.




$$
