000
CDUS41 KPHI 182128
CLIPHL


CLIMATE REPORT
NATIONAL WEATHER SERVICE MOUNT HOLLY NJ
428 PM EST THU DEC 18 2014


...................................

...THE PHILADELPHIA PA CLIMATE SUMMARY FOR DECEMBER 18 2014...
VALID TODAY AS OF 0400 PM LOCAL TIME.

CLIMATE NORMAL PERIOD 1981 TO 2010
CLIMATE RECORD PERIOD 1872 TO 2014


WEATHER ITEM   OBSERVED TIME   RECORD YEAR NORMAL DEPARTURE LAST
                VALUE   (LST)  VALUE       VALUE  FROM      YEAR
                                                  NORMAL
..................................................................
TEMPERATURE (F)
 TODAY
  MAXIMUM         41    250 PM  70    2006  44     -3       38
  MINIMUM         34    801 AM   4    1919  29      5       24
  AVERAGE         38                        37      1       31

PRECIPITATION (IN)
  TODAY            0.00          1.72 1977   0.11  -0.11     0.00
  MONTH TO DATE    2.27                      2.19   0.08     3.48
  SINCE DEC 1      2.27                      2.19   0.08     3.48
  SINCE JAN 1     46.37                     40.16   6.21    54.16

SNOWFALL (IN)
  TODAY            0.0           6.0  1887   0.1   -0.1      0.0
  MONTH TO DATE    0.1                       1.5   -1.4     11.2
  SINCE DEC 1      0.1                       1.5   -1.4     11.2
  SINCE JUL 1      0.1                       1.8   -1.7     11.2
  SNOW DEPTH       0

DEGREE DAYS
 HEATING
  TODAY           27                        28     -1       34
  MONTH TO DATE  428                       464    -36      503
  SINCE DEC 1    428                       464    -36      503
  SINCE JUL 1   1206                      1280    -74     1309

 COOLING
  TODAY            0                         0      0        0
  MONTH TO DATE    0                         0      0        0
  SINCE DEC 1      0                         0      0        0
  SINCE JAN 1   1311                      1301     10     1411
..................................................................


WIND (MPH)
  HIGHEST WIND SPEED    22   HIGHEST WIND DIRECTION     W (290)
  HIGHEST GUST SPEED    27   HIGHEST GUST DIRECTION     W (290)
  AVERAGE WIND SPEED    12.8


SKY COVER
  POSSIBLE SUNSHINE  MM
  AVERAGE SKY COVER 0.3


WEATHER CONDITIONS
 THE FOLLOWING WEATHER WAS RECORDED TODAY.
  NO SIGNIFICANT WEATHER WAS OBSERVED.


RELATIVE HUMIDITY (PERCENT)
 HIGHEST    56           800 AM
 LOWEST     46           200 PM
 AVERAGE    51

..........................................................


THE PHILADELPHIA PA CLIMATE NORMALS FOR TOMORROW
                         NORMAL    RECORD    YEAR
 MAXIMUM TEMPERATURE (F)   44        65      1929
 MINIMUM TEMPERATURE (F)   29         4      1884


SUNRISE AND SUNSET
DECEMBER 18 2014......SUNRISE   717 AM EST   SUNSET   438 PM EST
DECEMBER 19 2014......SUNRISE   718 AM EST   SUNSET   438 PM EST


-  INDICATES NEGATIVE NUMBERS.
R  INDICATES RECORD WAS SET OR TIED.
MM INDICATES DATA IS MISSING.
T  INDICATES TRACE AMOUNT.




$$
