000
CDUS43 KUNR 260834
CLIPHP


CLIMATE REPORT
NATIONAL WEATHER SERVICE RAPID CITY SD
231 AM MDT THU MAR 26 2015


...................................

...THE PHILIP SD CLIMATE SUMMARY FOR MARCH 25 2015...

CLIMATE NORMAL PERIOD 1981 TO 2010
CLIMATE RECORD PERIOD 9999 TO 9999


WEATHER ITEM   OBSERVED TIME   NORMAL DEPARTURE LAST
                VALUE   (LST)  VALUE  FROM      YEAR
                                      NORMAL
......................................................
TEMPERATURE (F)
 YESTERDAY
  MAXIMUM         46    354 PM  51     -5       43
  MINIMUM         16   1159 PM  25     -9       13
  AVERAGE         31            38     -7       28

PRECIPITATION (IN)
  YESTERDAY        0.00          0.04  -0.04     0.00
  MONTH TO DATE    0.09          1.03  -0.94     0.45
  SINCE MAR 1      0.09          1.03  -0.94     0.45
  SINCE JAN 1      0.20          1.81  -1.61     0.93

DEGREE DAYS
 HEATING
  YESTERDAY       34            27      7       37
  MONTH TO DATE  634           785   -151      827
  SINCE MAR 1    634           785   -151      827
  SINCE JUL 1   5774          6150   -376     6430

 COOLING
  YESTERDAY        0             0      0        0
  MONTH TO DATE    3             0      3        0
  SINCE MAR 1      3             0      3        0
  SINCE JAN 1      3             0      3        0
......................................................


WIND (MPH)
  HIGHEST WIND SPEED    28   HIGHEST WIND DIRECTION    NW (330)
  HIGHEST GUST SPEED    35   HIGHEST GUST DIRECTION    NW (320)
  AVERAGE WIND SPEED    13.8


SKY COVER
  AVERAGE SKY COVER 0.7


WEATHER CONDITIONS
 THE FOLLOWING WEATHER WAS RECORDED YESTERDAY.
  NO SIGNIFICANT WEATHER WAS OBSERVED.


RELATIVE HUMIDITY (PERCENT)
 HIGHEST    77          1000 PM
 LOWEST     40           400 PM
 AVERAGE    59

..........................................................




SUNRISE AND SUNSET
MARCH 26 2015.........SUNRISE   639 AM MDT   SUNSET   706 PM MDT
MARCH 27 2015.........SUNRISE   637 AM MDT   SUNSET   707 PM MDT


-  INDICATES NEGATIVE NUMBERS.
R  INDICATES RECORD WAS SET OR TIED.
MM INDICATES DATA IS MISSING.
T  INDICATES TRACE AMOUNT.




$$
