000
CDUS43 KUNR 260850
CLIPHP


CLIMATE REPORT
NATIONAL WEATHER SERVICE RAPID CITY SD
247 AM MDT TUE MAY 26 2015


...................................

...THE PHILIP SD CLIMATE SUMMARY FOR MAY 25 2015...

CLIMATE NORMAL PERIOD 1981 TO 2010
CLIMATE RECORD PERIOD 9999 TO 9999


WEATHER ITEM   OBSERVED TIME   NORMAL DEPARTURE LAST
                VALUE   (LST)  VALUE  FROM      YEAR
                                      NORMAL
......................................................
TEMPERATURE (F)
 YESTERDAY
  MAXIMUM         66    127 PM  73     -7       82
  MINIMUM         54   1159 PM  47      7       57
  AVERAGE         60            60      0       70

PRECIPITATION (IN)
  YESTERDAY        T             0.10  -0.10     0.00
  MONTH TO DATE    6.28          2.45   3.83     1.90
  SINCE MAR 1      6.71          5.56   1.15     3.86
  SINCE JAN 1      6.82          6.34   0.48     4.34

DEGREE DAYS
 HEATING
  YESTERDAY        5             6     -1        0
  MONTH TO DATE  260           238     22      305
  SINCE MAR 1   1491          1740   -249     1864
  SINCE JUL 1   6631          7105   -474     7467

 COOLING
  YESTERDAY        0             1     -1        5
  MONTH TO DATE    2            20    -18       14
  SINCE MAR 1      5            23    -18       14
  SINCE JAN 1      5            23    -18       14
......................................................


WIND (MPH)
  HIGHEST WIND SPEED    21   HIGHEST WIND DIRECTION    NE (60)
  HIGHEST GUST SPEED    24   HIGHEST GUST DIRECTION    NE (60)
  AVERAGE WIND SPEED     8.9


SKY COVER
  AVERAGE SKY COVER 1.0


WEATHER CONDITIONS
 THE FOLLOWING WEATHER WAS RECORDED YESTERDAY.
  LIGHT RAIN
  FOG


RELATIVE HUMIDITY (PERCENT)
 HIGHEST   100          1200 AM
 LOWEST     67           100 PM
 AVERAGE    84

..........................................................




SUNRISE AND SUNSET
MAY 26 2015...........SUNRISE   510 AM MDT   SUNSET   817 PM MDT
MAY 27 2015...........SUNRISE   510 AM MDT   SUNSET   818 PM MDT


-  INDICATES NEGATIVE NUMBERS.
R  INDICATES RECORD WAS SET OR TIED.
MM INDICATES DATA IS MISSING.
T  INDICATES TRACE AMOUNT.




$$
