000
CDUS43 KUNR 260831
CLIPHP


CLIMATE REPORT
NATIONAL WEATHER SERVICE RAPID CITY SD
230 AM MDT MON JUN 26 2017


...................................

...THE PHILIP SD CLIMATE SUMMARY FOR JUNE 25 2017...

CLIMATE NORMAL PERIOD 1981 TO 2010
CLIMATE RECORD PERIOD 9999 TO 9999


WEATHER ITEM   OBSERVED TIME   NORMAL DEPARTURE LAST
                VALUE   (LST)  VALUE  FROM      YEAR
                                      NORMAL
......................................................
TEMPERATURE (F)
 YESTERDAY
  MAXIMUM         84    312 PM  84      0       87
  MINIMUM         38    430 AM  56    -18       54
  AVERAGE         61            70     -9       71

PRECIPITATION (IN)
  YESTERDAY        0.00          0.09  -0.09     0.00
  MONTH TO DATE    1.48          2.48  -1.00     0.50
  SINCE JUN 1      1.48          2.48  -1.00     0.50
  SINCE JAN 1      6.32          9.40  -3.08     7.22

DEGREE DAYS
 HEATING
  YESTERDAY        4             1      3        0
  MONTH TO DATE   17            59    -42        7
  SINCE JUN 1     17            59    -42        7
  SINCE JUL 1   6669          7193   -524     6323

 COOLING
  YESTERDAY        0             6     -6        6
  MONTH TO DATE  129            91     38      195
  SINCE JUN 1    129            91     38      195
  SINCE JAN 1    142           118     24      209
......................................................


WIND (MPH)
  HIGHEST WIND SPEED    24   HIGHEST WIND DIRECTION    NE (60)
  HIGHEST GUST SPEED    31   HIGHEST GUST DIRECTION    NE (60)
  AVERAGE WIND SPEED     7.7


SKY COVER
  AVERAGE SKY COVER 0.1


WEATHER CONDITIONS
 THE FOLLOWING WEATHER WAS RECORDED YESTERDAY.
  NO SIGNIFICANT WEATHER WAS OBSERVED.


RELATIVE HUMIDITY (PERCENT)
 HIGHEST    85           300 AM
 LOWEST     18           300 PM
 AVERAGE    52

..........................................................




SUNRISE AND SUNSET
JUNE 26 2017..........SUNRISE   505 AM MDT   SUNSET   834 PM MDT
JUNE 27 2017..........SUNRISE   505 AM MDT   SUNSET   834 PM MDT


-  INDICATES NEGATIVE NUMBERS.
R  INDICATES RECORD WAS SET OR TIED.
MM INDICATES DATA IS MISSING.
T  INDICATES TRACE AMOUNT.




$$
