000
CDUS43 KUNR 160938
CLIPHP


CLIMATE REPORT
NATIONAL WEATHER SERVICE RAPID CITY SD
237 AM MST SAT DEC 16 2017


...................................

...THE PHILIP SD CLIMATE SUMMARY FOR DECEMBER 15 2017...

CLIMATE NORMAL PERIOD 1981 TO 2010
CLIMATE RECORD PERIOD 9999 TO 9999


WEATHER ITEM   OBSERVED TIME   NORMAL DEPARTURE LAST
                VALUE   (LST)  VALUE  FROM      YEAR
                                      NORMAL
......................................................
TEMPERATURE (F)
 YESTERDAY
  MAXIMUM         53    157 PM  35     18       20
  MINIMUM         22    726 AM  10     12       -5
  AVERAGE         38            23     15        8

PRECIPITATION (IN)
  YESTERDAY        0.00          0.01  -0.01     0.02
  MONTH TO DATE    0.11          0.22  -0.11     0.10
  SINCE DEC 1      0.11          0.22  -0.11     0.10
  SINCE JAN 1     10.70         17.14  -6.44    12.95

DEGREE DAYS
 HEATING
  YESTERDAY       27            42    -15       57
  MONTH TO DATE  447           607   -160      782
  SINCE DEC 1    447           607   -160      782
  SINCE JUL 1   1896          2242   -346     1920

 COOLING
  YESTERDAY        0             0      0        0
  MONTH TO DATE    0             0      0        0
  SINCE DEC 1      0             0      0        0
  SINCE JAN 1    911           818     93      908
......................................................


WIND (MPH)
  HIGHEST WIND SPEED    21   HIGHEST WIND DIRECTION     W (250)
  HIGHEST GUST SPEED    25   HIGHEST GUST DIRECTION     W (250)
  AVERAGE WIND SPEED    10.4


SKY COVER
  AVERAGE SKY COVER 0.0


WEATHER CONDITIONS
 THE FOLLOWING WEATHER WAS RECORDED YESTERDAY.
  NO SIGNIFICANT WEATHER WAS OBSERVED.


RELATIVE HUMIDITY (PERCENT)
 HIGHEST    92           700 AM
 LOWEST     35           200 PM
 AVERAGE    64

..........................................................




SUNRISE AND SUNSET
DECEMBER 16 2017......SUNRISE   715 AM MST   SUNSET   409 PM MST
DECEMBER 17 2017......SUNRISE   716 AM MST   SUNSET   409 PM MST


-  INDICATES NEGATIVE NUMBERS.
R  INDICATES RECORD WAS SET OR TIED.
MM INDICATES DATA IS MISSING.
T  INDICATES TRACE AMOUNT.




$$
