000
CDUS43 KUNR 250831
CLIPHP


CLIMATE REPORT
NATIONAL WEATHER SERVICE RAPID CITY SD
230 AM MDT FRI APR 25 2014


...................................

...THE PHILIP SD CLIMATE SUMMARY FOR APRIL 24 2014...

CLIMATE NORMAL PERIOD 1981 TO 2010
CLIMATE RECORD PERIOD 9999 TO 9999


WEATHER ITEM   OBSERVED TIME   NORMAL DEPARTURE LAST
                VALUE   (LST)  VALUE  FROM      YEAR
                                      NORMAL
......................................................
TEMPERATURE (F)
 YESTERDAY
  MAXIMUM         68    140 PM  64      4       49
  MINIMUM         35    517 AM  35      0       25
  AVERAGE         52            49      3       37

PRECIPITATION (IN)
  YESTERDAY        0.00          0.08  -0.08      T
  MONTH TO DATE    0.54          1.31  -0.77     1.96
  SINCE MAR 1      1.08          2.58  -1.50     2.36
  SINCE JAN 1      1.56          3.36  -1.80     3.18

DEGREE DAYS
 HEATING
  YESTERDAY       13            16     -3       28
  MONTH TO DATE  456           476    -20      712
  SINCE MAR 1   1446          1414     32     1667
  SINCE JUL 1   7049          6779    270     6693

 COOLING
  YESTERDAY        0             0      0        0
  MONTH TO DATE    0             0      0        0
  SINCE MAR 1      0             0      0        0
  SINCE JAN 1      0             0      0        0
......................................................


WIND (MPH)
  HIGHEST WIND SPEED    32   HIGHEST WIND DIRECTION    NW (310)
  HIGHEST GUST SPEED    47   HIGHEST GUST DIRECTION    NW (310)
  AVERAGE WIND SPEED    12.1


SKY COVER
  AVERAGE SKY COVER 0.0


WEATHER CONDITIONS
 THE FOLLOWING WEATHER WAS RECORDED YESTERDAY.
  NO SIGNIFICANT WEATHER WAS OBSERVED.


RELATIVE HUMIDITY (PERCENT)
 HIGHEST    76           200 AM
 LOWEST     20           200 PM
 AVERAGE    48

..........................................................




SUNRISE AND SUNSET
APRIL 25 2014.........SUNRISE   547 AM MDT   SUNSET   743 PM MDT
APRIL 26 2014.........SUNRISE   545 AM MDT   SUNSET   744 PM MDT


-  INDICATES NEGATIVE NUMBERS.
R  INDICATES RECORD WAS SET OR TIED.
MM INDICATES DATA IS MISSING.
T  INDICATES TRACE AMOUNT.




$$
