000
CDUS43 KUNR 180832
CLIPHP


CLIMATE REPORT
NATIONAL WEATHER SERVICE RAPID CITY SD
231 AM MDT FRI AUG 18 2017


...................................

...THE PHILIP SD CLIMATE SUMMARY FOR AUGUST 17 2017...

CLIMATE NORMAL PERIOD 1981 TO 2010
CLIMATE RECORD PERIOD 9999 TO 9999


WEATHER ITEM   OBSERVED TIME   NORMAL DEPARTURE LAST
                VALUE   (LST)  VALUE  FROM      YEAR
                                      NORMAL
......................................................
TEMPERATURE (F)
 YESTERDAY
  MAXIMUM         99    202 PM  89     10       96
  MINIMUM         47    308 AM  58    -11       60
  AVERAGE         73            74     -1       78

PRECIPITATION (IN)
  YESTERDAY        T             0.05  -0.05     0.00
  MONTH TO DATE    0.28          0.82  -0.54     1.97
  SINCE JUN 1      2.94          5.78  -2.84     4.41
  SINCE JAN 1      7.78         12.70  -4.92    11.13

DEGREE DAYS
 HEATING
  YESTERDAY        0             0      0        0
  MONTH TO DATE    6             0      6        0
  SINCE JUN 1     29            71    -42       11
  SINCE JUL 1      6             8     -2        4

 COOLING
  YESTERDAY        8             9     -1       13
  MONTH TO DATE   64           176   -112      188
  SINCE JUN 1    674           604     70      741
  SINCE JAN 1    687           631     56      755
......................................................


WIND (MPH)
  HIGHEST WIND SPEED    33   HIGHEST WIND DIRECTION     W (270)
  HIGHEST GUST SPEED    45   HIGHEST GUST DIRECTION     W (260)
  AVERAGE WIND SPEED     8.1


SKY COVER
  AVERAGE SKY COVER 0.0


WEATHER CONDITIONS
 THE FOLLOWING WEATHER WAS RECORDED YESTERDAY.
  THUNDERSTORM
  LIGHT RAIN


RELATIVE HUMIDITY (PERCENT)
 HIGHEST   100           300 AM
 LOWEST     15           300 PM
 AVERAGE    58

..........................................................




SUNRISE AND SUNSET
AUGUST 18 2017........SUNRISE   554 AM MDT   SUNSET   746 PM MDT
AUGUST 19 2017........SUNRISE   555 AM MDT   SUNSET   744 PM MDT


-  INDICATES NEGATIVE NUMBERS.
R  INDICATES RECORD WAS SET OR TIED.
MM INDICATES DATA IS MISSING.
T  INDICATES TRACE AMOUNT.




$$
