000
CDUS43 KUNR 190834
CLIPHP


CLIMATE REPORT
NATIONAL WEATHER SERVICE RAPID CITY SD
133 AM MST FRI DEC 19 2014


...................................

...THE PHILIP SD CLIMATE SUMMARY FOR DECEMBER 18 2014...

CLIMATE NORMAL PERIOD 1981 TO 2010
CLIMATE RECORD PERIOD 9999 TO 9999


WEATHER ITEM   OBSERVED TIME   NORMAL DEPARTURE LAST
                VALUE   (LST)  VALUE  FROM      YEAR
                                      NORMAL
......................................................
TEMPERATURE (F)
 YESTERDAY
  MAXIMUM         31    316 PM  35     -4       56
  MINIMUM         13   1142 PM  10      3       28
  AVERAGE         22            22      0       42

PRECIPITATION (IN)
  YESTERDAY        0.00          0.01  -0.01     0.00
  MONTH TO DATE    T             0.26  -0.26     0.40
  SINCE DEC 1      T             0.26  -0.26     0.40
  SINCE JAN 1     16.21         17.18  -0.97    15.67

DEGREE DAYS
 HEATING
  YESTERDAY       43            43      0       23
  MONTH TO DATE  596           736   -140      849
  SINCE DEC 1    596           736   -140      849
  SINCE JUL 1   2251          2371   -120     2360

 COOLING
  YESTERDAY        0             0      0        0
  MONTH TO DATE    0             0      0        0
  SINCE DEC 1      0             0      0        0
  SINCE JAN 1    649           818   -169      945
......................................................


WIND (MPH)
  HIGHEST WIND SPEED    12   HIGHEST WIND DIRECTION    SW (220)
  HIGHEST GUST SPEED    14   HIGHEST GUST DIRECTION    SW (220)
  AVERAGE WIND SPEED     3.5


SKY COVER
  AVERAGE SKY COVER 0.5


WEATHER CONDITIONS
 THE FOLLOWING WEATHER WAS RECORDED YESTERDAY.
  NO SIGNIFICANT WEATHER WAS OBSERVED.


RELATIVE HUMIDITY (PERCENT)
 HIGHEST    92           800 PM
 LOWEST     69           200 PM
 AVERAGE    81

..........................................................




SUNRISE AND SUNSET
DECEMBER 19 2014......SUNRISE   717 AM MST   SUNSET   410 PM MST
DECEMBER 20 2014......SUNRISE   718 AM MST   SUNSET   411 PM MST


-  INDICATES NEGATIVE NUMBERS.
R  INDICATES RECORD WAS SET OR TIED.
MM INDICATES DATA IS MISSING.
T  INDICATES TRACE AMOUNT.




$$
