000
CDUS45 KPSR 210835
CLIPHX

CDUS45 KPSR DDHHMM
CLIPHX

CLIMATE REPORT
NATIONAL WEATHER SERVICE PHOENIX AZ
133 AM MST TUE FEB 21 2017


...................................

...THE PHOENIX AZ CLIMATE SUMMARY FOR FEBRUARY 20 2017...

CLIMATE NORMAL PERIOD 1981 TO 2010
CLIMATE RECORD PERIOD 1895 TO 2017


WEATHER ITEM   OBSERVED TIME   RECORD YEAR NORMAL DEPARTURE LAST
                VALUE   (LST)  VALUE       VALUE  FROM      YEAR
                                                  NORMAL
..................................................................
TEMPERATURE (F)
 YESTERDAY
  MAXIMUM         69    456 PM  87    1977  72     -3       86
                                      1943
  MINIMUM         50    751 AM  27    1955  50      0       54
  AVERAGE         60                        60      0       70

PRECIPITATION (IN)
  YESTERDAY        0.00          0.55 1920   0.04  -0.04     0.00
  MONTH TO DATE    0.84                      0.62   0.22     0.00
  SINCE OCT 1      3.77                      3.64   0.13     2.48
  SINCE JAN 1      1.94                      1.53   0.41     1.31

SNOWFALL (IN)
  YESTERDAY        0.0
  MONTH TO DATE    0.0
  SINCE JAN 1      0.0
  SINCE JUL 1      0.0
  SNOW DEPTH       0

DEGREE DAYS
 HEATING
  YESTERDAY        5                         5      0        0
  MONTH TO DATE   50                       125    -75       86
  SINCE DEC 1    560                       692   -132      692
  SINCE JUL 1    618                       795   -177      813

 COOLING
  YESTERDAY        0                         1     -1        5
  MONTH TO DATE   19                         3     16       68
  SINCE DEC 1     20                         6     14       68
  SINCE JAN 1     19                         5     14       68
..................................................................


WIND (MPH)
  HIGHEST WIND SPEED     9   HIGHEST WIND DIRECTION    SW (240)
  HIGHEST GUST SPEED    11   HIGHEST GUST DIRECTION     E (80)
  AVERAGE WIND SPEED     4.4


SKY COVER
  AVERAGE SKY COVER 0.4


WEATHER CONDITIONS
 THE FOLLOWING WEATHER WAS RECORDED YESTERDAY.
  NO SIGNIFICANT WEATHER WAS OBSERVED.


RELATIVE HUMIDITY (PERCENT)
 HIGHEST    96           300 AM
 LOWEST     45           200 PM
 AVERAGE    71

..........................................................


THE PHOENIX AZ CLIMATE NORMALS FOR TODAY
                         NORMAL    RECORD    YEAR
 MAXIMUM TEMPERATURE (F)   72        86      2016
                                             1982
 MINIMUM TEMPERATURE (F)   50        29      1955


SUNRISE AND SUNSET
FEBRUARY 21 2017......SUNRISE   705 AM MST   SUNSET   618 PM MST
FEBRUARY 22 2017......SUNRISE   704 AM MST   SUNSET   619 PM MST


-  INDICATES NEGATIVE NUMBERS.
R  INDICATES RECORD WAS SET OR TIED.
MM INDICATES DATA IS MISSING.
T  INDICATES TRACE AMOUNT.

&&
.....................................................................

DEW POINT
  HIGHEST DEW POINT    52
   LOWEST DEW POINT    45
  AVERAGE DEW POINT    48
.....................................................................

$$
