000
CDUS45 KPSR 040827
CLIPHX

CDUS45 KPSR DDHHMM
CLIPHX

CLIMATE REPORT
NATIONAL WEATHER SERVICE PHOENIX AZ
124 AM MST FRI SEP 4 2015


...................................

...THE PHOENIX AZ CLIMATE SUMMARY FOR SEPTEMBER 3 2015...

CLIMATE NORMAL PERIOD 1981 TO 2010
CLIMATE RECORD PERIOD 1895 TO 2015


WEATHER ITEM   OBSERVED TIME   RECORD YEAR NORMAL DEPARTURE LAST
                VALUE   (LST)  VALUE       VALUE  FROM      YEAR
                                                  NORMAL
..................................................................
TEMPERATURE (F)
 YESTERDAY
  MAXIMUM        100    118 PM 112    1983 103     -3      108
                                      1948
                                      1945
  MINIMUM         77    813 PM  64    1964  81     -4       84
  AVERAGE         89                        92     -3       96

PRECIPITATION (IN)
  YESTERDAY        0.02          0.35 1989   0.03  -0.01     0.00
  MONTH TO DATE    0.02                      0.08  -0.06     0.00
  SINCE OCT 1      6.23                      7.47  -1.24     5.04
  SINCE JAN 1      5.19                      5.36  -0.17     2.22

SNOWFALL (IN)
  YESTERDAY        0.0
  MONTH TO DATE    0.0
  SINCE JAN 1      0.0
  SINCE JUL 1      0.0
  SNOW DEPTH       0

DEGREE DAYS
 HEATING
  YESTERDAY        0                         0      0        0
  MONTH TO DATE    0                         0      0        0
  SINCE SEP 1      0                         0      0        0
  SINCE JUL 1      0                         0      0        0

 COOLING
  YESTERDAY       24                        27     -3       31
  MONTH TO DATE   76                        81     -5       92
  SINCE SEP 1     76                        81     -5       92
  SINCE JAN 1   3892                      3550    342     3837
..................................................................


WIND (MPH)
  HIGHEST WIND SPEED    36   HIGHEST WIND DIRECTION     S (170)
  HIGHEST GUST SPEED    45   HIGHEST GUST DIRECTION     S (180)
  AVERAGE WIND SPEED     9.2


SKY COVER
  AVERAGE SKY COVER 0.6


WEATHER CONDITIONS
 THE FOLLOWING WEATHER WAS RECORDED YESTERDAY.
  LIGHT RAIN
  HAZE
  SANDSTORM


RELATIVE HUMIDITY (PERCENT)
 HIGHEST    69           800 PM
 LOWEST     15           100 PM
 AVERAGE    42

..........................................................


THE PHOENIX AZ CLIMATE NORMALS FOR TODAY
                         NORMAL    RECORD    YEAR
 MAXIMUM TEMPERATURE (F)  103       112      1945
 MINIMUM TEMPERATURE (F)   80        60      1921


SUNRISE AND SUNSET
SEPTEMBER  4 2015.....SUNRISE   604 AM MST   SUNSET   650 PM MST
SEPTEMBER  5 2015.....SUNRISE   605 AM MST   SUNSET   648 PM MST


-  INDICATES NEGATIVE NUMBERS.
R  INDICATES RECORD WAS SET OR TIED.
MM INDICATES DATA IS MISSING.
T  INDICATES TRACE AMOUNT.

&&
.....................................................................

DEW POINT
  HIGHEST DEW POINT    67
   LOWEST DEW POINT    42
  AVERAGE DEW POINT    59
.....................................................................

$$
