000
CDUS45 KPSR 200014
CLIPHX

CLIMATE REPORT
NATIONAL WEATHER SERVICE PHOENIX AZ
513 PM MST FRI JAN 19 2018


...................................

...THE PHOENIX AZ CLIMATE SUMMARY FOR JANUARY 19 2018...
VALID TODAY AS OF 0500 PM LOCAL TIME.

CLIMATE NORMAL PERIOD 1981 TO 2010
CLIMATE RECORD PERIOD 1895 TO 2018


WEATHER ITEM   OBSERVED TIME   RECORD YEAR NORMAL DEPARTURE LAST
                VALUE   (LST)  VALUE       VALUE  FROM      YEAR
                                                  NORMAL
..................................................................
TEMPERATURE (F)
 TODAY
  MAXIMUM         77    431 PM  88    1971  68      9       57
  MINIMUM         48    732 AM  27    1915  46      2       47
  AVERAGE         63                        57      6       52

PRECIPITATION (IN)
  TODAY            0.00          0.87 2010   0.03  -0.03     0.01
  MONTH TO DATE    0.21                      0.58  -0.37     0.24
  SINCE OCT 1      0.44                      2.69  -2.25     2.07
  SINCE JAN 1      0.21                      0.58  -0.37     0.24

SNOWFALL (IN)
  TODAY            0.0
  MONTH TO DATE    0.0
  SINCE JAN 1      0.0
  SINCE JUL 1      0.0
  SNOW DEPTH       0

DEGREE DAYS
 HEATING
  TODAY            2                         8     -6       13
  MONTH TO DATE   51                       175   -124      153
  SINCE DEC 1    244                       473   -229      364
  SINCE JUL 1    245                       576   -331      422

 COOLING
  TODAY            0                         0      0        0
  MONTH TO DATE    5                         0      5        0
  SINCE DEC 1     24                         1     23        1
  SINCE JAN 1      5                         0      5        0
..................................................................


WIND (MPH)
  HIGHEST WIND SPEED    14   HIGHEST WIND DIRECTION     E (80)
  HIGHEST GUST SPEED    15   HIGHEST GUST DIRECTION     E (100)
  AVERAGE WIND SPEED     6.2


SKY COVER
  AVERAGE SKY COVER 0.5


WEATHER CONDITIONS
 THE FOLLOWING WEATHER WAS RECORDED TODAY.
  NO SIGNIFICANT WEATHER WAS OBSERVED.


RELATIVE HUMIDITY (PERCENT)
 HIGHEST    46           700 AM
 LOWEST     16           300 PM
 AVERAGE    31

..........................................................


THE PHOENIX AZ CLIMATE NORMALS FOR TOMORROW
                         NORMAL    RECORD    YEAR
 MAXIMUM TEMPERATURE (F)   68        84      1950
 MINIMUM TEMPERATURE (F)   46        22      1963


SUNRISE AND SUNSET
JANUARY 19 2018.......SUNRISE   731 AM MST   SUNSET   547 PM MST
JANUARY 20 2018.......SUNRISE   730 AM MST   SUNSET   548 PM MST


-  INDICATES NEGATIVE NUMBERS.
R  INDICATES RECORD WAS SET OR TIED.
MM INDICATES DATA IS MISSING.
T  INDICATES TRACE AMOUNT.

$$
