000
CDUS45 KPSR 240829
CLIPHX

CLIMATE REPORT
NATIONAL WEATHER SERVICE PHOENIX AZ
128 AM MST FRI MAR 24 2017


...................................

...THE PHOENIX AZ CLIMATE SUMMARY FOR MARCH 23 2017...

CLIMATE NORMAL PERIOD 1981 TO 2010
CLIMATE RECORD PERIOD 1895 TO 2017


WEATHER ITEM   OBSERVED TIME   RECORD YEAR NORMAL DEPARTURE LAST
                VALUE   (LST)  VALUE       VALUE  FROM      YEAR
                                                  NORMAL
..................................................................
TEMPERATURE (F)
 YESTERDAY
  MAXIMUM         72    435 PM  93    1990  79     -7       75
  MINIMUM         54    314 AM  31    1897  55     -1       59
  AVERAGE         63                        67     -4       67

PRECIPITATION (IN)
  YESTERDAY        0.06          0.52 2010   0.03   0.03     0.00
  MONTH TO DATE    0.06                      0.81  -0.75     0.00
  SINCE OCT 1      4.23                      4.75  -0.52     2.48
  SINCE JAN 1      2.40                      2.64  -0.24     1.31

SNOWFALL (IN)
  YESTERDAY        0.0
  MONTH TO DATE    0.0
  SINCE JAN 1      0.0
  SINCE JUL 1      0.0
  SNOW DEPTH       0

DEGREE DAYS
 HEATING
  YESTERDAY        2                         2      0        0
  MONTH TO DATE   21                        68    -47        7
  SINCE MAR 1     21                        68    -47        7
  SINCE JUL 1    689                       901   -212      820

 COOLING
  YESTERDAY        0                         4     -4        2
  MONTH TO DATE  172                        53    119      136
  SINCE MAR 1    172                        53    119      136
  SINCE JAN 1    192                        70    122      249
..................................................................


WIND (MPH)
  HIGHEST WIND SPEED    24   HIGHEST WIND DIRECTION     W (270)
  HIGHEST GUST SPEED    32   HIGHEST GUST DIRECTION     W (260)
  AVERAGE WIND SPEED    11.8


SKY COVER
  AVERAGE SKY COVER 0.7


WEATHER CONDITIONS
 THE FOLLOWING WEATHER WAS RECORDED YESTERDAY.
  LIGHT RAIN


RELATIVE HUMIDITY (PERCENT)
 HIGHEST    72           500 AM
 LOWEST     23           600 PM
 AVERAGE    48

..........................................................


THE PHOENIX AZ CLIMATE NORMALS FOR TODAY
                         NORMAL    RECORD    YEAR
 MAXIMUM TEMPERATURE (F)   79        94      1990
 MINIMUM TEMPERATURE (F)   55        36      1962
                                             1917
                                             1898


SUNRISE AND SUNSET
MARCH 24 2017.........SUNRISE   626 AM MST   SUNSET   643 PM MST
MARCH 25 2017.........SUNRISE   625 AM MST   SUNSET   644 PM MST


-  INDICATES NEGATIVE NUMBERS.
R  INDICATES RECORD WAS SET OR TIED.
MM INDICATES DATA IS MISSING.
T  INDICATES TRACE AMOUNT.

&&
.....................................................................

DEW POINT
  HIGHEST DEW POINT    49
   LOWEST DEW POINT    30
  AVERAGE DEW POINT    40
.....................................................................

$$
