000
CDUS43 KILX 280632
CLIPIA


CLIMATE REPORT
NATIONAL WEATHER SERVICE LINCOLN IL
1232 AM CST FRI NOV 28 2014


...................................

...THE PEORIA IL CLIMATE SUMMARY FOR NOVEMBER 27 2014...

CLIMATE NORMAL PERIOD 1981 TO 2010
CLIMATE RECORD PERIOD 1883 TO 2014


WEATHER ITEM   OBSERVED TIME   RECORD YEAR NORMAL DEPARTURE LAST
                VALUE   (LST)  VALUE       VALUE  FROM      YEAR
                                                  NORMAL
..................................................................
TEMPERATURE (F)
 YESTERDAY
  MAXIMUM         28    936 AM  72    1989  44    -16       29
  MINIMUM         13    934 PM   3    1930  28    -15       13
                                      1898
  AVERAGE         21                        36    -15       21

PRECIPITATION (IN)
  YESTERDAY        T             4.26 1990   0.11  -0.11     0.00
  MONTH TO DATE    1.07                      2.83  -1.76     3.26
  SINCE SEP 1      8.46                      8.82  -0.36    10.24
  SINCE JAN 1     38.54                     33.77   4.77    42.07

SNOWFALL (IN)
  YESTERDAY        0.1           3.8  1977   0.1    0.0      0.0
  MONTH TO DATE    1.3                       0.8    0.5      0.6
  SINCE SEP 1      1.3                       0.8    0.5      0.6
  SINCE JUL 1      1.3                       0.8    0.5      0.6
  SNOW DEPTH       1

DEGREE DAYS
 HEATING
  YESTERDAY       44                        29     15       44
  MONTH TO DATE  785                       611    174      705
  SINCE SEP 1   1159                      1051    108     1078
  SINCE JUL 1   1161                      1057    104     1083

 COOLING
  YESTERDAY        0                         0      0        0
  MONTH TO DATE    0                         0      0        0
  SINCE SEP 1    132                       132      0      232
  SINCE JAN 1   1156                      1039    117     1174
..................................................................


WIND (MPH)
  HIGHEST WIND SPEED    17   HIGHEST WIND DIRECTION     W (270)
  HIGHEST GUST SPEED    22   HIGHEST GUST DIRECTION    NW (300)
  AVERAGE WIND SPEED     7.0


SKY COVER
  POSSIBLE SUNSHINE  MM
  AVERAGE SKY COVER 0.6


WEATHER CONDITIONS
 THE FOLLOWING WEATHER WAS RECORDED YESTERDAY.
  LIGHT SNOW
  HAZE


RELATIVE HUMIDITY (PERCENT)
 HIGHEST    81           400 AM
 LOWEST     60           300 PM
 AVERAGE    71

..........................................................


THE PEORIA IL CLIMATE NORMALS FOR TODAY
                         NORMAL    RECORD    YEAR
 MAXIMUM TEMPERATURE (F)   43        72      1905
 MINIMUM TEMPERATURE (F)   27        -1      1930


SUNRISE AND SUNSET
NOVEMBER 28 2014......SUNRISE   700 AM CST   SUNSET   433 PM CST
NOVEMBER 29 2014......SUNRISE   701 AM CST   SUNSET   433 PM CST


-  INDICATES NEGATIVE NUMBERS.
R  INDICATES RECORD WAS SET OR TIED.
MM INDICATES DATA IS MISSING.
T  INDICATES TRACE AMOUNT.




$$
