000
CDUS43 KILX 230654
CLIPIA


CLIMATE REPORT
NATIONAL WEATHER SERVICE LINCOLN IL
153 AM CDT TUE AUG 23 2016


...................................

...THE PEORIA IL CLIMATE SUMMARY FOR AUGUST 22 2016...

CLIMATE NORMAL PERIOD 1981 TO 2010
CLIMATE RECORD PERIOD 1883 TO 2016


WEATHER ITEM   OBSERVED TIME   RECORD YEAR NORMAL DEPARTURE LAST
                VALUE   (LST)  VALUE       VALUE  FROM      YEAR
                                                  NORMAL
..................................................................
TEMPERATURE (F)
 YESTERDAY
  MAXIMUM         80    225 PM 102    1936  84     -4       81
  MINIMUM         56    538 AM  46    1923  63     -7       60
  AVERAGE         68                        73     -5       71

PRECIPITATION (IN)
  YESTERDAY        0.00          1.61 1917   0.10  -0.10     0.00
  MONTH TO DATE    3.55                      2.28   1.27     2.00
  SINCE JUN 1     12.00                      9.66   2.34    19.44
  SINCE JAN 1     21.11                     23.99  -2.88    32.21

SNOWFALL (IN)
  YESTERDAY        0.0           0.0    MM   0.0    0.0      0.0
  MONTH TO DATE    0.0                       0.0    0.0      0.0
  SINCE JUN 1      0.0                       0.0    0.0      0.0
  SINCE JUL 1      0.0                       0.0    0.0      0.0
  SNOW DEPTH       0

DEGREE DAYS
 HEATING
  YESTERDAY        0                         0      0        0
  MONTH TO DATE    0                         0      0        0
  SINCE JUN 1      4                        19    -15       12
  SINCE JUL 1      4                         1      3        5

 COOLING
  YESTERDAY        3                         9     -6        6
  MONTH TO DATE  260                       207     53      252
  SINCE JUN 1    951                       757    194      908
  SINCE JAN 1   1057                       838    219     1062
..................................................................


WIND (MPH)
  HIGHEST WIND SPEED    12   HIGHEST WIND DIRECTION     S (190)
  HIGHEST GUST SPEED    15   HIGHEST GUST DIRECTION    SW (210)
  AVERAGE WIND SPEED     4.2


SKY COVER
  POSSIBLE SUNSHINE  MM
  AVERAGE SKY COVER 0.1


WEATHER CONDITIONS
 THE FOLLOWING WEATHER WAS RECORDED YESTERDAY.
  NO SIGNIFICANT WEATHER WAS OBSERVED.


RELATIVE HUMIDITY (PERCENT)
 HIGHEST   100           500 AM
 LOWEST     48           400 PM
 AVERAGE    74

..........................................................


THE PEORIA IL CLIMATE NORMALS FOR TODAY
                         NORMAL    RECORD    YEAR
 MAXIMUM TEMPERATURE (F)   83       101      1947
 MINIMUM TEMPERATURE (F)   63        50      1945
                                             1923
                                             1908


SUNRISE AND SUNSET
AUGUST 23 2016........SUNRISE   617 AM CDT   SUNSET   744 PM CDT
AUGUST 24 2016........SUNRISE   618 AM CDT   SUNSET   743 PM CDT


-  INDICATES NEGATIVE NUMBERS.
R  INDICATES RECORD WAS SET OR TIED.
MM INDICATES DATA IS MISSING.
T  INDICATES TRACE AMOUNT.




$$
