000
CDUS43 KILX 250642
CLIPIA


CLIMATE REPORT
NATIONAL WEATHER SERVICE LINCOLN IL
140 AM CDT SAT MAR 25 2017


...................................

...THE PEORIA IL CLIMATE SUMMARY FOR MARCH 24 2017...

CLIMATE NORMAL PERIOD 1981 TO 2010
CLIMATE RECORD PERIOD 1883 TO 2017


WEATHER ITEM   OBSERVED TIME   RECORD YEAR NORMAL DEPARTURE LAST
                VALUE   (LST)  VALUE       VALUE  FROM      YEAR
                                                  NORMAL
..................................................................
TEMPERATURE (F)
 YESTERDAY
  MAXIMUM         80   1232 PM  81    1929  54     26       60
  MINIMUM         45    435 AM   6    1974  34     11       33
  AVERAGE         63                        44     19       47

PRECIPITATION (IN)
  YESTERDAY        0.02          1.92 2009   0.09  -0.07     0.27
  MONTH TO DATE    1.08                      2.09  -1.01     1.76
  SINCE MAR 1      1.08                      2.09  -1.01     1.76
  SINCE JAN 1      3.74                      5.66  -1.92     3.14

SNOWFALL (IN)
  YESTERDAY        0.0           7.0  2013   0.0    0.0      0.0
  MONTH TO DATE    4.2                       2.3    1.9      0.2
  SINCE MAR 1      4.2                       2.3    1.9      0.2
  SINCE JUL 1     13.9                      23.6   -9.7     15.3
  SNOW DEPTH       0

DEGREE DAYS
 HEATING
  YESTERDAY        2                        21    -19       18
  MONTH TO DATE  583                       619    -36      431
  SINCE MAR 1    583                       619    -36      431
  SINCE JUL 1   4190                      5135   -945     4014

 COOLING
  YESTERDAY        0                         0      0        0
  MONTH TO DATE    0                         0      0        0
  SINCE MAR 1      0                         0      0        0
  SINCE JAN 1      0                         0      0        0
..................................................................


WIND (MPH)
  HIGHEST WIND SPEED    29   HIGHEST WIND DIRECTION    SW (230)
  HIGHEST GUST SPEED    36   HIGHEST GUST DIRECTION    SW (230)
  AVERAGE WIND SPEED    10.9


SKY COVER
  POSSIBLE SUNSHINE  MM
  AVERAGE SKY COVER 0.3


WEATHER CONDITIONS
 THE FOLLOWING WEATHER WAS RECORDED YESTERDAY.
  LIGHT RAIN


RELATIVE HUMIDITY (PERCENT)
 HIGHEST    86           500 AM
 LOWEST     35          1200 PM
 AVERAGE    61

..........................................................


THE PEORIA IL CLIMATE NORMALS FOR TODAY
                         NORMAL    RECORD    YEAR
 MAXIMUM TEMPERATURE (F)   54        81      1907
 MINIMUM TEMPERATURE (F)   34         5      1960


SUNRISE AND SUNSET
MARCH 25 2017.........SUNRISE   653 AM CDT   SUNSET   716 PM CDT
MARCH 26 2017.........SUNRISE   652 AM CDT   SUNSET   717 PM CDT


-  INDICATES NEGATIVE NUMBERS.
R  INDICATES RECORD WAS SET OR TIED.
MM INDICATES DATA IS MISSING.
T  INDICATES TRACE AMOUNT.




$$
