000
CDUS43 KILX 072245
CLIPIA


CLIMATE REPORT
NATIONAL WEATHER SERVICE LINCOLN IL
434 PM CST SUN FEB 7 2016


...................................

...THE PEORIA IL CLIMATE SUMMARY FOR FEBRUARY 7 2016...
VALID TODAY AS OF 0400 PM LOCAL TIME.

CLIMATE NORMAL PERIOD 1981 TO 2010
CLIMATE RECORD PERIOD 1883 TO 2016


WEATHER ITEM   OBSERVED TIME   RECORD YEAR NORMAL DEPARTURE LAST
                VALUE   (LST)  VALUE       VALUE  FROM      YEAR
                                                  NORMAL
..................................................................
TEMPERATURE (F)
 TODAY
  MAXIMUM         49    313 PM  65    2009  35     14       47
  MINIMUM         30   1212 AM -17    1905  19     11       27
  AVERAGE         40                        27     13       37

PRECIPITATION (IN)
  TODAY            0.00          0.74 1933   0.06  -0.06     0.00
  MONTH TO DATE    0.38                      0.37   0.01     1.24
  SINCE DEC 1      7.45                      4.57   2.88     4.69
  SINCE JAN 1      1.14                      2.15  -1.01     3.46

SNOWFALL (IN)
  TODAY            0.0           8.4  1933   0.3   -0.3      0.0
  MONTH TO DATE    0.0                       1.7   -1.7      9.3
  SINCE DEC 1      7.7                      15.7   -8.0     19.5
  SINCE JUL 1     12.3                      16.8   -4.5     20.8
  SNOW DEPTH       0

DEGREE DAYS
 HEATING
  TODAY           25                        38    -13       28
  MONTH TO DATE  213                       270    -57      305
  SINCE DEC 1   2126                      2643   -517     2479
  SINCE JUL 1   2883                      3791   -908     3720

 COOLING
  TODAY            0                         0      0        0
  MONTH TO DATE    0                         0      0        0
  SINCE DEC 1      0                         0      0        0
  SINCE JAN 1      0                         0      0        0
..................................................................


WIND (MPH)
  HIGHEST WIND SPEED    21   HIGHEST WIND DIRECTION     W (280)
  HIGHEST GUST SPEED    28   HIGHEST GUST DIRECTION     W (290)
  AVERAGE WIND SPEED    11.4


SKY COVER
  POSSIBLE SUNSHINE  MM
  AVERAGE SKY COVER 0.0


WEATHER CONDITIONS
 THE FOLLOWING WEATHER WAS RECORDED TODAY.
  NO SIGNIFICANT WEATHER WAS OBSERVED.


RELATIVE HUMIDITY (PERCENT)
 HIGHEST    78          1200 AM
 LOWEST     49           400 PM
 AVERAGE    64

..........................................................


THE PEORIA IL CLIMATE NORMALS FOR TOMORROW
                         NORMAL    RECORD    YEAR
 MAXIMUM TEMPERATURE (F)   35        63      1990
 MINIMUM TEMPERATURE (F)   19       -22      1895


SUNRISE AND SUNSET
FEBRUARY  7 2016......SUNRISE   703 AM CST   SUNSET   523 PM CST
FEBRUARY  8 2016......SUNRISE   702 AM CST   SUNSET   525 PM CST


-  INDICATES NEGATIVE NUMBERS.
R  INDICATES RECORD WAS SET OR TIED.
MM INDICATES DATA IS MISSING.
T  INDICATES TRACE AMOUNT.




$$
