000
CDUS45 KPIH 230729
CLIPIH


CLIMATE REPORT
NATIONAL WEATHER SERVICE POCATELLO ID
1229 AM MST FRI FEB 23 2018


...................................

...THE POCATELLO ID CLIMATE SUMMARY FOR FEBRUARY 22 2018...

CLIMATE NORMAL PERIOD 1981 TO 2010
CLIMATE RECORD PERIOD 1939 TO 2018


WEATHER ITEM   OBSERVED TIME   RECORD YEAR NORMAL DEPARTURE LAST
                VALUE   (LST)  VALUE       VALUE  FROM      YEAR
                                                  NORMAL
..................................................................
TEMPERATURE (F)
 YESTERDAY
  MAXIMUM         34    252 PM  62    1958  40     -6       41
  MINIMUM         13    757 AM  -6    1952  21     -8       29
  AVERAGE         24                        30     -6       35

PRECIPITATION (IN)
  YESTERDAY        0.02          0.30 1948   0.04  -0.02     0.15
  MONTH TO DATE    0.58                      0.74  -0.16     2.31
  SINCE OCT 1      4.08                      4.95  -0.87    11.72
  SINCE JAN 1      1.29                      1.73  -0.44     5.16

SNOWFALL (IN)
  YESTERDAY        0.4
  MONTH TO DATE    7.0
  SINCE DEC 1     20.1
  SINCE JUL 1     21.1
  SNOW DEPTH       T

DEGREE DAYS
 HEATING
  YESTERDAY       41                        35      6       30
  MONTH TO DATE  668                       827   -159      651
  SINCE DEC 1   2825                      3346   -521     3549
  SINCE JUL 1   4459                      5074   -615     4984

 COOLING
  YESTERDAY        0                         0      0        0
  MONTH TO DATE    0                         0      0        0
  SINCE DEC 1      0                         0      0        0
  SINCE JAN 1      0                         0      0        0
..................................................................


WIND (MPH)
  HIGHEST WIND SPEED    22   HIGHEST WIND DIRECTION    SW (210)
  HIGHEST GUST SPEED    25   HIGHEST GUST DIRECTION    SW (220)
  AVERAGE WIND SPEED    10.1


SKY COVER
  POSSIBLE SUNSHINE  MM
  AVERAGE SKY COVER 0.4


WEATHER CONDITIONS
 THE FOLLOWING WEATHER WAS RECORDED YESTERDAY.
  LIGHT SNOW
  FOG


RELATIVE HUMIDITY (PERCENT)
 HIGHEST    92          1000 PM
 LOWEST     47          1200 PM
 AVERAGE    70

..........................................................


THE POCATELLO ID CLIMATE NORMALS FOR TODAY
                         NORMAL    RECORD    YEAR
 MAXIMUM TEMPERATURE (F)   40        58      1995
 MINIMUM TEMPERATURE (F)   21        -5      1955


SUNRISE AND SUNSET
FEBRUARY 23 2018......SUNRISE   716 AM MST   SUNSET   612 PM MST
FEBRUARY 24 2018......SUNRISE   714 AM MST   SUNSET   614 PM MST


-  INDICATES NEGATIVE NUMBERS.
R  INDICATES RECORD WAS SET OR TIED.
MM INDICATES DATA IS MISSING.
T  INDICATES TRACE AMOUNT.




$$
