204
CDUS45 KPIH 210733
CLIPIH


CLIMATE REPORT
NATIONAL WEATHER SERVICE POCATELLO ID
133 AM MDT FRI JUL 21 2017


...................................

...THE POCATELLO ID CLIMATE SUMMARY FOR JULY 20 2017...

CLIMATE NORMAL PERIOD 1981 TO 2010
CLIMATE RECORD PERIOD 1939 TO 2017


WEATHER ITEM   OBSERVED TIME   RECORD YEAR NORMAL DEPARTURE LAST
                VALUE   (LST)  VALUE       VALUE  FROM      YEAR
                                                  NORMAL
..................................................................
TEMPERATURE (F)
 YESTERDAY
  MAXIMUM         92    338 PM 102    2003  89      3       92
  MINIMUM         60    347 AM  44    1988  53      7       52
  AVERAGE         76                        71      5       72

PRECIPITATION (IN)
  YESTERDAY        0.01          0.97 1944   0.02  -0.01     0.00
  MONTH TO DATE    0.02                      0.41  -0.39     0.14
  SINCE OCT 1     17.73                     10.45   7.28    10.90
  SINCE JAN 1     11.17                      7.23   3.94     7.33

SNOWFALL (IN)
  YESTERDAY        0.0
  MONTH TO DATE    0.0
  SINCE JUN 1      0.0
  SINCE JUL 1      0.0
  SNOW DEPTH       0

DEGREE DAYS
 HEATING
  YESTERDAY        0                         0      0        0
  MONTH TO DATE    0                        17    -17       17
  SINCE JUN 1     89                       148    -59       60
  SINCE JUL 1      0                        17    -17       17

 COOLING
  YESTERDAY       11                         6      5        7
  MONTH TO DATE  192                       100     92       89
  SINCE JUN 1    253                       146    107      179
  SINCE JAN 1    255                       151    104      179
..................................................................


WIND (MPH)
  HIGHEST WIND SPEED    22   HIGHEST WIND DIRECTION     W (270)
  HIGHEST GUST SPEED    33   HIGHEST GUST DIRECTION     W (270)
  AVERAGE WIND SPEED     9.2


SKY COVER
  POSSIBLE SUNSHINE  MM
  AVERAGE SKY COVER 0.2


WEATHER CONDITIONS
 THE FOLLOWING WEATHER WAS RECORDED YESTERDAY.
  THUNDERSTORM
  LIGHT RAIN


RELATIVE HUMIDITY (PERCENT)
 HIGHEST    78           400 AM
 LOWEST     11           500 PM
 AVERAGE    45

..........................................................


THE POCATELLO ID CLIMATE NORMALS FOR TODAY
                         NORMAL    RECORD    YEAR
 MAXIMUM TEMPERATURE (F)   89       100      2006
                                             2003
                                             1946
 MINIMUM TEMPERATURE (F)   53        39      1983


SUNRISE AND SUNSET
JULY 21 2017..........SUNRISE   611 AM MDT   SUNSET   902 PM MDT
JULY 22 2017..........SUNRISE   612 AM MDT   SUNSET   901 PM MDT


-  INDICATES NEGATIVE NUMBERS.
R  INDICATES RECORD WAS SET OR TIED.
MM INDICATES DATA IS MISSING.
T  INDICATES TRACE AMOUNT.




$$
