000
CDUS45 KPIH 290741
CLIPIH


CLIMATE REPORT
NATIONAL WEATHER SERVICE POCATELLO ID
140 AM MDT SAT AUG 29 2015


...................................

...THE POCATELLO ID CLIMATE SUMMARY FOR AUGUST 28 2015...

CLIMATE NORMAL PERIOD 1981 TO 2010
CLIMATE RECORD PERIOD 1939 TO 2015


WEATHER ITEM   OBSERVED TIME   RECORD YEAR NORMAL DEPARTURE LAST
                VALUE   (LST)  VALUE       VALUE  FROM      YEAR
                                                  NORMAL
..................................................................
TEMPERATURE (F)
 YESTERDAY
  MAXIMUM         93    208 PM  97    2012  84      9       87
  MINIMUM         52    316 AM  38    2004  48      4       51
  AVERAGE         73                        66      7       69

PRECIPITATION (IN)
  YESTERDAY        0.00          0.69 1982   0.02  -0.02     0.00
  MONTH TO DATE    0.48                      0.54  -0.06     2.18
  SINCE OCT 1      9.16                     11.22  -2.06    10.15
  SINCE JAN 1      6.77                      8.00  -1.23     8.78

SNOWFALL (IN)
  YESTERDAY        0.0
  MONTH TO DATE    0.0
  SINCE JUN 1      0.0
  SINCE JUL 1      0.0
  SNOW DEPTH       0

DEGREE DAYS
 HEATING
  YESTERDAY        0                         2     -2        0
  MONTH TO DATE   15                        17     -2       29
  SINCE JUN 1     66                       168   -102      141
  SINCE JUL 1     38                        37      1       31

 COOLING
  YESTERDAY        8                         3      5        4
  MONTH TO DATE  142                       137      5      113
  SINCE JUN 1    438                       355     83      380
  SINCE JAN 1    442                       360     82      380
..................................................................


WIND (MPH)
  HIGHEST WIND SPEED    32   HIGHEST WIND DIRECTION    SW (230)
  HIGHEST GUST SPEED    38   HIGHEST GUST DIRECTION    SW (210)
  AVERAGE WIND SPEED     7.1


SKY COVER
  POSSIBLE SUNSHINE  MM
  AVERAGE SKY COVER 0.1


WEATHER CONDITIONS
 THE FOLLOWING WEATHER WAS RECORDED YESTERDAY.
  NO SIGNIFICANT WEATHER WAS OBSERVED.


RELATIVE HUMIDITY (PERCENT)
 HIGHEST    71           600 AM
 LOWEST     15           500 PM
 AVERAGE    43

..........................................................


THE POCATELLO ID CLIMATE NORMALS FOR TODAY
                         NORMAL    RECORD    YEAR
 MAXIMUM TEMPERATURE (F)   84        97      1990
 MINIMUM TEMPERATURE (F)   48        35      1975


SUNRISE AND SUNSET
AUGUST 29 2015........SUNRISE   651 AM MDT   SUNSET   810 PM MDT
AUGUST 30 2015........SUNRISE   653 AM MDT   SUNSET   809 PM MDT


-  INDICATES NEGATIVE NUMBERS.
R  INDICATES RECORD WAS SET OR TIED.
MM INDICATES DATA IS MISSING.
T  INDICATES TRACE AMOUNT.




$$
