000
CDUS45 KPIH 210735
CLIPIH


CLIMATE REPORT
NATIONAL WEATHER SERVICE POCATELLO ID
133 AM MDT THU SEP 21 2017


...................................

...THE POCATELLO ID CLIMATE SUMMARY FOR SEPTEMBER 20 2017...

CLIMATE NORMAL PERIOD 1981 TO 2010
CLIMATE RECORD PERIOD 1939 TO 2017


WEATHER ITEM   OBSERVED TIME   RECORD YEAR NORMAL DEPARTURE LAST
                VALUE   (LST)  VALUE       VALUE  FROM      YEAR
                                                  NORMAL
..................................................................
TEMPERATURE (F)
 YESTERDAY
  MAXIMUM         68    205 PM  86    1962  74     -6       83
                                      1939
  MINIMUM         40    645 AM  19    1983  41     -1       46
  AVERAGE         54                        57     -3       65

PRECIPITATION (IN)
  YESTERDAY        0.42R         0.33 1968   0.03   0.39     0.00
                                      1963
  MONTH TO DATE    1.45                      0.53   0.92     0.64
  SINCE OCT 1     19.56                     11.82   7.74    11.79
  SINCE JAN 1     13.00                      8.60   4.40     8.22

SNOWFALL (IN)
  YESTERDAY        0.0
  MONTH TO DATE    0.0
  SINCE SEP 1      0.0
  SINCE JUL 1      0.0
  SNOW DEPTH       0

DEGREE DAYS
 HEATING
  YESTERDAY       11                         8      3        0
  MONTH TO DATE   76                       100    -24      133
  SINCE SEP 1     76                       100    -24      133
  SINCE JUL 1     80                       146    -66      171

 COOLING
  YESTERDAY        0                         0      0        0
  MONTH TO DATE   66                        20     46       16
  SINCE SEP 1     66                        20     46       16
  SINCE JAN 1    575                       390    185      415
..................................................................


WIND (MPH)
  HIGHEST WIND SPEED    29   HIGHEST WIND DIRECTION    SW (220)
  HIGHEST GUST SPEED    40   HIGHEST GUST DIRECTION     W (280)
  AVERAGE WIND SPEED    12.7


SKY COVER
  POSSIBLE SUNSHINE  MM
  AVERAGE SKY COVER 0.7


WEATHER CONDITIONS
 THE FOLLOWING WEATHER WAS RECORDED YESTERDAY.
  RAIN
  LIGHT RAIN
  FOG


RELATIVE HUMIDITY (PERCENT)
 HIGHEST    86           900 PM
 LOWEST     24           200 PM
 AVERAGE    55

..........................................................


THE POCATELLO ID CLIMATE NORMALS FOR TODAY
                         NORMAL    RECORD    YEAR
 MAXIMUM TEMPERATURE (F)   73        88      1979
                                             1967
                                             1966
 MINIMUM TEMPERATURE (F)   40        22      1983


SUNRISE AND SUNSET
SEPTEMBER 21 2017.....SUNRISE   717 AM MDT   SUNSET   729 PM MDT
SEPTEMBER 22 2017.....SUNRISE   718 AM MDT   SUNSET   727 PM MDT


-  INDICATES NEGATIVE NUMBERS.
R  INDICATES RECORD WAS SET OR TIED.
MM INDICATES DATA IS MISSING.
T  INDICATES TRACE AMOUNT.




$$
