000
CDUS45 KPIH 220732
CLIPIH


CLIMATE REPORT
NATIONAL WEATHER SERVICE POCATELLO ID
1231 AM MST WED NOV 22 2017


...................................

...THE POCATELLO ID CLIMATE SUMMARY FOR NOVEMBER 21 2017...

CLIMATE NORMAL PERIOD 1981 TO 2010
CLIMATE RECORD PERIOD 1939 TO 2017


WEATHER ITEM   OBSERVED TIME   RECORD YEAR NORMAL DEPARTURE LAST
                VALUE   (LST)  VALUE       VALUE  FROM      YEAR
                                                  NORMAL
..................................................................
TEMPERATURE (F)
 YESTERDAY
  MAXIMUM         52    236 PM  57    2006  41     11       51
  MINIMUM         40    925 AM   5    1957  22     18       37
                                      1941
  AVERAGE         46                        32     14       44

PRECIPITATION (IN)
  YESTERDAY        T             0.25 1940   0.04  -0.04     0.08
  MONTH TO DATE    0.94                      0.74   0.20     0.10
  SINCE OCT 1      1.43                      1.61  -0.18     3.33
  SINCE JAN 1     15.93                     10.52   5.41    13.01

SNOWFALL (IN)
  YESTERDAY        0.0
  MONTH TO DATE    0.4
  SINCE SEP 1      0.5
  SINCE JUL 1      0.5
  SNOW DEPTH       0

DEGREE DAYS
 HEATING
  YESTERDAY       19                        33    -14       21
  MONTH TO DATE  537                       600    -63      449
  SINCE SEP 1   1423                      1361     62     1115
  SINCE JUL 1   1427                      1407     20     1153

 COOLING
  YESTERDAY        0                         0      0        0
  MONTH TO DATE    0                         0      0        0
  SINCE SEP 1     66                        22     44       17
  SINCE JAN 1    575                       392    183      416
..................................................................


WIND (MPH)
  HIGHEST WIND SPEED    20   HIGHEST WIND DIRECTION    SW (240)
  HIGHEST GUST SPEED    23   HIGHEST GUST DIRECTION    SW (220)
  AVERAGE WIND SPEED     5.0


SKY COVER
  POSSIBLE SUNSHINE  MM
  AVERAGE SKY COVER 0.8


WEATHER CONDITIONS
 THE FOLLOWING WEATHER WAS RECORDED YESTERDAY.
  LIGHT RAIN


RELATIVE HUMIDITY (PERCENT)
 HIGHEST    96           800 AM
 LOWEST     71           300 PM
 AVERAGE    84

..........................................................


THE POCATELLO ID CLIMATE NORMALS FOR TODAY
                         NORMAL    RECORD    YEAR
 MAXIMUM TEMPERATURE (F)   41        60      1939
 MINIMUM TEMPERATURE (F)   22         0      1982


SUNRISE AND SUNSET
NOVEMBER 22 2017......SUNRISE   732 AM MST   SUNSET   501 PM MST
NOVEMBER 23 2017......SUNRISE   733 AM MST   SUNSET   501 PM MST


-  INDICATES NEGATIVE NUMBERS.
R  INDICATES RECORD WAS SET OR TIED.
MM INDICATES DATA IS MISSING.
T  INDICATES TRACE AMOUNT.




$$
