000
CDUS43 KABR 271031
CLIPIR


CLIMATE REPORT
NATIONAL WEATHER SERVICE ABERDEEN SD
530 AM CDT TUE SEP 27 2016


...................................

...THE PIERRE SD CLIMATE SUMMARY FOR SEPTEMBER 26 2016...

CLIMATE NORMAL PERIOD 1981 TO 2010
CLIMATE RECORD PERIOD 1892 TO 2016


WEATHER ITEM   OBSERVED TIME   RECORD YEAR NORMAL DEPARTURE LAST
                VALUE   (LST)  VALUE       VALUE  FROM      YEAR
                                                  NORMAL
..................................................................
TEMPERATURE (F)
 YESTERDAY
  MAXIMUM         74    422 PM 100    1974  71      3       83
  MINIMUM         42    531 AM  24    1965  44     -2       57
  AVERAGE         58                        58      0       70

PRECIPITATION (IN)
  YESTERDAY        0.00          0.66 1966   0.07  -0.07     0.00
  MONTH TO DATE    1.23                      1.61  -0.38     1.05
  SINCE SEP 1      1.23                      1.61  -0.38     1.05
  SINCE JAN 1     16.95                     16.79   0.16    19.20

DEGREE DAYS
 HEATING
  YESTERDAY        7                         8     -1        0
  MONTH TO DATE   69                       114    -45       49
  SINCE SEP 1     69                       114    -45       49
  SINCE JUL 1     89                       134    -45       74

 COOLING
  YESTERDAY        0                         1     -1        5
  MONTH TO DATE   80                        84     -4      114
  SINCE SEP 1     80                        84     -4      114
  SINCE JAN 1    944                       861     83      824
..................................................................


WIND (MPH)
  RESULTANT WIND SPEED   8   RESULTANT WIND DIRECTION  NW (300)
  HIGHEST WIND SPEED    22   HIGHEST WIND DIRECTION    NW (320)
  HIGHEST GUST SPEED    27   HIGHEST GUST DIRECTION    NW (330)
  AVERAGE WIND SPEED     9.7




RELATIVE HUMIDITY (PERCENT)
 HIGHEST    76           500 AM
 LOWEST     27           300 PM
 AVERAGE    52

..........................................................


THE PIERRE SD CLIMATE NORMALS FOR TODAY
                         NORMAL    RECORD    YEAR
 MAXIMUM TEMPERATURE (F)   71        98      1956
 MINIMUM TEMPERATURE (F)   44        26      1951


SUNRISE AND SUNSET
SEPTEMBER 27 2016.....SUNRISE   735 AM CDT   SUNSET   728 PM CDT
SEPTEMBER 28 2016.....SUNRISE   736 AM CDT   SUNSET   726 PM CDT


-  INDICATES NEGATIVE NUMBERS.
R  INDICATES RECORD WAS SET OR TIED.
MM INDICATES DATA IS MISSING.
T  INDICATES TRACE AMOUNT.




$$
