000
CDUS43 KABR 301040
CLIPIR


CLIMATE REPORT
NATIONAL WEATHER SERVICE ABERDEEN SD
539 AM CDT WED JUL 30 2014


...................................

...THE PIERRE SD CLIMATE SUMMARY FOR JULY 29 2014...

CLIMATE NORMAL PERIOD 1981 TO 2010
CLIMATE RECORD PERIOD 1892 TO 2014


WEATHER ITEM   OBSERVED TIME   RECORD YEAR NORMAL DEPARTURE LAST
                VALUE   (LST)  VALUE       VALUE  FROM      YEAR
                                                  NORMAL
..................................................................
TEMPERATURE (F)
 YESTERDAY
  MAXIMUM         83    523 PM 111    2006  90     -7       77
  MINIMUM         51    544 AM  47    1971  63    -12       62
  AVERAGE         67                        76     -9       70

PRECIPITATION (IN)
  YESTERDAY        0.00          1.13 1979   0.08  -0.08     0.00
  MONTH TO DATE    0.84                      2.44  -1.60     2.57
  SINCE JUN 1      5.23                      6.01  -0.78     5.53
  SINCE JAN 1     13.16                     13.21  -0.05    14.39

DEGREE DAYS
 HEATING
  YESTERDAY        0                         0      0        0
  MONTH TO DATE   19                         0     19        9
  SINCE JUN 1     86                        53     33       69
  SINCE JUL 1     19                         0     19        9

 COOLING
  YESTERDAY        2                        11     -9        5
  MONTH TO DATE  213                       300    -87      258
  SINCE JUN 1    272                       434   -162      377
  SINCE JAN 1    320                       466   -146      399
..................................................................


WIND (MPH)
  RESULTANT WIND SPEED   4   RESULTANT WIND DIRECTION  NE (40)
  HIGHEST WIND SPEED    16   HIGHEST WIND DIRECTION     N (10)
  HIGHEST GUST SPEED    22   HIGHEST GUST DIRECTION     N (20)
  AVERAGE WIND SPEED     5.4




RELATIVE HUMIDITY (PERCENT)
 HIGHEST    96           300 AM
 LOWEST     33           400 PM
 AVERAGE    65

..........................................................


THE PIERRE SD CLIMATE NORMALS FOR TODAY
                         NORMAL    RECORD    YEAR
 MAXIMUM TEMPERATURE (F)   90       111      2006
 MINIMUM TEMPERATURE (F)   63        42      1971


SUNRISE AND SUNSET
JULY 30 2014..........SUNRISE   626 AM CDT   SUNSET   908 PM CDT
JULY 31 2014..........SUNRISE   627 AM CDT   SUNSET   907 PM CDT


-  INDICATES NEGATIVE NUMBERS.
R  INDICATES RECORD WAS SET OR TIED.
MM INDICATES DATA IS MISSING.
T  INDICATES TRACE AMOUNT.




$$
