000
CDUS43 KABR 261042
CLIPIR


CLIMATE REPORT
NATIONAL WEATHER SERVICE ABERDEEN SD
541 AM CDT TUE SEP 26 2017


...................................

...THE PIERRE SD CLIMATE SUMMARY FOR SEPTEMBER 25 2017...

CLIMATE NORMAL PERIOD 1981 TO 2010
CLIMATE RECORD PERIOD 1892 TO 2017


WEATHER ITEM   OBSERVED TIME   RECORD YEAR NORMAL DEPARTURE LAST
                VALUE   (LST)  VALUE       VALUE  FROM      YEAR
                                                  NORMAL
..................................................................
TEMPERATURE (F)
 YESTERDAY
  MAXIMUM         54    233 PM  96    1938  72    -18       68
  MINIMUM         46    647 AM  29    2003  45      1       48
  AVERAGE         50                        58     -8       58

PRECIPITATION (IN)
  YESTERDAY        0.00          1.19 1931   0.07  -0.07     0.00
  MONTH TO DATE    1.86                      1.54   0.32     1.23
  SINCE SEP 1      1.86                      1.54   0.32     1.23
  SINCE JAN 1     12.30                     16.72  -4.42    16.95

DEGREE DAYS
 HEATING
  YESTERDAY       15                         8      7        7
  MONTH TO DATE  100                       106     -6       62
  SINCE SEP 1    100                       106     -6       62
  SINCE JUL 1    105                       126    -21       82

 COOLING
  YESTERDAY        0                         1     -1        0
  MONTH TO DATE  106                        83     23       80
  SINCE SEP 1    106                        83     23       80
  SINCE JAN 1    864                       860      4      944
..................................................................


WIND (MPH)
  RESULTANT WIND SPEED   7   RESULTANT WIND DIRECTION   N (10)
  HIGHEST WIND SPEED    15   HIGHEST WIND DIRECTION     N (10)
  HIGHEST GUST SPEED    19   HIGHEST GUST DIRECTION     N (20)
  AVERAGE WIND SPEED     7.9




RELATIVE HUMIDITY (PERCENT)
 HIGHEST    93           100 AM
 LOWEST     66           100 PM
 AVERAGE    80

..........................................................


THE PIERRE SD CLIMATE NORMALS FOR TODAY
                         NORMAL    RECORD    YEAR
 MAXIMUM TEMPERATURE (F)   71       100      1974
 MINIMUM TEMPERATURE (F)   44        24      1965


SUNRISE AND SUNSET
SEPTEMBER 26 2017.....SUNRISE   733 AM CDT   SUNSET   731 PM CDT
SEPTEMBER 27 2017.....SUNRISE   734 AM CDT   SUNSET   729 PM CDT


-  INDICATES NEGATIVE NUMBERS.
R  INDICATES RECORD WAS SET OR TIED.
MM INDICATES DATA IS MISSING.
T  INDICATES TRACE AMOUNT.




$$
