000
CDUS43 KABR 281029
CLIPIR


CLIMATE REPORT
NATIONAL WEATHER SERVICE ABERDEEN SD
429 AM CST SAT FEB 28 2015


...................................

...THE PIERRE SD CLIMATE SUMMARY FOR FEBRUARY 27 2015...

CLIMATE NORMAL PERIOD 1981 TO 2010
CLIMATE RECORD PERIOD 1892 TO 2015


WEATHER ITEM   OBSERVED TIME   RECORD YEAR NORMAL DEPARTURE LAST
                VALUE   (LST)  VALUE       VALUE  FROM      YEAR
                                                  NORMAL
..................................................................
TEMPERATURE (F)
 YESTERDAY
  MAXIMUM         27    448 PM  68    1988  39    -12       14
  MINIMUM        -10    703 AM -12    2011  18    -28       -7
                                      1962
  AVERAGE          9                        28    -19        4

PRECIPITATION (IN)
  YESTERDAY        0.00          1.02 1958   0.03  -0.03     0.00
  MONTH TO DATE    0.22                      0.56  -0.34     0.40
  SINCE DEC 1      1.17                      1.53  -0.36     2.02
  SINCE JAN 1      0.35                      0.98  -0.63     0.54

SNOWFALL (IN)
  YESTERDAY        0.0          10.2  1958   0.2   -0.2      0.0
  MONTH TO DATE    1.5                       5.6   -4.1      6.9
  SINCE OCT 1     22.3                      21.5    0.8     24.6
  SINCE JUL 1     22.3                      21.5    0.8     24.6
  SNOW DEPTH       0

DEGREE DAYS
 HEATING
  YESTERDAY       56                        37     19       61
  MONTH TO DATE 1197                      1102     95     1346
  SINCE DEC 1   3742                      3842   -100     4324
  SINCE JUL 1   5464                      5462      2     5943

 COOLING
  YESTERDAY        0                         0      0        0
  MONTH TO DATE    0                         0      0        0
  SINCE DEC 1      0                         0      0        0
  SINCE JAN 1      0                         0      0        0
..................................................................


WIND (MPH)
  RESULTANT WIND SPEED   7   RESULTANT WIND DIRECTION  SE (150)
  HIGHEST WIND SPEED    21   HIGHEST WIND DIRECTION     S (160)
  HIGHEST GUST SPEED    26   HIGHEST GUST DIRECTION    SE (150)
  AVERAGE WIND SPEED     8.5




RELATIVE HUMIDITY (PERCENT)
 HIGHEST    87           900 AM
 LOWEST     25           300 PM
 AVERAGE    56

..........................................................


THE PIERRE SD CLIMATE NORMALS FOR TODAY
                         NORMAL    RECORD    YEAR
 MAXIMUM TEMPERATURE (F)   39        63      1976
 MINIMUM TEMPERATURE (F)   18       -24      1962


SUNRISE AND SUNSET
FEBRUARY 28 2015......SUNRISE   720 AM CST   SUNSET   628 PM CST
MARCH  1 2015.........SUNRISE   719 AM CST   SUNSET   629 PM CST


-  INDICATES NEGATIVE NUMBERS.
R  INDICATES RECORD WAS SET OR TIED.
MM INDICATES DATA IS MISSING.
T  INDICATES TRACE AMOUNT.




$$
