000
CDUS43 KABR 302234
CLIPIR


CLIMATE REPORT
NATIONAL WEATHER SERVICE ABERDEEN SD
534 PM CDT SAT JUL 30 2016


...................................

...THE PIERRE SD CLIMATE SUMMARY FOR JULY 30 2016...
VALID TODAY AS OF 0500 PM LOCAL TIME.

CLIMATE NORMAL PERIOD 1981 TO 2010
CLIMATE RECORD PERIOD 1892 TO 2016


WEATHER ITEM   OBSERVED TIME   RECORD YEAR NORMAL DEPARTURE LAST
                VALUE   (LST)  VALUE       VALUE  FROM      YEAR
                                                  NORMAL
..................................................................
TEMPERATURE (F)
 TODAY
  MAXIMUM         91    359 PM 111    2006  90      1       92
  MINIMUM         62    535 AM  42    1971  63     -1       53
  AVERAGE         77                        76      1       73

PRECIPITATION (IN)
  TODAY            0.00          1.18 1997   0.09  -0.09     0.00
  MONTH TO DATE    2.43                      2.53  -0.10     2.15
  SINCE JUN 1      4.26                      6.10  -1.84     8.31
  SINCE JAN 1     11.70                     13.30  -1.60    15.66

DEGREE DAYS
 COOLING
  TODAY           12                        11      1        8
  MONTH TO DATE  338                       311     27      285
  SINCE JUN 1    565                       445    120      420
  SINCE JAN 1    588                       477    111      434
..................................................................


WIND (MPH)
  HIGHEST GUST SPEED    33   HIGHEST GUST DIRECTION    SE (150)




..........................................................


THE PIERRE SD CLIMATE NORMALS FOR TOMORROW
                         NORMAL    RECORD    YEAR
 MAXIMUM TEMPERATURE (F)   90       108      1988
 MINIMUM TEMPERATURE (F)   63        50      1968


SUNRISE AND SUNSET
JULY 30 2016..........SUNRISE   627 AM CDT   SUNSET   908 PM CDT
JULY 31 2016..........SUNRISE   628 AM CDT   SUNSET   907 PM CDT


-  INDICATES NEGATIVE NUMBERS.
R  INDICATES RECORD WAS SET OR TIED.
MM INDICATES DATA IS MISSING.
T  INDICATES TRACE AMOUNT.




$$
