000
CDUS43 KABR 010908
CLIPIR


CLIMATE REPORT
NATIONAL WEATHER SERVICE ABERDEEN SD
407 AM CDT MON SEP 1 2014


...................................

...THE PIERRE SD CLIMATE SUMMARY FOR AUGUST 31 2014...

CLIMATE NORMAL PERIOD 1981 TO 2010
CLIMATE RECORD PERIOD 1892 TO 2014


WEATHER ITEM   OBSERVED TIME   RECORD YEAR NORMAL DEPARTURE LAST
                VALUE   (LST)  VALUE       VALUE  FROM      YEAR
                                                  NORMAL
..................................................................
TEMPERATURE (F)
 YESTERDAY
  MAXIMUM         71    457 PM 103    1960  84    -13       91
  MINIMUM         61   1159 PM  39    1974  56      5       58
  AVERAGE         66                        70     -4       75

PRECIPITATION (IN)
  YESTERDAY        0.05          1.83 1942   0.05   0.00      T
  MONTH TO DATE    3.03                      1.80   1.23     2.52
  SINCE JUN 1      8.29                      7.98   0.31     8.06
  SINCE JAN 1     16.22                     15.18   1.04    16.92

DEGREE DAYS
 HEATING
  YESTERDAY        0                         2     -2        0
  MONTH TO DATE    9                        12     -3        0
  SINCE JUN 1     95                        73     22       69
  SINCE JUL 1     28                        20      8        9

 COOLING
  YESTERDAY        1                         6     -5       10
  MONTH TO DATE  199                       284    -85      279
  SINCE JUN 1    488                       745   -257      664
  SINCE JAN 1    536                       777   -241      686
..................................................................


WIND (MPH)
  RESULTANT WIND SPEED   8   RESULTANT WIND DIRECTION   W (260)
  HIGHEST WIND SPEED    21   HIGHEST WIND DIRECTION    SW (240)
  HIGHEST GUST SPEED    25   HIGHEST GUST DIRECTION    SW (240)
  AVERAGE WIND SPEED     9.7




RELATIVE HUMIDITY (PERCENT)
 HIGHEST    93           400 AM
 LOWEST     70           400 PM
 AVERAGE    82

..........................................................


THE PIERRE SD CLIMATE NORMALS FOR TODAY
                         NORMAL    RECORD    YEAR
 MAXIMUM TEMPERATURE (F)   83       106      1983
 MINIMUM TEMPERATURE (F)   56        40      1965


SUNRISE AND SUNSET
SEPTEMBER  1 2014.....SUNRISE   704 AM CDT   SUNSET   817 PM CDT
SEPTEMBER  2 2014.....SUNRISE   705 AM CDT   SUNSET   816 PM CDT


-  INDICATES NEGATIVE NUMBERS.
R  INDICATES RECORD WAS SET OR TIED.
MM INDICATES DATA IS MISSING.
T  INDICATES TRACE AMOUNT.




$$
