000
CDUS43 KABR 072228
CLIPIR


CLIMATE REPORT
NATIONAL WEATHER SERVICE ABERDEEN SD
526 PM CDT TUE JUL 7 2015


...................................

...THE PIERRE SD CLIMATE SUMMARY FOR JULY 7 2015...
VALID TODAY AS OF 0500 PM LOCAL TIME.

CLIMATE NORMAL PERIOD 1981 TO 2010
CLIMATE RECORD PERIOD 1892 TO 2015


WEATHER ITEM   OBSERVED TIME   RECORD YEAR NORMAL DEPARTURE LAST
                VALUE   (LST)  VALUE       VALUE  FROM      YEAR
                                                  NORMAL
..................................................................
TEMPERATURE (F)
 TODAY
  MAXIMUM         75    301 PM 109    2007  88    -13       81
                                      1985
  MINIMUM         51    549 AM  49    2004  61    -10       58
  AVERAGE         63                        74    -11       70

PRECIPITATION (IN)
  TODAY            0.00          1.67 2013   0.08  -0.08     0.00
  MONTH TO DATE    0.92                      0.57   0.35     0.05
  SINCE JUN 1      7.08                      4.14   2.94     4.44
  SINCE JAN 1     14.43                     11.34   3.09    12.37

DEGREE DAYS
 COOLING
  TODAY            0                        10    -10        5
  MONTH TO DATE   42                        63    -21       38
  SINCE JUN 1    177                       197    -20       97
  SINCE JAN 1    191                       229    -38      145
..................................................................


WIND (MPH)
  HIGHEST GUST SPEED    26   HIGHEST GUST DIRECTION    SE (150)




..........................................................


THE PIERRE SD CLIMATE NORMALS FOR TOMORROW
                         NORMAL    RECORD    YEAR
 MAXIMUM TEMPERATURE (F)   88       110      1989
 MINIMUM TEMPERATURE (F)   61        48      1953


SUNRISE AND SUNSET
JULY  7 2015..........SUNRISE   604 AM CDT   SUNSET   927 PM CDT
JULY  8 2015..........SUNRISE   605 AM CDT   SUNSET   927 PM CDT


-  INDICATES NEGATIVE NUMBERS.
R  INDICATES RECORD WAS SET OR TIED.
MM INDICATES DATA IS MISSING.
T  INDICATES TRACE AMOUNT.




$$
