000
CDUS43 KABR 081005
CLIPIR


CLIMATE REPORT
NATIONAL WEATHER SERVICE ABERDEEN SD
405 AM CST MON FEB 8 2016


...................................

...THE PIERRE SD CLIMATE SUMMARY FOR FEBRUARY 7 2016...

CLIMATE NORMAL PERIOD 1981 TO 2010
CLIMATE RECORD PERIOD 1892 TO 2016


WEATHER ITEM   OBSERVED TIME   RECORD YEAR NORMAL DEPARTURE LAST
                VALUE   (LST)  VALUE       VALUE  FROM      YEAR
                                                  NORMAL
..................................................................
TEMPERATURE (F)
 YESTERDAY
  MAXIMUM         40    317 PM  70    2015  33      7       70
  MINIMUM         31   1159 PM -20    1936  12     19       29
  AVERAGE         36                        22     14       50

PRECIPITATION (IN)
  YESTERDAY        T             0.60 2001   0.02  -0.02     0.00
  MONTH TO DATE    T                         0.11  -0.11     0.14
  SINCE DEC 1      1.18                      1.08   0.10     1.09
  SINCE JAN 1      0.17                      0.53  -0.36     0.27

SNOWFALL (IN)
  YESTERDAY        T            10.5  2001   0.1   -0.1      0.0
  MONTH TO DATE    T                         1.1   -1.1      1.5
  SINCE OCT 1     22.9                      17.0    5.9     22.3
  SINCE JUL 1     22.9                      17.0    5.9     22.3
  SNOW DEPTH       T

DEGREE DAYS
 HEATING
  YESTERDAY       29                        43    -14       15
  MONTH TO DATE  245                       303    -58      306
  SINCE DEC 1   2870                      3043   -173     2851
  SINCE JUL 1   4167                      4663   -496     4573

 COOLING
  YESTERDAY        0                         0      0        0
  MONTH TO DATE    0                         0      0        0
  SINCE DEC 1      0                         0      0        0
  SINCE JAN 1      0                         0      0        0
..................................................................


WIND (MPH)
  RESULTANT WIND SPEED  27   RESULTANT WIND DIRECTION  NW (310)
  HIGHEST WIND SPEED    51   HIGHEST WIND DIRECTION    NW (310)
  HIGHEST GUST SPEED    66   HIGHEST GUST DIRECTION    NW (300)
  AVERAGE WIND SPEED    29.2




RELATIVE HUMIDITY (PERCENT)
 HIGHEST    75           600 AM
 LOWEST     40           700 PM
 AVERAGE    58

..........................................................


THE PIERRE SD CLIMATE NORMALS FOR TODAY
                         NORMAL    RECORD    YEAR
 MAXIMUM TEMPERATURE (F)   33        69      2000
 MINIMUM TEMPERATURE (F)   12       -29      1994


SUNRISE AND SUNSET
FEBRUARY  8 2016......SUNRISE   751 AM CST   SUNSET   600 PM CST
FEBRUARY  9 2016......SUNRISE   750 AM CST   SUNSET   601 PM CST


-  INDICATES NEGATIVE NUMBERS.
R  INDICATES RECORD WAS SET OR TIED.
MM INDICATES DATA IS MISSING.
T  INDICATES TRACE AMOUNT.




$$
