000
CDUS43 KABR 261002
CLIPIR


CLIMATE REPORT
NATIONAL WEATHER SERVICE ABERDEEN SD
501 AM CDT FRI MAY 26 2017


...................................

...THE PIERRE SD CLIMATE SUMMARY FOR MAY 25 2017...

CLIMATE NORMAL PERIOD 1981 TO 2010
CLIMATE RECORD PERIOD 1892 TO 2017


WEATHER ITEM   OBSERVED TIME   RECORD YEAR NORMAL DEPARTURE LAST
                VALUE   (LST)  VALUE       VALUE  FROM      YEAR
                                                  NORMAL
..................................................................
TEMPERATURE (F)
 YESTERDAY
  MAXIMUM         77    329 PM  95    1985  72      5       75
  MINIMUM         52    559 AM  34    1992  49      3       52
  AVERAGE         65                        61      4       64

PRECIPITATION (IN)
  YESTERDAY        T             1.22 1907   0.11  -0.11     0.20
  MONTH TO DATE    1.04                      2.46  -1.42     1.17
  SINCE MAR 1      3.16                      5.50  -2.34     6.41
  SINCE JAN 1      4.39                      6.51  -2.12     7.41

DEGREE DAYS
 HEATING
  YESTERDAY        0                         6     -6        1
  MONTH TO DATE  204                       219    -15      217
  SINCE MAR 1   1601                      1711   -110     1482
  SINCE JUL 1   6757                      7209   -452     6316

 COOLING
  YESTERDAY        0                         1     -1        0
  MONTH TO DATE   19                        23     -4       12
  SINCE MAR 1     20                        27     -7       18
  SINCE JAN 1     20                        27     -7       18
..................................................................


WIND (MPH)
  RESULTANT WIND SPEED   4   RESULTANT WIND DIRECTION   W (270)
  HIGHEST WIND SPEED    31   HIGHEST WIND DIRECTION    SE (150)
  HIGHEST GUST SPEED    39   HIGHEST GUST DIRECTION    SE (150)
  AVERAGE WIND SPEED    14.7




RELATIVE HUMIDITY (PERCENT)
 HIGHEST    77           600 AM
 LOWEST     20           600 PM
 AVERAGE    49

..........................................................


THE PIERRE SD CLIMATE NORMALS FOR TODAY
                         NORMAL    RECORD    YEAR
 MAXIMUM TEMPERATURE (F)   73        96      2006
 MINIMUM TEMPERATURE (F)   49        29      1992


SUNRISE AND SUNSET
MAY 26 2017...........SUNRISE   604 AM CDT   SUNSET   913 PM CDT
MAY 27 2017...........SUNRISE   603 AM CDT   SUNSET   914 PM CDT


-  INDICATES NEGATIVE NUMBERS.
R  INDICATES RECORD WAS SET OR TIED.
MM INDICATES DATA IS MISSING.
T  INDICATES TRACE AMOUNT.




$$
