000
CDUS43 KABR 290907
CLIPIR


CLIMATE REPORT
NATIONAL WEATHER SERVICE ABERDEEN SD
407 AM CDT FRI AUG 29 2014


...................................

...THE PIERRE SD CLIMATE SUMMARY FOR AUGUST 28 2014...

CLIMATE NORMAL PERIOD 1981 TO 2010
CLIMATE RECORD PERIOD 1892 TO 2014


WEATHER ITEM   OBSERVED TIME   RECORD YEAR NORMAL DEPARTURE LAST
                VALUE   (LST)  VALUE       VALUE  FROM      YEAR
                                                  NORMAL
..................................................................
TEMPERATURE (F)
 YESTERDAY
  MAXIMUM         75    325 PM 106    1991  85    -10       86
  MINIMUM         65    138 AM  41    1988  57      8       67
  AVERAGE         70                        71     -1       77

PRECIPITATION (IN)
  YESTERDAY        0.73R         0.66 1968   0.05   0.68     0.05
  MONTH TO DATE    2.98                      1.65   1.33     2.52
  SINCE JUN 1      8.24                      7.83   0.41     8.06
  SINCE JAN 1     16.17                     15.03   1.14    16.92

DEGREE DAYS
 HEATING
  YESTERDAY        0                         1     -1        0
  MONTH TO DATE    9                         8      1        0
  SINCE JUN 1     95                        67     28       69
  SINCE JUL 1     28                        14     14        9

 COOLING
  YESTERDAY        5                         7     -2       12
  MONTH TO DATE  193                       264    -71      239
  SINCE JUN 1    482                       725   -243      624
  SINCE JAN 1    530                       757   -227      646
..................................................................


WIND (MPH)
  RESULTANT WIND SPEED   5   RESULTANT WIND DIRECTION   N (10)
  HIGHEST WIND SPEED    14   HIGHEST WIND DIRECTION     N (360)
  HIGHEST GUST SPEED    16   HIGHEST GUST DIRECTION     N (10)
  AVERAGE WIND SPEED     6.9




RELATIVE HUMIDITY (PERCENT)
 HIGHEST   100          1200 AM
 LOWEST     79           300 PM
 AVERAGE    90

..........................................................


THE PIERRE SD CLIMATE NORMALS FOR TODAY
                         NORMAL    RECORD    YEAR
 MAXIMUM TEMPERATURE (F)   84       111      2012
 MINIMUM TEMPERATURE (F)   57        40      1946


SUNRISE AND SUNSET
AUGUST 29 2014........SUNRISE   700 AM CDT   SUNSET   823 PM CDT
AUGUST 30 2014........SUNRISE   702 AM CDT   SUNSET   821 PM CDT


-  INDICATES NEGATIVE NUMBERS.
R  INDICATES RECORD WAS SET OR TIED.
MM INDICATES DATA IS MISSING.
T  INDICATES TRACE AMOUNT.




$$
