000
CDUS43 KABR 242238
CLIPIR


CLIMATE REPORT
NATIONAL WEATHER SERVICE ABERDEEN SD
536 PM CDT MON JUL 24 2017


...................................

...THE PIERRE SD CLIMATE SUMMARY FOR JULY 24 2017...
VALID TODAY AS OF 0500 PM LOCAL TIME.

CLIMATE NORMAL PERIOD 1981 TO 2010
CLIMATE RECORD PERIOD 1892 TO 2017


WEATHER ITEM   OBSERVED TIME   RECORD YEAR NORMAL DEPARTURE LAST
                VALUE   (LST)  VALUE       VALUE  FROM      YEAR
                                                  NORMAL
..................................................................
TEMPERATURE (F)
 TODAY
  MAXIMUM         97    255 PM 112    1952  90      7       87
  MINIMUM         66    357 AM  53    2004  63      3       63
  AVERAGE         82                        76      6       75

PRECIPITATION (IN)
  TODAY            0.00          1.25 2001   0.09  -0.09     0.03
  MONTH TO DATE    0.12                      2.02  -1.90     2.13
  SINCE JUN 1      2.72                      5.59  -2.87     3.96
  SINCE JAN 1      7.17                     12.79  -5.62    11.40

DEGREE DAYS
 COOLING
  TODAY           17                        11      6       10
  MONTH TO DATE  343                       245     98      271
  SINCE JUN 1    510                       379    131      498
  SINCE JAN 1    531                       411    120      521
..................................................................


WIND (MPH)
  HIGHEST GUST SPEED    34   HIGHEST GUST DIRECTION    SE (140)




..........................................................


THE PIERRE SD CLIMATE NORMALS FOR TOMORROW
                         NORMAL    RECORD    YEAR
 MAXIMUM TEMPERATURE (F)   90       109      2007
 MINIMUM TEMPERATURE (F)   63        48      2004


SUNRISE AND SUNSET
JULY 24 2017..........SUNRISE   620 AM CDT   SUNSET   915 PM CDT
JULY 25 2017..........SUNRISE   621 AM CDT   SUNSET   914 PM CDT


-  INDICATES NEGATIVE NUMBERS.
R  INDICATES RECORD WAS SET OR TIED.
MM INDICATES DATA IS MISSING.
T  INDICATES TRACE AMOUNT.




$$
