000
CDUS43 KABR 061041
CLIPIR


CLIMATE REPORT
NATIONAL WEATHER SERVICE ABERDEEN SD
540 AM CDT FRI MAY 6 2016


...................................

...THE PIERRE SD CLIMATE SUMMARY FOR MAY 5 2016...

CLIMATE NORMAL PERIOD 1981 TO 2010
CLIMATE RECORD PERIOD 1892 TO 2016


WEATHER ITEM   OBSERVED TIME   RECORD YEAR NORMAL DEPARTURE LAST
                VALUE   (LST)  VALUE       VALUE  FROM      YEAR
                                                  NORMAL
..................................................................
TEMPERATURE (F)
 YESTERDAY
  MAXIMUM         87    324 PM  97    2000  67     20       72
  MINIMUM         42    557 AM  22    1944  42      0       49
  AVERAGE         65                        55     10       61

PRECIPITATION (IN)
  YESTERDAY        0.00          1.85 1999   0.09  -0.09      T
  MONTH TO DATE    T                         0.44  -0.44      T
  SINCE MAR 1      5.24                      3.48   1.76     0.82
  SINCE JAN 1      6.24                      4.49   1.75     1.17

DEGREE DAYS
 HEATING
  YESTERDAY        0                        11    -11        4
  MONTH TO DATE   52                        58     -6       25
  SINCE MAR 1   1317                      1550   -233     1228
  SINCE JUL 1   6151                      7048   -897     6737

 COOLING
  YESTERDAY        0                         1     -1        0
  MONTH TO DATE    0                         3     -3        3
  SINCE MAR 1      6                         7     -1        8
  SINCE JAN 1      6                         7     -1        8
..................................................................


WIND (MPH)
  RESULTANT WIND SPEED   9   RESULTANT WIND DIRECTION  SE (150)
  HIGHEST WIND SPEED    22   HIGHEST WIND DIRECTION     S (160)
  HIGHEST GUST SPEED    28   HIGHEST GUST DIRECTION     S (160)
  AVERAGE WIND SPEED    10.4




RELATIVE HUMIDITY (PERCENT)
 HIGHEST    82           600 AM
 LOWEST     26           300 PM
 AVERAGE    54

..........................................................


THE PIERRE SD CLIMATE NORMALS FOR TODAY
                         NORMAL    RECORD    YEAR
 MAXIMUM TEMPERATURE (F)   68        89      1934
 MINIMUM TEMPERATURE (F)   42        24      1976


SUNRISE AND SUNSET
MAY  6 2016...........SUNRISE   624 AM CDT   SUNSET   852 PM CDT
MAY  7 2016...........SUNRISE   623 AM CDT   SUNSET   853 PM CDT


-  INDICATES NEGATIVE NUMBERS.
R  INDICATES RECORD WAS SET OR TIED.
MM INDICATES DATA IS MISSING.
T  INDICATES TRACE AMOUNT.




$$
