000
CDUS43 KABR 222230
CLIPIR


CLIMATE REPORT
NATIONAL WEATHER SERVICE ABERDEEN SD
529 PM CDT FRI MAY 22 2015


...................................

...THE PIERRE SD CLIMATE SUMMARY FOR MAY 22 2015...
VALID TODAY AS OF 0500 PM LOCAL TIME.

CLIMATE NORMAL PERIOD 1981 TO 2010
CLIMATE RECORD PERIOD 1892 TO 2015


WEATHER ITEM   OBSERVED TIME   RECORD YEAR NORMAL DEPARTURE LAST
                VALUE   (LST)  VALUE       VALUE  FROM      YEAR
                                                  NORMAL
..................................................................
TEMPERATURE (F)
 TODAY
  MAXIMUM         72    130 PM  94    1966  72      0       78
  MINIMUM         38    516 AM  27    1963  48    -10       50
  AVERAGE         55                        60     -5       64

PRECIPITATION (IN)
  TODAY            0.00          1.98 2007   0.11  -0.11      T
  MONTH TO DATE    3.52                      2.13   1.39     1.60
  SINCE MAR 1      4.34                      5.17  -0.83     4.56
  SINCE JAN 1      4.69                      6.18  -1.49     5.13

DEGREE DAYS
 COOLING
  TODAY            0                         1     -1        0
  MONTH TO DATE    5                        20    -15        0
  SINCE MAR 1     10                        24    -14        0
  SINCE JAN 1     10                        24    -14        0
..................................................................


WIND (MPH)
  HIGHEST GUST SPEED    39   HIGHEST GUST DIRECTION     S (160)




..........................................................


THE PIERRE SD CLIMATE NORMALS FOR TOMORROW
                         NORMAL    RECORD    YEAR
 MAXIMUM TEMPERATURE (F)   72        90      1984
 MINIMUM TEMPERATURE (F)   48        33      1992


SUNRISE AND SUNSET
MAY 22 2015...........SUNRISE   607 AM CDT   SUNSET   909 PM CDT
MAY 23 2015...........SUNRISE   606 AM CDT   SUNSET   910 PM CDT


-  INDICATES NEGATIVE NUMBERS.
R  INDICATES RECORD WAS SET OR TIED.
MM INDICATES DATA IS MISSING.
T  INDICATES TRACE AMOUNT.




$$
