000
CDUS41 KPBZ 232111
CLIPIT


CLIMATE REPORT
NATIONAL WEATHER SERVICE PITTSBURGH PA
511 PM EDT TUE SEP 23 2014


...................................

...THE PITTSBURGH PA CLIMATE SUMMARY FOR SEPTEMBER 23 2014...
VALID TODAY AS OF 0500 PM LOCAL TIME.

CLIMATE NORMAL PERIOD 1981 TO 2010
CLIMATE RECORD PERIOD 1871 TO 2014


WEATHER ITEM   OBSERVED TIME   RECORD YEAR NORMAL DEPARTURE LAST
                VALUE   (LST)  VALUE       VALUE  FROM      YEAR
                                                  NORMAL
..................................................................
TEMPERATURE (F)
 TODAY
  MAXIMUM         69    315 PM  91    1936  71     -2       58
  MINIMUM         38    558 AM  33    1962  51    -13       44
  AVERAGE         54                        61     -7       51

PRECIPITATION (IN)
  TODAY            0.00          1.21 1945   0.10  -0.10     0.00
  MONTH TO DATE    0.48                      2.47  -1.99     2.31
  SINCE JUN 1     14.77                     14.08   0.69    15.73
  SINCE JAN 1     29.86                     29.18   0.68    28.07

SNOWFALL (IN)
  TODAY            0.0           T    1989   0.0    0.0      0.0
  MONTH TO DATE    0.0                       0.0    0.0      0.0
  SINCE OCT 1     63.4                      41.4   22.0     57.4
  SINCE JUL 1      0.0                       0.0    0.0      0.0
  SNOW DEPTH       0

DEGREE DAYS
 HEATING
  TODAY           11                         5      6       14
  MONTH TO DATE   82                        57     25       68
  SINCE SEP 1     82                        57     25       68
  SINCE JUL 1    103                        70     33       79

 COOLING
  TODAY            0                         1     -1        0
  MONTH TO DATE   73                        68      5       76
  SINCE SEP 1     73                        68      5       76
  SINCE JAN 1    694                       720    -26      795
..................................................................


WIND (MPH)
  HIGHEST WIND SPEED     9   HIGHEST WIND DIRECTION    NE (50)
  HIGHEST GUST SPEED    12   HIGHEST GUST DIRECTION     E (100)
  AVERAGE WIND SPEED     1.5


SKY COVER
  POSSIBLE SUNSHINE  MM
  AVERAGE SKY COVER 0.1


WEATHER CONDITIONS
 THE FOLLOWING WEATHER WAS RECORDED TODAY.
  NO SIGNIFICANT WEATHER WAS OBSERVED.


RELATIVE HUMIDITY (PERCENT)
 HIGHEST    93           400 AM
 LOWEST     37           300 PM
 AVERAGE    65

..........................................................


THE PITTSBURGH PA CLIMATE NORMALS FOR TOMORROW
                         NORMAL    RECORD    YEAR
 MAXIMUM TEMPERATURE (F)   71        90      1881
 MINIMUM TEMPERATURE (F)   51        33      1974


SUNRISE AND SUNSET
SEPTEMBER 23 2014.....SUNRISE   709 AM EDT   SUNSET   716 PM EDT
SEPTEMBER 24 2014.....SUNRISE   710 AM EDT   SUNSET   715 PM EDT


-  INDICATES NEGATIVE NUMBERS.
R  INDICATES RECORD WAS SET OR TIED.
MM INDICATES DATA IS MISSING.
T  INDICATES TRACE AMOUNT.






&&
SNOW DEPTH IS MEASURED AT 7 AM EST OR 8 AM EDT.
$$
