000
CDUS41 KPBZ 041227
CLIPIT

CLIMATE REPORT
NATIONAL WEATHER SERVICE PITTSBURGH PA
824 AM EDT TUE AUG 4 2015

...................................

...THE PITTSBURGH PA CLIMATE SUMMARY FOR AUGUST 4 2015...
VALID AS OF 0800 AM LOCAL TIME.

CLIMATE NORMAL PERIOD 1981 TO 2010
CLIMATE RECORD PERIOD 1871 TO 2015

WEATHER ITEM   OBSERVED TIME   RECORD YEAR NORMAL DEPARTURE LAST
                VALUE   (LST)  VALUE       VALUE  FROM      YEAR
                                                  NORMAL
..................................................................
TEMPERATURE (F)
 TODAY
  MAXIMUM         67   1256 AM  99    1930
  MINIMUM         62    604 AM  49    1912  63     -1       57

PRECIPITATION (IN)
  TODAY            0.00          1.37 1959   0.11  -0.11     0.00
  MONTH TO DATE    0.93                      0.47   0.46     0.14
  SINCE JUN 1     11.88                      8.60   3.28     9.38
  SINCE JAN 1     26.36                     23.70   2.66    24.47

SNOWFALL (IN)
  TODAY            0.0           0.0  2002   0.0    0.0      0.0
                                      2001
  MONTH TO DATE    0.0                       0.0    0.0      0.0
  SINCE OCT 1     47.5                      41.9    5.6     63.4
  SINCE JUL 1      0.0                       0.0    0.0      0.0
  SNOW DEPTH       0

DEGREE DAYS
 HEATING
  TODAY            0

 COOLING
  TODAY            0
..................................................................


WEATHER CONDITIONS
 THE FOLLOWING WEATHER WAS RECORDED TODAY.
  FOG


RELATIVE HUMIDITY (PERCENT)
 HIGHEST    93          1200 AM

..........................................................


THE PITTSBURGH PA CLIMATE NORMALS FOR TOMORROW
                         NORMAL    RECORD    YEAR
 MAXIMUM TEMPERATURE (F)   82       101      1918
 MINIMUM TEMPERATURE (F)   63        48      1951


SUNRISE AND SUNSET
AUGUST  4 2015........SUNRISE   621 AM EDT   SUNSET   833 PM EDT
AUGUST  5 2015........SUNRISE   622 AM EDT   SUNSET   831 PM EDT


-  INDICATES NEGATIVE NUMBERS.
R  INDICATES RECORD WAS SET OR TIED.
MM INDICATES DATA IS MISSING.
T  INDICATES TRACE AMOUNT.

&&

SNOW DEPTH IS MEASURED AT 7 AM EST OR 8 AM EDT.

$$
