000
CDUS41 KPBZ 222113
CLIPIT


CLIMATE REPORT
NATIONAL WEATHER SERVICE PITTSBURGH PA
513 PM EDT FRI AUG 22 2014


...................................

...THE PITTSBURGH PA CLIMATE SUMMARY FOR AUGUST 22 2014...
VALID TODAY AS OF 0500 PM LOCAL TIME.

CLIMATE NORMAL PERIOD 1981 TO 2010
CLIMATE RECORD PERIOD 1871 TO 2014


WEATHER ITEM   OBSERVED TIME   RECORD YEAR NORMAL DEPARTURE LAST
                VALUE   (LST)  VALUE       VALUE  FROM      YEAR
                                                  NORMAL
..................................................................
TEMPERATURE (F)
 TODAY
  MAXIMUM         82    359 PM  95    1936  81      1       83
  MINIMUM         67    446 AM  46    1956  61      6       65
  AVERAGE         75                        71      4       74

PRECIPITATION (IN)
  TODAY            T             1.38 1959   0.10  -0.10     0.07
  MONTH TO DATE    3.88                      2.51   1.37     1.02
  SINCE JUN 1     13.12                     10.64   2.48    12.66
  SINCE JAN 1     28.21                     25.74   2.47    25.00

SNOWFALL (IN)
  TODAY            0.0           0.0  2002   0.0    0.0      0.0
                                      2001
                                      2000
  MONTH TO DATE    0.0                       0.0    0.0      0.0
  SINCE OCT 1     63.4                      41.4   22.0     57.4
  SINCE JUL 1      0.0                       0.0    0.0      0.0
  SNOW DEPTH       0

DEGREE DAYS
 HEATING
  TODAY            0                         0      0        0
  MONTH TO DATE   10                         0     10       10
  SINCE JUN 1     30                        42    -12       27
  SINCE JUL 1     21                         4     17       11

 COOLING
  TODAY           10                         6      4        9
  MONTH TO DATE  116                       156    -40      105
  SINCE JUN 1    489                       547    -58      526
  SINCE JAN 1    563                       599    -36      630
..................................................................


WIND (MPH)
  HIGHEST WIND SPEED     7   HIGHEST WIND DIRECTION     W (250)
  HIGHEST GUST SPEED    10   HIGHEST GUST DIRECTION    SW (230)
  AVERAGE WIND SPEED     1.8


SKY COVER
  POSSIBLE SUNSHINE  MM
  AVERAGE SKY COVER 0.9


WEATHER CONDITIONS
 THE FOLLOWING WEATHER WAS RECORDED TODAY.
  FOG


RELATIVE HUMIDITY (PERCENT)
 HIGHEST    97           800 AM
 LOWEST     67           300 PM
 AVERAGE    82

..........................................................


THE PITTSBURGH PA CLIMATE NORMALS FOR TOMORROW
                         NORMAL    RECORD    YEAR
 MAXIMUM TEMPERATURE (F)   81        95      1936
 MINIMUM TEMPERATURE (F)   61        46      1923


SUNRISE AND SUNSET
AUGUST 22 2014........SUNRISE   638 AM EDT   SUNSET   808 PM EDT
AUGUST 23 2014........SUNRISE   639 AM EDT   SUNSET   807 PM EDT


-  INDICATES NEGATIVE NUMBERS.
R  INDICATES RECORD WAS SET OR TIED.
MM INDICATES DATA IS MISSING.
T  INDICATES TRACE AMOUNT.






&&
SNOW DEPTH IS MEASURED AT 7 AM EST OR 8 AM EDT.
$$
