000
CDUS41 KPBZ 200702
CLIPIT


CLIMATE REPORT
NATIONAL WEATHER SERVICE PITTSBURGH PA
301 AM EDT MON OCT 20 2014


...................................

...THE PITTSBURGH PA CLIMATE SUMMARY FOR OCTOBER 19 2014...

CLIMATE NORMAL PERIOD 1981 TO 2010
CLIMATE RECORD PERIOD 1871 TO 2014


WEATHER ITEM   OBSERVED TIME   RECORD YEAR NORMAL DEPARTURE LAST
                VALUE   (LST)  VALUE       VALUE  FROM      YEAR
                                                  NORMAL
..................................................................
TEMPERATURE (F)
 YESTERDAY
  MAXIMUM         53    402 PM  82    1963  62     -9       55
                                      1894
  MINIMUM         40   1046 PM  26    1972  42     -2       41
  AVERAGE         47                        52     -5       48

PRECIPITATION (IN)
  YESTERDAY        T             1.56 1916   0.07  -0.07     0.04
                                      1906
  MONTH TO DATE    1.58                      1.36   0.22     1.92
  SINCE JUN 1     16.84                     16.08   0.76    17.65
  SINCE JAN 1     31.93                     31.18   0.75    29.99

SNOWFALL (IN)
  YESTERDAY        0.0           0.9  1992   0.0    0.0      0.0
  MONTH TO DATE    T                         0.1   -0.1      0.0
  SINCE OCT 1      T                         0.1   -0.1      0.0
  SINCE JUL 1      T                         0.1   -0.1      0.0
  SNOW DEPTH       0

DEGREE DAYS
 HEATING
  YESTERDAY       18                        13      5       17
  MONTH TO DATE  176                       205    -29       80
  SINCE SEP 1    268                       306    -38      178
  SINCE JUL 1    289                       319    -30      189

 COOLING
  YESTERDAY        0                         0      0        0
  MONTH TO DATE    4                         6     -2       36
  SINCE SEP 1     79                        82     -3      112
  SINCE JAN 1    700                       734    -34      831
..................................................................


WIND (MPH)
  HIGHEST WIND SPEED    21   HIGHEST WIND DIRECTION    NW (330)
  HIGHEST GUST SPEED    26   HIGHEST GUST DIRECTION    NW (330)
  AVERAGE WIND SPEED     8.0


SKY COVER
  POSSIBLE SUNSHINE  MM
  AVERAGE SKY COVER 0.8


WEATHER CONDITIONS
 THE FOLLOWING WEATHER WAS RECORDED YESTERDAY.
  NO SIGNIFICANT WEATHER WAS OBSERVED.


RELATIVE HUMIDITY (PERCENT)
 HIGHEST    79           200 AM
 LOWEST     45           300 PM
 AVERAGE    62

..........................................................


THE PITTSBURGH PA CLIMATE NORMALS FOR TODAY
                         NORMAL    RECORD    YEAR
 MAXIMUM TEMPERATURE (F)   61        81      1920
                                             1894
                                             1884
 MINIMUM TEMPERATURE (F)   42        20      1972


SUNRISE AND SUNSET
OCTOBER 20 2014.......SUNRISE   737 AM EDT   SUNSET   633 PM EDT
OCTOBER 21 2014.......SUNRISE   738 AM EDT   SUNSET   632 PM EDT


-  INDICATES NEGATIVE NUMBERS.
R  INDICATES RECORD WAS SET OR TIED.
MM INDICATES DATA IS MISSING.
T  INDICATES TRACE AMOUNT.





&&
SNOW DEPTH IS MEASURED AT 7 AM EST OR 8 AM EDT.
$$
