000
CDUS41 KPBZ 272224
CLIPIT


CLIMATE REPORT
NATIONAL WEATHER SERVICE PITTSBURGH PA
524 PM EST FRI FEB 27 2015


...................................

...THE PITTSBURGH PA CLIMATE SUMMARY FOR FEBRUARY 27 2015...
VALID TODAY AS OF 0500 PM LOCAL TIME.

CLIMATE NORMAL PERIOD 1981 TO 2010
CLIMATE RECORD PERIOD 1871 TO 2015


WEATHER ITEM   OBSERVED TIME   RECORD YEAR NORMAL DEPARTURE LAST
                VALUE   (LST)  VALUE       VALUE  FROM      YEAR
                                                  NORMAL
..................................................................
TEMPERATURE (F)
 TODAY
  MAXIMUM         17    359 PM  72    1880  43    -26       23
  MINIMUM          2    725 AM  -9    1963  25    -23        6
  AVERAGE         10                        34    -24       15

PRECIPITATION (IN)
  TODAY            0.00          0.74 1913   0.09  -0.09      T
  MONTH TO DATE    1.75                      2.30  -0.55     2.25
  SINCE JUN 1     25.75                     28.09  -2.34    28.74
  SINCE JAN 1      4.00                      5.00  -1.00     4.43

SNOWFALL (IN)
  TODAY            0.0           3.7  1967   0.3   -0.3      0.2
  MONTH TO DATE   15.2                       9.8    5.4     16.1
  SINCE OCT 1     37.0                      32.3    4.7     58.4
  SINCE JUL 1     37.0                      32.3    4.7     58.4
  SNOW DEPTH       4

DEGREE DAYS
 HEATING
  TODAY           55                        31     24       50
  MONTH TO DATE 1247                       917    330     1043
  SINCE DEC 1   3378                      3063    315     3312
  SINCE JUL 1   4616                      4226    390     4480

 COOLING
  TODAY            0                         0      0        0
  MONTH TO DATE    0                         0      0        0
  SINCE DEC 1      0                         0      0        0
  SINCE JAN 1      0                         0      0        0
..................................................................


WIND (MPH)
  HIGHEST WIND SPEED    15   HIGHEST WIND DIRECTION     W (290)
  HIGHEST GUST SPEED    20   HIGHEST GUST DIRECTION     N (340)
  AVERAGE WIND SPEED     7.4


SKY COVER
  POSSIBLE SUNSHINE  MM
  AVERAGE SKY COVER 0.4


WEATHER CONDITIONS
 THE FOLLOWING WEATHER WAS RECORDED TODAY.
  LIGHT SNOW
  FOG
  HAZE


RELATIVE HUMIDITY (PERCENT)
 HIGHEST    91           500 AM
 LOWEST     42           300 PM
 AVERAGE    67

..........................................................


THE PITTSBURGH PA CLIMATE NORMALS FOR TOMORROW
                         NORMAL    RECORD    YEAR
 MAXIMUM TEMPERATURE (F)   43        65      1939
                                             1919
                                             1890
 MINIMUM TEMPERATURE (F)   25        -1      1934


SUNRISE AND SUNSET
FEBRUARY 27 2015......SUNRISE   658 AM EST   SUNSET   610 PM EST
FEBRUARY 28 2015......SUNRISE   656 AM EST   SUNSET   611 PM EST


-  INDICATES NEGATIVE NUMBERS.
R  INDICATES RECORD WAS SET OR TIED.
MM INDICATES DATA IS MISSING.
T  INDICATES TRACE AMOUNT.






&&
SNOW DEPTH IS MEASURED AT 7 AM EST OR 8 AM EDT.
$$
