000
CDUS41 KPBZ 222218
CLIPIT


CLIMATE REPORT
NATIONAL WEATHER SERVICE PITTSBURGH PA
517 PM EST MON DEC 22 2014


...................................

...THE PITTSBURGH PA CLIMATE SUMMARY FOR DECEMBER 22 2014...
VALID TODAY AS OF 0500 PM LOCAL TIME.

CLIMATE NORMAL PERIOD 1981 TO 2010
CLIMATE RECORD PERIOD 1871 TO 2014


WEATHER ITEM   OBSERVED TIME   RECORD YEAR NORMAL DEPARTURE LAST
                VALUE   (LST)  VALUE       VALUE  FROM      YEAR
                                                  NORMAL
..................................................................
TEMPERATURE (F)
 TODAY
  MAXIMUM         46    338 PM  72    2013  38      8       72
  MINIMUM         23    626 AM -12    1989  24     -1       52
  AVERAGE         35                        30      5       62

PRECIPITATION (IN)
  TODAY            0.00          1.51 1923   0.10  -0.10     0.22
  MONTH TO DATE    1.96                      2.05  -0.09     2.51
  SINCE JUN 1     21.08                     22.29  -1.21    23.56
  SINCE JAN 1     36.17                     37.39  -1.22    35.90

SNOWFALL (IN)
  TODAY            0.0           3.0  1896   0.3   -0.3      0.0
  MONTH TO DATE    0.2                       5.5   -5.3      9.5
  SINCE OCT 1      3.3                       7.9   -4.6     18.9
  SINCE JUL 1      3.3                       7.9   -4.6     18.9
  SNOW DEPTH       0

DEGREE DAYS
 HEATING
  TODAY           30                        35     -5        3
  MONTH TO DATE  664                       694    -30      651
  SINCE DEC 1    664                       694    -30      651
  SINCE JUL 1   1902                      1857     45     1819

 COOLING
  TODAY            0                         0      0        0
  MONTH TO DATE    0                         0      0        0
  SINCE DEC 1      0                         0      0        0
  SINCE JAN 1    700                       736    -36      831
..................................................................


WIND (MPH)
  HIGHEST WIND SPEED    12   HIGHEST WIND DIRECTION     E (100)
  HIGHEST GUST SPEED    14   HIGHEST GUST DIRECTION     E (110)
  AVERAGE WIND SPEED     5.9


SKY COVER
  POSSIBLE SUNSHINE  MM
  AVERAGE SKY COVER 0.6


WEATHER CONDITIONS
 THE FOLLOWING WEATHER WAS RECORDED TODAY.
  FOG
  HAZE


RELATIVE HUMIDITY (PERCENT)
 HIGHEST    96           500 AM
 LOWEST     58           300 PM
 AVERAGE    77

..........................................................


THE PITTSBURGH PA CLIMATE NORMALS FOR TOMORROW
                         NORMAL    RECORD    YEAR
 MAXIMUM TEMPERATURE (F)   37        63      1933
 MINIMUM TEMPERATURE (F)   23        -3      1960


SUNRISE AND SUNSET
DECEMBER 22 2014......SUNRISE   741 AM EST   SUNSET   458 PM EST
DECEMBER 23 2014......SUNRISE   742 AM EST   SUNSET   458 PM EST


-  INDICATES NEGATIVE NUMBERS.
R  INDICATES RECORD WAS SET OR TIED.
MM INDICATES DATA IS MISSING.
T  INDICATES TRACE AMOUNT.






&&
SNOW DEPTH IS MEASURED AT 7 AM EST OR 8 AM EDT.
$$
