000
CDUS41 KRLX 130716
CLIPKB


CLIMATE REPORT
NATIONAL WEATHER SERVICE CHARLESTON WV
316 AM EDT SUN JUL 13 2014


...................................

...THE PARKERSBURG WV CLIMATE SUMMARY FOR JULY 12 2014...

CLIMATE NORMAL PERIOD 1981 TO 2010
CLIMATE RECORD PERIOD 1889 TO 2014


WEATHER ITEM   OBSERVED TIME   RECORD YEAR NORMAL DEPARTURE LAST
                VALUE   (LST)  VALUE       VALUE  FROM      YEAR
                                                  NORMAL
..................................................................
TEMPERATURE (F)
 YESTERDAY
  MAXIMUM         89    337 PM 100    1936  85      4       81
  MINIMUM         62    530 AM  50    1945  64     -2       59
  AVERAGE         76                        75      1       70

PRECIPITATION (IN)
  YESTERDAY        0.00          1.76 2003   0.15  -0.15     0.44
  MONTH TO DATE    0.00                      1.57  -1.57     5.44
  SINCE JAN 1     11.24                     22.54 -11.30    24.17

SNOWFALL (IN)
  YESTERDAY       MM
  MONTH TO DATE   MM
  SINCE SEP 1     MM
  SINCE JUL 1     MM
  SNOW DEPTH      MM

DEGREE DAYS
 HEATING
  YESTERDAY        0                         0      0        0
  MONTH TO DATE    0                         0      0        0
  SINCE JUN 1      0                        19    -19        6
  SINCE JUL 1      0                         0      0        0

 COOLING
  YESTERDAY       11                        10      1        5
  MONTH TO DATE   36                       112    -76      121
  SINCE JUN 1    193                       303   -110      307
  SINCE JAN 1    198                       387   -189      433
..................................................................


WIND (MPH)
  HIGHEST WIND SPEED    13   HIGHEST WIND DIRECTION     W (270)
  HIGHEST GUST SPEED    17   HIGHEST GUST DIRECTION    SW (210)
  AVERAGE WIND SPEED     3.2


SKY COVER
  POSSIBLE SUNSHINE  MM
  AVERAGE SKY COVER 0.2


WEATHER CONDITIONS
 THE FOLLOWING WEATHER WAS RECORDED YESTERDAY.
  FOG
  HAZE


RELATIVE HUMIDITY (PERCENT)
 HIGHEST   100           100 AM
 LOWEST     39           400 PM
 AVERAGE    70

..........................................................


THE PARKERSBURG WV CLIMATE NORMALS FOR TODAY
                         NORMAL    RECORD    YEAR
 MAXIMUM TEMPERATURE (F)   85        97      1954
 MINIMUM TEMPERATURE (F)   64        52      1888


SUNRISE AND SUNSET
JULY 13 2014..........SUNRISE   610 AM EDT   SUNSET   853 PM EDT
JULY 14 2014..........SUNRISE   611 AM EDT   SUNSET   852 PM EDT


-  INDICATES NEGATIVE NUMBERS.
R  INDICATES RECORD WAS SET OR TIED.
MM INDICATES DATA IS MISSING.
T  INDICATES TRACE AMOUNT.




$$
