000
CDUS41 KRLX 252117
CLIPKB


CLIMATE REPORT
NATIONAL WEATHER SERVICE CHARLESTON WV
516 PM EDT THU AUG 25 2016


...................................

...THE PARKERSBURG WV CLIMATE SUMMARY FOR AUGUST 25 2016...
VALID TODAY AS OF 0500 PM LOCAL TIME.

CLIMATE NORMAL PERIOD 1981 TO 2010
CLIMATE RECORD PERIOD 1889 TO 2016


WEATHER ITEM   OBSERVED TIME   RECORD YEAR NORMAL DEPARTURE LAST
                VALUE   (LST)  VALUE       VALUE  FROM      YEAR
                                                  NORMAL
..................................................................
TEMPERATURE (F)
 TODAY
  MAXIMUM         91    229 PM  95    1903  84      7       74
  MINIMUM         75    226 AM  49    1952  62     13       53
  AVERAGE         83                        73     10       64

PRECIPITATION (IN)
  TODAY            T             1.27 2011   0.10  -0.10     0.00
  MONTH TO DATE    1.28                      2.94  -1.66     2.74
  SINCE JUN 1      9.31                     11.17  -1.86     9.78
  SINCE JAN 1     25.84                     28.12  -2.28    27.97

DEGREE DAYS
 HEATING
  TODAY            0                         0      0        1
  MONTH TO DATE    0                         0      0        1
  SINCE JUN 1      7                        20    -13       16
  SINCE JUL 1      0                         1     -1        1

 COOLING
  TODAY           18                         8     10        0
  MONTH TO DATE  321                       218    103      182
  SINCE JUN 1    899                       701    198      684
  SINCE JAN 1    987                       785    202      845
..................................................................


WIND (MPH)
  HIGHEST WIND SPEED    12   HIGHEST WIND DIRECTION    SW (220)
  HIGHEST GUST SPEED    19   HIGHEST GUST DIRECTION     W (260)
  AVERAGE WIND SPEED     6.6


SKY COVER
  POSSIBLE SUNSHINE  MM
  AVERAGE SKY COVER 0.7


WEATHER CONDITIONS
 THE FOLLOWING WEATHER WAS RECORDED TODAY.
  THUNDERSTORM
  LIGHT RAIN


RELATIVE HUMIDITY (PERCENT)
 HIGHEST    87           700 AM
 LOWEST     59           200 PM
 AVERAGE    73

..........................................................


THE PARKERSBURG WV CLIMATE NORMALS FOR TOMORROW
                         NORMAL    RECORD    YEAR
 MAXIMUM TEMPERATURE (F)   84        95      1948
 MINIMUM TEMPERATURE (F)   61        49      1956


SUNRISE AND SUNSET
AUGUST 25 2016........SUNRISE   648 AM EDT   SUNSET   806 PM EDT
AUGUST 26 2016........SUNRISE   649 AM EDT   SUNSET   805 PM EDT


-  INDICATES NEGATIVE NUMBERS.
R  INDICATES RECORD WAS SET OR TIED.
MM INDICATES DATA IS MISSING.
T  INDICATES TRACE AMOUNT.




$$
