000
CDUS41 KRLX 312126
CLIPKB


CLIMATE REPORT
NATIONAL WEATHER SERVICE CHARLESTON WV
523 PM EDT FRI JUL 31 2015


...................................

...THE PARKERSBURG WV CLIMATE SUMMARY FOR JULY 31 2015...
VALID TODAY AS OF 0500 PM LOCAL TIME.

CLIMATE NORMAL PERIOD 1981 TO 2010
CLIMATE RECORD PERIOD 1889 TO 2015


WEATHER ITEM   OBSERVED TIME   RECORD YEAR NORMAL DEPARTURE LAST
                VALUE   (LST)  VALUE       VALUE  FROM      YEAR
                                                  NORMAL
..................................................................
TEMPERATURE (F)
 TODAY
  MAXIMUM         88    355 PM 102    1999  85      3       81
  MINIMUM         58    522 AM  49    1895  64     -6       55
  AVERAGE         73                        74     -1       68

PRECIPITATION (IN)
  TODAY            0.00          1.50 2009   0.13  -0.13      T
  MONTH TO DATE    1.15                      4.21  -3.06     2.13
  SINCE JUN 1      7.04                      8.23  -1.19     4.48
  SINCE JAN 1     25.23                     25.18   0.05    MM

DEGREE DAYS
 HEATING
  TODAY            0                         0      0        0
  MONTH TO DATE    0                         0      0        1
  SINCE JUN 1     15                        20     -5       MM
  SINCE JUL 1      0                         1     -1       MM

 COOLING
  TODAY            8                         9     -1        3
  MONTH TO DATE  279                       292    -13       90
  SINCE JUN 1    502                       483     19       MM
  SINCE JAN 1    663                       567     96       MM
..................................................................


WIND (MPH)
  HIGHEST WIND SPEED    13   HIGHEST WIND DIRECTION     W (270)
  HIGHEST GUST SPEED    18   HIGHEST GUST DIRECTION     W (250)
  AVERAGE WIND SPEED     3.4


SKY COVER
  POSSIBLE SUNSHINE  MM
  AVERAGE SKY COVER 0.1


WEATHER CONDITIONS
 THE FOLLOWING WEATHER WAS RECORDED TODAY.
  NO SIGNIFICANT WEATHER WAS OBSERVED.


RELATIVE HUMIDITY (PERCENT)
 HIGHEST    97           300 AM
 LOWEST     35           200 PM
 AVERAGE    66

..........................................................


THE PARKERSBURG WV CLIMATE NORMALS FOR TOMORROW
                         NORMAL    RECORD    YEAR
 MAXIMUM TEMPERATURE (F)   85        98      1988
 MINIMUM TEMPERATURE (F)   64        50      1895


SUNRISE AND SUNSET
JULY 31 2015..........SUNRISE   625 AM EDT   SUNSET   839 PM EDT
AUGUST  1 2015........SUNRISE   625 AM EDT   SUNSET   838 PM EDT


-  INDICATES NEGATIVE NUMBERS.
R  INDICATES RECORD WAS SET OR TIED.
MM INDICATES DATA IS MISSING.
T  INDICATES TRACE AMOUNT.




$$
