000
CDUS41 KRLX 272135
CLIPKB


CLIMATE REPORT
NATIONAL WEATHER SERVICE CHARLESTON WV
535 PM EDT MON MAR 27 2017


...................................

...THE PARKERSBURG WV CLIMATE SUMMARY FOR MARCH 27 2017...
VALID TODAY AS OF 0500 PM LOCAL TIME.

CLIMATE NORMAL PERIOD 1981 TO 2010
CLIMATE RECORD PERIOD 1889 TO 2017


WEATHER ITEM   OBSERVED TIME   RECORD YEAR NORMAL DEPARTURE LAST
                VALUE   (LST)  VALUE       VALUE  FROM      YEAR
                                                  NORMAL
..................................................................
TEMPERATURE (F)
 TODAY
  MAXIMUM         70    359 PM  86    1950  59     11       76
  MINIMUM         56    750 AM  16    2001  36     20       38
  AVERAGE         63                        47     16       57

PRECIPITATION (IN)
  TODAY            0.01R         T    2002   0.13  -0.12     0.00
                                      2002
                                      2015
  MONTH TO DATE    2.98                      3.23  -0.25     2.18
  SINCE MAR 1      2.98                      3.23  -0.25     2.18
  SINCE JAN 1     11.53                      8.88   2.65     7.72

DEGREE DAYS
 HEATING
  TODAY            2                        18    -16        8
  MONTH TO DATE  607                       602      5      408
  SINCE MAR 1    607                       602      5      408
  SINCE JUL 1   3638                      4392   -754     3621

 COOLING
  TODAY            0                         0      0        0
  MONTH TO DATE    2                         0      2        2
  SINCE MAR 1      2                         0      2        2
  SINCE JAN 1      6                         0      6        2
..................................................................


WIND (MPH)
  HIGHEST WIND SPEED    10   HIGHEST WIND DIRECTION    SW (220)
  HIGHEST GUST SPEED    16   HIGHEST GUST DIRECTION     S (200)
  AVERAGE WIND SPEED     5.3


SKY COVER
  POSSIBLE SUNSHINE  MM
  AVERAGE SKY COVER 0.7


WEATHER CONDITIONS
 THE FOLLOWING WEATHER WAS RECORDED TODAY.
  LIGHT RAIN
  FOG


RELATIVE HUMIDITY (PERCENT)
 HIGHEST   100           600 AM
 LOWEST     57           300 PM
 AVERAGE    79

..........................................................


THE PARKERSBURG WV CLIMATE NORMALS FOR TOMORROW
                         NORMAL    RECORD    YEAR
 MAXIMUM TEMPERATURE (F)   59        85      1989
 MINIMUM TEMPERATURE (F)   37        15      1982


SUNRISE AND SUNSET
MARCH 27 2017.........SUNRISE   718 AM EDT   SUNSET   745 PM EDT
MARCH 28 2017.........SUNRISE   716 AM EDT   SUNSET   746 PM EDT


-  INDICATES NEGATIVE NUMBERS.
R  INDICATES RECORD WAS SET OR TIED.
MM INDICATES DATA IS MISSING.
T  INDICATES TRACE AMOUNT.




$$
