000
CDUS41 KRLX 242116
CLIPKB


CLIMATE REPORT
NATIONAL WEATHER SERVICE CHARLESTON WV
516 PM EDT WED MAY 24 2017


...................................

...THE PARKERSBURG WV CLIMATE SUMMARY FOR MAY 24 2017...
VALID TODAY AS OF 0500 PM LOCAL TIME.

CLIMATE NORMAL PERIOD 1981 TO 2010
CLIMATE RECORD PERIOD 1889 TO 2017


WEATHER ITEM   OBSERVED TIME   RECORD YEAR NORMAL DEPARTURE LAST
                VALUE   (LST)  VALUE       VALUE  FROM      YEAR
                                                  NORMAL
..................................................................
TEMPERATURE (F)
 TODAY
  MAXIMUM         71    152 PM  88    1991  76     -5       80
                                      1966
                                      1965
  MINIMUM         59    808 AM  37    2006  53      6       50
                                      1956
  AVERAGE         65                        64      1       65

PRECIPITATION (IN)
  TODAY            0.15          2.49 1968   0.15   0.00     0.00
  MONTH TO DATE    2.19                      3.27  -1.08     3.69
  SINCE MAR 1     11.64                     10.27   1.37    10.87
  SINCE JAN 1     20.19                     15.92   4.27    16.41

DEGREE DAYS
 HEATING
  TODAY            0                         3     -3        0
  MONTH TO DATE  121                       128     -7      159
  SINCE MAR 1    940                      1144   -204      928
  SINCE JUL 1   3971                      4934   -963     4141

 COOLING
  TODAY            0                         3     -3        0
  MONTH TO DATE   49                        40      9       14
  SINCE MAR 1     88                        61     27       34
  SINCE JAN 1     92                        61     31       34
..................................................................


WIND (MPH)
  HIGHEST WIND SPEED    12   HIGHEST WIND DIRECTION    SE (140)
  HIGHEST GUST SPEED    16   HIGHEST GUST DIRECTION    SE (130)
  AVERAGE WIND SPEED     5.3


SKY COVER
  POSSIBLE SUNSHINE  MM
  AVERAGE SKY COVER 1.0


WEATHER CONDITIONS
 THE FOLLOWING WEATHER WAS RECORDED TODAY.
  LIGHT RAIN
  FOG


RELATIVE HUMIDITY (PERCENT)
 HIGHEST    97          1200 AM
 LOWEST     73           200 PM
 AVERAGE    85

..........................................................


THE PARKERSBURG WV CLIMATE NORMALS FOR TOMORROW
                         NORMAL    RECORD    YEAR
 MAXIMUM TEMPERATURE (F)   76        91      1991
                                             1975
 MINIMUM TEMPERATURE (F)   53        33      2013


SUNRISE AND SUNSET
MAY 24 2017...........SUNRISE   605 AM EDT   SUNSET   841 PM EDT
MAY 25 2017...........SUNRISE   604 AM EDT   SUNSET   841 PM EDT


-  INDICATES NEGATIVE NUMBERS.
R  INDICATES RECORD WAS SET OR TIED.
MM INDICATES DATA IS MISSING.
T  INDICATES TRACE AMOUNT.




$$
