000
CDUS41 KRLX 240741
CLIPKB


CLIMATE REPORT
NATIONAL WEATHER SERVICE CHARLESTON WV
338 AM EDT SAT JUN 24 2017


...................................

...THE PARKERSBURG WV CLIMATE SUMMARY FOR JUNE 23 2017...

CLIMATE NORMAL PERIOD 1981 TO 2010
CLIMATE RECORD PERIOD 1889 TO 2017


WEATHER ITEM   OBSERVED TIME   RECORD YEAR NORMAL DEPARTURE LAST
                VALUE   (LST)  VALUE       VALUE  FROM      YEAR
                                                  NORMAL
..................................................................
TEMPERATURE (F)
 YESTERDAY
  MAXIMUM         84    120 PM  94    1964  84      0       74
                                      1948
  MINIMUM         66   1159 PM  48    1972  62      4       65
  AVERAGE         75                        73      2       70

PRECIPITATION (IN)
  YESTERDAY        2.71          2.79 2016   0.12   2.59     2.79
  MONTH TO DATE    5.85                      3.16   2.69     3.77
  SINCE JAN 1     26.44                     20.11   6.33    20.30

SNOWFALL (IN)
  YESTERDAY       MM
  MONTH TO DATE   MM
  SINCE SEP 1     MM
  SNOW DEPTH      MM

DEGREE DAYS
 HEATING
  YESTERDAY        0                         0      0        0
  MONTH TO DATE   14                        18     -4        7
  SINCE JUN 1     14                        18     -4        7
  SINCE JUL 1   3989                      4971   -982     4148

 COOLING
  YESTERDAY       10                         8      2        5
  MONTH TO DATE  157                       133     24      169
  SINCE JUN 1    157                       133     24      169
  SINCE JAN 1    277                       217     60      257
..................................................................


WIND (MPH)
  HIGHEST WIND SPEED    22   HIGHEST WIND DIRECTION    SW (240)
  HIGHEST GUST SPEED    31   HIGHEST GUST DIRECTION    SW (210)
  AVERAGE WIND SPEED     8.5


SKY COVER
  POSSIBLE SUNSHINE  MM
  AVERAGE SKY COVER 0.9


WEATHER CONDITIONS
 THE FOLLOWING WEATHER WAS RECORDED YESTERDAY.
  THUNDERSTORM
  HEAVY RAIN
  RAIN
  LIGHT RAIN
  FOG
  FOG W/VISIBILITY <= 1/4 MILE
  HAZE


RELATIVE HUMIDITY (PERCENT)
 HIGHEST   100           800 PM
 LOWEST     65           100 PM
 AVERAGE    83

..........................................................


THE PARKERSBURG WV CLIMATE NORMALS FOR TODAY
                         NORMAL    RECORD    YEAR
 MAXIMUM TEMPERATURE (F)   84        96      1930
 MINIMUM TEMPERATURE (F)   62        49      1961


SUNRISE AND SUNSET
JUNE 24 2017..........SUNRISE   600 AM EDT   SUNSET   856 PM EDT
JUNE 25 2017..........SUNRISE   600 AM EDT   SUNSET   856 PM EDT


-  INDICATES NEGATIVE NUMBERS.
R  INDICATES RECORD WAS SET OR TIED.
MM INDICATES DATA IS MISSING.
T  INDICATES TRACE AMOUNT.




$$
