000
CDUS41 KRLX 102237
CLIPKB


CLIMATE REPORT
NATIONAL WEATHER SERVICE CHARLESTON WV
536 PM EST SAT DEC 10 2016


...................................

...THE PARKERSBURG WV CLIMATE SUMMARY FOR DECEMBER 10 2016...
VALID TODAY AS OF 0500 PM LOCAL TIME.

CLIMATE NORMAL PERIOD 1981 TO 2010
CLIMATE RECORD PERIOD 1889 TO 2016


WEATHER ITEM   OBSERVED TIME   RECORD YEAR NORMAL DEPARTURE LAST
                VALUE   (LST)  VALUE       VALUE  FROM      YEAR
                                                  NORMAL
..................................................................
TEMPERATURE (F)
 TODAY
  MAXIMUM         29    346 PM  79    1971  45    -16       60
  MINIMUM         23    851 AM  -3    1958  28     -5       40
  AVERAGE         26                        36    -10       50

PRECIPITATION (IN)
  TODAY            T             0.94 2012   0.11  -0.11     0.00
  MONTH TO DATE    0.80                      1.06  -0.26     0.85
  SINCE DEC 1      0.80                      1.06  -0.26     0.85
  SINCE JAN 1     32.91                     39.15  -6.24    38.86

DEGREE DAYS
 HEATING
  TODAY           39                        29     10       15
  MONTH TO DATE  286                       272     14      223
  SINCE DEC 1    286                       272     14      223
  SINCE JUL 1   1040                      1257   -217      985

 COOLING
  TODAY            0                         0      0        0
  MONTH TO DATE    0                         0      0        0
  SINCE DEC 1      0                         0      0        0
  SINCE JAN 1   1352                       955    397     1040
..................................................................


WIND (MPH)
  HIGHEST WIND SPEED    13   HIGHEST WIND DIRECTION    SW (210)
  HIGHEST GUST SPEED    18   HIGHEST GUST DIRECTION     W (260)
  AVERAGE WIND SPEED     6.3


SKY COVER
  POSSIBLE SUNSHINE  MM
  AVERAGE SKY COVER 1.0


WEATHER CONDITIONS
 THE FOLLOWING WEATHER WAS RECORDED TODAY.
  LIGHT SNOW


RELATIVE HUMIDITY (PERCENT)
 HIGHEST    74           700 AM
 LOWEST     50           200 PM
 AVERAGE    62

..........................................................


THE PARKERSBURG WV CLIMATE NORMALS FOR TOMORROW
                         NORMAL    RECORD    YEAR
 MAXIMUM TEMPERATURE (F)   44        70      2007
 MINIMUM TEMPERATURE (F)   28        -5      1917


SUNRISE AND SUNSET
DECEMBER 10 2016......SUNRISE   735 AM EST   SUNSET   502 PM EST
DECEMBER 11 2016......SUNRISE   736 AM EST   SUNSET   503 PM EST


-  INDICATES NEGATIVE NUMBERS.
R  INDICATES RECORD WAS SET OR TIED.
MM INDICATES DATA IS MISSING.
T  INDICATES TRACE AMOUNT.




$$
