000
CDUS46 KLOX 300858
CLIPMD


CLIMATE REPORT
NATIONAL WEATHER SERVICE LOS ANGELES/OXNARD CA
1258 AM PST FRI JAN 30 2015


...................................

...THE PALMDALE AIRPORT CA CLIMATE SUMMARY FOR JANUARY 29 2015...

CLIMATE NORMAL PERIOD 1981 TO 2010
CLIMATE RECORD PERIOD 1931 TO 2015


WEATHER ITEM   OBSERVED TIME   RECORD YEAR NORMAL DEPARTURE LAST
                VALUE   (LST)  VALUE       VALUE  FROM      YEAR
                                                  NORMAL
..................................................................
TEMPERATURE (F)
 YESTERDAY
  MAXIMUM         62    357 PM  76    2014  60      2       76
  MINIMUM         46    709 AM  13    1948  33     13       40
  AVERAGE         54                        46      8       58

PRECIPITATION (IN)
  YESTERDAY        T             2.05 1980   0.06  -0.06     0.00
  MONTH TO DATE    0.68                      1.46  -0.78     0.00
  SINCE OCT 1      3.25                      3.91  -0.66     1.94
  SINCE JAN 1      0.68                      1.46  -0.78     0.00

SNOWFALL (IN)
  YESTERDAY       MM             2.5  1957  MM               0.0
  MONTH TO DATE    0.0                      MM               0.0
  SINCE DEC 1      0.0                      MM               0.0
  SINCE JUL 1      0.0                      MM               0.0
  SNOW DEPTH       0

DEGREE DAYS
 HEATING
  YESTERDAY       11                        19     -8        7
  MONTH TO DATE  496                       583    -87      428
  SINCE DEC 1   1031                      1220   -189     1051
  SINCE JUL 1   1345                      1747   -402     1564

 COOLING
  YESTERDAY        0                         0      0        0
  MONTH TO DATE    0                         0      0        0
  SINCE DEC 1      0                         0      0        0
  SINCE JAN 1      0                         0      0        0
..................................................................


WIND (MPH)
  HIGHEST WIND SPEED    10   HIGHEST WIND DIRECTION    NE (30)
  HIGHEST GUST SPEED    12   HIGHEST GUST DIRECTION    NE (40)
  AVERAGE WIND SPEED     3.6


SKY COVER
  POSSIBLE SUNSHINE  MM
  AVERAGE SKY COVER 0.4


WEATHER CONDITIONS
 THE FOLLOWING WEATHER WAS RECORDED YESTERDAY.
  LIGHT RAIN


RELATIVE HUMIDITY (PERCENT)
 HIGHEST    93           100 AM
 LOWEST     48           300 PM
 AVERAGE    71

..........................................................


THE PALMDALE AIRPORT CA CLIMATE NORMALS FOR TODAY
                         NORMAL    RECORD    YEAR
 MAXIMUM TEMPERATURE (F)   60        74      2003
 MINIMUM TEMPERATURE (F)   33        11      1957


SUNRISE AND SUNSET
JANUARY 30 2015.......SUNRISE   652 AM PST   SUNSET   520 PM PST
JANUARY 31 2015.......SUNRISE   651 AM PST   SUNSET   521 PM PST


-  INDICATES NEGATIVE NUMBERS.
R  INDICATES RECORD WAS SET OR TIED.
MM INDICATES DATA IS MISSING.
T  INDICATES TRACE AMOUNT.




$$
