000
CDUS46 KLOX 280118
CLIPMD


CLIMATE REPORT
NATIONAL WEATHER SERVICE LOS ANGELES/OXNARD CA
617 PM PDT SAT AUG 27 2016


...................................

...THE PALMDALE AIRPORT CA CLIMATE SUMMARY FOR AUGUST 27 2016...
VALID TODAY AS OF 0600 PM LOCAL TIME.

CLIMATE NORMAL PERIOD 1981 TO 2010
CLIMATE RECORD PERIOD 1931 TO 2016


WEATHER ITEM   OBSERVED TIME   RECORD YEAR NORMAL DEPARTURE LAST
                VALUE   (LST)  VALUE       VALUE  FROM      YEAR
                                                  NORMAL
..................................................................
TEMPERATURE (F)
 TODAY
  MAXIMUM         93    235 PM 106    2011  96     -3      103
                                      2001
  MINIMUM         63    516 AM  47    1954  63      0       69
  AVERAGE         78                        80     -2       86

PRECIPITATION (IN)
  TODAY            0.00          0.38 1935   0.01  -0.01     0.00
  MONTH TO DATE    0.00                      0.12  -0.12      T
  SINCE OCT 1      4.28                      7.99  -3.71     5.85
  SINCE JAN 1      2.47                      5.54  -3.07     3.28

SNOWFALL (IN)
  TODAY            0.0          MM      MM  MM               0.0
  MONTH TO DATE    0.0                      MM               0.0
  SINCE JUN 1      0.0                      MM               0.0
  SINCE JUL 1      0.0                      MM               0.0
  SNOW DEPTH       0

DEGREE DAYS
 HEATING
  TODAY            0                         0      0        0
  MONTH TO DATE    0                         0      0        0
  SINCE JUN 1      0                         7     -7        0
  SINCE JUL 1      0                         0      0        0

 COOLING
  TODAY           13                        15     -2       21
  MONTH TO DATE  469                       449     20      486
  SINCE JUN 1   1547                      1257    290     1358
  SINCE JAN 1   1691                      1427    264     1483
..................................................................


WIND (MPH)
  HIGHEST WIND SPEED    23   HIGHEST WIND DIRECTION     W (250)
  HIGHEST GUST SPEED    27   HIGHEST GUST DIRECTION     W (250)
  AVERAGE WIND SPEED     9.3


SKY COVER
  POSSIBLE SUNSHINE  MM
  AVERAGE SKY COVER 0.0


WEATHER CONDITIONS
 THE FOLLOWING WEATHER WAS RECORDED TODAY.
  NO SIGNIFICANT WEATHER WAS OBSERVED.


RELATIVE HUMIDITY (PERCENT)
 HIGHEST    44           400 AM
 LOWEST     13           200 PM
 AVERAGE    29

..........................................................


THE PALMDALE AIRPORT CA CLIMATE NORMALS FOR TOMORROW
                         NORMAL    RECORD    YEAR
 MAXIMUM TEMPERATURE (F)   96       107      2008
 MINIMUM TEMPERATURE (F)   63        48      1945


SUNRISE AND SUNSET
AUGUST 27 2016........SUNRISE   622 AM PDT   SUNSET   725 PM PDT
AUGUST 28 2016........SUNRISE   623 AM PDT   SUNSET   723 PM PDT


-  INDICATES NEGATIVE NUMBERS.
R  INDICATES RECORD WAS SET OR TIED.
MM INDICATES DATA IS MISSING.
T  INDICATES TRACE AMOUNT.




$$
