000
CDUS46 KLOX 230118
CLIPMD


CLIMATE REPORT
NATIONAL WEATHER SERVICE LOS ANGELES/OXNARD CA
517 PM PST THU FEB 22 2018


...................................

...THE PALMDALE AIRPORT CA CLIMATE SUMMARY FOR FEBRUARY 22 2018...
VALID TODAY AS OF 0500 PM LOCAL TIME.

CLIMATE NORMAL PERIOD 1981 TO 2010
CLIMATE RECORD PERIOD 1931 TO 2018


WEATHER ITEM   OBSERVED TIME   RECORD YEAR NORMAL DEPARTURE LAST
                VALUE   (LST)  VALUE       VALUE  FROM      YEAR
                                                  NORMAL
..................................................................
TEMPERATURE (F)
 TODAY
  MAXIMUM         53    301 PM  76    2012  63    -10       55
                                      1995
  MINIMUM         31   1241 AM  16    1953  37     -6       41
  AVERAGE         42                        50     -8       48

PRECIPITATION (IN)
  TODAY            0.00          2.43 1944   0.07  -0.07     0.00
  MONTH TO DATE    T                         1.39  -1.39     1.71
  SINCE OCT 1      0.60                      5.41  -4.81     5.82
  SINCE JAN 1      0.60                      2.96  -2.36     4.03

SNOWFALL (IN)
  TODAY            0.0           T    1969  MM               0.0
  MONTH TO DATE    0.0                      MM               0.0
  SINCE DEC 1      0.0                      MM               0.0
  SINCE JUL 1      0.0                      MM               0.0
  SNOW DEPTH       0

DEGREE DAYS
 HEATING
  TODAY           23                        15      8       17
  MONTH TO DATE  303                       373    -70      232
  SINCE DEC 1   1256                      1630   -374     1402
  SINCE JUL 1   1541                      2157   -616     1785

 COOLING
  TODAY            0                         0      0        0
  MONTH TO DATE    0                         0      0        0
  SINCE DEC 1      0                         0      0        0
  SINCE JAN 1      0                         0      0        0
..................................................................


WIND (MPH)
  HIGHEST WIND SPEED    30   HIGHEST WIND DIRECTION    SW (230)
  HIGHEST GUST SPEED    36   HIGHEST GUST DIRECTION    SW (240)
  AVERAGE WIND SPEED    15.7


SKY COVER
  POSSIBLE SUNSHINE  MM
  AVERAGE SKY COVER 0.1


WEATHER CONDITIONS
 THE FOLLOWING WEATHER WAS RECORDED TODAY.
  NO SIGNIFICANT WEATHER WAS OBSERVED.


RELATIVE HUMIDITY (PERCENT)
 HIGHEST    46           400 PM
 LOWEST     35          1200 PM
 AVERAGE    41

..........................................................


THE PALMDALE AIRPORT CA CLIMATE NORMALS FOR TOMORROW
                         NORMAL    RECORD    YEAR
 MAXIMUM TEMPERATURE (F)   63        78      1995
 MINIMUM TEMPERATURE (F)   37        22      1984


SUNRISE AND SUNSET
FEBRUARY 22 2018......SUNRISE   630 AM PST   SUNSET   542 PM PST
FEBRUARY 23 2018......SUNRISE   629 AM PST   SUNSET   543 PM PST


-  INDICATES NEGATIVE NUMBERS.
R  INDICATES RECORD WAS SET OR TIED.
MM INDICATES DATA IS MISSING.
T  INDICATES TRACE AMOUNT.




$$
