000
CDUS46 KLOX 280908
CLIPMD


CLIMATE REPORT
NATIONAL WEATHER SERVICE LOS ANGELES/OXNARD CA
208 AM PDT THU JUL 28 2016


...................................

...THE PALMDALE AIRPORT CA CLIMATE SUMMARY FOR JULY 27 2016...

CLIMATE NORMAL PERIOD 1981 TO 2010
CLIMATE RECORD PERIOD 1931 TO 2016


WEATHER ITEM   OBSERVED TIME   RECORD YEAR NORMAL DEPARTURE LAST
                VALUE   (LST)  VALUE       VALUE  FROM      YEAR
                                                  NORMAL
..................................................................
TEMPERATURE (F)
 YESTERDAY
  MAXIMUM        105    150 PM 110    1934  99      6       94
  MINIMUM         79    507 AM  49    1965  66     13       68
  AVERAGE         92                        83      9       81

PRECIPITATION (IN)
  YESTERDAY        0.00          0.09 1952   0.01  -0.01     0.00
  MONTH TO DATE    0.00                      0.09  -0.09     0.95
  SINCE OCT 1      4.28                      7.86  -3.58     5.20
  SINCE JAN 1      2.47                      5.41  -2.94     2.63

SNOWFALL (IN)
  YESTERDAY        0.0           0.0  1973  MM               0.0
  MONTH TO DATE    0.0                      MM               0.0
  SINCE JUN 1      0.0                      MM               0.0
  SINCE JUL 1      0.0                      MM               0.0
  SNOW DEPTH       0

DEGREE DAYS
 HEATING
  YESTERDAY        0                         0      0        0
  MONTH TO DATE    0                         0      0        0
  SINCE JUN 1      0                         7     -7        0
  SINCE JUL 1      0                         0      0        0

 COOLING
  YESTERDAY       27                        18      9       16
  MONTH TO DATE  488                       432     56      354
  SINCE JUN 1    976                       738    238      802
  SINCE JAN 1   1120                       908    212      927
..................................................................


WIND (MPH)
  HIGHEST WIND SPEED    30   HIGHEST WIND DIRECTION    SW (230)
  HIGHEST GUST SPEED    35   HIGHEST GUST DIRECTION    SW (230)
  AVERAGE WIND SPEED    13.5


SKY COVER
  POSSIBLE SUNSHINE  MM
  AVERAGE SKY COVER 0.0


WEATHER CONDITIONS
 THE FOLLOWING WEATHER WAS RECORDED YESTERDAY.
  NO SIGNIFICANT WEATHER WAS OBSERVED.


RELATIVE HUMIDITY (PERCENT)
 HIGHEST    28           500 AM
 LOWEST     12           100 PM
 AVERAGE    20

..........................................................


THE PALMDALE AIRPORT CA CLIMATE NORMALS FOR TODAY
                         NORMAL    RECORD    YEAR
 MAXIMUM TEMPERATURE (F)   99       110      1995
 MINIMUM TEMPERATURE (F)   66        53      1983


SUNRISE AND SUNSET
JULY 28 2016..........SUNRISE   600 AM PDT   SUNSET   757 PM PDT
JULY 29 2016..........SUNRISE   601 AM PDT   SUNSET   756 PM PDT


-  INDICATES NEGATIVE NUMBERS.
R  INDICATES RECORD WAS SET OR TIED.
MM INDICATES DATA IS MISSING.
T  INDICATES TRACE AMOUNT.




$$
