000
CDUS46 KLOX 300905
CLIPMD


CLIMATE REPORT
NATIONAL WEATHER SERVICE LOS ANGELES/OXNARD CA
205 AM PDT SAT AUG 30 2014


...................................

...THE PALMDALE AIRPORT CA CLIMATE SUMMARY FOR AUGUST 29 2014...

CLIMATE NORMAL PERIOD 1981 TO 2010
CLIMATE RECORD PERIOD 1931 TO 2014


WEATHER ITEM   OBSERVED TIME   RECORD YEAR NORMAL DEPARTURE LAST
                VALUE   (LST)  VALUE       VALUE  FROM      YEAR
                                                  NORMAL
..................................................................
TEMPERATURE (F)
 YESTERDAY
  MAXIMUM        101    220 PM 108    1998  96      5      101
  MINIMUM         63    604 AM  49    1947  63      0       70
  AVERAGE         82                        79      3       86

PRECIPITATION (IN)
  YESTERDAY        0.00          0.21 1931   0.01  -0.01     0.00
  MONTH TO DATE    0.04                      0.13  -0.09     0.04
  SINCE JUL 1      0.04                      0.23  -0.19     0.13
  SINCE JAN 1      3.09                      5.55  -2.46     0.99

SNOWFALL (IN)
  YESTERDAY        0.0           0.0  1973  MM               0.0
  MONTH TO DATE    0.0                      MM               0.0
  SINCE JUN 1      0.0                      MM               0.0
  SINCE JUL 1      0.0                      MM               0.0
  SNOW DEPTH       0

DEGREE DAYS
 HEATING
  YESTERDAY        0                         0      0        0
  MONTH TO DATE    0                         0      0        0
  SINCE JUN 1      0                         7     -7        0
  SINCE JUL 1      0                         0      0        0

 COOLING
  YESTERDAY       17                        14      3       21
  MONTH TO DATE  451                       477    -26      460
  SINCE JUN 1   1457                      1285    172     1494
  SINCE JAN 1   1676                      1455    221     1725
..................................................................


WIND (MPH)
  HIGHEST WIND SPEED    20   HIGHEST WIND DIRECTION    SW (240)
  HIGHEST GUST SPEED    23   HIGHEST GUST DIRECTION    SW (240)
  AVERAGE WIND SPEED     7.6


SKY COVER
  POSSIBLE SUNSHINE  MM
  AVERAGE SKY COVER 0.0


WEATHER CONDITIONS
 THE FOLLOWING WEATHER WAS RECORDED YESTERDAY.
  NO SIGNIFICANT WEATHER WAS OBSERVED.


RELATIVE HUMIDITY (PERCENT)
 HIGHEST    46           600 AM
 LOWEST      7           300 PM
 AVERAGE    27

..........................................................


THE PALMDALE AIRPORT CA CLIMATE NORMALS FOR TODAY
                         NORMAL    RECORD    YEAR
 MAXIMUM TEMPERATURE (F)   96       108      1996
 MINIMUM TEMPERATURE (F)   62        47      1945


SUNRISE AND SUNSET
AUGUST 30 2014........SUNRISE   624 AM PDT   SUNSET   721 PM PDT
AUGUST 31 2014........SUNRISE   625 AM PDT   SUNSET   720 PM PDT


-  INDICATES NEGATIVE NUMBERS.
R  INDICATES RECORD WAS SET OR TIED.
MM INDICATES DATA IS MISSING.
T  INDICATES TRACE AMOUNT.




$$
