123
CDUS46 KLOX 261031
CLIPMD


CLIMATE REPORT
NATIONAL WEATHER SERVICE LOS ANGELES/OXNARD CA
330 AM PDT WED APR 26 2017


...................................

...THE PALMDALE AIRPORT CA CLIMATE SUMMARY FOR APRIL 25 2017...

CLIMATE NORMAL PERIOD 1981 TO 2010
CLIMATE RECORD PERIOD 1931 TO 2017


WEATHER ITEM   OBSERVED TIME   RECORD YEAR NORMAL DEPARTURE LAST
                VALUE   (LST)  VALUE       VALUE  FROM      YEAR
                                                  NORMAL
..................................................................
TEMPERATURE (F)
 YESTERDAY
  MAXIMUM         67    145 PM  92    1996  75     -8       60
  MINIMUM         50    520 AM  30    1974  46      4       44
  AVERAGE         59                        61     -2       52

PRECIPITATION (IN)
  YESTERDAY        0.00          0.21 1951   0.01  -0.01     0.00
  MONTH TO DATE    T                         0.41  -0.41     0.08
  SINCE OCT 1      5.91                      7.37  -1.46     4.17
  SINCE JAN 1      4.12                      4.92  -0.80     2.36

SNOWFALL (IN)
  YESTERDAY        0.0           0.0  2001  MM               0.0
  MONTH TO DATE    0.0                      MM               0.0
  SINCE MAR 1      0.0                      MM               0.0
  SINCE JUL 1      0.0                      MM                T
  SNOW DEPTH       0

DEGREE DAYS
 HEATING
  YESTERDAY        6                         5      1       13
  MONTH TO DATE  100                       205   -105       85
  SINCE MAR 1    343                       581   -238      354
  SINCE JUL 1   2252                      2826   -574     2515

 COOLING
  YESTERDAY        0                         1     -1        0
  MONTH TO DATE    7                        10     -3       20
  SINCE MAR 1     14                        12      2       20
  SINCE JAN 1     14                        12      2       20
..................................................................


WIND (MPH)
  HIGHEST WIND SPEED    33   HIGHEST WIND DIRECTION     W (290)
  HIGHEST GUST SPEED    39   HIGHEST GUST DIRECTION     W (280)
  AVERAGE WIND SPEED    21.4


SKY COVER
  POSSIBLE SUNSHINE  MM
  AVERAGE SKY COVER 0.0


WEATHER CONDITIONS
 THE FOLLOWING WEATHER WAS RECORDED YESTERDAY.
  NO SIGNIFICANT WEATHER WAS OBSERVED.


RELATIVE HUMIDITY (PERCENT)
 HIGHEST    71           300 AM
 LOWEST     34          1200 PM
 AVERAGE    53

..........................................................


THE PALMDALE AIRPORT CA CLIMATE NORMALS FOR TODAY
                         NORMAL    RECORD    YEAR
 MAXIMUM TEMPERATURE (F)   76        98      1996
 MINIMUM TEMPERATURE (F)   46        31      1974


SUNRISE AND SUNSET
APRIL 26 2017.........SUNRISE   607 AM PDT   SUNSET   733 PM PDT
APRIL 27 2017.........SUNRISE   606 AM PDT   SUNSET   734 PM PDT


-  INDICATES NEGATIVE NUMBERS.
R  INDICATES RECORD WAS SET OR TIED.
MM INDICATES DATA IS MISSING.
T  INDICATES TRACE AMOUNT.




$$
