000
CDUS46 KLOX 230902
CLIPMD


CLIMATE REPORT
NATIONAL WEATHER SERVICE LOS ANGELES/OXNARD CA
102 AM PST MON JAN 23 2017


...................................

...THE PALMDALE AIRPORT CA CLIMATE SUMMARY FOR JANUARY 22 2017...

CLIMATE NORMAL PERIOD 1981 TO 2010
CLIMATE RECORD PERIOD 1931 TO 2017


WEATHER ITEM   OBSERVED TIME   RECORD YEAR NORMAL DEPARTURE LAST
                VALUE   (LST)  VALUE       VALUE  FROM      YEAR
                                                  NORMAL
..................................................................
TEMPERATURE (F)
 YESTERDAY
  MAXIMUM         54    542 PM  72    1970  59     -5       56
  MINIMUM         45    441 AM  10    1937  32     13       34
  AVERAGE         50                        45      5       45

PRECIPITATION (IN)
  YESTERDAY        0.53          2.01 1943   0.04   0.49     0.00
  MONTH TO DATE    2.06                      1.22   0.84     1.20
  SINCE OCT 1      3.85                      3.67   0.18     3.01
  SINCE JAN 1      2.06                      1.22   0.84     1.20

SNOWFALL (IN)
  YESTERDAY       MM             7.0  1962  MM               0.0
  MONTH TO DATE    0.0                      MM               0.0
  SINCE DEC 1      0.0                      MM               0.0
  SINCE JUL 1      0.0                      MM               0.0
  SNOW DEPTH       0

DEGREE DAYS
 HEATING
  YESTERDAY       15                        20     -5       20
  MONTH TO DATE  408                       449    -41      450
  SINCE DEC 1    980                      1086   -106     1128
  SINCE JUL 1   1363                      1613   -250     1651

 COOLING
  YESTERDAY        0                         0      0        0
  MONTH TO DATE    0                         0      0        0
  SINCE DEC 1      0                         0      0        0
  SINCE JAN 1      0                         0      0        0
..................................................................


WIND (MPH)
  HIGHEST WIND SPEED    37   HIGHEST WIND DIRECTION    SW (230)
  HIGHEST GUST SPEED    46   HIGHEST GUST DIRECTION    SW (230)
  AVERAGE WIND SPEED    15.3


SKY COVER
  POSSIBLE SUNSHINE  MM
  AVERAGE SKY COVER 0.9


WEATHER CONDITIONS
 THE FOLLOWING WEATHER WAS RECORDED YESTERDAY.
  RAIN
  LIGHT RAIN
  FOG


RELATIVE HUMIDITY (PERCENT)
 HIGHEST    86          1100 PM
 LOWEST     61           100 AM
 AVERAGE    74

..........................................................


THE PALMDALE AIRPORT CA CLIMATE NORMALS FOR TODAY
                         NORMAL    RECORD    YEAR
 MAXIMUM TEMPERATURE (F)   59        78      1970
 MINIMUM TEMPERATURE (F)   32        11      1937


SUNRISE AND SUNSET
JANUARY 23 2017.......SUNRISE   656 AM PST   SUNSET   513 PM PST
JANUARY 24 2017.......SUNRISE   655 AM PST   SUNSET   514 PM PST


-  INDICATES NEGATIVE NUMBERS.
R  INDICATES RECORD WAS SET OR TIED.
MM INDICATES DATA IS MISSING.
T  INDICATES TRACE AMOUNT.




$$
