000
CDUS46 KLOX 220114
CLIPMD


CLIMATE REPORT
NATIONAL WEATHER SERVICE LOS ANGELES/OXNARD CA
513 PM PST TUE NOV 21 2017


...................................

...THE PALMDALE AIRPORT CA CLIMATE SUMMARY FOR NOVEMBER 21 2017...
VALID TODAY AS OF 0500 PM LOCAL TIME.

CLIMATE NORMAL PERIOD 1981 TO 2010
CLIMATE RECORD PERIOD 1931 TO 2017


WEATHER ITEM   OBSERVED TIME   RECORD YEAR NORMAL DEPARTURE LAST
                VALUE   (LST)  VALUE       VALUE  FROM      YEAR
                                                  NORMAL
..................................................................
TEMPERATURE (F)
 TODAY
  MAXIMUM         76    325 PM  80    1995  65     11       59
  MINIMUM         42    610 AM  12    1964  35      7       41
  AVERAGE         59                        50      9       50

PRECIPITATION (IN)
  TODAY            0.00          2.08 1967   0.03  -0.03     0.02
  MONTH TO DATE    T                         0.53  -0.53     0.17
  SINCE OCT 1      T                         1.13  -1.13     0.24
  SINCE JAN 1      4.56                      6.98  -2.42     2.71

SNOWFALL (IN)
  TODAY            0.0           0.0  1973  MM              MM
  MONTH TO DATE    0.0                      MM               0.0
  SINCE SEP 1      0.0                      MM               0.0
  SINCE JUL 1      0.0                      MM               0.0
  SNOW DEPTH       0

DEGREE DAYS
 HEATING
  TODAY            6                        16    -10       15
  MONTH TO DATE  146                       245    -99      148
  SINCE SEP 1    219                       372   -153      203
  SINCE JUL 1    219                       372   -153      203

 COOLING
  TODAY            0                         0      0        0
  MONTH TO DATE    1                         0      1        0
  SINCE SEP 1    354                       332     22      322
  SINCE JAN 1   2267                      1814    453     2086
..................................................................


WIND (MPH)
  HIGHEST WIND SPEED     9   HIGHEST WIND DIRECTION    NW (310)
  HIGHEST GUST SPEED    20   HIGHEST GUST DIRECTION    NE (50)
  AVERAGE WIND SPEED     4.0


SKY COVER
  POSSIBLE SUNSHINE  MM
  AVERAGE SKY COVER 0.0


WEATHER CONDITIONS
 THE FOLLOWING WEATHER WAS RECORDED TODAY.
  NO SIGNIFICANT WEATHER WAS OBSERVED.


RELATIVE HUMIDITY (PERCENT)
 HIGHEST    36           500 AM
 LOWEST      8           300 PM
 AVERAGE    22

..........................................................


THE PALMDALE AIRPORT CA CLIMATE NORMALS FOR TOMORROW
                         NORMAL    RECORD    YEAR
 MAXIMUM TEMPERATURE (F)   64        80      1962
 MINIMUM TEMPERATURE (F)   34        11      1937


SUNRISE AND SUNSET
NOVEMBER 21 2017......SUNRISE   632 AM PST   SUNSET   444 PM PST
NOVEMBER 22 2017......SUNRISE   633 AM PST   SUNSET   444 PM PST


-  INDICATES NEGATIVE NUMBERS.
R  INDICATES RECORD WAS SET OR TIED.
MM INDICATES DATA IS MISSING.
T  INDICATES TRACE AMOUNT.




$$
