828
CDUS44 KMOB 031537
CLIPNS


CLIMATE REPORT
NATIONAL WEATHER SERVICE MOBILE AL
936 AM CST SAT DEC 3 2016


...................................

...THE PENSACOLA CLIMATE SUMMARY FOR DECEMBER 2 2016...

CLIMATE NORMAL PERIOD 1981 TO 2010
CLIMATE RECORD PERIOD 1879 TO 2016


WEATHER ITEM   OBSERVED TIME   RECORD YEAR NORMAL DEPARTURE LAST
                VALUE   (LST)  VALUE       VALUE  FROM      YEAR
                                                  NORMAL
..................................................................
TEMPERATURE (F)
 YESTERDAY
  MAXIMUM         68    105 PM  79    1982  66      2       71
  MINIMUM         46    129 AM  28    1929  47     -1       52
                                      1910
  AVERAGE         57                        56      1       62

PRECIPITATION (IN)
  YESTERDAY        0.00          3.16 1905   0.15  -0.15     0.56
  MONTH TO DATE    0.00                      0.31  -0.31     0.59
  SINCE MAR 1     46.35                     51.34  -4.99    57.53
  SINCE JAN 1     55.00                     61.03  -6.03    67.94

SNOWFALL (IN)
  YESTERDAY        0.0           0.0  2002   0.0    0.0      0.0
                                      2001
                                      2000
  MONTH TO DATE    0.0                       0.0    0.0      0.0
  SINCE MAR 1      0.0                       0.0    0.0      0.0
  SINCE JUL 1      0.0                       0.0    0.0      0.0
  SNOW DEPTH       0

DEGREE DAYS
 HEATING
  YESTERDAY        8                         9     -1        3
  MONTH TO DATE   16                        18     -2        3
  SINCE DEC 1     16                        18     -2        3
  SINCE JUL 1     85                       230   -145       80

 COOLING
  YESTERDAY        0                         1     -1        0
  MONTH TO DATE    0                         2     -2        6
  SINCE DEC 1      0                         2     -2        6
  SINCE JAN 1   3208                      2598    610     3039
..................................................................


WIND (MPH)
  HIGHEST WIND SPEED    15   HIGHEST WIND DIRECTION    NE (30)
  HIGHEST GUST SPEED    20   HIGHEST GUST DIRECTION    NE (30)
  AVERAGE WIND SPEED     6.5


SKY COVER
  POSSIBLE SUNSHINE  MM
  AVERAGE SKY COVER 0.1


WEATHER CONDITIONS
 THE FOLLOWING WEATHER WAS RECORDED YESTERDAY.
  NO SIGNIFICANT WEATHER WAS OBSERVED.


RELATIVE HUMIDITY (PERCENT)
 HIGHEST    71           100 AM
 LOWEST     22           100 PM
 AVERAGE    47

..........................................................


THE PENSACOLA CLIMATE NORMALS FOR TODAY
                         NORMAL    RECORD    YEAR
 MAXIMUM TEMPERATURE (F)   65        81      1978
 MINIMUM TEMPERATURE (F)   47        22      1929


SUNRISE AND SUNSET
DECEMBER  3 2016......SUNRISE   630 AM CST   SUNSET   448 PM CST
DECEMBER  4 2016......SUNRISE   631 AM CST   SUNSET   448 PM CST


-  INDICATES NEGATIVE NUMBERS.
R  INDICATES RECORD WAS SET OR TIED.
MM INDICATES DATA IS MISSING.
T  INDICATES TRACE AMOUNT.




$$
