000
CDUS44 KMOB 230645
CLIPNS


CLIMATE REPORT
NATIONAL WEATHER SERVICE MOBILE AL
145 AM CDT MON OCT 23 2017


...................................

...THE PENSACOLA CLIMATE SUMMARY FOR OCTOBER 22 2017...

CLIMATE NORMAL PERIOD 1981 TO 2010
CLIMATE RECORD PERIOD 1879 TO 2017


WEATHER ITEM   OBSERVED TIME   RECORD YEAR NORMAL DEPARTURE LAST
                VALUE   (LST)  VALUE       VALUE  FROM      YEAR
                                                  NORMAL
..................................................................
TEMPERATURE (F)
 YESTERDAY
  MAXIMUM         84   1243 PM  90    1963  77      7       76
  MINIMUM         71    622 AM  42    1989  58     13       52
                                      1976
  AVERAGE         78                        68     10       64

PRECIPITATION (IN)
  YESTERDAY        2.30          2.53 1919   0.17   2.13     0.00
  MONTH TO DATE    7.04                      3.74   3.30      T
  SINCE MAR 1     69.55                     44.80  24.75    45.49
  SINCE JAN 1     84.90                     54.49  30.41    54.14

DEGREE DAYS
 HEATING
  YESTERDAY        0                         2     -2        1
  MONTH TO DATE    0                        14    -14        1
  SINCE SEP 1      0                        15    -15        1
  SINCE JUL 1      0                        15    -15        1

 COOLING
  YESTERDAY       13                         4      9        0
  MONTH TO DATE  296                       147    149      238
  SINCE SEP 1    770                       550    220      754
  SINCE JAN 1   3249                      2517    732     3057
..................................................................


WIND (MPH)
  HIGHEST WIND SPEED    23   HIGHEST WIND DIRECTION     S (160)
  HIGHEST GUST SPEED    29   HIGHEST GUST DIRECTION     N (350)
  AVERAGE WIND SPEED    11.0


SKY COVER
  POSSIBLE SUNSHINE  MM
  AVERAGE SKY COVER 0.8


WEATHER CONDITIONS
 THE FOLLOWING WEATHER WAS RECORDED YESTERDAY.
  THUNDERSTORM
  HEAVY RAIN
  RAIN
  LIGHT RAIN
  FOG
  HAZE


RELATIVE HUMIDITY (PERCENT)
 HIGHEST    93           700 PM
 LOWEST     73           200 AM
 AVERAGE    83

..........................................................


THE PENSACOLA CLIMATE NORMALS FOR TODAY
                         NORMAL    RECORD    YEAR
 MAXIMUM TEMPERATURE (F)   77        88      1953
                                             1949
 MINIMUM TEMPERATURE (F)   58        38      1937


SUNRISE AND SUNSET
OCTOBER 23 2017.......SUNRISE   657 AM CDT   SUNSET   609 PM CDT
OCTOBER 24 2017.......SUNRISE   657 AM CDT   SUNSET   608 PM CDT


-  INDICATES NEGATIVE NUMBERS.
R  INDICATES RECORD WAS SET OR TIED.
MM INDICATES DATA IS MISSING.
T  INDICATES TRACE AMOUNT.




$$
