794
CDUS44 KMOB 270645
CLIPNS


CLIMATE REPORT
NATIONAL WEATHER SERVICE MOBILE AL
145 AM CDT MON MAR 27 2017


...................................

...THE PENSACOLA CLIMATE SUMMARY FOR MARCH 26 2017...

CLIMATE NORMAL PERIOD 1981 TO 2010
CLIMATE RECORD PERIOD 1879 TO 2017


WEATHER ITEM   OBSERVED TIME   RECORD YEAR NORMAL DEPARTURE LAST
                VALUE   (LST)  VALUE       VALUE  FROM      YEAR
                                                  NORMAL
..................................................................
TEMPERATURE (F)
 YESTERDAY
  MAXIMUM         80   1239 PM  83    2012  72      8       70
  MINIMUM         65    233 AM  30    1894  53     12       64
  AVERAGE         73                        62     11       67

PRECIPITATION (IN)
  YESTERDAY        0.00          3.21 1888   0.18  -0.18     1.10
  MONTH TO DATE    1.79                      4.91  -3.12     6.30
  SINCE MAR 1      1.79                      4.91  -3.12     6.30
  SINCE JAN 1     17.14                     14.60   2.54    14.95

SNOWFALL (IN)
  YESTERDAY        0.0          MM      MM   0.0    0.0      0.0
  MONTH TO DATE    0.0                       0.0    0.0      0.0
  SINCE MAR 1      0.0                       0.0    0.0      0.0
  SINCE JUL 1      0.0                       0.0    0.0      0.0
  SNOW DEPTH       0

DEGREE DAYS
 HEATING
  YESTERDAY        0                         4     -4        0
  MONTH TO DATE   92                       158    -66       72
  SINCE MAR 1     92                       158    -66       72
  SINCE JUL 1    625                      1466   -841      954

 COOLING
  YESTERDAY        8                         1      7        2
  MONTH TO DATE   83                        25     58       64
  SINCE MAR 1     83                        25     58       64
  SINCE JAN 1    193                        39    154       82
..................................................................


WIND (MPH)
  HIGHEST WIND SPEED    17   HIGHEST WIND DIRECTION     S (180)
  HIGHEST GUST SPEED    22   HIGHEST GUST DIRECTION     S (160)
  AVERAGE WIND SPEED    10.0


SKY COVER
  POSSIBLE SUNSHINE  MM
  AVERAGE SKY COVER 0.5


WEATHER CONDITIONS
 THE FOLLOWING WEATHER WAS RECORDED YESTERDAY.
  NO SIGNIFICANT WEATHER WAS OBSERVED.


RELATIVE HUMIDITY (PERCENT)
 HIGHEST    93           500 AM
 LOWEST     67          1000 AM
 AVERAGE    80

..........................................................


THE PENSACOLA CLIMATE NORMALS FOR TODAY
                         NORMAL    RECORD    YEAR
 MAXIMUM TEMPERATURE (F)   72        87      1910
 MINIMUM TEMPERATURE (F)   53        28      1955


SUNRISE AND SUNSET
MARCH 27 2017.........SUNRISE   644 AM CDT   SUNSET   705 PM CDT
MARCH 28 2017.........SUNRISE   642 AM CDT   SUNSET   705 PM CDT


-  INDICATES NEGATIVE NUMBERS.
R  INDICATES RECORD WAS SET OR TIED.
MM INDICATES DATA IS MISSING.
T  INDICATES TRACE AMOUNT.




$$
