000
CDUS44 KMOB 250645
CLIPNS


CLIMATE REPORT
NATIONAL WEATHER SERVICE MOBILE AL
145 AM CDT MON JUL 25 2016


...................................

...THE PENSACOLA CLIMATE SUMMARY FOR JULY 24 2016...

CLIMATE NORMAL PERIOD 1981 TO 2010
CLIMATE RECORD PERIOD 1879 TO 2016


WEATHER ITEM   OBSERVED TIME   RECORD YEAR NORMAL DEPARTURE LAST
                VALUE   (LST)  VALUE       VALUE  FROM      YEAR
                                                  NORMAL
..................................................................
TEMPERATURE (F)
 YESTERDAY
  MAXIMUM         91    112 PM 102    1952  90      1       97
  MINIMUM         78    506 AM  68    2007  75      3       75
                                      1890
  AVERAGE         85                        82      3       86

PRECIPITATION (IN)
  YESTERDAY        T             3.79 1963   0.25  -0.25     1.36
  MONTH TO DATE    6.27                      5.70   0.57     3.73
  SINCE MAR 1     29.53                     26.61   2.92    25.32
  SINCE JAN 1     38.18                     36.30   1.88    35.73

DEGREE DAYS
 COOLING
  YESTERDAY       20                        17      3       21
  MONTH TO DATE  473                       408     65      469
  SINCE JUN 1    994                       873    121      952
  SINCE JAN 1   1590                      1321    269     1605
..................................................................


WIND (MPH)
  HIGHEST WIND SPEED    13   HIGHEST WIND DIRECTION    SE (140)
  HIGHEST GUST SPEED    17   HIGHEST GUST DIRECTION    SE (120)
  AVERAGE WIND SPEED     6.7


SKY COVER
  POSSIBLE SUNSHINE  MM
  AVERAGE SKY COVER 0.3


WEATHER CONDITIONS
 THE FOLLOWING WEATHER WAS RECORDED YESTERDAY.
  THUNDERSTORM
  LIGHT RAIN


RELATIVE HUMIDITY (PERCENT)
 HIGHEST    85           500 AM
 LOWEST     59          1100 AM
 AVERAGE    72

..........................................................


THE PENSACOLA CLIMATE NORMALS FOR TODAY
                         NORMAL    RECORD    YEAR
 MAXIMUM TEMPERATURE (F)   90        98      1952
 MINIMUM TEMPERATURE (F)   74        70      1963
                                             1931
                                             1924


SUNRISE AND SUNSET
JULY 25 2016..........SUNRISE   603 AM CDT   SUNSET   747 PM CDT
JULY 26 2016..........SUNRISE   604 AM CDT   SUNSET   747 PM CDT


-  INDICATES NEGATIVE NUMBERS.
R  INDICATES RECORD WAS SET OR TIED.
MM INDICATES DATA IS MISSING.
T  INDICATES TRACE AMOUNT.




$$
