000
CDUS44 KMOB 240635
CLIPNS


CLIMATE REPORT
NATIONAL WEATHER SERVICE MOBILE AL
125 AM CDT WED MAY 24 2017


...................................

...THE PENSACOLA CLIMATE SUMMARY FOR MAY 23 2017...

CLIMATE NORMAL PERIOD 1981 TO 2010
CLIMATE RECORD PERIOD 1879 TO 2017


WEATHER ITEM   OBSERVED TIME   RECORD YEAR NORMAL DEPARTURE LAST
                VALUE   (LST)  VALUE       VALUE  FROM      YEAR
                                                  NORMAL
..................................................................
TEMPERATURE (F)
 YESTERDAY
  MAXIMUM         86    123 PM  98    1996  85      1       84
  MINIMUM         75    346 AM  47    1883  68      7       59
  AVERAGE         81                        76      5       72

PRECIPITATION (IN)
  YESTERDAY        0.12          2.39 1979   0.14  -0.02     0.00
  MONTH TO DATE    5.26                      3.04   2.22     1.88
  SINCE MAR 1     11.33                     13.17  -1.84    15.53
  SINCE JAN 1     26.68                     22.86   3.82    24.18

DEGREE DAYS
 COOLING
  YESTERDAY       16                        11      5        7
  MONTH TO DATE  244                       198     46      237
  SINCE MAR 1    582                       332    250      464
  SINCE JAN 1    692                       346    346      482
..................................................................


WIND (MPH)
  HIGHEST WIND SPEED    28   HIGHEST WIND DIRECTION    SW (220)
  HIGHEST GUST SPEED    37   HIGHEST GUST DIRECTION    SW (230)
  AVERAGE WIND SPEED    14.7


SKY COVER
  POSSIBLE SUNSHINE  MM
  AVERAGE SKY COVER 0.7


WEATHER CONDITIONS
 THE FOLLOWING WEATHER WAS RECORDED YESTERDAY.
  LIGHT RAIN


RELATIVE HUMIDITY (PERCENT)
 HIGHEST    87           100 AM
 LOWEST     61           200 PM
 AVERAGE    74

..........................................................


THE PENSACOLA CLIMATE NORMALS FOR TODAY
                         NORMAL    RECORD    YEAR
 MAXIMUM TEMPERATURE (F)   85        97      2005
 MINIMUM TEMPERATURE (F)   68        54      1967
                                             1883


SUNRISE AND SUNSET
MAY 24 2017...........SUNRISE   550 AM CDT   SUNSET   742 PM CDT
MAY 25 2017...........SUNRISE   549 AM CDT   SUNSET   743 PM CDT


-  INDICATES NEGATIVE NUMBERS.
R  INDICATES RECORD WAS SET OR TIED.
MM INDICATES DATA IS MISSING.
T  INDICATES TRACE AMOUNT.




$$
