976
CDUS44 KMOB 212245
CLIPNS


CLIMATE REPORT
NATIONAL WEATHER SERVICE MOBILE AL
545 PM CDT MON AUG 21 2017


...................................

...THE PENSACOLA CLIMATE SUMMARY FOR AUGUST 21 2017...
VALID TODAY AS OF 0500 PM LOCAL TIME.

CLIMATE NORMAL PERIOD 1981 TO 2010
CLIMATE RECORD PERIOD 1879 TO 2017


WEATHER ITEM   OBSERVED TIME   RECORD YEAR NORMAL DEPARTURE LAST
                VALUE   (LST)  VALUE       VALUE  FROM      YEAR
                                                  NORMAL
..................................................................
TEMPERATURE (F)
 TODAY
  MAXIMUM         93   1108 AM  98    1983  89      4       91
  MINIMUM         80    529 AM  66    1940  74      6       76
  AVERAGE         87                        82      5       84

PRECIPITATION (IN)
  TODAY            0.02          3.63 1988   0.21  -0.19     0.15
  MONTH TO DATE   12.49                      4.79   7.70    11.49
  SINCE MAR 1     51.55                     33.11  18.44    41.58
  SINCE JAN 1     66.90                     42.80  24.10    50.23

DEGREE DAYS
 COOLING
  TODAY           22                        17      5       19
  MONTH TO DATE  404                       357     47      378
  SINCE JUN 1   1495                      1355    140     1509
  SINCE JAN 1   2291                      1803    488     2105
..................................................................


WIND (MPH)
  HIGHEST WIND SPEED    13   HIGHEST WIND DIRECTION     N (20)
  HIGHEST GUST SPEED    19   HIGHEST GUST DIRECTION     E (80)
  AVERAGE WIND SPEED     4.2


SKY COVER
  POSSIBLE SUNSHINE  MM
  AVERAGE SKY COVER 0.2


WEATHER CONDITIONS
 THE FOLLOWING WEATHER WAS RECORDED TODAY.
  THUNDERSTORM
  RAIN
  LIGHT RAIN


RELATIVE HUMIDITY (PERCENT)
 HIGHEST    85           300 AM
 LOWEST     56          1100 AM
 AVERAGE    71

..........................................................


THE PENSACOLA CLIMATE NORMALS FOR TOMORROW
                         NORMAL    RECORD    YEAR
 MAXIMUM TEMPERATURE (F)   89       101      1951
 MINIMUM TEMPERATURE (F)   74        62      1956


SUNRISE AND SUNSET
AUGUST 21 2017........SUNRISE   619 AM CDT   SUNSET   724 PM CDT
AUGUST 22 2017........SUNRISE   620 AM CDT   SUNSET   723 PM CDT


-  INDICATES NEGATIVE NUMBERS.
R  INDICATES RECORD WAS SET OR TIED.
MM INDICATES DATA IS MISSING.
T  INDICATES TRACE AMOUNT.




$$
