000
CDUS44 KMOB 040645
CLIPNS


CLIMATE REPORT
NATIONAL WEATHER SERVICE MOBILE AL
145 AM CDT FRI SEP 4 2015


...................................

...THE PENSACOLA CLIMATE SUMMARY FOR SEPTEMBER 3 2015...

CLIMATE NORMAL PERIOD 1981 TO 2010
CLIMATE RECORD PERIOD 1879 TO 2015


WEATHER ITEM   OBSERVED TIME   RECORD YEAR NORMAL DEPARTURE LAST
                VALUE   (LST)  VALUE       VALUE  FROM      YEAR
                                                  NORMAL
..................................................................
TEMPERATURE (F)
 YESTERDAY
  MAXIMUM         90    139 PM  96    1997  89      1       91
  MINIMUM         77   1159 PM  64    1995  73      4       74
  AVERAGE         84                        81      3       83

PRECIPITATION (IN)
  YESTERDAY        0.00          4.39 1929   0.21  -0.21     0.05
  MONTH TO DATE    0.00                      0.62  -0.62     0.05
  SINCE MAR 1     35.30                     35.70  -0.40    57.47
  SINCE JAN 1     45.71                     45.39   0.32    68.80

DEGREE DAYS
 COOLING
  YESTERDAY       19                        16      3       18
  MONTH TO DATE   57                        48      9       54
  SINCE SEP 1     57                        48      9       54
  SINCE JAN 1   2357                      2015    342     2010
..................................................................


WIND (MPH)
  HIGHEST WIND SPEED    17   HIGHEST WIND DIRECTION    SW (210)
  HIGHEST GUST SPEED    22   HIGHEST GUST DIRECTION     S (180)
  AVERAGE WIND SPEED     6.2


SKY COVER
  POSSIBLE SUNSHINE  MM
  AVERAGE SKY COVER 0.1


WEATHER CONDITIONS
 THE FOLLOWING WEATHER WAS RECORDED YESTERDAY.
  NO SIGNIFICANT WEATHER WAS OBSERVED.


RELATIVE HUMIDITY (PERCENT)
 HIGHEST    85           200 AM
 LOWEST     55           100 PM
 AVERAGE    70

..........................................................


THE PENSACOLA CLIMATE NORMALS FOR TODAY
                         NORMAL    RECORD    YEAR
 MAXIMUM TEMPERATURE (F)   88        98      1990
 MINIMUM TEMPERATURE (F)   73        62      1952


SUNRISE AND SUNSET
SEPTEMBER  4 2015.....SUNRISE   627 AM CDT   SUNSET   708 PM CDT
SEPTEMBER  5 2015.....SUNRISE   627 AM CDT   SUNSET   707 PM CDT


-  INDICATES NEGATIVE NUMBERS.
R  INDICATES RECORD WAS SET OR TIED.
MM INDICATES DATA IS MISSING.
T  INDICATES TRACE AMOUNT.




$$
