000
CDUS44 KMOB 020636
CLIPNS


CLIMATE REPORT
NATIONAL WEATHER SERVICE MOBILE AL
126 AM CDT SUN AUG 2 2015


...................................

...THE PENSACOLA CLIMATE SUMMARY FOR AUGUST 1 2015...

CLIMATE NORMAL PERIOD 1981 TO 2010
CLIMATE RECORD PERIOD 1879 TO 2015


WEATHER ITEM   OBSERVED TIME   RECORD YEAR NORMAL DEPARTURE LAST
                VALUE   (LST)  VALUE       VALUE  FROM      YEAR
                                                  NORMAL
..................................................................
TEMPERATURE (F)
 YESTERDAY
  MAXIMUM         90    214 PM 104    1986  90      0       87
  MINIMUM         75    329 AM  67    1997  74      1       68
                                      1967
  AVERAGE         83                        82      1       78

PRECIPITATION (IN)
  YESTERDAY        0.62          5.77 1955   0.25   0.37     0.00
  MONTH TO DATE    0.62                      0.25   0.37     0.00
  SINCE MAR 1     29.21                     28.57   0.64    56.05
  SINCE JAN 1     39.62                     38.26   1.36    67.38

DEGREE DAYS
 COOLING
  YESTERDAY       18                        17      1       13
  MONTH TO DATE   18                        17      1       13
  SINCE JUN 1   1112                      1015     97      986
  SINCE JAN 1   1765                      1463    302     1437
..................................................................


WIND (MPH)
  HIGHEST WIND SPEED    21   HIGHEST WIND DIRECTION    SW (220)
  HIGHEST GUST SPEED    28   HIGHEST GUST DIRECTION    NW (330)
  AVERAGE WIND SPEED     5.8


SKY COVER
  POSSIBLE SUNSHINE  MM
  AVERAGE SKY COVER 0.4


WEATHER CONDITIONS
 THE FOLLOWING WEATHER WAS RECORDED YESTERDAY.
  THUNDERSTORM
  HEAVY RAIN
  LIGHT RAIN
  FOG


RELATIVE HUMIDITY (PERCENT)
 HIGHEST   100           500 AM
 LOWEST     65           100 PM
 AVERAGE    83

..........................................................


THE PENSACOLA CLIMATE NORMALS FOR TODAY
                         NORMAL    RECORD    YEAR
 MAXIMUM TEMPERATURE (F)   90        99      1986
 MINIMUM TEMPERATURE (F)   74        69      1925


SUNRISE AND SUNSET
AUGUST  2 2015........SUNRISE   607 AM CDT   SUNSET   742 PM CDT
AUGUST  3 2015........SUNRISE   608 AM CDT   SUNSET   742 PM CDT


-  INDICATES NEGATIVE NUMBERS.
R  INDICATES RECORD WAS SET OR TIED.
MM INDICATES DATA IS MISSING.
T  INDICATES TRACE AMOUNT.




$$
