000
CDUS44 KMOB 210635
CLIPNS


CLIMATE REPORT
NATIONAL WEATHER SERVICE MOBILE AL
1225 AM CST SUN JAN 21 2018


...................................

...THE PENSACOLA CLIMATE SUMMARY FOR JANUARY 20 2018...

CLIMATE NORMAL PERIOD 1981 TO 2010
CLIMATE RECORD PERIOD 1879 TO 2018


WEATHER ITEM   OBSERVED TIME   RECORD YEAR NORMAL DEPARTURE LAST
                VALUE   (LST)  VALUE       VALUE  FROM      YEAR
                                                  NORMAL
..................................................................
TEMPERATURE (F)
 YESTERDAY
  MAXIMUM         64    309 PM  77    2017  61      3       77
  MINIMUM         37    113 AM  11    1985  42     -5       64
  AVERAGE         51                        51      0       71

PRECIPITATION (IN)
  YESTERDAY        0.00          2.02 1958   0.16  -0.16     0.11
  MONTH TO DATE    1.30                      2.85  -1.55    10.10
  SINCE MAR 1     77.86                     58.43  19.43    66.07
  SINCE JAN 1      1.30                      2.85  -1.55    10.10

SNOWFALL (IN)
  YESTERDAY        0.0          MM      MM   0.0    0.0      0.0
  MONTH TO DATE    T                         0.0    0.0      0.0
  SINCE MAR 1      T                         0.0    0.0      0.0
  SINCE JUL 1      T                         0.0    0.0      0.0
  SNOW DEPTH       0

DEGREE DAYS
 HEATING
  YESTERDAY       14                        14      0        0
  MONTH TO DATE  401                       280    121      118
  SINCE DEC 1    722                       650     72      312
  SINCE JUL 1    857                       862     -5      381

 COOLING
  YESTERDAY        0                         0      0        6
  MONTH TO DATE    0                         0      0       60
  SINCE DEC 1     37                        13     24      107
  SINCE JAN 1      0                         0      0       60
..................................................................


WIND (MPH)
  HIGHEST WIND SPEED    13   HIGHEST WIND DIRECTION     S (160)
  HIGHEST GUST SPEED    19   HIGHEST GUST DIRECTION    SE (150)
  AVERAGE WIND SPEED     4.9


SKY COVER
  POSSIBLE SUNSHINE  MM
  AVERAGE SKY COVER 0.1


WEATHER CONDITIONS
 THE FOLLOWING WEATHER WAS RECORDED YESTERDAY.
  NO SIGNIFICANT WEATHER WAS OBSERVED.


RELATIVE HUMIDITY (PERCENT)
 HIGHEST    76           100 AM
 LOWEST     24          1000 AM
 AVERAGE    50

..........................................................


THE PENSACOLA CLIMATE NORMALS FOR TODAY
                         NORMAL    RECORD    YEAR
 MAXIMUM TEMPERATURE (F)   61        78      1993
 MINIMUM TEMPERATURE (F)   42         5      1985


SUNRISE AND SUNSET
JANUARY 21 2018.......SUNRISE   645 AM CST   SUNSET   516 PM CST
JANUARY 22 2018.......SUNRISE   645 AM CST   SUNSET   517 PM CST


-  INDICATES NEGATIVE NUMBERS.
R  INDICATES RECORD WAS SET OR TIED.
MM INDICATES DATA IS MISSING.
T  INDICATES TRACE AMOUNT.




$$
