000
CDUS44 KMOB 200705
CLIPNS


CLIMATE REPORT
NATIONAL WEATHER SERVICE MOBILE AL
205 AM CDT MON OCT 20 2014


...................................

...THE PENSACOLA CLIMATE SUMMARY FOR OCTOBER 19 2014...

CLIMATE NORMAL PERIOD 1981 TO 2010
CLIMATE RECORD PERIOD 1879 TO 2014


WEATHER ITEM   OBSERVED TIME   RECORD YEAR NORMAL DEPARTURE LAST
                VALUE   (LST)  VALUE       VALUE  FROM      YEAR
                                                  NORMAL
..................................................................
TEMPERATURE (F)
 YESTERDAY
  MAXIMUM         77    317 PM  88    2006  78     -1       73
  MINIMUM         54   1159 PM  39    1989  59     -5       63
  AVERAGE         66                        69     -3       68

PRECIPITATION (IN)
  YESTERDAY        0.00          3.36 2007   0.15  -0.15     0.01
  MONTH TO DATE    3.68                      3.24   0.44     1.75
  SINCE MAR 1     66.38                     44.30  22.08    51.14
  SINCE JAN 1     77.71                     53.99  23.72    65.41

DEGREE DAYS
 HEATING
  YESTERDAY        0                         1     -1        0
  MONTH TO DATE    6                         9     -3        0
  SINCE SEP 1      6                        10     -4        0
  SINCE JUL 1      6                        10     -4        0

 COOLING
  YESTERDAY        1                         5     -4        3
  MONTH TO DATE  139                       133      6      195
  SINCE SEP 1    540                       536      4      671
  SINCE JAN 1   2496                      2503     -7     2653
..................................................................


WIND (MPH)
  HIGHEST WIND SPEED    13   HIGHEST WIND DIRECTION     N (20)
  HIGHEST GUST SPEED    18   HIGHEST GUST DIRECTION    NE (50)
  AVERAGE WIND SPEED     5.8


SKY COVER
  POSSIBLE SUNSHINE  MM
  AVERAGE SKY COVER 0.0


WEATHER CONDITIONS
 THE FOLLOWING WEATHER WAS RECORDED YESTERDAY.
  NO SIGNIFICANT WEATHER WAS OBSERVED.


RELATIVE HUMIDITY (PERCENT)
 HIGHEST    80           300 AM
 LOWEST     33           200 PM
 AVERAGE    57

..........................................................


THE PENSACOLA CLIMATE NORMALS FOR TODAY
                         NORMAL    RECORD    YEAR
 MAXIMUM TEMPERATURE (F)   78        89      2004
 MINIMUM TEMPERATURE (F)   59        35      1989


SUNRISE AND SUNSET
OCTOBER 20 2014.......SUNRISE   654 AM CDT   SUNSET   612 PM CDT
OCTOBER 21 2014.......SUNRISE   655 AM CDT   SUNSET   611 PM CDT


-  INDICATES NEGATIVE NUMBERS.
R  INDICATES RECORD WAS SET OR TIED.
MM INDICATES DATA IS MISSING.
T  INDICATES TRACE AMOUNT.




$$
