214
CDUS41 KALY 300630
CLIPOU


CLIMATE REPORT
NATIONAL WEATHER SERVICE ALBANY NY
226 AM EDT FRI SEP 30 2016


...................................

...THE POUGHKEEPSIE NY CLIMATE SUMMARY FOR SEPTEMBER 29 2016...

CLIMATE NORMAL PERIOD 1981 TO 2010
CLIMATE RECORD PERIOD 1949 TO 2016


WEATHER ITEM   OBSERVED TIME   RECORD YEAR NORMAL DEPARTURE LAST
                VALUE   (LST)  VALUE       VALUE  FROM      YEAR
                                                  NORMAL
..................................................................
TEMPERATURE (F)
 YESTERDAY
  MAXIMUM         68   1246 PM  84    1959  70     -2       83
  MINIMUM         56   1159 PM  27    1957  46     10       66
  AVERAGE         62                        58      4       75

PRECIPITATION (IN)
  YESTERDAY        0.00          2.67 2011   0.16  -0.16     0.12
  MONTH TO DATE    0.81                      4.13  -3.32     1.81
  SINCE SEP 1      0.81                      4.13  -3.32     1.81
  SINCE JAN 1     23.13                     34.91 -11.78    20.77

DEGREE DAYS
 HEATING
  YESTERDAY        3                         8     -5        0
  MONTH TO DATE   64                       116    -52       32
  SINCE SEP 1     64                       116    -52       32
  SINCE JUL 1     66                       133    -67       32

 COOLING
  YESTERDAY        0                         1     -1       10
  MONTH TO DATE  107                        65     42      157
  SINCE SEP 1    107                        65     42      157
  SINCE JAN 1   1049                       669    380      962
..................................................................


WIND (MPH)
  HIGHEST WIND SPEED    16   HIGHEST WIND DIRECTION    NE (50)
  HIGHEST GUST SPEED    24   HIGHEST GUST DIRECTION    NE (60)
  AVERAGE WIND SPEED     7.8


SKY COVER
  AVERAGE SKY COVER 0.5



RELATIVE HUMIDITY (PERCENT)
 HIGHEST    83          1200 AM
 LOWEST     45          1200 PM
 AVERAGE    64

..........................................................


THE POUGHKEEPSIE NY CLIMATE NORMALS FOR TODAY
                         NORMAL    RECORD    YEAR
 MAXIMUM TEMPERATURE (F)   69        88      1986
 MINIMUM TEMPERATURE (F)   45        28      1951


SUNRISE AND SUNSET
SEPTEMBER 30 2016.....SUNRISE   652 AM EDT   SUNSET   638 PM EDT
OCTOBER  1 2016.......SUNRISE   653 AM EDT   SUNSET   636 PM EDT


-  INDICATES NEGATIVE NUMBERS.
R  INDICATES RECORD WAS SET OR TIED.
MM INDICATES DATA IS MISSING.
T  INDICATES TRACE AMOUNT.




RECORDS FOR KPOU DATE BACK TO 1949...
HOWEVER...DATA IS MISSING FROM JANUARY 1993 - JULY 2000.
$$
