000
CDUS41 KALY 300629
CLIPOU


CLIMATE REPORT
NATIONAL WEATHER SERVICE ALBANY NY
228 AM EDT MON MAR 30 2015


...................................

...THE POUGHKEEPSIE NY CLIMATE SUMMARY FOR MARCH 29 2015...

CLIMATE NORMAL PERIOD 1981 TO 2010
CLIMATE RECORD PERIOD 1949 TO 2015


WEATHER ITEM   OBSERVED TIME   RECORD YEAR NORMAL DEPARTURE LAST
                VALUE   (LST)  VALUE       VALUE  FROM      YEAR
                                                  NORMAL
..................................................................
TEMPERATURE (F)
 YESTERDAY
  MAXIMUM         45    544 PM  80    1986  53     -8       50
  MINIMUM         18    618 AM  11    1959  30    -12       31
  AVERAGE         32                        42    -10       41

PRECIPITATION (IN)
  YESTERDAY        0.00          1.27 2014   0.11  -0.11     1.27
  MONTH TO DATE    2.06                      3.33  -1.27     2.30
  SINCE MAR 1      2.06                      3.33  -1.27     2.30
  SINCE JAN 1      6.36                      9.07  -2.71     6.58

DEGREE DAYS
 HEATING
  YESTERDAY       33                        23     10       24
  MONTH TO DATE  950                       828    122      983
  SINCE MAR 1    950                       828    122      983
  SINCE JUL 1   5635                      5399    236     5686

 COOLING
  YESTERDAY        0                         0      0        0
  MONTH TO DATE    0                         0      0        0
  SINCE MAR 1      0                         0      0        0
  SINCE JAN 1      0                         0      0        0
..................................................................


WIND (MPH)
  HIGHEST WIND SPEED    12   HIGHEST WIND DIRECTION    SW (230)
  HIGHEST GUST SPEED    17   HIGHEST GUST DIRECTION    SW (230)
  AVERAGE WIND SPEED     2.8


SKY COVER
  AVERAGE SKY COVER 0.1



RELATIVE HUMIDITY (PERCENT)
 HIGHEST    68           700 AM
 LOWEST     16           400 PM
 AVERAGE    42

..........................................................


THE POUGHKEEPSIE NY CLIMATE NORMALS FOR TODAY
                         NORMAL    RECORD    YEAR
 MAXIMUM TEMPERATURE (F)   54        84      1977
 MINIMUM TEMPERATURE (F)   31        15      1970


SUNRISE AND SUNSET
MARCH 30 2015.........SUNRISE   642 AM EDT   SUNSET   718 PM EDT
MARCH 31 2015.........SUNRISE   641 AM EDT   SUNSET   719 PM EDT


-  INDICATES NEGATIVE NUMBERS.
R  INDICATES RECORD WAS SET OR TIED.
MM INDICATES DATA IS MISSING.
T  INDICATES TRACE AMOUNT.




RECORDS FOR KPOU DATE BACK TO 1949...
HOWEVER...DATA IS MISSING FROM JANUARY 1993 - JULY 2000.
$$
