000
CDUS46 KLOX 090904
CLIPRB


CLIMATE REPORT
NATIONAL WEATHER SERVICE LOS ANGELES/OXNARD CA
103 AM PST FRI DEC 9 2016


...................................

...THE PASO ROBLES AIRPORT CA CLIMATE SUMMARY FOR DECEMBER 8 2016...

CLIMATE NORMAL PERIOD 1981 TO 2010
CLIMATE RECORD PERIOD 1948 TO 2016


WEATHER ITEM   OBSERVED TIME   RECORD YEAR NORMAL DEPARTURE LAST
                VALUE   (LST)  VALUE       VALUE  FROM      YEAR
                                                  NORMAL
..................................................................
TEMPERATURE (F)
 YESTERDAY
  MAXIMUM         59    333 PM  76    1979  60     -1       65
  MINIMUM         45    342 AM  18    1956  34     11       39
  AVERAGE         52                        47      5       52

PRECIPITATION (IN)
  YESTERDAY        0.03          0.25 1949   0.06  -0.03     0.00
  MONTH TO DATE    0.03                      0.39  -0.36     0.08
  SINCE OCT 1      2.68                      2.04   0.64     1.37
  SINCE JAN 1      8.68                     11.16  -2.48     6.68

SNOWFALL (IN)
  YESTERDAY       MM
  MONTH TO DATE    0.0
  SINCE DEC 1      0.0
  SINCE JUL 1      0.0

DEGREE DAYS
 HEATING
  YESTERDAY       13                        18     -5       13
  MONTH TO DATE  144                       141      3      125
  SINCE DEC 1    144                       141      3      125
  SINCE JUL 1    528                       690   -162      561

 COOLING
  YESTERDAY        0                         0      0        0
  MONTH TO DATE    0                         0      0        0
  SINCE DEC 1      0                         0      0        0
  SINCE JAN 1   1073                       927    146     1315
..................................................................


WIND (MPH)
  HIGHEST WIND SPEED    12   HIGHEST WIND DIRECTION     S (180)
  HIGHEST GUST SPEED    14   HIGHEST GUST DIRECTION     S (190)
  AVERAGE WIND SPEED     4.9


SKY COVER
  POSSIBLE SUNSHINE  MM
  AVERAGE SKY COVER 1.0


WEATHER CONDITIONS
 THE FOLLOWING WEATHER WAS RECORDED YESTERDAY.
  LIGHT RAIN
  FOG


RELATIVE HUMIDITY (PERCENT)
 HIGHEST   100           200 PM
 LOWEST     82          1200 AM
 AVERAGE    91

..........................................................


THE PASO ROBLES AIRPORT CA CLIMATE NORMALS FOR TODAY
                         NORMAL    RECORD    YEAR
 MAXIMUM TEMPERATURE (F)   60        77      1975
 MINIMUM TEMPERATURE (F)   34        17      1956


SUNRISE AND SUNSET
DECEMBER  9 2016......SUNRISE   701 AM PST   SUNSET   449 PM PST
DECEMBER 10 2016......SUNRISE   702 AM PST   SUNSET   449 PM PST


-  INDICATES NEGATIVE NUMBERS.
R  INDICATES RECORD WAS SET OR TIED.
MM INDICATES DATA IS MISSING.
T  INDICATES TRACE AMOUNT.




$$
