000
CDUS46 KLOX 230126
CLIPRB


CLIMATE REPORT
NATIONAL WEATHER SERVICE LOS ANGELES/OXNARD CA
626 PM PDT TUE AUG 22 2017


...................................

...THE PASO ROBLES AIRPORT CA CLIMATE SUMMARY FOR AUGUST 22 2017...
VALID TODAY AS OF 0600 PM LOCAL TIME.

CLIMATE NORMAL PERIOD 1981 TO 2010
CLIMATE RECORD PERIOD 1948 TO 2017


WEATHER ITEM   OBSERVED TIME   RECORD YEAR NORMAL DEPARTURE LAST
                VALUE   (LST)  VALUE       VALUE  FROM      YEAR
                                                  NORMAL
..................................................................
TEMPERATURE (F)
 TODAY
  MAXIMUM         98    234 PM 107    1982  93      5       92
  MINIMUM         55    609 AM  43    1987  53      2       56
  AVERAGE         77                        73      4       74

PRECIPITATION (IN)
  TODAY            T   R         T    2009   0.00   0.00     0.00
  MONTH TO DATE    T                         0.06  -0.06     0.00
  SINCE OCT 1     16.14                     12.51   3.63     8.06
  SINCE JAN 1     12.46                      8.85   3.61     6.00

SNOWFALL (IN)
  TODAY            0.0
  MONTH TO DATE    0.0
  SINCE JUN 1      0.0
  SINCE JUL 1      0.0

DEGREE DAYS
 HEATING
  TODAY            0                         0      0        0
  MONTH TO DATE    1                         0      1        0
  SINCE JUN 1     13                        31    -18        8
  SINCE JUL 1      1                         4     -3        0

 COOLING
  TODAY           12                         8      4        9
  MONTH TO DATE  230                       189     41      174
  SINCE JUN 1    865                       598    267      759
  SINCE JAN 1    957                       666    291      820
..................................................................


WIND (MPH)
  HIGHEST WIND SPEED    21   HIGHEST WIND DIRECTION     S (200)
  HIGHEST GUST SPEED    25   HIGHEST GUST DIRECTION     S (190)
  AVERAGE WIND SPEED     4.3


SKY COVER
  POSSIBLE SUNSHINE  MM
  AVERAGE SKY COVER 0.0


WEATHER CONDITIONS
 THE FOLLOWING WEATHER WAS RECORDED TODAY.
  NO SIGNIFICANT WEATHER WAS OBSERVED.


RELATIVE HUMIDITY (PERCENT)
 HIGHEST    93           600 AM
 LOWEST     19           200 PM
 AVERAGE    56

..........................................................


THE PASO ROBLES AIRPORT CA CLIMATE NORMALS FOR TOMORROW
                         NORMAL    RECORD    YEAR
 MAXIMUM TEMPERATURE (F)   93       105      1964
 MINIMUM TEMPERATURE (F)   53        44      1960


SUNRISE AND SUNSET
AUGUST 22 2017........SUNRISE   627 AM PDT   SUNSET   743 PM PDT
AUGUST 23 2017........SUNRISE   628 AM PDT   SUNSET   741 PM PDT


-  INDICATES NEGATIVE NUMBERS.
R  INDICATES RECORD WAS SET OR TIED.
MM INDICATES DATA IS MISSING.
T  INDICATES TRACE AMOUNT.




$$
