000
CDUS46 KLOX 040910
CLIPRB


CLIMATE REPORT
NATIONAL WEATHER SERVICE LOS ANGELES/OXNARD CA
209 AM PDT WED MAY 4 2016


...................................

...THE PASO ROBLES AIRPORT CA CLIMATE SUMMARY FOR MAY 3 2016...

CLIMATE NORMAL PERIOD 1981 TO 2010
CLIMATE RECORD PERIOD 1948 TO 2016


WEATHER ITEM   OBSERVED TIME   RECORD YEAR NORMAL DEPARTURE LAST
                VALUE   (LST)  VALUE       VALUE  FROM      YEAR
                                                  NORMAL
..................................................................
TEMPERATURE (F)
 YESTERDAY
  MAXIMUM         84   1239 PM 101    2004  78      6       69
  MINIMUM         46    520 AM  31    1964  44      2       46
  AVERAGE         65                        61      4       58

PRECIPITATION (IN)
  YESTERDAY        0.00          0.29 1998   0.01  -0.01     0.00
  MONTH TO DATE    0.00                      0.04  -0.04     0.00
  SINCE OCT 1      8.06                     12.21  -4.15     8.48
  SINCE JAN 1      6.00                      8.55  -2.55     2.76

SNOWFALL (IN)
  YESTERDAY        0.0
  MONTH TO DATE    0.0
  SINCE MAR 1      0.0
  SINCE JUL 1      0.0

DEGREE DAYS
 HEATING
  YESTERDAY        0                         5     -5        7
  MONTH TO DATE    2                        16    -14       10
  SINCE MAR 1    404                       635   -231      338
  SINCE JUL 1   2191                      2728   -537     1698

 COOLING
  YESTERDAY        0                         1     -1        0
  MONTH TO DATE    0                         3     -3        4
  SINCE MAR 1      5                        12     -7       44
  SINCE JAN 1      5                        12     -7       44
..................................................................


WIND (MPH)
  HIGHEST WIND SPEED    20   HIGHEST WIND DIRECTION    SW (210)
  HIGHEST GUST SPEED    23   HIGHEST GUST DIRECTION    SW (210)
  AVERAGE WIND SPEED     6.4


SKY COVER
  POSSIBLE SUNSHINE  MM
  AVERAGE SKY COVER 0.0


WEATHER CONDITIONS
 THE FOLLOWING WEATHER WAS RECORDED YESTERDAY.
  FOG


RELATIVE HUMIDITY (PERCENT)
 HIGHEST    93           200 AM
 LOWEST     26          1200 PM
 AVERAGE    60

..........................................................


THE PASO ROBLES AIRPORT CA CLIMATE NORMALS FOR TODAY
                         NORMAL    RECORD    YEAR
 MAXIMUM TEMPERATURE (F)   78        98      1990
 MINIMUM TEMPERATURE (F)   44        32      1964


SUNRISE AND SUNSET
MAY  4 2016...........SUNRISE   607 AM PDT   SUNSET   752 PM PDT
MAY  5 2016...........SUNRISE   606 AM PDT   SUNSET   753 PM PDT


-  INDICATES NEGATIVE NUMBERS.
R  INDICATES RECORD WAS SET OR TIED.
MM INDICATES DATA IS MISSING.
T  INDICATES TRACE AMOUNT.




$$
