000
CDUS46 KLOX 180916
CLIPRB


CLIMATE REPORT
NATIONAL WEATHER SERVICE LOS ANGELES/OXNARD CA
116 AM PST MON DEC 18 2017


...................................

...THE PASO ROBLES AIRPORT CA CLIMATE SUMMARY FOR DECEMBER 17 2017...

CLIMATE NORMAL PERIOD 1981 TO 2010
CLIMATE RECORD PERIOD 1948 TO 2017


WEATHER ITEM   OBSERVED TIME   RECORD YEAR NORMAL DEPARTURE LAST
                VALUE   (LST)  VALUE       VALUE  FROM      YEAR
                                                  NORMAL
..................................................................
TEMPERATURE (F)
 YESTERDAY
  MAXIMUM         66    207 PM  78    1998  59      7       52
  MINIMUM         23    654 AM  21    1975  33    -10       30
  AVERAGE         45                        46     -1       41

PRECIPITATION (IN)
  YESTERDAY        0.00          0.70 2010   0.07  -0.07     0.00
  MONTH TO DATE    0.00                      0.94  -0.94     0.75
  SINCE OCT 1      0.25                      2.59  -2.34     3.40
  SINCE JAN 1     12.74                     11.71   1.03     9.40

SNOWFALL (IN)
  YESTERDAY        0.0
  MONTH TO DATE    0.0
  SINCE DEC 1      0.0
  SINCE JUL 1      0.0

DEGREE DAYS
 HEATING
  YESTERDAY       20                        19      1       24
  MONTH TO DATE  280                       310    -30      238
  SINCE DEC 1    280                       310    -30      238
  SINCE JUL 1    657                       859   -202      622

 COOLING
  YESTERDAY        0                         0      0        0
  MONTH TO DATE    0                         0      0        0
  SINCE DEC 1      0                         0      0        0
  SINCE JAN 1   1370                       927    443     1073
..................................................................


WIND (MPH)
  HIGHEST WIND SPEED    17   HIGHEST WIND DIRECTION     E (90)
  HIGHEST GUST SPEED    20   HIGHEST GUST DIRECTION     E (80)
  AVERAGE WIND SPEED     5.8


SKY COVER
  POSSIBLE SUNSHINE  MM
  AVERAGE SKY COVER 0.0


WEATHER CONDITIONS
 THE FOLLOWING WEATHER WAS RECORDED YESTERDAY.
  NO SIGNIFICANT WEATHER WAS OBSERVED.


RELATIVE HUMIDITY (PERCENT)
 HIGHEST    65           700 AM
 LOWEST     13           200 PM
 AVERAGE    39

..........................................................


THE PASO ROBLES AIRPORT CA CLIMATE NORMALS FOR TODAY
                         NORMAL    RECORD    YEAR
 MAXIMUM TEMPERATURE (F)   59        73      2000
 MINIMUM TEMPERATURE (F)   33        22      1965


SUNRISE AND SUNSET
DECEMBER 18 2017......SUNRISE   707 AM PST   SUNSET   452 PM PST
DECEMBER 19 2017......SUNRISE   707 AM PST   SUNSET   452 PM PST


-  INDICATES NEGATIVE NUMBERS.
R  INDICATES RECORD WAS SET OR TIED.
MM INDICATES DATA IS MISSING.
T  INDICATES TRACE AMOUNT.




$$
