000
CDUS46 KLOX 190857
CLIPRB


CLIMATE REPORT
NATIONAL WEATHER SERVICE LOS ANGELES/OXNARD CA
157 AM PDT THU OCT 19 2017


...................................

...THE PASO ROBLES AIRPORT CA CLIMATE SUMMARY FOR OCTOBER 18 2017...

CLIMATE NORMAL PERIOD 1981 TO 2010
CLIMATE RECORD PERIOD 1948 TO 2017


WEATHER ITEM   OBSERVED TIME   RECORD YEAR NORMAL DEPARTURE LAST
                VALUE   (LST)  VALUE       VALUE  FROM      YEAR
                                                  NORMAL
..................................................................
TEMPERATURE (F)
 YESTERDAY
  MAXIMUM         89    306 PM  95    1991  78     11       75
  MINIMUM         50   1159 PM  28    1949  44      6       42
  AVERAGE         70                        61      9       59

PRECIPITATION (IN)
  YESTERDAY        T             0.05 1972   0.02  -0.02     0.00
  MONTH TO DATE    T                         0.27  -0.27     0.15
  SINCE OCT 1      T                         0.27  -0.27     0.15
  SINCE JAN 1     12.49                      9.39   3.10     6.15

SNOWFALL (IN)
  YESTERDAY        0.0
  MONTH TO DATE    0.0
  SINCE SEP 1      0.0
  SINCE JUL 1      0.0

DEGREE DAYS
 HEATING
  YESTERDAY        0                         5     -5        6
  MONTH TO DATE   54                        57     -3       59
  SINCE SEP 1     70                        81    -11       77
  SINCE JUL 1     71                        89    -18       77

 COOLING
  YESTERDAY        5                         1      4        0
  MONTH TO DATE   16                        32    -16       10
  SINCE SEP 1    240                       190     50      174
  SINCE JAN 1   1340                       923    417     1063
..................................................................


WIND (MPH)
  HIGHEST WIND SPEED    18   HIGHEST WIND DIRECTION    NW (310)
  HIGHEST GUST SPEED    21   HIGHEST GUST DIRECTION    NW (310)
  AVERAGE WIND SPEED     4.9


SKY COVER
  POSSIBLE SUNSHINE  MM
  AVERAGE SKY COVER 0.1


WEATHER CONDITIONS
 THE FOLLOWING WEATHER WAS RECORDED YESTERDAY.
  NO SIGNIFICANT WEATHER WAS OBSERVED.


RELATIVE HUMIDITY (PERCENT)
 HIGHEST    66          1100 PM
 LOWEST      6           200 PM
 AVERAGE    36

..........................................................


THE PASO ROBLES AIRPORT CA CLIMATE NORMALS FOR TODAY
                         NORMAL    RECORD    YEAR
 MAXIMUM TEMPERATURE (F)   78        99      1984
 MINIMUM TEMPERATURE (F)   44        27      1949


SUNRISE AND SUNSET
OCTOBER 19 2017.......SUNRISE   713 AM PDT   SUNSET   621 PM PDT
OCTOBER 20 2017.......SUNRISE   714 AM PDT   SUNSET   620 PM PDT


-  INDICATES NEGATIVE NUMBERS.
R  INDICATES RECORD WAS SET OR TIED.
MM INDICATES DATA IS MISSING.
T  INDICATES TRACE AMOUNT.




$$
