000
CDUS46 KLOX 290915
CLIPRB


CLIMATE REPORT
NATIONAL WEATHER SERVICE LOS ANGELES/OXNARD CA
215 AM PDT THU SEP 29 2016


...................................

...THE PASO ROBLES AIRPORT CA CLIMATE SUMMARY FOR SEPTEMBER 28 2016...

CLIMATE NORMAL PERIOD 1981 TO 2010
CLIMATE RECORD PERIOD 1948 TO 2016


WEATHER ITEM   OBSERVED TIME   RECORD YEAR NORMAL DEPARTURE LAST
                VALUE   (LST)  VALUE       VALUE  FROM      YEAR
                                                  NORMAL
..................................................................
TEMPERATURE (F)
 YESTERDAY
  MAXIMUM         91   1217 PM 107    2010  85      6       89
  MINIMUM         52    625 AM  39    1971  48      4       57
  AVERAGE         72                        67      5       73

PRECIPITATION (IN)
  YESTERDAY        0.00          1.61 1976   0.01  -0.01     0.00
  MONTH TO DATE    0.00                      0.19  -0.19     0.05
  SINCE OCT 1      8.06                     12.75  -4.69    11.03
  SINCE JAN 1      6.00                      9.09  -3.09     5.31

SNOWFALL (IN)
  YESTERDAY        0.0
  MONTH TO DATE    0.0
  SINCE SEP 1      0.0
  SINCE JUL 1      0.0

DEGREE DAYS
 HEATING
  YESTERDAY        0                         2     -2        0
  MONTH TO DATE   18                        19     -1        4
  SINCE SEP 1     18                        19     -1        4
  SINCE JUL 1     18                        27     -9        4

 COOLING
  YESTERDAY        7                         3      4        8
  MONTH TO DATE  156                       152      4      238
  SINCE SEP 1    156                       152      4      238
  SINCE JAN 1   1045                       885    160     1177
..................................................................


WIND (MPH)
  HIGHEST WIND SPEED    21   HIGHEST WIND DIRECTION    SW (230)
  HIGHEST GUST SPEED    25   HIGHEST GUST DIRECTION    SW (220)
  AVERAGE WIND SPEED     5.6


SKY COVER
  POSSIBLE SUNSHINE  MM
  AVERAGE SKY COVER 0.0


WEATHER CONDITIONS
 THE FOLLOWING WEATHER WAS RECORDED YESTERDAY.
  NO SIGNIFICANT WEATHER WAS OBSERVED.


RELATIVE HUMIDITY (PERCENT)
 HIGHEST    60          1100 PM
 LOWEST     18          1000 AM
 AVERAGE    39

..........................................................


THE PASO ROBLES AIRPORT CA CLIMATE NORMALS FOR TODAY
                         NORMAL    RECORD    YEAR
 MAXIMUM TEMPERATURE (F)   85       103      1999
 MINIMUM TEMPERATURE (F)   48        41      1971


SUNRISE AND SUNSET
SEPTEMBER 29 2016.....SUNRISE   656 AM PDT   SUNSET   648 PM PDT
SEPTEMBER 30 2016.....SUNRISE   657 AM PDT   SUNSET   647 PM PDT


-  INDICATES NEGATIVE NUMBERS.
R  INDICATES RECORD WAS SET OR TIED.
MM INDICATES DATA IS MISSING.
T  INDICATES TRACE AMOUNT.




$$
