856
CDUS46 KLOX 290114
CLIPRB


CLIMATE REPORT
NATIONAL WEATHER SERVICE LOS ANGELES/OXNARD CA
614 PM PDT WED JUN 28 2017


...................................

...THE PASO ROBLES AIRPORT CA CLIMATE SUMMARY FOR JUNE 28 2017...
VALID TODAY AS OF 0600 PM LOCAL TIME.

CLIMATE NORMAL PERIOD 1981 TO 2010
CLIMATE RECORD PERIOD 1948 TO 2017


WEATHER ITEM   OBSERVED TIME   RECORD YEAR NORMAL DEPARTURE LAST
                VALUE   (LST)  VALUE       VALUE  FROM      YEAR
                                                  NORMAL
..................................................................
TEMPERATURE (F)
 TODAY
  MAXIMUM         96    355 PM 110    1994  90      6      108
  MINIMUM         54    653 AM  45    1996  52      2       64
  AVERAGE         75                        71      4       86

PRECIPITATION (IN)
  TODAY            0.00          0.02 1991   0.00   0.00     0.00
  MONTH TO DATE    T                         0.02  -0.02      T
  SINCE OCT 1     16.14                     12.45   3.69     8.06
  SINCE JAN 1     12.46                      8.79   3.67     6.00

SNOWFALL (IN)
  TODAY            0.0
  MONTH TO DATE    0.0
  SINCE JUN 1      0.0
  SINCE JUL 1      0.0

DEGREE DAYS
 HEATING
  TODAY            0                         0      0        0
  MONTH TO DATE   12                        27    -15        8
  SINCE JUN 1     12                        27    -15        8
  SINCE JUL 1   2339                      2849   -510     2266

 COOLING
  TODAY           10                         7      3       21
  MONTH TO DATE  236                       128    108      264
  SINCE JUN 1    236                       128    108      264
  SINCE JAN 1    328                       196    132      325
..................................................................


WIND (MPH)
  HIGHEST WIND SPEED    16   HIGHEST WIND DIRECTION    NW (320)
  HIGHEST GUST SPEED    20   HIGHEST GUST DIRECTION    NW (320)
  AVERAGE WIND SPEED     7.8


SKY COVER
  POSSIBLE SUNSHINE  MM
  AVERAGE SKY COVER 0.3


WEATHER CONDITIONS
 THE FOLLOWING WEATHER WAS RECORDED TODAY.
  FOG


RELATIVE HUMIDITY (PERCENT)
 HIGHEST   100           300 AM
 LOWEST     11           300 PM
 AVERAGE    56

..........................................................


THE PASO ROBLES AIRPORT CA CLIMATE NORMALS FOR TOMORROW
                         NORMAL    RECORD    YEAR
 MAXIMUM TEMPERATURE (F)   91       111      2013
 MINIMUM TEMPERATURE (F)   53        43      1989


SUNRISE AND SUNSET
JUNE 28 2017..........SUNRISE   549 AM PDT   SUNSET   822 PM PDT
JUNE 29 2017..........SUNRISE   550 AM PDT   SUNSET   822 PM PDT


-  INDICATES NEGATIVE NUMBERS.
R  INDICATES RECORD WAS SET OR TIED.
MM INDICATES DATA IS MISSING.
T  INDICATES TRACE AMOUNT.




$$
