479
CDUS45 KFGZ 230747
CLIPRC
CLIMATE REPORT
NATIONAL WEATHER SERVICE FLAGSTAFF, AZ
1246 AM MST SUN JUL 23 2017


...................................

...THE PRESCOTT AZ AIRPORT CLIMATE SUMMARY FOR JULY 22 2017...

CLIMATE NORMAL PERIOD 1981 TO 2010
CLIMATE RECORD PERIOD 1948 TO 2017


WEATHER ITEM   OBSERVED TIME   RECORD YEAR NORMAL DEPARTURE LAST
                VALUE   (LST)  VALUE       VALUE  FROM      YEAR
                                                  NORMAL
..................................................................
TEMPERATURE (F)
 YESTERDAY
  MAXIMUM         90    159 PM 100    1996  89      1       96
  MINIMUM         64    615 AM  47    1987  63      1       68
  AVERAGE         77                        76      1

PRECIPITATION (IN)
  YESTERDAY        0.48          1.73 1948   0.08   0.40     0.15
  MONTH TO DATE    3.15                      1.31   1.84     0.62
  SINCE SEP 1     14.80                     10.55   4.25     8.26
  SINCE JAN 1      8.05                      6.24   1.81     4.77

DEGREE DAYS
 HEATING
  YESTERDAY        0                                0
  MONTH TO DATE    0                                0
  SINCE JUL 1      0                                0

 COOLING
  YESTERDAY       12                                1
  MONTH TO DATE  295                               60
  SINCE JAN 1    652                              189
..................................................................


WIND (MPH)
  HIGHEST WIND SPEED    45   HIGHEST WIND DIRECTION    NE (40)
  HIGHEST GUST SPEED    68   HIGHEST GUST DIRECTION    NE (40)
  AVERAGE WIND SPEED     6.1


SKY COVER
  AVERAGE SKY COVER 0.4


WEATHER CONDITIONS
 THE FOLLOWING WEATHER WAS RECORDED YESTERDAY.
  THUNDERSTORM
  LIGHT RAIN
  FOG
  FOG W/VISIBILITY <= 1/4 MILE


RELATIVE HUMIDITY (PERCENT)
 HIGHEST    87
 LOWEST     32

..........................................................


THE PRESCOTT AZ AIRPORT CLIMATE NORMALS FOR TODAY
                         NORMAL    RECORD    YEAR
 MAXIMUM TEMPERATURE (F)   89       101      1996
 MINIMUM TEMPERATURE (F)   63        49      1987


SUNRISE AND SUNSET
JULY 23 2017..........SUNRISE   534 AM MST   SUNSET   738 PM MST
JULY 24 2017..........SUNRISE   534 AM MST   SUNSET   738 PM MST


-  INDICATES NEGATIVE NUMBERS.
R  INDICATES RECORD WAS SET OR TIED.
MM INDICATES DATA IS MISSING.
T  INDICATES TRACE AMOUNT.




$$
