000
CDUS45 KFGZ 230843
CLIPRC
CLIMATE REPORT
NATIONAL WEATHER SERVICE FLAGSTAFF, AZ
142 AM MST THU MAR 23 2017


...................................

...THE PRESCOTT AZ AIRPORT CLIMATE SUMMARY FOR MARCH 22 2017...

CLIMATE NORMAL PERIOD 1981 TO 2010
CLIMATE RECORD PERIOD 1948 TO 2017


WEATHER ITEM   OBSERVED TIME   RECORD YEAR NORMAL DEPARTURE LAST
                VALUE   (LST)  VALUE       VALUE  FROM      YEAR
                                                  NORMAL
..................................................................
TEMPERATURE (F)
 YESTERDAY
  MAXIMUM         64    127 PM  79    2004  61      3       68
  MINIMUM         39   1159 PM  19    2006  34      5       40
  AVERAGE         52                        47      5

PRECIPITATION (IN)
  YESTERDAY        0.39          0.51 2007   0.03   0.36     0.00
  MONTH TO DATE    0.39                      0.82  -0.43     0.16
  SINCE SEP 1     10.60                      7.64   2.96     5.13
  SINCE JAN 1      3.85                      3.33   0.52     1.64

DEGREE DAYS
 HEATING
  YESTERDAY       13                               -5
  MONTH TO DATE  248                             -178
  SINCE JUL 1   2957                             -641

 COOLING
  YESTERDAY        0                                0
  MONTH TO DATE    0                                0
  SINCE JAN 1      0                                0
..................................................................


WIND (MPH)
  HIGHEST WIND SPEED    26   HIGHEST WIND DIRECTION    SW (240)
  HIGHEST GUST SPEED    33   HIGHEST GUST DIRECTION     S (160)
  AVERAGE WIND SPEED    10.7


SKY COVER
  AVERAGE SKY COVER 0.3


WEATHER CONDITIONS
 THE FOLLOWING WEATHER WAS RECORDED YESTERDAY.
  THUNDERSTORM
  RAIN
  LIGHT RAIN
  FOG


RELATIVE HUMIDITY (PERCENT)
 HIGHEST    92
 LOWEST     39

..........................................................


THE PRESCOTT AZ AIRPORT CLIMATE NORMALS FOR TODAY
                         NORMAL    RECORD    YEAR
 MAXIMUM TEMPERATURE (F)   62        77      1990
 MINIMUM TEMPERATURE (F)   34        16      1952


SUNRISE AND SUNSET
MARCH 23 2017.........SUNRISE   629 AM MST   SUNSET   644 PM MST
MARCH 24 2017.........SUNRISE   627 AM MST   SUNSET   645 PM MST


-  INDICATES NEGATIVE NUMBERS.
R  INDICATES RECORD WAS SET OR TIED.
MM INDICATES DATA IS MISSING.
T  INDICATES TRACE AMOUNT.




$$
