000
CDUS45 KFGZ 180801
CLIPRC
CLIMATE REPORT
NATIONAL WEATHER SERVICE FLAGSTAFF, AZ
1259 AM MST SUN FEB 18 2018


...................................

...THE PRESCOTT AZ AIRPORT CLIMATE SUMMARY FOR FEBRUARY 17 2018...

CLIMATE NORMAL PERIOD 1981 TO 2010
CLIMATE RECORD PERIOD 1948 TO 2018


WEATHER ITEM   OBSERVED TIME   RECORD YEAR NORMAL DEPARTURE LAST
                VALUE   (LST)  VALUE       VALUE  FROM      YEAR
                                                  NORMAL
..................................................................
TEMPERATURE (F)
 YESTERDAY
  MAXIMUM         62    447 PM  76    1996  55      7       58
  MINIMUM         28    519 AM  12    1956  29     -1       43
  AVERAGE         45                        42      3

PRECIPITATION (IN)
  YESTERDAY        0.00          0.44 1982   0.06  -0.06      T
  MONTH TO DATE    0.19                      0.80  -0.61     0.20
  SINCE SEP 1      1.43                      6.23  -4.80     8.88
  SINCE JAN 1      0.90                      1.92  -1.02     2.13

DEGREE DAYS
 HEATING
  YESTERDAY       20                               -3
  MONTH TO DATE  298                             -113
  SINCE JUL 1   2147                             -781

 COOLING
  YESTERDAY        0                                0
  MONTH TO DATE    0                                0
  SINCE JAN 1      0                                0
..................................................................


WIND (MPH)
  HIGHEST WIND SPEED    10   HIGHEST WIND DIRECTION     W (250)
  HIGHEST GUST SPEED    13   HIGHEST GUST DIRECTION     S (190)
  AVERAGE WIND SPEED     4.2


SKY COVER
  AVERAGE SKY COVER 0.0


WEATHER CONDITIONS
 THE FOLLOWING WEATHER WAS RECORDED YESTERDAY.
  NO SIGNIFICANT WEATHER WAS OBSERVED.


RELATIVE HUMIDITY (PERCENT)
 HIGHEST    92
 LOWEST     17

..........................................................


THE PRESCOTT AZ AIRPORT CLIMATE NORMALS FOR TODAY
                         NORMAL    RECORD    YEAR
 MAXIMUM TEMPERATURE (F)   55        71      2015
                                             1981
 MINIMUM TEMPERATURE (F)   29        16      1955


SUNRISE AND SUNSET
FEBRUARY 18 2018......SUNRISE   712 AM MST   SUNSET   616 PM MST
FEBRUARY 19 2018......SUNRISE   711 AM MST   SUNSET   617 PM MST


-  INDICATES NEGATIVE NUMBERS.
R  INDICATES RECORD WAS SET OR TIED.
MM INDICATES DATA IS MISSING.
T  INDICATES TRACE AMOUNT.




$$
