000
CDUS45 KFGZ 260738
CLIPRC
CLIMATE REPORT
NATIONAL WEATHER SERVICE FLAGSTAFF, AZ
1237 AM MST THU FEB 26 2015


...................................

...THE PRESCOTT AZ AIRPORT CLIMATE SUMMARY FOR FEBRUARY 25 2015...

CLIMATE NORMAL PERIOD 1981 TO 2010
CLIMATE RECORD PERIOD 1948 TO 2015


WEATHER ITEM   OBSERVED TIME   RECORD YEAR NORMAL DEPARTURE LAST
                VALUE   (LST)  VALUE       VALUE  FROM      YEAR
                                                  NORMAL
..................................................................
TEMPERATURE (F)
 YESTERDAY
  MAXIMUM         63    319 PM  76    1986  57      6       66
  MINIMUM         28    603 AM  11    1977  30     -2       35
  AVERAGE         46                        43      3

PRECIPITATION (IN)
  YESTERDAY        0.00          0.38 1958   0.06  -0.06     0.00
  MONTH TO DATE    0.62                      1.24  -0.62      T
  SINCE SEP 1      6.80                      6.67   0.13     4.77
  SINCE JAN 1      2.12                      2.36  -0.24     0.05

DEGREE DAYS
 HEATING
  YESTERDAY       19                               -3
  MONTH TO DATE  388                             -203
  SINCE JUL 1   2480                             -628

 COOLING
  YESTERDAY        0                                0
  MONTH TO DATE    0                                0
  SINCE JAN 1      0                                0
..................................................................


WIND (MPH)
  HIGHEST WIND SPEED    25   HIGHEST WIND DIRECTION    NW (320)
  HIGHEST GUST SPEED    30   HIGHEST GUST DIRECTION    NW (330)
  AVERAGE WIND SPEED     7.5


SKY COVER
  AVERAGE SKY COVER 0.0


WEATHER CONDITIONS
 THE FOLLOWING WEATHER WAS RECORDED YESTERDAY.
  NO SIGNIFICANT WEATHER WAS OBSERVED.


RELATIVE HUMIDITY (PERCENT)
 HIGHEST    69
 LOWEST     21

..........................................................


THE PRESCOTT AZ AIRPORT CLIMATE NORMALS FOR TODAY
                         NORMAL    RECORD    YEAR
 MAXIMUM TEMPERATURE (F)   57        78      1986
 MINIMUM TEMPERATURE (F)   30        17      1996


SUNRISE AND SUNSET
FEBRUARY 26 2015......SUNRISE   703 AM MST   SUNSET   623 PM MST
FEBRUARY 27 2015......SUNRISE   702 AM MST   SUNSET   624 PM MST


-  INDICATES NEGATIVE NUMBERS.
R  INDICATES RECORD WAS SET OR TIED.
MM INDICATES DATA IS MISSING.
T  INDICATES TRACE AMOUNT.




$$
