000
CDUS45 KFGZ 300831
CLIPRC
CLIMATE REPORT
NATIONAL WEATHER SERVICE FLAGSTAFF, AZ
129 AM MST MON MAY 30 2016


...................................

...THE PRESCOTT AZ AIRPORT CLIMATE SUMMARY FOR MAY 29 2016...

CLIMATE NORMAL PERIOD 1981 TO 2010
CLIMATE RECORD PERIOD 1948 TO 2016


WEATHER ITEM   OBSERVED TIME   RECORD YEAR NORMAL DEPARTURE LAST
                VALUE   (LST)  VALUE       VALUE  FROM      YEAR
                                                  NORMAL
..................................................................
TEMPERATURE (F)
 YESTERDAY
  MAXIMUM         82    317 PM  94    2000  81      1       86
  MINIMUM         49    545 AM  32    1953  50     -1       51
  AVERAGE         66                        66      0

PRECIPITATION (IN)
  YESTERDAY        0.00          0.13 1971   0.01  -0.01     0.00
  MONTH TO DATE    0.48                      0.43   0.05     1.03
  SINCE SEP 1      7.27                      8.82  -1.55     9.80
  SINCE JAN 1      3.78                      4.51  -0.73     5.12

DEGREE DAYS
 HEATING
  YESTERDAY        0                               -2
  MONTH TO DATE  164                               24
  SINCE JUL 1   3807                             -452

 COOLING
  YESTERDAY        1                               -2
  MONTH TO DATE   11                              -24
  SINCE JAN 1     11                              -26
..................................................................


WIND (MPH)
  HIGHEST WIND SPEED    24   HIGHEST WIND DIRECTION    SE (130)
  HIGHEST GUST SPEED    31   HIGHEST GUST DIRECTION    SE (120)
  AVERAGE WIND SPEED    10.3


SKY COVER
  AVERAGE SKY COVER 0.0


WEATHER CONDITIONS
 THE FOLLOWING WEATHER WAS RECORDED YESTERDAY.
  NO SIGNIFICANT WEATHER WAS OBSERVED.


RELATIVE HUMIDITY (PERCENT)
 HIGHEST    46
 LOWEST      7

..........................................................


THE PRESCOTT AZ AIRPORT CLIMATE NORMALS FOR TODAY
                         NORMAL    RECORD    YEAR
 MAXIMUM TEMPERATURE (F)   81        94      2002
 MINIMUM TEMPERATURE (F)   50        34      1953


SUNRISE AND SUNSET
MAY 30 2016...........SUNRISE   518 AM MST   SUNSET   737 PM MST
MAY 31 2016...........SUNRISE   518 AM MST   SUNSET   737 PM MST


-  INDICATES NEGATIVE NUMBERS.
R  INDICATES RECORD WAS SET OR TIED.
MM INDICATES DATA IS MISSING.
T  INDICATES TRACE AMOUNT.




$$
