000
CDUS45 KFGZ 300101
CLIPRC
CLIMATE REPORT
NATIONAL WEATHER SERVICE FLAGSTAFF, AZ
600 PM MST SUN MAR 29 2015


...................................

...THE PRESCOTT AZ AIRPORT CLIMATE SUMMARY FOR MARCH 29 2015...
VALID TODAY AS OF 0500 PM LOCAL TIME.

CLIMATE NORMAL PERIOD 1981 TO 2010
CLIMATE RECORD PERIOD 1948 TO 2015


WEATHER ITEM   OBSERVED TIME   RECORD YEAR NORMAL DEPARTURE LAST
                VALUE   (LST)  VALUE       VALUE  FROM      YEAR
                                                  NORMAL
..................................................................
TEMPERATURE (F)
 TODAY
  MAXIMUM         78R   342 PM  78    1971  63     15       72
  MINIMUM         41    643 AM  16    1975  34      7       34
  AVERAGE         60                        49     11

PRECIPITATION (IN)
  TODAY            0.00          0.40 1967   0.03  -0.03
  MONTH TO DATE    1.54                      1.02   0.52
  SINCE SEP 1      8.42                      7.84   0.58
  SINCE JAN 1      3.74                      3.53   0.21

DEGREE DAYS
 HEATING
  TODAY            5                        16    -11
  SINCE JUL 1   2925                      3716   -791

 COOLING
  TODAY            0                         0      0
  SINCE JAN 1      0                         0      0
..................................................................


WIND (MPH)
  HIGHEST WIND SPEED    15   HIGHEST WIND DIRECTION     W (250)
  HIGHEST GUST SPEED    22   HIGHEST GUST DIRECTION    SW (240)
  AVERAGE WIND SPEED     4.9


SKY COVER
  POSSIBLE SUNSHINE  MM
  AVERAGE SKY COVER 0.0


WEATHER CONDITIONS
 THE FOLLOWING WEATHER WAS RECORDED TODAY.
  NO SIGNIFICANT WEATHER WAS OBSERVED.


RELATIVE HUMIDITY (PERCENT)
 HIGHEST    49           100 AM
 LOWEST      9           100 PM

..........................................................


THE PRESCOTT AZ AIRPORT CLIMATE NORMALS FOR TOMORROW
                         NORMAL    RECORD    YEAR
 MAXIMUM TEMPERATURE (F)   63        81      1971
 MINIMUM TEMPERATURE (F)   35        19      1987


SUNRISE AND SUNSET
MARCH 29 2015.........SUNRISE   621 AM MST   SUNSET   648 PM MST
MARCH 30 2015.........SUNRISE   620 AM MST   SUNSET   649 PM MST


-  INDICATES NEGATIVE NUMBERS.
R  INDICATES RECORD WAS SET OR TIED.
MM INDICATES DATA IS MISSING.
T  INDICATES TRACE AMOUNT.




$$
