000
CDUS45 KFGZ 310101
CLIPRC
CLIMATE REPORT
NATIONAL WEATHER SERVICE FLAGSTAFF, AZ
600 PM MST SUN AUG 30 2015


...................................

...THE PRESCOTT AZ AIRPORT CLIMATE SUMMARY FOR AUGUST 30 2015...
VALID TODAY AS OF 0500 PM LOCAL TIME.

CLIMATE NORMAL PERIOD 1981 TO 2010
CLIMATE RECORD PERIOD 1948 TO 2015


WEATHER ITEM   OBSERVED TIME   RECORD YEAR NORMAL DEPARTURE LAST
                VALUE   (LST)  VALUE       VALUE  FROM      YEAR
                                                  NORMAL
..................................................................
TEMPERATURE (F)
 TODAY
  MAXIMUM         88    430 PM  98    1950  86      2       88
  MINIMUM         63    418 AM  47    1951  58      5       59
  AVERAGE         76                        72      4

PRECIPITATION (IN)
  TODAY            0.07          1.38 1997   0.07   0.00
  MONTH TO DATE    1.61                      2.55  -0.94
  SINCE SEP 1     17.02                     13.90   3.12
  SINCE JAN 1     12.34                      9.59   2.75

DEGREE DAYS
 HEATING
  TODAY            0                         0      0
  SINCE JUL 1      0                         0      0

 COOLING
  TODAY           11                         7      4
  SINCE JAN 1    955                       815    140
..................................................................


WIND (MPH)
  HIGHEST WIND SPEED    21   HIGHEST WIND DIRECTION    SW (230)
  HIGHEST GUST SPEED    26   HIGHEST GUST DIRECTION     W (290)
  AVERAGE WIND SPEED     5.9


SKY COVER
  POSSIBLE SUNSHINE  MM
  AVERAGE SKY COVER 0.4


WEATHER CONDITIONS
 THE FOLLOWING WEATHER WAS RECORDED TODAY.
  THUNDERSTORM
  LIGHT RAIN


RELATIVE HUMIDITY (PERCENT)
 HIGHEST    78           400 AM
 LOWEST     31           400 PM

..........................................................


THE PRESCOTT AZ AIRPORT CLIMATE NORMALS FOR TOMORROW
                         NORMAL    RECORD    YEAR
 MAXIMUM TEMPERATURE (F)   86       101      1950
 MINIMUM TEMPERATURE (F)   58        45      1957


SUNRISE AND SUNSET
AUGUST 30 2015........SUNRISE   601 AM MST   SUNSET   659 PM MST
AUGUST 31 2015........SUNRISE   602 AM MST   SUNSET   658 PM MST


-  INDICATES NEGATIVE NUMBERS.
R  INDICATES RECORD WAS SET OR TIED.
MM INDICATES DATA IS MISSING.
T  INDICATES TRACE AMOUNT.




$$
