000
CDUS45 KFGZ 250732
CLIPRC
CLIMATE REPORT
NATIONAL WEATHER SERVICE FLAGSTAFF, AZ
1231 AM MST THU AUG 25 2016


...................................

...THE PRESCOTT AZ AIRPORT CLIMATE SUMMARY FOR AUGUST 24 2016...

CLIMATE NORMAL PERIOD 1981 TO 2010
CLIMATE RECORD PERIOD 1948 TO 2016


WEATHER ITEM   OBSERVED TIME   RECORD YEAR NORMAL DEPARTURE LAST
                VALUE   (LST)  VALUE       VALUE  FROM      YEAR
                                                  NORMAL
..................................................................
TEMPERATURE (F)
 YESTERDAY
  MAXIMUM         83    120 PM  98    2011  86     -3       94
  MINIMUM         55    614 AM  46    1968  60     -5       59
  AVERAGE         69                        73     -4

PRECIPITATION (IN)
  YESTERDAY        T             1.42 1959   0.08  -0.08      T
  MONTH TO DATE    4.41                      2.09   2.32     1.11
  SINCE SEP 1     12.80                     13.44  -0.64    16.52
  SINCE JAN 1      9.31                      9.13   0.18    11.84

DEGREE DAYS
 HEATING
  YESTERDAY        0                                0
  MONTH TO DATE    0                                0
  SINCE JUL 1      0                                0

 COOLING
  YESTERDAY        4                               -4
  MONTH TO DATE  203                              -12
  SINCE JAN 1    983                              213
..................................................................


WIND (MPH)
  HIGHEST WIND SPEED    20   HIGHEST WIND DIRECTION     W (260)
  HIGHEST GUST SPEED    25   HIGHEST GUST DIRECTION     W (250)
  AVERAGE WIND SPEED     6.7


SKY COVER
  AVERAGE SKY COVER 0.2


WEATHER CONDITIONS
 THE FOLLOWING WEATHER WAS RECORDED YESTERDAY.
  THUNDERSTORM
  LIGHT RAIN


RELATIVE HUMIDITY (PERCENT)
 HIGHEST    93
 LOWEST     31

..........................................................


THE PRESCOTT AZ AIRPORT CLIMATE NORMALS FOR TODAY
                         NORMAL    RECORD    YEAR
 MAXIMUM TEMPERATURE (F)   86        95      2011
                                             1962
 MINIMUM TEMPERATURE (F)   59        49      2002


SUNRISE AND SUNSET
AUGUST 25 2016........SUNRISE   558 AM MST   SUNSET   705 PM MST
AUGUST 26 2016........SUNRISE   559 AM MST   SUNSET   703 PM MST


-  INDICATES NEGATIVE NUMBERS.
R  INDICATES RECORD WAS SET OR TIED.
MM INDICATES DATA IS MISSING.
T  INDICATES TRACE AMOUNT.




$$
