000
CDUS46 KPDT 120924 RRA
CLIPSC

CLIMATE REPORT
NATIONAL WEATHER SERVICE PENDLETON OR
124 AM PST FRI FEB 12 2016


...................................

...THE PASCO WA CLIMATE SUMMARY FOR FEBRUARY 11 2016...

CLIMATE NORMAL PERIOD 1981 TO 2010
CLIMATE RECORD PERIOD 1948 TO 2016


WEATHER ITEM   OBSERVED TIME   RECORD YEAR NORMAL DEPARTURE LAST
                VALUE   (LST)  VALUE       VALUE  FROM      YEAR
                                                  NORMAL
..................................................................
TEMPERATURE (F)
 YESTERDAY
  MAXIMUM         54    118 PM  58    1998  48      6       55
  MINIMUM         38    305 AM  18    2006  29      9       34
  AVERAGE         46                        38      8       45

PRECIPITATION (IN)
  YESTERDAY        0.05          0.22 2000   0.04   0.01     0.00
  MONTH TO DATE    0.09                      0.37  -0.28     0.53
  SINCE OCT 1      4.04                      4.54  -0.50     3.59
  SINCE JAN 1      1.28                      1.59  -0.31     1.22

SNOWFALL (IN)
  YESTERDAY        0.0
  SNOW DEPTH       0

DEGREE DAYS
 HEATING
  YESTERDAY       19                        27     -8       20
  MONTH TO DATE  290                       303    -13      221
  SINCE DEC 1   2089                      2225   -136     2003
  SINCE JUL 1   3191                      3454   -263     3068

 COOLING
  YESTERDAY        0                         0      0        0
  MONTH TO DATE    0                         0      0        0
  SINCE DEC 1      0                         0      0        0
  SINCE JAN 1      0                         0      0        0
..................................................................


WIND (MPH)
  RESULTANT WIND SPEED   6   RESULTANT WIND DIRECTION  NW (320)
  HIGHEST WIND SPEED    15   HIGHEST WIND DIRECTION    NW (310)
  HIGHEST GUST SPEED    17   HIGHEST GUST DIRECTION    NW (320)


SKY COVER
  POSSIBLE SUNSHINE  MM
  AVERAGE SKY COVER 0.6


WEATHER CONDITIONS
 THE FOLLOWING WEATHER WAS RECORDED YESTERDAY.
  RAIN
  LIGHT RAIN
  FOG


RELATIVE HUMIDITY (PERCENT)
 HIGHEST   100
 LOWEST     59
 AVERAGE    80

..........................................................


THE PASCO WA CLIMATE NORMALS FOR TODAY
                         NORMAL    RECORD    YEAR
 MAXIMUM TEMPERATURE (F)   48        63      2011
 MINIMUM TEMPERATURE (F)   28        17      2002


SUNRISE AND SUNSET
FEBRUARY 12 2016......SUNRISE   705 AM PST   SUNSET   517 PM PST
FEBRUARY 13 2016......SUNRISE   703 AM PST   SUNSET   519 PM PST


-  INDICATES NEGATIVE NUMBERS.
R  INDICATES RECORD WAS SET OR TIED.
MM INDICATES DATA IS MISSING.
T  INDICATES TRACE AMOUNT.




$$
