000
CDUS46 KPDT 040847
CLIPSC

CLIMATE REPORT
NATIONAL WEATHER SERVICE PENDLETON OR
135 AM PDT SAT JUL 4 2015


...................................

...THE PASCO WA CLIMATE SUMMARY FOR JULY 3 2015...

CLIMATE NORMAL PERIOD 1981 TO 2010
CLIMATE RECORD PERIOD 1948 TO 2015


WEATHER ITEM   OBSERVED TIME   RECORD YEAR NORMAL DEPARTURE LAST
                VALUE   (LST)  VALUE       VALUE  FROM      YEAR
                                                  NORMAL
..................................................................
TEMPERATURE (F)
 YESTERDAY
  MAXIMUM        107    446 PM 109    1991  88     19       94
  MINIMUM         63    449 AM  46    1999  54      9       66
  AVERAGE         85                        71     14       80

PRECIPITATION (IN)
  YESTERDAY        0.00          0.38 1978   0.02  -0.02     0.00
  MONTH TO DATE    0.00                      0.05  -0.05      T
  SINCE OCT 1      5.57                      7.93  -2.36     3.14
  SINCE JAN 1      3.20                      4.98  -1.78     2.56

SNOWFALL (IN)
  YESTERDAY        0.0
  SNOW DEPTH       0

DEGREE DAYS
 HEATING
  YESTERDAY        0                         0      0        0
  MONTH TO DATE    0                         1     -1        0
  SINCE JUN 1      1                        33    -32       18
  SINCE JUL 1      0                         1     -1        0

 COOLING
  YESTERDAY       20                         6     14       15
  MONTH TO DATE   56                        18     38       38
  SINCE JUN 1    372                       127    245      149
  SINCE JAN 1    454                       160    294      183
..................................................................


WIND (MPH)
  RESULTANT WIND SPEED   0   RESULTANT WIND DIRECTION   E (110)
  HIGHEST WIND SPEED    14   HIGHEST WIND DIRECTION    NW (310)
  HIGHEST GUST SPEED    18   HIGHEST GUST DIRECTION    NW (310)


SKY COVER
  POSSIBLE SUNSHINE  MM
  AVERAGE SKY COVER 0.0


WEATHER CONDITIONS
 THE FOLLOWING WEATHER WAS RECORDED YESTERDAY.
  NO SIGNIFICANT WEATHER WAS OBSERVED.


RELATIVE HUMIDITY (PERCENT)
 HIGHEST    87
 LOWEST     10
 AVERAGE    49

..........................................................


THE PASCO WA CLIMATE NORMALS FOR TODAY
                         NORMAL    RECORD    YEAR
 MAXIMUM TEMPERATURE (F)   89       106      2001
 MINIMUM TEMPERATURE (F)   54        44      2002


SUNRISE AND SUNSET
JULY  4 2015..........SUNRISE   510 AM PDT   SUNSET   851 PM PDT
JULY  5 2015..........SUNRISE   511 AM PDT   SUNSET   851 PM PDT


-  INDICATES NEGATIVE NUMBERS.
R  INDICATES RECORD WAS SET OR TIED.
MM INDICATES DATA IS MISSING.
T  INDICATES TRACE AMOUNT.




$$
