000
CDUS46 KPDT 230848 RRA
CLIPSC

CLIMATE REPORT
NATIONAL WEATHER SERVICE PENDLETON OR
146 AM PDT SAT SEP 23 2017


...................................

...THE PASCO WA CLIMATE SUMMARY FOR SEPTEMBER 22 2017...

CLIMATE NORMAL PERIOD 1981 TO 2010
CLIMATE RECORD PERIOD 1948 TO 2017


WEATHER ITEM   OBSERVED TIME   RECORD YEAR NORMAL DEPARTURE LAST
                VALUE   (LST)  VALUE       VALUE  FROM      YEAR
                                                  NORMAL
..................................................................
TEMPERATURE (F)
 YESTERDAY
  MAXIMUM         69    419 PM  95    1939  78     -9       71
  MINIMUM         38    610 AM  34    2002  45     -7       42
                                      1955
  AVERAGE         54                        61     -7       57

PRECIPITATION (IN)
  YESTERDAY        T             0.15 1934   0.02  -0.02     0.00
                                      1926
  MONTH TO DATE    0.13                      0.26  -0.13     0.24
  SINCE OCT 1     10.12                      8.69   1.43     8.38
  SINCE JAN 1      6.35                      5.74   0.61     5.62

SNOWFALL (IN)
  YESTERDAY       MM
  SNOW DEPTH       0

DEGREE DAYS
 HEATING
  YESTERDAY       11                         5      6        8
  MONTH TO DATE   62                        49     13       63
  SINCE SEP 1     62                        49     13       63
  SINCE JUL 1     62                        61      1       63

 COOLING
  YESTERDAY        0                         1     -1        0
  MONTH TO DATE  101                        47     54       20
  SINCE SEP 1    101                        47     54       20
  SINCE JAN 1    979                       704    275      771
..................................................................


WIND (MPH)
  RESULTANT WIND SPEED   1   RESULTANT WIND DIRECTION   N (360)
  HIGHEST WIND SPEED    12   HIGHEST WIND DIRECTION    SE (120)
  HIGHEST GUST SPEED    14   HIGHEST GUST DIRECTION    SE (130)


SKY COVER
  POSSIBLE SUNSHINE  MM
  AVERAGE SKY COVER 0.3


WEATHER CONDITIONS
 THE FOLLOWING WEATHER WAS RECORDED YESTERDAY.
  LIGHT RAIN


RELATIVE HUMIDITY (PERCENT)
 HIGHEST   100
 LOWEST     37
 AVERAGE    69

..........................................................


THE PASCO WA CLIMATE NORMALS FOR TODAY
                         NORMAL    RECORD    YEAR
 MAXIMUM TEMPERATURE (F)   77        93      2011
                                             1942
 MINIMUM TEMPERATURE (F)   44        28      2000


SUNRISE AND SUNSET
SEPTEMBER 23 2017.....SUNRISE   645 AM PDT   SUNSET   651 PM PDT
SEPTEMBER 24 2017.....SUNRISE   646 AM PDT   SUNSET   649 PM PDT


-  INDICATES NEGATIVE NUMBERS.
R  INDICATES RECORD WAS SET OR TIED.
MM INDICATES DATA IS MISSING.
T  INDICATES TRACE AMOUNT.




$$
