000
CDUS46 KPDT 160844 RRA
CLIPSC

CLIMATE REPORT
NATIONAL WEATHER SERVICE PENDLETON OR
1244 AM PST MON JAN 16 2017


...................................

...THE PASCO WA CLIMATE SUMMARY FOR JANUARY 15 2017...

CLIMATE NORMAL PERIOD 1981 TO 2010
CLIMATE RECORD PERIOD 1948 TO 2017


WEATHER ITEM   OBSERVED TIME   RECORD YEAR NORMAL DEPARTURE LAST
                VALUE   (LST)  VALUE       VALUE  FROM      YEAR
                                                  NORMAL
..................................................................
TEMPERATURE (F)
 YESTERDAY
  MAXIMUM         15    338 PM  60    1996  42    -27       44
  MINIMUM         10    823 AM   6    2007  28    -18       29
  AVERAGE         13                        35    -22       37

PRECIPITATION (IN)
  YESTERDAY        T             0.70 1956   0.04  -0.04     0.00
  MONTH TO DATE    0.63                      0.73  -0.10     0.30
  SINCE OCT 1      4.40                      3.68   0.72     3.06
  SINCE JAN 1      0.63                      0.73  -0.10     0.30

SNOWFALL (IN)
  YESTERDAY       MM
  SNOW DEPTH       9

DEGREE DAYS
 HEATING
  YESTERDAY       52                        30     22       28
  MONTH TO DATE  751                       470    281      511
  SINCE DEC 1   1892                      1457    435     1394
  SINCE JUL 1   2838                      2686    152     2496

 COOLING
  YESTERDAY        0                         0      0        0
  MONTH TO DATE    0                         0      0        0
  SINCE DEC 1      0                         0      0        0
  SINCE JAN 1      0                         0      0        0
..................................................................


WIND (MPH)
  RESULTANT WIND SPEED   2   RESULTANT WIND DIRECTION   E (80)
  HIGHEST WIND SPEED     8   HIGHEST WIND DIRECTION    SE (130)
  HIGHEST GUST SPEED     9   HIGHEST GUST DIRECTION    SE (130)


SKY COVER
  POSSIBLE SUNSHINE  MM
  AVERAGE SKY COVER 1.0


WEATHER CONDITIONS
 THE FOLLOWING WEATHER WAS RECORDED YESTERDAY.
  LIGHT SNOW
  FOG
  HAZE


RELATIVE HUMIDITY (PERCENT)
 HIGHEST    92
 LOWEST     80
 AVERAGE    86

..........................................................


THE PASCO WA CLIMATE NORMALS FOR TODAY
                         NORMAL    RECORD    YEAR
 MAXIMUM TEMPERATURE (F)   42        64      2011
 MINIMUM TEMPERATURE (F)   28         7      2007


SUNRISE AND SUNSET
JANUARY 16 2017.......SUNRISE   734 AM PST   SUNSET   439 PM PST
JANUARY 17 2017.......SUNRISE   734 AM PST   SUNSET   440 PM PST


-  INDICATES NEGATIVE NUMBERS.
R  INDICATES RECORD WAS SET OR TIED.
MM INDICATES DATA IS MISSING.
T  INDICATES TRACE AMOUNT.


$$
