000
CDUS46 KPDT 010039
CLIPSC

PDTCLIPSE 000
TTAA00 KPDT 010036


CLIMATE REPORT
NATIONAL WEATHER SERVICE PENDLETON OR
539 PM PDT TUE MAY 31 2016


...................................

...THE PASCO WA CLIMATE SUMMARY FOR MAY 31 2016...
VALID TODAY AS OF 0500 PM LOCAL TIME.

CLIMATE NORMAL PERIOD 1981 TO 2010
CLIMATE RECORD PERIOD 1948 TO 2016


WEATHER ITEM   OBSERVED TIME   RECORD YEAR NORMAL DEPARTURE LAST
                VALUE   (LST)  VALUE       VALUE  FROM      YEAR
                                                  NORMAL
..................................................................
TEMPERATURE (F)
 TODAY
  MAXIMUM         86    247 PM  94    2007  79      7       89
  MINIMUM         43R   500 AM  44    2013  51     -8       58
                                      2008
                                      2004
  AVERAGE         65                        65      0       74

PRECIPITATION (IN)
  TODAY            0.00          0.72 2000   0.03  -0.03      T
  MONTH TO DATE    1.52                      0.73   0.79     1.28
  SINCE OCT 1      7.31                      7.20   0.11     5.57
  SINCE JAN 1      4.55                      4.25   0.30     3.20

SNOWFALL (IN)
  TODAY            0.0
  SNOW DEPTH       0

DEGREE DAYS
 HEATING
  TODAY            0                         2     -2        0
  MONTH TO DATE   75                       164    -89      107
  SINCE MAR 1    796                      1107   -311      935
  SINCE JUL 1   4314                      4990   -676     4391

 COOLING
  TODAY            0                         2     -2        9
  MONTH TO DATE   29                        32     -3       82
  SINCE MAR 1     33                        33      0       82
  SINCE JAN 1     33                        33      0       82
..................................................................


WIND (MPH)
  RESULTANT WIND SPEED   2   RESULTANT WIND DIRECTION   N (0)
  HIGHEST WIND SPEED    12   HIGHEST WIND DIRECTION     E (110)
  HIGHEST GUST SPEED    14   HIGHEST GUST DIRECTION     N (340)


SKY COVER
  POSSIBLE SUNSHINE  MM
  AVERAGE SKY COVER 0.0


WEATHER CONDITIONS
 THE FOLLOWING WEATHER WAS RECORDED TODAY.
  NO SIGNIFICANT WEATHER WAS OBSERVED.


RELATIVE HUMIDITY (PERCENT)
 HIGHEST    89
 LOWEST     20
 AVERAGE    55

..........................................................


THE PASCO WA CLIMATE NORMALS FOR TOMORROW
                         NORMAL    RECORD    YEAR
 MAXIMUM TEMPERATURE (F)   79        98      1989
 MINIMUM TEMPERATURE (F)   51        41      2004


SUNRISE AND SUNSET
MAY 31 2016...........SUNRISE   508 AM PDT   SUNSET   841 PM PDT
JUNE  1 2016..........SUNRISE   508 AM PDT   SUNSET   841 PM PDT


-  INDICATES NEGATIVE NUMBERS.
R  INDICATES RECORD WAS SET OR TIED.
MM INDICATES DATA IS MISSING.
T  INDICATES TRACE AMOUNT.

$$
