000
CDUS41 KALY 302054
CLIPSF


CLIMATE REPORT
NATIONAL WEATHER SERVICE ALBANY NY
454 PM EDT SUN APR 30 2017


...................................

...THE PITTSFIELD MA CLIMATE SUMMARY FOR APRIL 30 2017...
VALID TODAY AS OF 0400 PM LOCAL TIME.

CLIMATE NORMAL PERIOD 1981 TO 2010
CLIMATE RECORD PERIOD 9999 TO 9999


WEATHER ITEM   OBSERVED TIME   NORMAL DEPARTURE LAST
                VALUE   (LST)  VALUE  FROM      YEAR
                                      NORMAL
......................................................
TEMPERATURE (F)
 TODAY
  MAXIMUM         56   1042 AM  61     -5       61
  MINIMUM         40    353 AM  39      1       41
  AVERAGE         48            50     -2       51

PRECIPITATION (IN)
  TODAY            0.10          0.10   0.00     0.00
  MONTH TO DATE    3.29          3.86  -0.57     2.49
  SINCE MAR 1      6.40          7.23  -0.83     4.75
  SINCE JAN 1     11.98         12.83  -0.85    10.12

DEGREE DAYS
 HEATING
  TODAY           17            15      2       14
  MONTH TO DATE  476           628   -152      652
  SINCE MAR 1   1607          1655    -48     1449
  SINCE JUL 1   6309          7035   -726     5816

 COOLING
  TODAY            0             0      0        0
  MONTH TO DATE    2             2      0        0
  SINCE MAR 1      2             2      0        0
  SINCE JAN 1      2             2      0        0
......................................................


WIND (MPH)
  HIGHEST WIND SPEED    13   HIGHEST WIND DIRECTION    SW (240)
  HIGHEST GUST SPEED    17   HIGHEST GUST DIRECTION    NW (330)
  AVERAGE WIND SPEED     5.1


SKY COVER
  AVERAGE SKY COVER 0.4



RELATIVE HUMIDITY (PERCENT)
 HIGHEST    82
 LOWEST     38
 AVERAGE    60

..........................................................


THE PITTSFIELD MA CLIMATE NORMALS FOR TOMORROW
                         NORMAL
 MAXIMUM TEMPERATURE (F)   61
 MINIMUM TEMPERATURE (F)   39


SUNRISE AND SUNSET
APRIL 30 2017.........SUNRISE   549 AM EDT   SUNSET   752 PM EDT
MAY  1 2017...........SUNRISE   548 AM EDT   SUNSET   753 PM EDT


-  INDICATES NEGATIVE NUMBERS.
R  INDICATES RECORD WAS SET OR TIED.
MM INDICATES DATA IS MISSING.
T  INDICATES TRACE AMOUNT.




$$
