000
CDUS46 KSGX 230025
CLIPSP


CLIMATE REPORT
NATIONAL WEATHER SERVICE SAN DIEGO, CA
425 PM PST WED FEB 22 2017


...................................

...THE PALM SPRINGS INTL AIRPORT CA CLIMATE SUMMARY FOR FEBRUARY 22 2017...
VALID TODAY AS OF 0400 PM LOCAL TIME.

CLIMATE NORMAL PERIOD 1981 TO 2010
CLIMATE RECORD PERIOD 1893 TO 2017


WEATHER ITEM   OBSERVED TIME   RECORD YEAR NORMAL DEPARTURE LAST
                VALUE   (LST)  VALUE       VALUE  FROM      YEAR
                                                  NORMAL
..................................................................
TEMPERATURE (F)
 TODAY
  MAXIMUM         74    250 PM  90    1968  74      0       87
                                      1954
  MINIMUM         53    631 AM  28    1955  49      4       54
  AVERAGE         64                        61      3       71

PRECIPITATION (IN)
  TODAY            0.00          0.91 2004   0.05  -0.05     0.00
  MONTH TO DATE    0.48                      0.79  -0.31      T
  SINCE OCT 1      5.80                      3.64   2.16     2.45
  SINCE JAN 1      4.01                      1.79   2.22     2.26

DEGREE DAYS
 HEATING
  TODAY            1                         4     -3        0
  MONTH TO DATE   40                       129    -89       56
  SINCE DEC 1    552                       660   -108      603
  SINCE JUL 1    613                       756   -143      710

 COOLING
  TODAY            0                         1     -1        6
  MONTH TO DATE   45                        21     24      109
  SINCE DEC 1     46                        33     13      109
  SINCE JAN 1     45                        29     16      109
..................................................................


WIND (MPH)
  RESULTANT WIND SPEED   2   RESULTANT WIND DIRECTION   N (360)
  HIGHEST WIND SPEED    21   HIGHEST WIND DIRECTION     N (340)
  HIGHEST GUST SPEED    27   HIGHEST GUST DIRECTION     N (340)
  AVERAGE WIND SPEED     4.2


SKY COVER
  POSSIBLE SUNSHINE  MM
  AVERAGE SKY COVER 0.0


WEATHER CONDITIONS
 THE FOLLOWING WEATHER WAS RECORDED TODAY.
  NO SIGNIFICANT WEATHER WAS OBSERVED.


RELATIVE HUMIDITY (PERCENT)
 HIGHEST    83           400 AM
 LOWEST     29           300 PM
 AVERAGE    56

..........................................................


THE PALM SPRINGS INTL AIRPORT CA CLIMATE NORMALS FOR TOMORROW
                         NORMAL    RECORD    YEAR
 MAXIMUM TEMPERATURE (F)   74        94      1947
 MINIMUM TEMPERATURE (F)   49        29      1953


SUNRISE AND SUNSET
FEBRUARY 22 2017......SUNRISE   622 AM PST   SUNSET   537 PM PST
FEBRUARY 23 2017......SUNRISE   621 AM PST   SUNSET   538 PM PST


-  INDICATES NEGATIVE NUMBERS.
R  INDICATES RECORD WAS SET OR TIED.
MM INDICATES DATA IS MISSING.
T  INDICATES TRACE AMOUNT.




$$
