000
CDUS46 KSGX 261418
CLIPSP


CLIMATE REPORT
NATIONAL WEATHER SERVICE SAN DIEGO, CA
718 AM PDT SUN MAR 26 2017


...................................

...THE PALM SPRINGS INTL AIRPORT CA CLIMATE SUMMARY FOR MARCH 25 2017...

CLIMATE NORMAL PERIOD 1981 TO 2010
CLIMATE RECORD PERIOD 1893 TO 2017


WEATHER ITEM   OBSERVED TIME   RECORD YEAR NORMAL DEPARTURE LAST
                VALUE   (LST)  VALUE       VALUE  FROM      YEAR
                                                  NORMAL
..................................................................
TEMPERATURE (F)
 YESTERDAY
  MAXIMUM         83    144 PM  97    1988  80      3       90
  MINIMUM         60    609 AM  35    1942  54      6       57
  AVERAGE         72                        67      5       74

PRECIPITATION (IN)
  YESTERDAY        0.00          1.10 1906   0.01  -0.01     0.00
  MONTH TO DATE    0.00                      0.58  -0.58     0.02
  SINCE OCT 1      6.97                      4.46   2.51     2.47
  SINCE JAN 1      5.18                      2.61   2.57     2.28

DEGREE DAYS
 HEATING
  YESTERDAY        0                         2     -2        0
  MONTH TO DATE   19                        66    -47       16
  SINCE MAR 1     19                        66    -47       16
  SINCE JUL 1    679                       844   -165      726

 COOLING
  YESTERDAY        7                         4      3        9
  MONTH TO DATE  202                        67    135      170
  SINCE MAR 1    202                        67    135      170
  SINCE JAN 1    247                        94    153      320
..................................................................


WIND (MPH)
  RESULTANT WIND SPEED   7   RESULTANT WIND DIRECTION  NW (320)
  HIGHEST WIND SPEED    29   HIGHEST WIND DIRECTION    NW (320)
  HIGHEST GUST SPEED    39   HIGHEST GUST DIRECTION    NW (320)
  AVERAGE WIND SPEED    10.2


SKY COVER
  POSSIBLE SUNSHINE  MM
  AVERAGE SKY COVER 0.1


WEATHER CONDITIONS
 THE FOLLOWING WEATHER WAS RECORDED YESTERDAY.
  NO SIGNIFICANT WEATHER WAS OBSERVED.


RELATIVE HUMIDITY (PERCENT)
 HIGHEST    55           600 AM
 LOWEST     12           200 PM
 AVERAGE    34

..........................................................


THE PALM SPRINGS INTL AIRPORT CA CLIMATE NORMALS FOR TODAY
                         NORMAL    RECORD    YEAR
 MAXIMUM TEMPERATURE (F)   81       100      1988
 MINIMUM TEMPERATURE (F)   54        39      1936


SUNRISE AND SUNSET
MARCH 26 2017.........SUNRISE   641 AM PDT   SUNSET   702 PM PDT
MARCH 27 2017.........SUNRISE   640 AM PDT   SUNSET   703 PM PDT


-  INDICATES NEGATIVE NUMBERS.
R  INDICATES RECORD WAS SET OR TIED.
MM INDICATES DATA IS MISSING.
T  INDICATES TRACE AMOUNT.




$$
