000
CDUS46 KSGX 200017
CLIPSP


CLIMATE REPORT
NATIONAL WEATHER SERVICE SAN DIEGO, CA
417 PM PST MON FEB 19 2018


...................................

...THE PALM SPRINGS INTL AIRPORT CA CLIMATE SUMMARY FOR FEBRUARY 19 2018...
VALID TODAY AS OF 0400 PM LOCAL TIME.

CLIMATE NORMAL PERIOD 1981 TO 2010
CLIMATE RECORD PERIOD 1893 TO 2018


WEATHER ITEM   OBSERVED TIME   RECORD YEAR NORMAL DEPARTURE LAST
                VALUE   (LST)  VALUE       VALUE  FROM      YEAR
                                                  NORMAL
..................................................................
TEMPERATURE (F)
 TODAY
  MAXIMUM         64    250 PM  94    1977  73     -9       67
  MINIMUM         56    714 AM  32    1952  49      7       53
                                      1944
  AVERAGE         60                        61     -1       60

PRECIPITATION (IN)
  TODAY            0.00          0.84 1993   0.05  -0.05     0.00
  MONTH TO DATE    0.00                      0.65  -0.65     0.48
  SINCE OCT 1      1.45                      3.50  -2.05     5.80
  SINCE JAN 1      1.45                      1.65  -0.20     4.01

DEGREE DAYS
 HEATING
  TODAY            5                         5      0        5
  MONTH TO DATE   25                       115    -90       35
  SINCE DEC 1    189                       646   -457      547
  SINCE JUL 1    189                       742   -553      608

 COOLING
  TODAY            0                         1     -1        0
  MONTH TO DATE   64                        18     46       44
  SINCE DEC 1    142                        30    112       45
  SINCE JAN 1    113                        26     87       44
..................................................................


WIND (MPH)
  RESULTANT WIND SPEED   5   RESULTANT WIND DIRECTION  NW (330)
  HIGHEST WIND SPEED    36   HIGHEST WIND DIRECTION    NW (320)
  HIGHEST GUST SPEED    48   HIGHEST GUST DIRECTION    NW (320)
  AVERAGE WIND SPEED    15.1


SKY COVER
  POSSIBLE SUNSHINE  MM
  AVERAGE SKY COVER 0.1


WEATHER CONDITIONS
 THE FOLLOWING WEATHER WAS RECORDED TODAY.
  NO SIGNIFICANT WEATHER WAS OBSERVED.


RELATIVE HUMIDITY (PERCENT)
 HIGHEST    44           100 AM
 LOWEST     11          1200 PM
 AVERAGE    28

..........................................................


THE PALM SPRINGS INTL AIRPORT CA CLIMATE NORMALS FOR TOMORROW
                         NORMAL    RECORD    YEAR
 MAXIMUM TEMPERATURE (F)   73        92      1965
 MINIMUM TEMPERATURE (F)   49        30      1955
                                             1942


SUNRISE AND SUNSET
FEBRUARY 19 2018......SUNRISE   626 AM PST   SUNSET   534 PM PST
FEBRUARY 20 2018......SUNRISE   625 AM PST   SUNSET   535 PM PST


-  INDICATES NEGATIVE NUMBERS.
R  INDICATES RECORD WAS SET OR TIED.
MM INDICATES DATA IS MISSING.
T  INDICATES TRACE AMOUNT.




$$
