000
CDUS46 KSGX 261435
CLIPSP


CLIMATE REPORT
NATIONAL WEATHER SERVICE SAN DIEGO, CA
735 AM PDT WED APR 26 2017


...................................

...THE PALM SPRINGS INTL AIRPORT CA CLIMATE SUMMARY FOR APRIL 25 2017...

CLIMATE NORMAL PERIOD 1981 TO 2010
CLIMATE RECORD PERIOD 1893 TO 2017


WEATHER ITEM   OBSERVED TIME   RECORD YEAR NORMAL DEPARTURE LAST
                VALUE   (LST)  VALUE       VALUE  FROM      YEAR
                                                  NORMAL
..................................................................
TEMPERATURE (F)
 YESTERDAY
  MAXIMUM         84    331 PM 104    1926  87     -3       78
  MINIMUM         67    533 AM  40    1953  59      8       55
  AVERAGE         76                        73      3       67

PRECIPITATION (IN)
  YESTERDAY        0.00          T    2012   0.01  -0.01     0.03
                                      2012
                                      2014
  MONTH TO DATE    0.00                      0.10  -0.10     0.14
  SINCE OCT 1      6.97                      4.59   2.38     2.61
  SINCE JAN 1      5.18                      2.74   2.44     2.42

DEGREE DAYS
 HEATING
  YESTERDAY        0                         0      0        0
  MONTH TO DATE    0                        17    -17        0
  SINCE MAR 1     19                        90    -71       28
  SINCE JUL 1    679                       868   -189      738

 COOLING
  YESTERDAY       11                         8      3        2
  MONTH TO DATE  282                       153    129      257
  SINCE MAR 1    528                       246    282      444
  SINCE JAN 1    573                       273    300      594
..................................................................


WIND (MPH)
  RESULTANT WIND SPEED  14   RESULTANT WIND DIRECTION  NW (320)
  HIGHEST WIND SPEED    35   HIGHEST WIND DIRECTION    NW (320)
  HIGHEST GUST SPEED    43   HIGHEST GUST DIRECTION    NW (320)
  AVERAGE WIND SPEED    16.1


SKY COVER
  POSSIBLE SUNSHINE  MM
  AVERAGE SKY COVER 0.0


WEATHER CONDITIONS
 THE FOLLOWING WEATHER WAS RECORDED YESTERDAY.
  NO SIGNIFICANT WEATHER WAS OBSERVED.


RELATIVE HUMIDITY (PERCENT)
 HIGHEST    45           500 AM
 LOWEST     24          1200 PM
 AVERAGE    35

..........................................................


THE PALM SPRINGS INTL AIRPORT CA CLIMATE NORMALS FOR TODAY
                         NORMAL    RECORD    YEAR
 MAXIMUM TEMPERATURE (F)   87       109      1996
 MINIMUM TEMPERATURE (F)   60        42      1971


SUNRISE AND SUNSET
APRIL 26 2017.........SUNRISE   602 AM PDT   SUNSET   726 PM PDT
APRIL 27 2017.........SUNRISE   601 AM PDT   SUNSET   727 PM PDT


-  INDICATES NEGATIVE NUMBERS.
R  INDICATES RECORD WAS SET OR TIED.
MM INDICATES DATA IS MISSING.
T  INDICATES TRACE AMOUNT.




$$
