000
CDUS46 KSGX 300020
CLIPSP


CLIMATE REPORT
NATIONAL WEATHER SERVICE SAN DIEGO, CA
520 PM PDT WED JUL 29 2015


...................................

...THE PALM SPRINGS INTL AIRPORT CA CLIMATE SUMMARY FOR JULY 29 2015...
VALID TODAY AS OF 0500 PM LOCAL TIME.

CLIMATE NORMAL PERIOD 1981 TO 2010
CLIMATE RECORD PERIOD 1893 TO 2015


WEATHER ITEM   OBSERVED TIME   RECORD YEAR NORMAL DEPARTURE LAST
                VALUE   (LST)  VALUE       VALUE  FROM      YEAR
                                                  NORMAL
..................................................................
TEMPERATURE (F)
 TODAY
  MAXIMUM        104    349 PM 123    1995 107     -3      111
  MINIMUM         83    528 AM  63    1941  78      5       83
  AVERAGE         94                        93      1       97

PRECIPITATION (IN)
  TODAY            0.00          0.25 1958   0.02  -0.02     0.00
  MONTH TO DATE    0.42                      0.22   0.20     0.27
  SINCE OCT 1      2.63                      5.01  -2.38     1.20
  SINCE JAN 1      1.76                      3.16  -1.40     1.02

DEGREE DAYS
 HEATING
  TODAY            0                         0      0        0
  MONTH TO DATE    0                         0      0        0
  SINCE JUN 1      0                         0      0        0
  SINCE JUL 1      0                         0      0        0

 COOLING
  TODAY           29                        28      1       32
  MONTH TO DATE  738                       792    -54      851
  SINCE JUN 1   1524                      1439     85     1594
  SINCE JAN 1   2589                      2198    391     2704
..................................................................


WIND (MPH)
  RESULTANT WIND SPEED   4   RESULTANT WIND DIRECTION   E (80)
  HIGHEST WIND SPEED    17   HIGHEST WIND DIRECTION     E (110)
  HIGHEST GUST SPEED    20   HIGHEST GUST DIRECTION     E (110)
  AVERAGE WIND SPEED     7.4


SKY COVER
  POSSIBLE SUNSHINE  MM
  AVERAGE SKY COVER 0.3


WEATHER CONDITIONS
 THE FOLLOWING WEATHER WAS RECORDED TODAY.
  NO SIGNIFICANT WEATHER WAS OBSERVED.


RELATIVE HUMIDITY (PERCENT)
 HIGHEST    49           900 AM
 LOWEST     27           400 PM
 AVERAGE    38

..........................................................


THE PALM SPRINGS INTL AIRPORT CA CLIMATE NORMALS FOR TOMORROW
                         NORMAL    RECORD    YEAR
 MAXIMUM TEMPERATURE (F)  107       119      1957
                                             1943
 MINIMUM TEMPERATURE (F)   78        65      1941
                                             1940


SUNRISE AND SUNSET
JULY 29 2015..........SUNRISE   556 AM PDT   SUNSET   749 PM PDT
JULY 30 2015..........SUNRISE   556 AM PDT   SUNSET   748 PM PDT


-  INDICATES NEGATIVE NUMBERS.
R  INDICATES RECORD WAS SET OR TIED.
MM INDICATES DATA IS MISSING.
T  INDICATES TRACE AMOUNT.




$$
