000
CDUS45 KPUB 221028
CLIPUB


CLIMATE REPORT
NATIONAL WEATHER SERVICE PUEBLO
427 AM MDT WED OCT 22 2014


...................................

...THE PUEBLO CO CLIMATE SUMMARY FOR OCTOBER 21 2014...

CLIMATE NORMAL PERIOD 1981 TO 2010
CLIMATE RECORD PERIOD 1888 TO 2014


WEATHER ITEM   OBSERVED TIME   RECORD YEAR NORMAL DEPARTURE LAST
                VALUE   (LST)  VALUE       VALUE  FROM      YEAR
                                                  NORMAL
..................................................................
TEMPERATURE (F)
 YESTERDAY
  MAXIMUM         79    241 PM  89    2003  68     11       59
  MINIMUM         40    627 AM  17    1996  32      8       35
  AVERAGE         60                        50     10       47

PRECIPITATION (IN)
  YESTERDAY        0.00          1.28 2009   0.02  -0.02     0.00
  MONTH TO DATE    0.91                      0.51   0.40     0.24
  SINCE SEP 1      1.53                      1.28   0.25     1.51
  SINCE JAN 1     11.13                     11.51  -0.38     9.31

SNOWFALL (IN)
  YESTERDAY        0.0           3.0  1906   0.0    0.0      0.0
  MONTH TO DATE    0.0                       0.6   -0.6      0.1
  SINCE SEP 1      0.0                       0.9   -0.9      0.1
  SINCE JUL 1      T                         0.9   -0.9      0.1
  SNOW DEPTH       0

DEGREE DAYS
 HEATING
  YESTERDAY        5                        15    -10       18
  MONTH TO DATE  177                       241    -64      269
  SINCE SEP 1    230                       334   -104      294
  SINCE JUL 1    231                       339   -108      294

 COOLING
  YESTERDAY        0                         0      0        0
  MONTH TO DATE    0                         0      0        3
  SINCE SEP 1    127                        83     44      170
  SINCE JAN 1   1002                       894    108     1230
..................................................................


WIND (MPH)
  HIGHEST WIND SPEED    15   HIGHEST WIND DIRECTION    SE (150)
  HIGHEST GUST SPEED    19   HIGHEST GUST DIRECTION     S (160)
  AVERAGE WIND SPEED     5.3


SKY COVER
  POSSIBLE SUNSHINE  MM
  AVERAGE SKY COVER 0.1


WEATHER CONDITIONS
 THE FOLLOWING WEATHER WAS RECORDED YESTERDAY.
  NO SIGNIFICANT WEATHER WAS OBSERVED.


RELATIVE HUMIDITY (PERCENT)
 HIGHEST    92           600 AM
 LOWEST     22           200 PM
 AVERAGE    57

..........................................................


THE PUEBLO CO CLIMATE NORMALS FOR TODAY
                         NORMAL    RECORD    YEAR
 MAXIMUM TEMPERATURE (F)   67        85      2003
 MINIMUM TEMPERATURE (F)   32        10      1996


SUNRISE AND SUNSET
OCTOBER 22 2014.......SUNRISE   714 AM MDT   SUNSET   611 PM MDT
OCTOBER 23 2014.......SUNRISE   715 AM MDT   SUNSET   609 PM MDT


-  INDICATES NEGATIVE NUMBERS.
R  INDICATES RECORD WAS SET OR TIED.
MM INDICATES DATA IS MISSING.
T  INDICATES TRACE AMOUNT.




$$
