000
CDUS45 KPUB 281058
CLIPUB


CLIMATE REPORT
NATIONAL WEATHER SERVICE PUEBLO
458 AM MDT SAT MAR 28 2015


...................................

...THE PUEBLO CO CLIMATE SUMMARY FOR MARCH 27 2015...

CLIMATE NORMAL PERIOD 1981 TO 2010
CLIMATE RECORD PERIOD 1888 TO 2015


WEATHER ITEM   OBSERVED TIME   RECORD YEAR NORMAL DEPARTURE LAST
                VALUE   (LST)  VALUE       VALUE  FROM      YEAR
                                                  NORMAL
..................................................................
TEMPERATURE (F)
 YESTERDAY
  MAXIMUM         73    223 PM  85    1988  62     11       66
  MINIMUM         30    514 AM  -1    1899  29      1       41
  AVERAGE         52                        45      7       54

PRECIPITATION (IN)
  YESTERDAY        0.00          0.48 1998   0.03  -0.03     0.00
  MONTH TO DATE    0.57                      0.79  -0.22     0.76
  SINCE MAR 1      0.57                      0.79  -0.22     0.76
  SINCE JAN 1      1.95                      1.44   0.51     1.49

SNOWFALL (IN)
  YESTERDAY        0.0           3.6  2009   0.2   -0.2      0.0
                                      1972
  MONTH TO DATE    1.7                       4.9   -3.2      2.4
  SINCE MAR 1      1.7                       4.9   -3.2      2.4
  SINCE JUL 1     42.8                      26.7   16.1     21.0
  SNOW DEPTH       0

DEGREE DAYS
 HEATING
  YESTERDAY       13                        20     -7       11
  MONTH TO DATE  573                       624    -51      613
  SINCE MAR 1    573                       624    -51      613
  SINCE JUL 1   4595                      4927   -332     4818

 COOLING
  YESTERDAY        0                         0      0        0
  MONTH TO DATE    0                         0      0        0
  SINCE MAR 1      0                         0      0        0
  SINCE JAN 1      0                         0      0        0
..................................................................


WIND (MPH)
  HIGHEST WIND SPEED    18   HIGHEST WIND DIRECTION     E (100)
  HIGHEST GUST SPEED    24   HIGHEST GUST DIRECTION     E (80)
  AVERAGE WIND SPEED     5.9


SKY COVER
  POSSIBLE SUNSHINE  MM
  AVERAGE SKY COVER 0.0


WEATHER CONDITIONS
 THE FOLLOWING WEATHER WAS RECORDED YESTERDAY.
  NO SIGNIFICANT WEATHER WAS OBSERVED.


RELATIVE HUMIDITY (PERCENT)
 HIGHEST    82           300 AM
 LOWEST     19           200 PM
 AVERAGE    51

..........................................................


THE PUEBLO CO CLIMATE NORMALS FOR TODAY
                         NORMAL    RECORD    YEAR
 MAXIMUM TEMPERATURE (F)   62        84      1986
                                             1963
 MINIMUM TEMPERATURE (F)   29        -6      1899


SUNRISE AND SUNSET
MARCH 28 2015.........SUNRISE   650 AM MDT   SUNSET   717 PM MDT
MARCH 29 2015.........SUNRISE   648 AM MDT   SUNSET   718 PM MDT


-  INDICATES NEGATIVE NUMBERS.
R  INDICATES RECORD WAS SET OR TIED.
MM INDICATES DATA IS MISSING.
T  INDICATES TRACE AMOUNT.




$$
