797
CDUS45 KPUB 100030
CLIPUB


CLIMATE REPORT
NATIONAL WEATHER SERVICE PUEBLO
529 PM MST TUE FEB 9 2016


...................................

...THE PUEBLO CO CLIMATE SUMMARY FOR FEBRUARY 9 2016...
VALID TODAY AS OF 0500 PM LOCAL TIME.

CLIMATE NORMAL PERIOD 1981 TO 2010
CLIMATE RECORD PERIOD 1888 TO 2016


WEATHER ITEM   OBSERVED TIME   RECORD YEAR NORMAL DEPARTURE LAST
                VALUE   (LST)  VALUE       VALUE  FROM      YEAR
                                                  NORMAL
..................................................................
TEMPERATURE (F)
 TODAY
  MAXIMUM         59    247 PM  78    1996  49     10       71
  MINIMUM         23    637 AM -17    2011  16      7       25
                                      1933
  AVERAGE         41                        32      9       48

PRECIPITATION (IN)
  TODAY            0.00          0.31 1943   0.01  -0.01     0.00
  MONTH TO DATE    0.35                      0.08   0.27      T
  SINCE DEC 1      1.28                      0.81   0.47     0.49
  SINCE JAN 1      0.88                      0.43   0.45     0.25

SNOWFALL (IN)
  TODAY            0.0           3.4  1943   0.2   -0.2      0.0
  MONTH TO DATE    5.8                       1.4    4.4       T
  SINCE DEC 1     17.8                      13.4    4.4      7.7
  SINCE JUL 1     24.2                      19.4    4.8     17.6
  SNOW DEPTH       0

DEGREE DAYS
 HEATING
  TODAY           24                        33     -9       17
  MONTH TO DATE  329                       300     29      179
  SINCE DEC 1   2260                      2451   -191     2215
  SINCE JUL 1   3134                      3732   -598     3377

 COOLING
  TODAY            0                         0      0        0
  MONTH TO DATE    0                         0      0        0
  SINCE DEC 1      0                         0      0        0
  SINCE JAN 1      0                         0      0        0
..................................................................


WIND (MPH)
  HIGHEST WIND SPEED    14   HIGHEST WIND DIRECTION     E (100)
  HIGHEST GUST SPEED    17   HIGHEST GUST DIRECTION     E (100)
  AVERAGE WIND SPEED     5.4


SKY COVER
  POSSIBLE SUNSHINE  MM
  AVERAGE SKY COVER 0.0


WEATHER CONDITIONS
 THE FOLLOWING WEATHER WAS RECORDED TODAY.
  NO SIGNIFICANT WEATHER WAS OBSERVED.


RELATIVE HUMIDITY (PERCENT)
 HIGHEST    88          1200 AM
 LOWEST     23           400 PM
 AVERAGE    56

..........................................................


THE PUEBLO CO CLIMATE NORMALS FOR TOMORROW
                         NORMAL    RECORD    YEAR
 MAXIMUM TEMPERATURE (F)   49        75      1962
                                             1951
 MINIMUM TEMPERATURE (F)   16       -18      1933


SUNRISE AND SUNSET
FEBRUARY  9 2016......SUNRISE   656 AM MST   SUNSET   529 PM MST
FEBRUARY 10 2016......SUNRISE   655 AM MST   SUNSET   530 PM MST


-  INDICATES NEGATIVE NUMBERS.
R  INDICATES RECORD WAS SET OR TIED.
MM INDICATES DATA IS MISSING.
T  INDICATES TRACE AMOUNT.




$$
