000
CDUS45 KPUB 241047
CLIPUB


CLIMATE REPORT
NATIONAL WEATHER SERVICE PUEBLO
446 AM MDT THU APR 24 2014


...................................

...THE PUEBLO CO CLIMATE SUMMARY FOR APRIL 23 2014...

CLIMATE NORMAL PERIOD 1981 TO 2010
CLIMATE RECORD PERIOD 1888 TO 2014


WEATHER ITEM   OBSERVED TIME   RECORD YEAR NORMAL DEPARTURE LAST
                VALUE   (LST)  VALUE       VALUE  FROM      YEAR
                                                  NORMAL
..................................................................
TEMPERATURE (F)
 YESTERDAY
  MAXIMUM         81    145 PM  90    1989  70     11       30
  MINIMUM         44   1159 PM  20    2013  36      8       20
  AVERAGE         63                        53     10       25

PRECIPITATION (IN)
  YESTERDAY        0.01          1.63 1905   0.06  -0.05     0.12
  MONTH TO DATE    1.20                      1.02   0.18     0.30
  SINCE MAR 1      1.96                      1.95   0.01     0.51
  SINCE JAN 1      2.69                      2.60   0.09     1.20

SNOWFALL (IN)
  YESTERDAY        0.0           1.6  2013   0.1   -0.1      1.6
  MONTH TO DATE    8.3                       3.2    5.1      3.4
  SINCE MAR 1     10.7                       8.9    1.8      9.1
  SINCE JUL 1     29.3                      30.7   -1.4     23.8
  SNOW DEPTH       0

DEGREE DAYS
 HEATING
  YESTERDAY        2                        12    -10       40
  MONTH TO DATE  292                       359    -67      477
  SINCE MAR 1    964                      1061    -97     1212
  SINCE JUL 1   5169                      5364   -195     5449

 COOLING
  YESTERDAY        0                         0      0        0
  MONTH TO DATE    2                         0      2        0
  SINCE MAR 1      2                         0      2        0
  SINCE JAN 1      2                         0      2        0
..................................................................


WIND (MPH)
  HIGHEST WIND SPEED    40   HIGHEST WIND DIRECTION     N (20)
  HIGHEST GUST SPEED    49   HIGHEST GUST DIRECTION     N (10)
  AVERAGE WIND SPEED    17.0


SKY COVER
  POSSIBLE SUNSHINE  MM
  AVERAGE SKY COVER 0.1


WEATHER CONDITIONS
 THE FOLLOWING WEATHER WAS RECORDED YESTERDAY.
  LIGHT RAIN


RELATIVE HUMIDITY (PERCENT)
 HIGHEST    71          1000 PM
 LOWEST      8           200 PM
 AVERAGE    40

..........................................................


THE PUEBLO CO CLIMATE NORMALS FOR TODAY
                         NORMAL    RECORD    YEAR
 MAXIMUM TEMPERATURE (F)   70        92      2012
 MINIMUM TEMPERATURE (F)   37        19      2013


SUNRISE AND SUNSET
APRIL 24 2014.........SUNRISE   610 AM MDT   SUNSET   743 PM MDT
APRIL 25 2014.........SUNRISE   609 AM MDT   SUNSET   744 PM MDT


-  INDICATES NEGATIVE NUMBERS.
R  INDICATES RECORD WAS SET OR TIED.
MM INDICATES DATA IS MISSING.
T  INDICATES TRACE AMOUNT.




$$
