000
CDUS46 KOTX 301245
CLIPUW


CLIMATE REPORT
NATIONAL WEATHER SERVICE SPOKANE, WA
545 AM PDT TUE JUN 30 2015


...................................

...THE PULLMAN-MOSCOW  AIRPORT CLIMATE SUMMARY FOR JUNE 29 2015...

CLIMATE NORMAL PERIOD 1981 TO 2010
CLIMATE RECORD PERIOD 9999 TO 9999


WEATHER ITEM   OBSERVED TIME   RECORD YEAR NORMAL DEPARTURE LAST
                VALUE   (LST)  VALUE       VALUE  FROM      YEAR
                                                  NORMAL
..................................................................
TEMPERATURE (F)
 YESTERDAY
  MAXIMUM         92    355 PM  95    2008  76     16       70
  MINIMUM         62   1156 PM  35    1959  47     15       45
  AVERAGE         77                        62     15       58

PRECIPITATION (IN)
  YESTERDAY        T             0.73 1952   0.04  -0.04     0.00
  MONTH TO DATE    0.45                      1.05  -0.60     0.93
  SINCE OCT 1     16.09                     14.76   1.33    13.95
  SINCE JAN 1      9.24                      9.56  -0.32    10.61

SNOWFALL (IN)
  YESTERDAY       MM

DEGREE DAYS
 HEATING
  YESTERDAY        0                         5     -5        7
  MONTH TO DATE   79                       202   -123      198
  SINCE JUN 1     79                       202   -123      198
  SINCE JUL 1   5351                      6602  -1251     6638

 COOLING
  YESTERDAY       12                         1     11        0
  MONTH TO DATE   83                         8     75        1
  SINCE JUN 1     83                         8     75        1
  SINCE JAN 1     95                        13     82        2
..................................................................


WIND (MPH)
  HIGHEST WIND SPEED    21   HIGHEST WIND DIRECTION     W (280)
  HIGHEST GUST SPEED    26   HIGHEST GUST DIRECTION     W (280)
  AVERAGE WIND SPEED     4.0


SKY COVER
  POSSIBLE SUNSHINE  MM
  AVERAGE SKY COVER 0.0


WEATHER CONDITIONS
 THE FOLLOWING WEATHER WAS RECORDED YESTERDAY.
  THUNDERSTORM
  LIGHT RAIN


RELATIVE HUMIDITY (PERCENT)
 HIGHEST    78          1100 PM
 LOWEST     32           300 PM
 AVERAGE    55

..........................................................


THE PULLMAN-MOSCOW  AIRPORT CLIMATE NORMALS FOR TODAY
                         NORMAL    RECORD    YEAR
 MAXIMUM TEMPERATURE (F)   77        94      2008
 MINIMUM TEMPERATURE (F)   47        35      1949


SUNRISE AND SUNSET
JUNE 30 2015..........SUNRISE   458 AM PDT   SUNSET   846 PM PDT
JULY  1 2015..........SUNRISE   458 AM PDT   SUNSET   846 PM PDT


-  INDICATES NEGATIVE NUMBERS.
R  INDICATES RECORD WAS SET OR TIED.
MM INDICATES DATA IS MISSING.
T  INDICATES TRACE AMOUNT.




$$
