000
CDUS46 KOTX 270848
CLIPUW


CLIMATE REPORT
NATIONAL WEATHER SERVICE SPOKANE, WA
147 AM PDT SAT AUG 27 2016


...................................

...THE PULLMAN-MOSCOW  AIRPORT CLIMATE SUMMARY FOR AUGUST 26 2016...

CLIMATE NORMAL PERIOD 1981 TO 2010
CLIMATE RECORD PERIOD 9999 TO 9999


WEATHER ITEM   OBSERVED TIME   RECORD YEAR NORMAL DEPARTURE LAST
                VALUE   (LST)  VALUE       VALUE  FROM      YEAR
                                                  NORMAL
..................................................................
TEMPERATURE (F)
 YESTERDAY
  MAXIMUM         84    357 PM  99    1996  80      4       91
  MINIMUM         47    510 AM  34    1980  48     -1       50
  AVERAGE         66                        64      2       71

PRECIPITATION (IN)
  YESTERDAY        0.00                      0.02  -0.02     0.00
  MONTH TO DATE    0.24                      0.53  -0.29      T
  SINCE OCT 1     19.95                     16.01   3.94    16.63
  SINCE JAN 1     11.96                     10.81   1.15     9.78

SNOWFALL (IN)
  YESTERDAY       MM

DEGREE DAYS
 HEATING
  YESTERDAY        0                         3     -3        0
  MONTH TO DATE   34                        48    -14       26
  SINCE JUN 1    267                       318    -51      124
  SINCE JUL 1     99                       112    -13       45

 COOLING
  YESTERDAY        1                         2     -1        6
  MONTH TO DATE   74                        81     -7      122
  SINCE JUN 1    175                       176     -1      384
  SINCE JAN 1    176                       181     -5      396
..................................................................


WIND (MPH)
  HIGHEST WIND SPEED    15   HIGHEST WIND DIRECTION     W (250)
  HIGHEST GUST SPEED    19   HIGHEST GUST DIRECTION     W (250)
  AVERAGE WIND SPEED     3.3


SKY COVER
  POSSIBLE SUNSHINE  MM
  AVERAGE SKY COVER 0.0


WEATHER CONDITIONS
 THE FOLLOWING WEATHER WAS RECORDED YESTERDAY.
  HAZE


RELATIVE HUMIDITY (PERCENT)
 HIGHEST    56           500 AM
 LOWEST     17           200 PM
 AVERAGE    37

..........................................................


THE PULLMAN-MOSCOW  AIRPORT CLIMATE NORMALS FOR TODAY
                         NORMAL    RECORD    YEAR
 MAXIMUM TEMPERATURE (F)   80        99      1996
 MINIMUM TEMPERATURE (F)   48        35      1942


SUNRISE AND SUNSET
AUGUST 27 2016........SUNRISE   602 AM PDT   SUNSET   736 PM PDT
AUGUST 28 2016........SUNRISE   604 AM PDT   SUNSET   734 PM PDT


-  INDICATES NEGATIVE NUMBERS.
R  INDICATES RECORD WAS SET OR TIED.
MM INDICATES DATA IS MISSING.
T  INDICATES TRACE AMOUNT.




$$
