000
CDUS46 KOTX 290825
CLIPUW


CLIMATE REPORT
NATIONAL WEATHER SERVICE SPOKANE, WA
125 AM PDT THU SEP 29 2016


...................................

...THE PULLMAN-MOSCOW  AIRPORT CLIMATE SUMMARY FOR SEPTEMBER 28 2016...

CLIMATE NORMAL PERIOD 1981 TO 2010
CLIMATE RECORD PERIOD 9999 TO 9999


WEATHER ITEM   OBSERVED TIME   RECORD YEAR NORMAL DEPARTURE LAST
                VALUE   (LST)  VALUE       VALUE  FROM      YEAR
                                                  NORMAL
..................................................................
TEMPERATURE (F)
 YESTERDAY
  MAXIMUM         81    300 PM  93    1963  68     13       72
  MINIMUM         48    307 AM  24    1985  40      8       29
  AVERAGE         65                        54     11       51

PRECIPITATION (IN)
  YESTERDAY        0.00                      0.04  -0.04     0.00
  MONTH TO DATE    0.33                      0.71  -0.38     0.69
  SINCE OCT 1     20.28                     16.82   3.46    17.47
  SINCE JAN 1     12.29                     11.62   0.67    10.62

SNOWFALL (IN)
  YESTERDAY       MM

DEGREE DAYS
 HEATING
  YESTERDAY        0                        11    -11       14
  MONTH TO DATE  212                       204      8      221
  SINCE SEP 1    212                       204      8      221
  SINCE JUL 1    314                       337    -23      278

 COOLING
  YESTERDAY        0                         0      0        0
  MONTH TO DATE    6                        21    -15        8
  SINCE SEP 1      6                        21    -15        8
  SINCE JAN 1    203                       211     -8      416
..................................................................


WIND (MPH)
  HIGHEST WIND SPEED    14   HIGHEST WIND DIRECTION     W (280)
  HIGHEST GUST SPEED    21   HIGHEST GUST DIRECTION     W (290)
  AVERAGE WIND SPEED     4.0


SKY COVER
  POSSIBLE SUNSHINE  MM
  AVERAGE SKY COVER 0.0


WEATHER CONDITIONS
 THE FOLLOWING WEATHER WAS RECORDED YESTERDAY.
  HAZE


RELATIVE HUMIDITY (PERCENT)
 HIGHEST    71           100 AM
 LOWEST     30           100 PM
 AVERAGE    51

..........................................................


THE PULLMAN-MOSCOW  AIRPORT CLIMATE NORMALS FOR TODAY
                         NORMAL    RECORD    YEAR
 MAXIMUM TEMPERATURE (F)   68        83      1994
 MINIMUM TEMPERATURE (F)   40        20      1983


SUNRISE AND SUNSET
SEPTEMBER 29 2016.....SUNRISE   645 AM PDT   SUNSET   631 PM PDT
SEPTEMBER 30 2016.....SUNRISE   647 AM PDT   SUNSET   629 PM PDT


-  INDICATES NEGATIVE NUMBERS.
R  INDICATES RECORD WAS SET OR TIED.
MM INDICATES DATA IS MISSING.
T  INDICATES TRACE AMOUNT.




$$
