471
CDUS46 KOTX 070830
CLIPUW


CLIMATE REPORT
NATIONAL WEATHER SERVICE SPOKANE, WA
1230 AM PST SUN FEB 7 2016


...................................

...THE PULLMAN-MOSCOW  AIRPORT CLIMATE SUMMARY FOR FEBRUARY 6 2016...

CLIMATE NORMAL PERIOD 1981 TO 2010
CLIMATE RECORD PERIOD 9999 TO 9999


WEATHER ITEM   OBSERVED TIME   RECORD YEAR NORMAL DEPARTURE LAST
                VALUE   (LST)  VALUE       VALUE  FROM      YEAR
                                                  NORMAL
..................................................................
TEMPERATURE (F)
 YESTERDAY
  MAXIMUM         46   1248 AM  60    2015  39      7       60
  MINIMUM         30   1147 PM  -2    1989  28      2       43
  AVERAGE         38                        34      4       52

PRECIPITATION (IN)
  YESTERDAY        0.02          0.46 1958   0.06  -0.04     0.02
  MONTH TO DATE    0.18                      0.40  -0.22     0.31
  SINCE OCT 1     10.79                      7.42   3.37     8.77
  SINCE JAN 1      2.80                      2.22   0.58     1.92

SNOWFALL (IN)
  YESTERDAY       MM

DEGREE DAYS
 HEATING
  YESTERDAY       27                        31     -4       13
  MONTH TO DATE  180                       191    -11      140
  SINCE DEC 1   2138                      2306   -168     1975
  SINCE JUL 1   3595                      4050   -455     3312

 COOLING
  YESTERDAY        0                         0      0        0
  MONTH TO DATE    0                         0      0        0
  SINCE DEC 1      0                         0      0        0
  SINCE JAN 1      0                         0      0        0
..................................................................


WIND (MPH)
  HIGHEST WIND SPEED    33   HIGHEST WIND DIRECTION     W (250)
  HIGHEST GUST SPEED    46   HIGHEST GUST DIRECTION     W (250)
  AVERAGE WIND SPEED    10.7


SKY COVER
  POSSIBLE SUNSHINE  MM
  AVERAGE SKY COVER 0.5


WEATHER CONDITIONS
 THE FOLLOWING WEATHER WAS RECORDED YESTERDAY.
  LIGHT RAIN


RELATIVE HUMIDITY (PERCENT)
 HIGHEST    89           800 PM
 LOWEST     58          1200 AM
 AVERAGE    74

..........................................................


THE PULLMAN-MOSCOW  AIRPORT CLIMATE NORMALS FOR TODAY
                         NORMAL    RECORD    YEAR
 MAXIMUM TEMPERATURE (F)   40        58      2015
 MINIMUM TEMPERATURE (F)   28         1      1989


SUNRISE AND SUNSET
FEBRUARY  7 2016......SUNRISE   705 AM PST   SUNSET   501 PM PST
FEBRUARY  8 2016......SUNRISE   704 AM PST   SUNSET   502 PM PST


-  INDICATES NEGATIVE NUMBERS.
R  INDICATES RECORD WAS SET OR TIED.
MM INDICATES DATA IS MISSING.
T  INDICATES TRACE AMOUNT.




$$
