000
CDUS46 KOTX 300824
CLIPUW


CLIMATE REPORT
NATIONAL WEATHER SERVICE SPOKANE, WA
123 AM PDT SAT AUG 30 2014


...................................

...THE PULLMAN-MOSCOW  AIRPORT CLIMATE SUMMARY FOR AUGUST 29 2014...

CLIMATE NORMAL PERIOD 1981 TO 2010
CLIMATE RECORD PERIOD 9999 TO 9999


WEATHER ITEM   OBSERVED TIME   RECORD YEAR NORMAL DEPARTURE LAST
                VALUE   (LST)  VALUE       VALUE  FROM      YEAR
                                                  NORMAL
..................................................................
TEMPERATURE (F)
 YESTERDAY
  MAXIMUM         83    333 PM  98    1998  79      4       86
  MINIMUM         48    529 AM  30    1942  47      1       54
  AVERAGE         66                        63      3       70

PRECIPITATION (IN)
  YESTERDAY        0.00          0.79 1951   0.02  -0.02      T
  MONTH TO DATE    0.50                      0.59  -0.09     0.45
  SINCE OCT 1     14.78                     16.07  -1.29    16.42
  SINCE JAN 1     11.44                     10.87   0.57     8.88

SNOWFALL (IN)
  YESTERDAY       MM            MM      MM  MM     MM       MM
  MONTH TO DATE   MM                        MM     MM       MM
  SINCE JUN 1     MM                        MM     MM       MM
  SINCE JUL 1     MM                        MM     MM       MM
  SNOW DEPTH      MM

DEGREE DAYS
 HEATING
  YESTERDAY        0                         4     -4        0
  MONTH TO DATE    7                        59    -52       15
  SINCE JUN 1    221                       329   -108      229
  SINCE JUL 1     17                       123   -106       39

 COOLING
  YESTERDAY        1                         2     -1        5
  MONTH TO DATE  135                        87     48      111
  SINCE JUN 1    325                       182    143      249
  SINCE JAN 1    326                       187    139      261
..................................................................


WIND (MPH)
  HIGHEST WIND SPEED    21   HIGHEST WIND DIRECTION     W (270)
  HIGHEST GUST SPEED    29   HIGHEST GUST DIRECTION     W (270)
  AVERAGE WIND SPEED     7.2


SKY COVER
  POSSIBLE SUNSHINE  MM
  AVERAGE SKY COVER 0.1


WEATHER CONDITIONS
 THE FOLLOWING WEATHER WAS RECORDED YESTERDAY.
  NO SIGNIFICANT WEATHER WAS OBSERVED.


RELATIVE HUMIDITY (PERCENT)
 HIGHEST    66           400 AM
 LOWEST     20           100 PM
 AVERAGE    43

..........................................................


THE PULLMAN-MOSCOW  AIRPORT CLIMATE NORMALS FOR TODAY
                         NORMAL    RECORD    YEAR
 MAXIMUM TEMPERATURE (F)   79        96      1967
 MINIMUM TEMPERATURE (F)   47        35      1965


SUNRISE AND SUNSET
AUGUST 30 2014........SUNRISE   606 AM PDT   SUNSET   731 PM PDT
AUGUST 31 2014........SUNRISE   607 AM PDT   SUNSET   729 PM PDT


-  INDICATES NEGATIVE NUMBERS.
R  INDICATES RECORD WAS SET OR TIED.
MM INDICATES DATA IS MISSING.
T  INDICATES TRACE AMOUNT.




$$
