000
CDUS46 KOTX 260826
CLIPUW


CLIMATE REPORT
NATIONAL WEATHER SERVICE SPOKANE, WA
126 AM PDT FRI MAY 26 2017


...................................

...THE PULLMAN-MOSCOW  AIRPORT CLIMATE SUMMARY FOR MAY 25 2017...

CLIMATE NORMAL PERIOD 1981 TO 2010
CLIMATE RECORD PERIOD 9999 TO 9999


WEATHER ITEM   OBSERVED TIME   RECORD YEAR NORMAL DEPARTURE LAST
                VALUE   (LST)  VALUE       VALUE  FROM      YEAR
                                                  NORMAL
..................................................................
TEMPERATURE (F)
 YESTERDAY
  MAXIMUM         59    537 PM  90    1928  67     -8       69
  MINIMUM         43    118 AM  24    1911  43      0       46
  AVERAGE         51                        55     -4       58

PRECIPITATION (IN)
  YESTERDAY        T                         0.04  -0.04     0.00
  MONTH TO DATE    1.98                      1.31   0.67     0.72
  SINCE OCT 1     22.24                     13.46   8.78    18.02
  SINCE JAN 1     13.83                      8.26   5.57    10.03

SNOWFALL (IN)
  YESTERDAY       MM

DEGREE DAYS
 HEATING
  YESTERDAY       14                        10      4        7
  MONTH TO DATE  312                       314     -2      222
  SINCE MAR 1   1575                      1638    -63     1286
  SINCE JUL 1   6352                      6341     11     5384

 COOLING
  YESTERDAY        0                         0      0        0
  MONTH TO DATE    6                         0      6        1
  SINCE MAR 1      6                         0      6        1
  SINCE JAN 1      6                         0      6        1
..................................................................


WIND (MPH)
  HIGHEST WIND SPEED    12   HIGHEST WIND DIRECTION     W (280)
  HIGHEST GUST SPEED    14   HIGHEST GUST DIRECTION     W (280)
  AVERAGE WIND SPEED     4.0


SKY COVER
  POSSIBLE SUNSHINE  MM
  AVERAGE SKY COVER 0.4


WEATHER CONDITIONS
 THE FOLLOWING WEATHER WAS RECORDED YESTERDAY.
  NO SIGNIFICANT WEATHER WAS OBSERVED.


RELATIVE HUMIDITY (PERCENT)
 HIGHEST    77           900 PM
 LOWEST     55           400 PM
 AVERAGE    66

..........................................................


THE PULLMAN-MOSCOW  AIRPORT CLIMATE NORMALS FOR TODAY
                         NORMAL    RECORD    YEAR
 MAXIMUM TEMPERATURE (F)   67        91      1936
 MINIMUM TEMPERATURE (F)   44        33      1967


SUNRISE AND SUNSET
MAY 26 2017...........SUNRISE   502 AM PDT   SUNSET   829 PM PDT
MAY 27 2017...........SUNRISE   502 AM PDT   SUNSET   830 PM PDT


-  INDICATES NEGATIVE NUMBERS.
R  INDICATES RECORD WAS SET OR TIED.
MM INDICATES DATA IS MISSING.
T  INDICATES TRACE AMOUNT.




$$
