000
CDUS46 KOTX 230819
CLIPUW


CLIMATE REPORT
NATIONAL WEATHER SERVICE SPOKANE, WA
118 AM PDT SAT MAY 23 2015


...................................

...THE PULLMAN-MOSCOW  AIRPORT CLIMATE SUMMARY FOR MAY 22 2015...

CLIMATE NORMAL PERIOD 1981 TO 2010
CLIMATE RECORD PERIOD 9999 TO 9999


WEATHER ITEM   OBSERVED TIME   RECORD YEAR NORMAL DEPARTURE LAST
                VALUE   (LST)  VALUE       VALUE  FROM      YEAR
                                                  NORMAL
..................................................................
TEMPERATURE (F)
 YESTERDAY
  MAXIMUM         75        MM  88    1958  66      9       78
  MINIMUM         49        MM  30    1960  43      6       41
  AVERAGE         62                        54      8       60

PRECIPITATION (IN)
  YESTERDAY        0.03          0.76 1998   0.05  -0.02     0.00
  MONTH TO DATE    1.65                      1.17   0.48     0.64
  SINCE OCT 1     15.33                     13.32   2.01    12.69
  SINCE JAN 1      8.48                      8.12   0.36     9.35

SNOWFALL (IN)
  YESTERDAY       MM

DEGREE DAYS
 HEATING
  YESTERDAY        3                        11     -8        5
  MONTH TO DATE  234                       283    -49      236
  SINCE MAR 1   1404                      1607   -203     1509
  SINCE JUL 1   5235                      6310  -1075     6360

 COOLING
  YESTERDAY        0                         0      0        0
  MONTH TO DATE    0                         0      0        1
  SINCE MAR 1      0                         0      0        1
  SINCE JAN 1      0                         0      0        1
..................................................................


WIND (MPH)
  HIGHEST WIND SPEED    10   HIGHEST WIND DIRECTION     W (290)
  HIGHEST GUST SPEED    MM   HIGHEST GUST DIRECTION    MM
  AVERAGE WIND SPEED     3.0


SKY COVER
  POSSIBLE SUNSHINE  MM
  AVERAGE SKY COVER 0.1


WEATHER CONDITIONS
 THE FOLLOWING WEATHER WAS RECORDED YESTERDAY.
  THUNDERSTORM
  LIGHT RAIN


RELATIVE HUMIDITY (PERCENT)
 HIGHEST    89           300 AM
 LOWEST     53          1100 AM
 AVERAGE    71

..........................................................


THE PULLMAN-MOSCOW  AIRPORT CLIMATE NORMALS FOR TODAY
                         NORMAL    RECORD    YEAR
 MAXIMUM TEMPERATURE (F)   66        89      2001
 MINIMUM TEMPERATURE (F)   43        30      2013
                                             1966


SUNRISE AND SUNSET
MAY 23 2015...........SUNRISE   505 AM PDT   SUNSET   826 PM PDT
MAY 24 2015...........SUNRISE   505 AM PDT   SUNSET   827 PM PDT


-  INDICATES NEGATIVE NUMBERS.
R  INDICATES RECORD WAS SET OR TIED.
MM INDICATES DATA IS MISSING.
T  INDICATES TRACE AMOUNT.




$$
