000
CDUS46 KOTX 270856
CLIPUW


CLIMATE REPORT
NATIONAL WEATHER SERVICE SPOKANE, WA
156 AM PDT THU JUL 27 2017


...................................

...THE PULLMAN-MOSCOW  AIRPORT CLIMATE SUMMARY FOR JULY 26 2017...

CLIMATE NORMAL PERIOD 1981 TO 2010
CLIMATE RECORD PERIOD 9999 TO 9999


WEATHER ITEM   OBSERVED TIME   RECORD YEAR NORMAL DEPARTURE LAST
                VALUE   (LST)  VALUE       VALUE  FROM      YEAR
                                                  NORMAL
..................................................................
TEMPERATURE (F)
 YESTERDAY
  MAXIMUM         92    352 PM 103    1928  84      8       90
  MINIMUM         53    351 AM  36    1966  51      2       52
  AVERAGE         73                        67      6       71

PRECIPITATION (IN)
  YESTERDAY        0.00                      0.02  -0.02     0.00
  MONTH TO DATE    0.02                      0.60  -0.58     0.75
  SINCE OCT 1     23.27                     15.39   7.88    19.71
  SINCE JAN 1     14.86                     10.19   4.67    11.72

SNOWFALL (IN)
  YESTERDAY       MM

DEGREE DAYS
 HEATING
  YESTERDAY        0                         1     -1        0
  MONTH TO DATE    6                        57    -51       65
  SINCE JUN 1    140                       263   -123      233
  SINCE JUL 1      6                        57    -51       65

 COOLING
  YESTERDAY        8                         4      4        6
  MONTH TO DATE  140                        62     78       22
  SINCE JUN 1    194                        75    119       65
  SINCE JAN 1    214                        80    134       66
..................................................................


WIND (MPH)
  HIGHEST WIND SPEED    12   HIGHEST WIND DIRECTION     W (270)
  HIGHEST GUST SPEED    16   HIGHEST GUST DIRECTION     W (280)
  AVERAGE WIND SPEED     3.1


SKY COVER
  POSSIBLE SUNSHINE  MM
  AVERAGE SKY COVER 0.0


WEATHER CONDITIONS
 THE FOLLOWING WEATHER WAS RECORDED YESTERDAY.
  HAZE


RELATIVE HUMIDITY (PERCENT)
 HIGHEST    66           400 AM
 LOWEST     14           400 PM
 AVERAGE    40

..........................................................


THE PULLMAN-MOSCOW  AIRPORT CLIMATE NORMALS FOR TODAY
                         NORMAL    RECORD    YEAR
 MAXIMUM TEMPERATURE (F)   84       102      1934
 MINIMUM TEMPERATURE (F)   51        39      1966


SUNRISE AND SUNSET
JULY 27 2017..........SUNRISE   523 AM PDT   SUNSET   826 PM PDT
JULY 28 2017..........SUNRISE   524 AM PDT   SUNSET   825 PM PDT


-  INDICATES NEGATIVE NUMBERS.
R  INDICATES RECORD WAS SET OR TIED.
MM INDICATES DATA IS MISSING.
T  INDICATES TRACE AMOUNT.




$$
