000
CDUS46 KOTX 210836
CLIPUW


CLIMATE REPORT
NATIONAL WEATHER SERVICE SPOKANE, WA
136 AM PDT THU SEP 21 2017


...................................

...THE PULLMAN-MOSCOW  AIRPORT CLIMATE SUMMARY FOR SEPTEMBER 20 2017...

CLIMATE NORMAL PERIOD 1981 TO 2010
CLIMATE RECORD PERIOD 9999 TO 9999


WEATHER ITEM   OBSERVED TIME   RECORD YEAR NORMAL DEPARTURE LAST
                VALUE   (LST)  VALUE       VALUE  FROM      YEAR
                                                  NORMAL
..................................................................
TEMPERATURE (F)
 YESTERDAY
  MAXIMUM         50    123 PM  91    1939  72    -22       65
  MINIMUM         43    922 PM  30    2007  42      1       39
                                      1983
  AVERAGE         47                        57    -10       52

PRECIPITATION (IN)
  YESTERDAY        0.19                      0.03   0.16     0.00
  MONTH TO DATE    0.67                      0.48   0.19     0.31
  SINCE OCT 1     24.01                     16.59   7.42    20.26
  SINCE JAN 1     15.60                     11.39   4.21    12.27

SNOWFALL (IN)
  YESTERDAY       MM

DEGREE DAYS
 HEATING
  YESTERDAY       18                         9      9       13
  MONTH TO DATE   96                       123    -27      159
  SINCE SEP 1     96                       123    -27      159
  SINCE JUL 1    119                       256   -137      261

 COOLING
  YESTERDAY        0                         0      0        0
  MONTH TO DATE   81                        21     60        0
  SINCE SEP 1     81                        21     60        0
  SINCE JAN 1    515                       211    304      197
..................................................................


WIND (MPH)
  HIGHEST WIND SPEED    24   HIGHEST WIND DIRECTION    SW (240)
  HIGHEST GUST SPEED    33   HIGHEST GUST DIRECTION    SW (240)
  AVERAGE WIND SPEED     7.1


SKY COVER
  POSSIBLE SUNSHINE  MM
  AVERAGE SKY COVER 0.9


WEATHER CONDITIONS
 THE FOLLOWING WEATHER WAS RECORDED YESTERDAY.
  THUNDERSTORM
  HEAVY RAIN
  RAIN
  LIGHT RAIN
  FOG


RELATIVE HUMIDITY (PERCENT)
 HIGHEST    92          1100 PM
 LOWEST     71          1200 AM
 AVERAGE    82

..........................................................


THE PULLMAN-MOSCOW  AIRPORT CLIMATE NORMALS FOR TODAY
                         NORMAL    RECORD    YEAR
 MAXIMUM TEMPERATURE (F)   71        93      1967
 MINIMUM TEMPERATURE (F)   42        27      2002
                                             1960


SUNRISE AND SUNSET
SEPTEMBER 21 2017.....SUNRISE   634 AM PDT   SUNSET   647 PM PDT
SEPTEMBER 22 2017.....SUNRISE   636 AM PDT   SUNSET   645 PM PDT


-  INDICATES NEGATIVE NUMBERS.
R  INDICATES RECORD WAS SET OR TIED.
MM INDICATES DATA IS MISSING.
T  INDICATES TRACE AMOUNT.




$$
