000
CDUS46 KOTX 300837
CLIPUW


CLIMATE REPORT
NATIONAL WEATHER SERVICE SPOKANE, WA
137 AM PDT SAT APR 30 2016


...................................

...THE PULLMAN-MOSCOW  AIRPORT CLIMATE SUMMARY FOR APRIL 29 2016...

CLIMATE NORMAL PERIOD 1981 TO 2010
CLIMATE RECORD PERIOD 9999 TO 9999


WEATHER ITEM   OBSERVED TIME   RECORD YEAR NORMAL DEPARTURE LAST
                VALUE   (LST)  VALUE       VALUE  FROM      YEAR
                                                  NORMAL
..................................................................
TEMPERATURE (F)
 YESTERDAY
  MAXIMUM         49    445 PM  86    1987  61    -12       57
  MINIMUM         44    546 AM  28    1973  38      6       33
  AVERAGE         47                        49     -2       45

PRECIPITATION (IN)
  YESTERDAY        0.34          0.41 1988   0.04   0.30      T
  MONTH TO DATE    1.49                      1.51  -0.02     0.58
  SINCE OCT 1     16.96                     12.10   4.86    13.68
  SINCE JAN 1      8.97                      6.90   2.07     6.83

SNOWFALL (IN)
  YESTERDAY       MM

DEGREE DAYS
 HEATING
  YESTERDAY       18                        16      2       20
  MONTH TO DATE  360                       553   -193      554
  SINCE MAR 1   1049                      1309   -260     1151
  SINCE JUL 1   5147                      6012   -865     4982

 COOLING
  YESTERDAY        0                         0      0        0
  MONTH TO DATE    0                         0      0        0
  SINCE MAR 1      0                         0      0        0
  SINCE JAN 1      0                         0      0        0
..................................................................


WIND (MPH)
  HIGHEST WIND SPEED    14   HIGHEST WIND DIRECTION     W (280)
  HIGHEST GUST SPEED    17   HIGHEST GUST DIRECTION     W (290)
  AVERAGE WIND SPEED     6.1


SKY COVER
  POSSIBLE SUNSHINE  MM
  AVERAGE SKY COVER 1.0


WEATHER CONDITIONS
 THE FOLLOWING WEATHER WAS RECORDED YESTERDAY.
  LIGHT RAIN
  FOG


RELATIVE HUMIDITY (PERCENT)
 HIGHEST    92           700 AM
 LOWEST     71          1200 AM
 AVERAGE    82

..........................................................


THE PULLMAN-MOSCOW  AIRPORT CLIMATE NORMALS FOR TODAY
                         NORMAL    RECORD    YEAR
 MAXIMUM TEMPERATURE (F)   61        88      1987
 MINIMUM TEMPERATURE (F)   38        25      1984


SUNRISE AND SUNSET
APRIL 30 2016.........SUNRISE   534 AM PDT   SUNSET   758 PM PDT
MAY  1 2016...........SUNRISE   533 AM PDT   SUNSET   759 PM PDT


-  INDICATES NEGATIVE NUMBERS.
R  INDICATES RECORD WAS SET OR TIED.
MM INDICATES DATA IS MISSING.
T  INDICATES TRACE AMOUNT.




$$
