000
CDUS41 KBOX 302135
CLIPVD


CLIMATE REPORT
NATIONAL WEATHER SERVICE TAUNTON MA
530 PM EDT TUE SEP 30 2014


...................................

...THE PROVIDENCE RI CLIMATE SUMMARY FOR SEPTEMBER 30 2014...
VALID AS OF 0500 PM LOCAL TIME.

CLIMATE NORMAL PERIOD 1981 TO 2010
CLIMATE RECORD PERIOD 1904 TO 2014


WEATHER ITEM   OBSERVED TIME   RECORD YEAR NORMAL DEPARTURE LAST
                VALUE   (LST)  VALUE       VALUE  FROM      YEAR
                                                  NORMAL
..................................................................
TEMPERATURE (F)
 TODAY
  MAXIMUM         60    126 AM  85    1986  69     -9       70
  MINIMUM         57    834 AM  32    1951  50      7       51
  AVERAGE         59                        59      0       61

PRECIPITATION (IN)
  TODAY            0.09          0.95 1946   0.14  -0.05     0.00
  MONTH TO DATE    0.73                      3.92  -3.19     4.59
  SINCE SEP 1      0.73                      3.92  -3.19     4.59
  SINCE JAN 1     32.18                     34.52  -2.34    35.40

SNOWFALL (IN)
  TODAY            0.0           0.0  2002   0.0    0.0      0.0
                                      2001
                                      2000
  MONTH TO DATE    0.0                       0.0    0.0      0.0
  SINCE SEP 1      0.0                       0.0    0.0      0.0
  SINCE JUL 1      0.0                       0.0    0.0      0.0
  SNOW DEPTH       0

DEGREE DAYS
 HEATING
  TODAY            6                         7     -1        4
  MONTH TO DATE   73                        89    -16      103
  SINCE SEP 1     73                        88    -15      103
  SINCE JUL 1     73                        97    -24      103

 COOLING
  TODAY            0                         1     -1        0
  MONTH TO DATE  115                        80     35       63
  SINCE SEP 1    115                        80     35       63
  SINCE JAN 1    697                       736    -39      885
..................................................................


WIND (MPH)
  HIGHEST WIND SPEED    15   HIGHEST WIND DIRECTION     N (10)
  HIGHEST GUST SPEED    18   HIGHEST GUST DIRECTION     N (10)
  AVERAGE WIND SPEED    10.3


SKY COVER
  POSSIBLE SUNSHINE  MM
  AVERAGE SKY COVER 1.0


WEATHER CONDITIONS
 THE FOLLOWING WEATHER WAS RECORDED TODAY.
  LIGHT RAIN


RELATIVE HUMIDITY (PERCENT)
 HIGHEST    93           400 AM
 LOWEST     84           100 AM
 AVERAGE    89

..........................................................


THE PROVIDENCE RI CLIMATE NORMALS FOR TOMORROW
                         NORMAL    RECORD    YEAR
 MAXIMUM TEMPERATURE (F)   69        87      1927
 MINIMUM TEMPERATURE (F)   49        34      1974


SUNRISE AND SUNSET
SEPTEMBER 30 2014.....SUNRISE   641 AM EDT   SUNSET   629 PM EDT
OCTOBER  1 2014.......SUNRISE   642 AM EDT   SUNSET   628 PM EDT


-  INDICATES NEGATIVE NUMBERS.
R  INDICATES RECORD WAS SET OR TIED.
MM INDICATES DATA IS MISSING.
T  INDICATES TRACE AMOUNT.




$$
