000
CDUS41 KBOX 252147
CLIPVD


CLIMATE REPORT
NATIONAL WEATHER SERVICE TAUNTON MA
437 PM EST SUN FEB 25 2018


...................................

...THE PROVIDENCE RI CLIMATE SUMMARY FOR FEBRUARY 25 2018...
VALID TODAY AS OF 0400 PM LOCAL TIME.

CLIMATE NORMAL PERIOD 1981 TO 2010
CLIMATE RECORD PERIOD 1904 TO 2018


WEATHER ITEM   OBSERVED TIME   RECORD YEAR NORMAL DEPARTURE LAST
                VALUE   (LST)  VALUE       VALUE  FROM      YEAR
                                                  NORMAL
..................................................................
TEMPERATURE (F)
 TODAY
  MAXIMUM         44   1221 AM  69    1976  42      2       63
  MINIMUM         39    830 AM   1    1914  25     14       47
  AVERAGE         42                        34      8       55

PRECIPITATION (IN)
  TODAY            0.85          2.11 1965   0.13   0.72     0.13
  MONTH TO DATE    5.42                      2.89   2.53     2.20
  SINCE DEC 1     14.48                     10.97   3.51    10.30
  SINCE JAN 1     11.91                      6.75   5.16     7.16

SNOWFALL (IN)
  TODAY            0.0          10.7  1999   0.2   -0.2      0.0
  MONTH TO DATE    5.7                       7.7   -2.0     16.8
  SINCE DEC 1     33.9                      25.4    8.5     38.2
  SINCE JUL 1     33.9                      26.9    7.0     38.2
  SNOW DEPTH       0

DEGREE DAYS
 HEATING
  TODAY           23                        31     -8       10
  MONTH TO DATE  648                       833   -185      738
  SINCE DEC 1   2793                      2895   -102     2595
  SINCE JUL 1   3607                      3970   -363     3482

 COOLING
  TODAY            0                         0      0        0
  MONTH TO DATE    0                         0      0        0
  SINCE DEC 1      0                         0      0        0
  SINCE JAN 1      0                         0      0        0
..................................................................


WIND (MPH)
  HIGHEST WIND SPEED    16   HIGHEST WIND DIRECTION     E (90)
  HIGHEST GUST SPEED    25   HIGHEST GUST DIRECTION     E (100)
  AVERAGE WIND SPEED    10.4


SKY COVER
  POSSIBLE SUNSHINE  MM
  AVERAGE SKY COVER 1.0


WEATHER CONDITIONS
 THE FOLLOWING WEATHER WAS RECORDED TODAY.
  RAIN
  LIGHT RAIN
  FOG


RELATIVE HUMIDITY (PERCENT)
 HIGHEST   100           900 AM
 LOWEST     70           200 AM
 AVERAGE    85

..........................................................


THE PROVIDENCE RI CLIMATE NORMALS FOR TOMORROW
                         NORMAL    RECORD    YEAR
 MAXIMUM TEMPERATURE (F)   43        65      1957
 MINIMUM TEMPERATURE (F)   26         0      1928


SUNRISE AND SUNSET
FEBRUARY 25 2018......SUNRISE   627 AM EST   SUNSET   531 PM EST
FEBRUARY 26 2018......SUNRISE   625 AM EST   SUNSET   533 PM EST


-  INDICATES NEGATIVE NUMBERS.
R  INDICATES RECORD WAS SET OR TIED.
MM INDICATES DATA IS MISSING.
T  INDICATES TRACE AMOUNT.




$$
