000
CDUS41 KBOX 220707
CLIPVD


CLIMATE REPORT
NATIONAL WEATHER SERVICE TAUNTON MA
306 AM EDT SAT JUL 22 2017


...................................

...THE PROVIDENCE RI CLIMATE SUMMARY FOR JULY 21 2017...

CLIMATE NORMAL PERIOD 1981 TO 2010
CLIMATE RECORD PERIOD 1904 TO 2017


WEATHER ITEM   OBSERVED TIME   RECORD YEAR NORMAL DEPARTURE LAST
                VALUE   (LST)  VALUE       VALUE  FROM      YEAR
                                                  NORMAL
..................................................................
TEMPERATURE (F)
 YESTERDAY
  MAXIMUM         90    211 PM 102    1991  83      7       90
  MINIMUM         71    434 AM  51    1966  65      6       61
  AVERAGE         81                        74      7       76

PRECIPITATION (IN)
  YESTERDAY        0.00          1.47 1956   0.11  -0.11     0.00
  MONTH TO DATE    2.70                      2.11   0.59     2.07
  SINCE JUN 1      6.96                      5.75   1.21     3.12
  SINCE JAN 1     31.98                     25.82   6.16    21.24

SNOWFALL (IN)
  YESTERDAY        0.0           0.0  2002   0.0    0.0      0.0
                                      2001
                                      2000
  MONTH TO DATE    0.0                       0.0    0.0      0.0
  SINCE JUN 1      0.0                       0.0    0.0      0.0
  SINCE JUL 1      0.0                       0.0    0.0      0.0
  SNOW DEPTH       0

DEGREE DAYS
 HEATING
  YESTERDAY        0                         0      0        0
  MONTH TO DATE    1                         0      1        0
  SINCE JUN 1     50                        43      7       12
  SINCE JUL 1      1                         0      1        0

 COOLING
  YESTERDAY       16                         9      7       11
  MONTH TO DATE  211                       177     34      205
  SINCE JUN 1    380                       309     71      340
  SINCE JAN 1    438                       335    103      391
..................................................................


WIND (MPH)
  RESULTANT WIND SPEED   6   RESULTANT WIND DIRECTION   W (280)
  HIGHEST WIND SPEED    16   HIGHEST WIND DIRECTION     W (250)
  HIGHEST GUST SPEED    23   HIGHEST GUST DIRECTION     W (270)
  AVERAGE WIND SPEED     7.4


SKY COVER
  POSSIBLE SUNSHINE  MM
  AVERAGE SKY COVER 0.4


WEATHER CONDITIONS
 THE FOLLOWING WEATHER WAS RECORDED YESTERDAY.
  FOG


RELATIVE HUMIDITY (PERCENT)
 HIGHEST    94           100 AM
 LOWEST     44           200 PM
 AVERAGE    69

..........................................................


THE PROVIDENCE RI CLIMATE NORMALS FOR TODAY
                         NORMAL    RECORD    YEAR
 MAXIMUM TEMPERATURE (F)   83       101      2011
 MINIMUM TEMPERATURE (F)   65        54      1937


SUNRISE AND SUNSET
JULY 22 2017..........SUNRISE   531 AM EDT   SUNSET   813 PM EDT
JULY 23 2017..........SUNRISE   531 AM EDT   SUNSET   812 PM EDT


-  INDICATES NEGATIVE NUMBERS.
R  INDICATES RECORD WAS SET OR TIED.
MM INDICATES DATA IS MISSING.
T  INDICATES TRACE AMOUNT.




$$
