000
CDUS41 KBOX 130543
CLIPVD


CLIMATE REPORT
NATIONAL WEATHER SERVICE TAUNTON MA
1243 AM EST SAT FEB 13 2016


...................................

...THE PROVIDENCE RI CLIMATE SUMMARY FOR FEBRUARY 12 2016...

CLIMATE NORMAL PERIOD 1981 TO 2010
CLIMATE RECORD PERIOD 1904 TO 2016


WEATHER ITEM   OBSERVED TIME   RECORD YEAR NORMAL DEPARTURE LAST
                VALUE   (LST)  VALUE       VALUE  FROM      YEAR
                                                  NORMAL
..................................................................
TEMPERATURE (F)
 YESTERDAY
  MAXIMUM         23    329 PM  61    1999  40    -17       34
  MINIMUM          7    701 AM  -9    1914  23    -16       11
  AVERAGE         15                        31    -16       23

PRECIPITATION (IN)
  YESTERDAY        0.00          2.30 1988   0.11  -0.11     0.01
  MONTH TO DATE    2.75                      1.35   1.40     1.39
  SINCE DEC 1     10.58                      9.43   1.15    11.26
  SINCE JAN 1      5.78                      5.21   0.57     5.01

SNOWFALL (IN)
  YESTERDAY        0.0           9.4  2006   0.3   -0.3      0.1
  MONTH TO DATE   11.0                       3.7    7.3     15.8
  SINCE DEC 1     18.9                      21.4   -2.5     42.3
  SINCE JUL 1     18.9                      22.9   -4.0     43.9
  SNOW DEPTH       4

DEGREE DAYS
 HEATING
  YESTERDAY       50                        34     16       42
  MONTH TO DATE  380                       413    -33      527
  SINCE DEC 1   1973                      2475   -502     2557
  SINCE JUL 1   2854                      3550   -696     3593

 COOLING
  YESTERDAY        0                         0      0        0
  MONTH TO DATE    0                         0      0        0
  SINCE DEC 1      0                         0      0        0
  SINCE JAN 1      0                         0      0        0
..................................................................


WIND (MPH)
  RESULTANT WIND SPEED   6   RESULTANT WIND DIRECTION   W (270)
  HIGHEST WIND SPEED    25   HIGHEST WIND DIRECTION     W (290)
  HIGHEST GUST SPEED    33   HIGHEST GUST DIRECTION    NW (310)
  AVERAGE WIND SPEED     7.7


SKY COVER
  POSSIBLE SUNSHINE  MM
  AVERAGE SKY COVER 0.5


WEATHER CONDITIONS
 THE FOLLOWING WEATHER WAS RECORDED YESTERDAY.
  NO SIGNIFICANT WEATHER WAS OBSERVED.


RELATIVE HUMIDITY (PERCENT)
 HIGHEST    63           800 AM
 LOWEST     38           300 PM
 AVERAGE    51

..........................................................


THE PROVIDENCE RI CLIMATE NORMALS FOR TODAY
                         NORMAL    RECORD    YEAR
 MAXIMUM TEMPERATURE (F)   40        64      1951
 MINIMUM TEMPERATURE (F)   23        -5      1967


SUNRISE AND SUNSET
FEBRUARY 13 2016......SUNRISE   645 AM EST   SUNSET   516 PM EST
FEBRUARY 14 2016......SUNRISE   643 AM EST   SUNSET   517 PM EST


-  INDICATES NEGATIVE NUMBERS.
R  INDICATES RECORD WAS SET OR TIED.
MM INDICATES DATA IS MISSING.
T  INDICATES TRACE AMOUNT.




$$
