388
CDUS43 KLOT 060647
CLIPWK


CLIMATE REPORT
NATIONAL WEATHER SERVICE CHICAGO IL
143 AM CDT FRI MAY 6 2016


...................................

...THE CHICAGO EXECUTIVE CLIMATE SUMMARY FOR MAY 5 2016...

CLIMATE NORMAL PERIOD 1981 TO 2010
CLIMATE RECORD PERIOD 1996 TO 2016


WEATHER ITEM   OBSERVED TIME   RECORD YEAR NORMAL DEPARTURE LAST
                VALUE   (LST)  VALUE       VALUE  FROM      YEAR
                                                  NORMAL
..................................................................
TEMPERATURE (F)
 YESTERDAY
  MAXIMUM         59    127 PM  83    2000  65     -6       55
  MINIMUM         40    525 AM  35    2005  44     -4       46
  AVERAGE         50                        55     -5       51

PRECIPITATION (IN)
  YESTERDAY        0.00          1.00 2015   0.12  -0.12     1.00
  MONTH TO DATE    0.81                      0.61   0.20     1.21
  SINCE MAR 1      6.44                      5.83   0.61     4.68
  SINCE JAN 1      8.10                      8.41  -0.31     5.37

DEGREE DAYS
 HEATING
  YESTERDAY       15                        11      4       14
  MONTH TO DATE   81                        57     24       33
  SINCE MAR 1   1316                      1432   -116     1451
  SINCE JUL 1   5379                      6170   -791     6579

 COOLING
  YESTERDAY        0                         0      0        0
  MONTH TO DATE    0                         0      0        1
  SINCE MAR 1      2                         4     -2        1
  SINCE JAN 1      2                         4     -2        1
..................................................................


WIND (MPH)
  RESULTANT WIND SPEED   7   RESULTANT WIND DIRECTION   N (20)
  HIGHEST WIND SPEED    20   HIGHEST WIND DIRECTION     N (10)
  HIGHEST GUST SPEED    26   HIGHEST GUST DIRECTION     N (10)
  AVERAGE WIND SPEED     7.3



WEATHER CONDITIONS
 THE FOLLOWING WEATHER WAS RECORDED YESTERDAY.
  NO SIGNIFICANT WEATHER WAS OBSERVED.


..........................................................


THE CHICAGO EXECUTIVE CLIMATE NORMALS FOR TODAY
                         NORMAL    RECORD    YEAR
 MAXIMUM TEMPERATURE (F)   66        85      2000
 MINIMUM TEMPERATURE (F)   44        38      2006


SUNRISE AND SUNSET
MAY  6 2016...........SUNRISE   540 AM CDT   SUNSET   757 PM CDT
MAY  7 2016...........SUNRISE   539 AM CDT   SUNSET   758 PM CDT


-  INDICATES NEGATIVE NUMBERS.
R  INDICATES RECORD WAS SET OR TIED.
MM INDICATES DATA IS MISSING.
T  INDICATES TRACE AMOUNT.




$$
