000
CDUS43 KLOT 300639
CLIPWK


CLIMATE REPORT
NATIONAL WEATHER SERVICE CHICAGO IL
136 AM CDT TUE SEP 30 2014


...................................

...THE CHICAGO EXECUTIVE CLIMATE SUMMARY FOR SEPTEMBER 29 2014...

CLIMATE NORMAL PERIOD 1981 TO 2010
CLIMATE RECORD PERIOD 1996 TO 2014


WEATHER ITEM   OBSERVED TIME   RECORD YEAR NORMAL DEPARTURE LAST
                VALUE   (LST)  VALUE       VALUE  FROM      YEAR
                                                  NORMAL
..................................................................
TEMPERATURE (F)
 YESTERDAY
  MAXIMUM         84    226 PM  85    2002  69     15       68
  MINIMUM         54    605 AM  38    2006  48      6       50
  AVERAGE         69                        59     10       59

PRECIPITATION (IN)
  YESTERDAY        0.00          0.72 2008   0.14  -0.14     0.16
  MONTH TO DATE    1.91                      3.07  -1.16     2.03
  SINCE SEP 1      1.91                      3.07  -1.16     2.03
  SINCE JAN 1     27.43                     25.55   1.88    22.90

DEGREE DAYS
 HEATING
  YESTERDAY        0                         8     -8        6
  MONTH TO DATE  103                        94      9       75
  SINCE SEP 1    103                        94      9       75
  SINCE JUL 1    107                       104      3       85

 COOLING
  YESTERDAY        4                         1      3        0
  MONTH TO DATE   88                        78     10      136
  SINCE SEP 1     88                        78     10      136
  SINCE JAN 1    776                       775      1      896
..................................................................


WIND (MPH)
  RESULTANT WIND SPEED   4   RESULTANT WIND DIRECTION   N (350)
  HIGHEST WIND SPEED    22   HIGHEST WIND DIRECTION    NE (40)
  HIGHEST GUST SPEED    31   HIGHEST GUST DIRECTION     N (360)
  AVERAGE WIND SPEED     7.3



WEATHER CONDITIONS
 THE FOLLOWING WEATHER WAS RECORDED YESTERDAY.
  FOG
  HAZE


..........................................................


THE CHICAGO EXECUTIVE CLIMATE NORMALS FOR TODAY
                         NORMAL    RECORD    YEAR
 MAXIMUM TEMPERATURE (F)   68        86      2002
 MINIMUM TEMPERATURE (F)   48        37      2003


SUNRISE AND SUNSET
SEPTEMBER 30 2014.....SUNRISE   647 AM CDT   SUNSET   635 PM CDT
OCTOBER  1 2014.......SUNRISE   649 AM CDT   SUNSET   633 PM CDT


-  INDICATES NEGATIVE NUMBERS.
R  INDICATES RECORD WAS SET OR TIED.
MM INDICATES DATA IS MISSING.
T  INDICATES TRACE AMOUNT.




$$
