000
CDUS43 KLOT 290634
CLIPWK


CLIMATE REPORT
NATIONAL WEATHER SERVICE CHICAGO IL
134 AM CDT WED JUL 29 2015


...................................

...THE CHICAGO EXECUTIVE CLIMATE SUMMARY FOR JULY 28 2015...

CLIMATE NORMAL PERIOD 1981 TO 2010
CLIMATE RECORD PERIOD 1996 TO 2015


WEATHER ITEM   OBSERVED TIME   RECORD YEAR NORMAL DEPARTURE LAST
                VALUE   (LST)  VALUE       VALUE  FROM      YEAR
                                                  NORMAL
..................................................................
TEMPERATURE (F)
 YESTERDAY
  MAXIMUM         90    130 PM  93    1999  83      7       72
  MINIMUM         67    509 AM  56    2013  64      3       59
                                      2005
  AVERAGE         79                        74      5       66

PRECIPITATION (IN)
  YESTERDAY        T             0.19 2000   0.15  -0.15     0.00
  MONTH TO DATE    3.23                      3.17   0.06     1.46
  SINCE JUN 1      9.33                      6.88   2.45     9.19
  SINCE JAN 1     17.46                     18.37  -0.91    18.39

DEGREE DAYS
 HEATING
  YESTERDAY        0                         0      0        0
  MONTH TO DATE   20                         0     20        3
  SINCE JUN 1     76                        52     24       23
  SINCE JUL 1     20                         0     20        3

 COOLING
  YESTERDAY       14                         9      5        1
  MONTH TO DATE  196                       246    -50      168
  SINCE JUN 1    307                       400    -93      346
  SINCE JAN 1    358                       442    -84      404
..................................................................


WIND (MPH)
  RESULTANT WIND SPEED   3   RESULTANT WIND DIRECTION  SE (140)
  HIGHEST WIND SPEED    17   HIGHEST WIND DIRECTION     E (110)
  HIGHEST GUST SPEED    23   HIGHEST GUST DIRECTION     E (110)
  AVERAGE WIND SPEED     4.1



WEATHER CONDITIONS
 THE FOLLOWING WEATHER WAS RECORDED YESTERDAY.
  LIGHT RAIN


..........................................................


THE CHICAGO EXECUTIVE CLIMATE NORMALS FOR TODAY
                         NORMAL    RECORD    YEAR
 MAXIMUM TEMPERATURE (F)   83        98      1999
 MINIMUM TEMPERATURE (F)   64        53      2003


SUNRISE AND SUNSET
JULY 29 2015..........SUNRISE   542 AM CDT   SUNSET   814 PM CDT
JULY 30 2015..........SUNRISE   543 AM CDT   SUNSET   813 PM CDT


-  INDICATES NEGATIVE NUMBERS.
R  INDICATES RECORD WAS SET OR TIED.
MM INDICATES DATA IS MISSING.
T  INDICATES TRACE AMOUNT.




$$
