000
CDUS41 KGYX 120904
CLIPWM


CLIMATE REPORT
NATIONAL WEATHER SERVICE GRAY ME
404 AM EST FRI FEB 12 2016


...................................

...THE PORTLAND ME CLIMATE SUMMARY FOR FEBRUARY 11 2016...

CLIMATE NORMAL PERIOD 1981 TO 2010
CLIMATE RECORD PERIOD 1941 TO 2016


WEATHER ITEM   OBSERVED TIME   RECORD YEAR NORMAL DEPARTURE LAST
                VALUE   (LST)  VALUE       VALUE  FROM      YEAR
                                                  NORMAL
..................................................................
TEMPERATURE (F)
 YESTERDAY
  MAXIMUM         30   1112 AM  52    1981  34     -4       23
  MINIMUM          5   1159 PM -17    1948  15    -10        7
  AVERAGE         18                        25     -7       15

PRECIPITATION (IN)
  YESTERDAY        0.11          1.48 1933   0.12  -0.01     0.00
  MONTH TO DATE    1.73                      1.20   0.53     1.95
  SINCE DEC 1     10.44                      8.60   1.84    12.89
  SINCE JAN 1      5.10                      4.58   0.52     6.62

SNOWFALL (IN)
  YESTERDAY        0.0          10.1  1892   0.4   -0.4      0.0
  MONTH TO DATE   14.0                       5.0    9.0     21.8
  SINCE DEC 1     34.5                      37.4   -2.9     66.1
  SINCE JUL 1     34.5                      39.3   -4.8     76.4
  SNOW DEPTH       5

DEGREE DAYS
 HEATING
  YESTERDAY       47                        40      7       50
  MONTH TO DATE  374                       455    -81      560
  SINCE DEC 1   2375                      2900   -525     2876
  SINCE JUL 1   3621                      4391   -770     4187

 COOLING
  YESTERDAY        0                         0      0        0
  MONTH TO DATE    0                         0      0        0
  SINCE DEC 1      0                         0      0        0
  SINCE JAN 1      0                         0      0        0
..................................................................


WIND (MPH)
  RESULTANT WIND SPEED   6   RESULTANT WIND DIRECTION   W (290)
  HIGHEST WIND SPEED    18   HIGHEST WIND DIRECTION    NW (300)
  HIGHEST GUST SPEED    25   HIGHEST GUST DIRECTION    NW (320)
  AVERAGE WIND SPEED     7.0


SKY COVER
  AVERAGE SKY COVER 0.6


WEATHER CONDITIONS
 THE FOLLOWING WEATHER WAS RECORDED YESTERDAY.
  SNOW
  LIGHT SNOW
  FOG
  HAZE


RELATIVE HUMIDITY (PERCENT)
 HIGHEST    91           600 PM
 LOWEST     50          1100 AM
 AVERAGE    71

..........................................................


THE PORTLAND ME CLIMATE NORMALS FOR TODAY
                         NORMAL    RECORD    YEAR
 MAXIMUM TEMPERATURE (F)   34        51      1984
 MINIMUM TEMPERATURE (F)   16       -13      1967


SUNRISE AND SUNSET
FEBRUARY 12 2016......SUNRISE   645 AM EST   SUNSET   507 PM EST
FEBRUARY 13 2016......SUNRISE   643 AM EST   SUNSET   508 PM EST


-  INDICATES NEGATIVE NUMBERS.
R  INDICATES RECORD WAS SET OR TIED.
MM INDICATES DATA IS MISSING.
T  INDICATES TRACE AMOUNT.




$$
