000
CDUS41 KGYX 010805
CLIPWM


CLIMATE REPORT
NATIONAL WEATHER SERVICE GRAY ME
405 AM EDT MON SEP 1 2014


...................................

...THE PORTLAND ME CLIMATE SUMMARY FOR AUGUST 31 2014...

CLIMATE NORMAL PERIOD 1981 TO 2010
CLIMATE RECORD PERIOD 1941 TO 2014


WEATHER ITEM   OBSERVED TIME   RECORD YEAR NORMAL DEPARTURE LAST
                VALUE   (LST)  VALUE       VALUE  FROM      YEAR
                                                  NORMAL
..................................................................
TEMPERATURE (F)
 YESTERDAY
  MAXIMUM         85    116 PM  94    2010  75     10       82
  MINIMUM         62    350 AM  33    1965  56      6       67
  AVERAGE         74                        65      9       75

PRECIPITATION (IN)
  YESTERDAY        1.29          2.26 1954   0.10   1.19      T
  MONTH TO DATE    8.56                      3.14   5.42     1.74
  SINCE JUN 1     18.98                     10.54   8.44    12.42
  SINCE JAN 1     38.20                     29.74   8.46    28.22

SNOWFALL (IN)
  YESTERDAY        0.0           0.0  2002   0.0    0.0      0.0
                                      2001
                                      2000
  MONTH TO DATE    0.0                       0.0    0.0      0.0
  SINCE JUN 1      0.0                       0.0    0.0      0.0
  SINCE JUL 1      0.0                       0.0    0.0      0.0
  SNOW DEPTH       0

DEGREE DAYS
 HEATING
  YESTERDAY        0                         2     -2        0
  MONTH TO DATE   24                        27     -3       11
  SINCE JUN 1    101                       151    -50       99
  SINCE JUL 1     24                        45    -21       18

 COOLING
  YESTERDAY        9                         2      7       10
  MONTH TO DATE   83                       120    -37      102
  SINCE JUN 1    298                       321    -23      402
  SINCE JAN 1    298                       328    -30      417
..................................................................


WIND (MPH)
  RESULTANT WIND SPEED   7   RESULTANT WIND DIRECTION  SW (220)
  HIGHEST WIND SPEED    17   HIGHEST WIND DIRECTION     W (260)
  HIGHEST GUST SPEED    23   HIGHEST GUST DIRECTION     W (280)
  AVERAGE WIND SPEED     7.5


SKY COVER
  AVERAGE SKY COVER 0.7


WEATHER CONDITIONS
 THE FOLLOWING WEATHER WAS RECORDED YESTERDAY.
  THUNDERSTORM
  HEAVY RAIN
  RAIN
  LIGHT RAIN
  FOG


RELATIVE HUMIDITY (PERCENT)
 HIGHEST   100           900 PM
 LOWEST     63          1200 PM
 AVERAGE    82

..........................................................


THE PORTLAND ME CLIMATE NORMALS FOR TODAY
                         NORMAL    RECORD    YEAR
 MAXIMUM TEMPERATURE (F)   75        93      1969
 MINIMUM TEMPERATURE (F)   55        39      2002


SUNRISE AND SUNSET
SEPTEMBER  1 2014.....SUNRISE   605 AM EDT   SUNSET   717 PM EDT
SEPTEMBER  2 2014.....SUNRISE   606 AM EDT   SUNSET   715 PM EDT


-  INDICATES NEGATIVE NUMBERS.
R  INDICATES RECORD WAS SET OR TIED.
MM INDICATES DATA IS MISSING.
T  INDICATES TRACE AMOUNT.




$$
