000
CDUS41 KGYX 170806
CLIPWM


CLIMATE REPORT
NATIONAL WEATHER SERVICE GRAY ME
406 AM EDT THU APR 17 2014


...................................

...THE PORTLAND ME CLIMATE SUMMARY FOR APRIL 16 2014...

CLIMATE NORMAL PERIOD 1981 TO 2010
CLIMATE RECORD PERIOD 1941 TO 2014


WEATHER ITEM   OBSERVED TIME   RECORD YEAR NORMAL DEPARTURE LAST
                VALUE   (LST)  VALUE       VALUE  FROM      YEAR
                                                  NORMAL
..................................................................
TEMPERATURE (F)
 YESTERDAY
  MAXIMUM         41    221 PM  78    1976  54    -13       57
  MINIMUM         27   1159 PM  19    1943  35     -8       37
  AVERAGE         34                        44    -10       47

PRECIPITATION (IN)
  YESTERDAY        0.40          3.35 1996   0.14   0.26      T
  MONTH TO DATE    2.32                      2.35  -0.03     1.85
  SINCE MAR 1      6.63                      6.59   0.04     3.54
  SINCE JAN 1     14.95                     13.22   1.73    10.97

SNOWFALL (IN)
  YESTERDAY        1.2           8.0  1904   0.0    1.2      0.0
  MONTH TO DATE    1.2                       2.2   -1.0      0.2
  SINCE MAR 1      4.9                      14.9  -10.0     13.4
  SINCE JUL 1     83.4                      61.3   22.1     98.0
  SNOW DEPTH       1

DEGREE DAYS
 HEATING
  YESTERDAY       31                        21     10       18
  MONTH TO DATE  350                       375    -25      368
  SINCE MAR 1   1520                      1351    169     1296
  SINCE JUL 1   6759                      6393    366     5895

 COOLING
  YESTERDAY        0                         0      0        0
  MONTH TO DATE    0                         0      0        0
  SINCE MAR 1      0                         0      0        0
  SINCE JAN 1      0                         0      0        0
..................................................................


WIND (MPH)
  RESULTANT WIND SPEED  12   RESULTANT WIND DIRECTION  NW (330)
  HIGHEST WIND SPEED    23   HIGHEST WIND DIRECTION    NW (330)
  HIGHEST GUST SPEED    32   HIGHEST GUST DIRECTION    NW (300)
  AVERAGE WIND SPEED    12.2


SKY COVER
  AVERAGE SKY COVER 0.4


WEATHER CONDITIONS
 THE FOLLOWING WEATHER WAS RECORDED YESTERDAY.
  RAIN
  LIGHT RAIN
  LIGHT SNOW
  FOG


RELATIVE HUMIDITY (PERCENT)
 HIGHEST    92           100 AM
 LOWEST     38           600 PM
 AVERAGE    65

..........................................................


THE PORTLAND ME CLIMATE NORMALS FOR TODAY
                         NORMAL    RECORD    YEAR
 MAXIMUM TEMPERATURE (F)   54        83      2012
 MINIMUM TEMPERATURE (F)   35        24      2003


SUNRISE AND SUNSET
APRIL 17 2014.........SUNRISE   555 AM EDT   SUNSET   727 PM EDT
APRIL 18 2014.........SUNRISE   554 AM EDT   SUNSET   728 PM EDT


-  INDICATES NEGATIVE NUMBERS.
R  INDICATES RECORD WAS SET OR TIED.
MM INDICATES DATA IS MISSING.
T  INDICATES TRACE AMOUNT.




$$
