000
CDUS41 KGYX 290902
CLIPWM


CLIMATE REPORT
NATIONAL WEATHER SERVICE GRAY ME
402 AM EST MON DEC 29 2014


...................................

...THE PORTLAND ME CLIMATE SUMMARY FOR DECEMBER 28 2014...

CLIMATE NORMAL PERIOD 1981 TO 2010
CLIMATE RECORD PERIOD 1941 TO 2014


WEATHER ITEM   OBSERVED TIME   RECORD YEAR NORMAL DEPARTURE LAST
                VALUE   (LST)  VALUE       VALUE  FROM      YEAR
                                                  NORMAL
..................................................................
TEMPERATURE (F)
 YESTERDAY
  MAXIMUM         50    254 PM  57    1949  34     16       37
  MINIMUM         37   1155 PM -13    1951  16     21       18
  AVERAGE         44                        25     19       28

PRECIPITATION (IN)
  YESTERDAY        0.34          2.06 1922   0.12   0.22     0.00
  MONTH TO DATE    6.27                      3.68   2.59     3.56
  SINCE DEC 1      6.27                      3.68   2.59     3.56
  SINCE JAN 1     55.87                     46.91   8.96    42.99

SNOWFALL (IN)
  YESTERDAY        0.0          21.0  1946   0.6   -0.6      0.0
  MONTH TO DATE    3.6                      11.5   -7.9     24.9
  SINCE DEC 1      3.6                      11.5   -7.9     24.9
  SINCE JUL 1     13.9                      13.4    0.5     25.4
  SNOW DEPTH       0

DEGREE DAYS
 HEATING
  YESTERDAY       21                        40    -19       37
  MONTH TO DATE  839                       998   -159     1113
  SINCE DEC 1    839                       998   -159     1113
  SINCE JUL 1   2150                      2489   -339     2564

 COOLING
  YESTERDAY        0                         0      0        0
  MONTH TO DATE    0                         0      0        0
  SINCE DEC 1      0                         0      0        0
  SINCE JAN 1    351                       359     -8      454
..................................................................


WIND (MPH)
  RESULTANT WIND SPEED   5   RESULTANT WIND DIRECTION  SW (240)
  HIGHEST WIND SPEED    16   HIGHEST WIND DIRECTION     W (270)
  HIGHEST GUST SPEED    21   HIGHEST GUST DIRECTION     W (280)
  AVERAGE WIND SPEED     6.6


SKY COVER
  AVERAGE SKY COVER 0.8


WEATHER CONDITIONS
 THE FOLLOWING WEATHER WAS RECORDED YESTERDAY.
  RAIN
  LIGHT RAIN
  FOG


RELATIVE HUMIDITY (PERCENT)
 HIGHEST    93          1200 PM
 LOWEST     60           900 PM
 AVERAGE    77

..........................................................


THE PORTLAND ME CLIMATE NORMALS FOR TODAY
                         NORMAL    RECORD    YEAR
 MAXIMUM TEMPERATURE (F)   33        56      1984
 MINIMUM TEMPERATURE (F)   16        -9      1963


SUNRISE AND SUNSET
DECEMBER 29 2014......SUNRISE   714 AM EST   SUNSET   412 PM EST
DECEMBER 30 2014......SUNRISE   715 AM EST   SUNSET   413 PM EST


-  INDICATES NEGATIVE NUMBERS.
R  INDICATES RECORD WAS SET OR TIED.
MM INDICATES DATA IS MISSING.
T  INDICATES TRACE AMOUNT.




$$
