000
CDUS41 KGYX 312040
CLIPWM


CLIMATE REPORT
NATIONAL WEATHER SERVICE GRAY ME
440 PM EDT FRI OCT 31 2014


...................................

...THE PORTLAND ME CLIMATE SUMMARY FOR OCTOBER 31 2014...
VALID TODAY AS OF 0400 PM LOCAL TIME.

CLIMATE NORMAL PERIOD 1981 TO 2010
CLIMATE RECORD PERIOD 1941 TO 2014


WEATHER ITEM   OBSERVED TIME   RECORD YEAR NORMAL DEPARTURE LAST
                VALUE   (LST)  VALUE       VALUE  FROM      YEAR
                                                  NORMAL
..................................................................
TEMPERATURE (F)
 TODAY
  MAXIMUM         53   1112 AM  80    1946  53      0       57
  MINIMUM         34    300 AM  18    1966  35     -1       27
  AVERAGE         44                        44      0       42

PRECIPITATION (IN)
  TODAY            0.00          3.05 1955   0.16  -0.16     0.29
  MONTH TO DATE    6.57                      4.87   1.70     1.08
  SINCE SEP 1      7.44                      8.56  -1.12     7.80
  SINCE JAN 1     45.64                     38.30   7.34    36.02

SNOWFALL (IN)
  TODAY            0.0           0.9  1906   0.0    0.0      0.0
  MONTH TO DATE    0.0                       T      0.0      0.0
  SINCE SEP 1      0.0                       T      0.0      0.0
  SINCE JUL 1      0.0                       T      0.0      0.0
  SNOW DEPTH       0

DEGREE DAYS
 HEATING
  TODAY           21                        21      0       23
  MONTH TO DATE  324                       503   -179      428
  SINCE SEP 1    510                       679   -169      614
  SINCE JUL 1    534                       724   -190      632

 COOLING
  TODAY            0                         0      0        0
  MONTH TO DATE    8                         1      7        0
  SINCE SEP 1     53                        31     22       37
  SINCE JAN 1    351                       359     -8      454
..................................................................


WIND (MPH)
  HIGHEST WIND SPEED     9   HIGHEST WIND DIRECTION    NE (40)
  HIGHEST GUST SPEED    12   HIGHEST GUST DIRECTION    NE (40)
  AVERAGE WIND SPEED     3.2


SKY COVER
  POSSIBLE SUNSHINE  MM
  AVERAGE SKY COVER 0.7


WEATHER CONDITIONS
 THE FOLLOWING WEATHER WAS RECORDED TODAY.
  NO SIGNIFICANT WEATHER WAS OBSERVED.


RELATIVE HUMIDITY (PERCENT)
 HIGHEST    89          1200 AM
 LOWEST     44          1100 AM
 AVERAGE    67

..........................................................


THE PORTLAND ME CLIMATE NORMALS FOR TOMORROW
                         NORMAL    RECORD    YEAR
 MAXIMUM TEMPERATURE (F)   53        74      2003
                                             1974
 MINIMUM TEMPERATURE (F)   35        21      1964


SUNRISE AND SUNSET
OCTOBER 31 2014.......SUNRISE   716 AM EDT   SUNSET   534 PM EDT
NOVEMBER  1 2014......SUNRISE   717 AM EDT   SUNSET   532 PM EDT


-  INDICATES NEGATIVE NUMBERS.
R  INDICATES RECORD WAS SET OR TIED.
MM INDICATES DATA IS MISSING.
T  INDICATES TRACE AMOUNT.




$$
