000
CDUS41 KGYX 040812
CLIPWM


CLIMATE REPORT
NATIONAL WEATHER SERVICE GRAY ME
412 AM EDT SAT JUL 4 2015


...................................

...THE PORTLAND ME CLIMATE SUMMARY FOR JULY 3 2015...

CLIMATE NORMAL PERIOD 1981 TO 2010
CLIMATE RECORD PERIOD 1941 TO 2015


WEATHER ITEM   OBSERVED TIME   RECORD YEAR NORMAL DEPARTURE LAST
                VALUE   (LST)  VALUE       VALUE  FROM      YEAR
                                                  NORMAL
..................................................................
TEMPERATURE (F)
 YESTERDAY
  MAXIMUM         80    201 PM  95    2002  78      2       79
                                      1949
  MINIMUM         54    452 AM  40    1962  58     -4       65
  AVERAGE         67                        68     -1       72

PRECIPITATION (IN)
  YESTERDAY        0.00          3.22 1915   0.10  -0.10     0.44
  MONTH TO DATE    0.26                      0.32  -0.06     1.00
  SINCE JUN 1      6.66                      4.11   2.55     5.30
  SINCE JAN 1     23.27                     23.31  -0.04    24.52

SNOWFALL (IN)
  YESTERDAY        0.0           0.0  2002   0.0    0.0      0.0
                                      2001
                                      2000
  MONTH TO DATE    0.0                       0.0    0.0      0.0
  SINCE JUN 1      0.0                       0.0    0.0      0.0
  SINCE JUL 1      0.0                       0.0    0.0      0.0
  SNOW DEPTH       0

DEGREE DAYS
 HEATING
  YESTERDAY        0                         1     -1        0
  MONTH TO DATE    1                         3     -2        0
  SINCE JUN 1    145                       109     36       77
  SINCE JUL 1      1                         3     -2        0

 COOLING
  YESTERDAY        2                         4     -2        7
  MONTH TO DATE    5                        12     -7       29
  SINCE JUN 1     48                        69    -21       85
  SINCE JAN 1     88                        76     12       85
..................................................................


WIND (MPH)
  RESULTANT WIND SPEED   2   RESULTANT WIND DIRECTION   W (260)
  HIGHEST WIND SPEED    14   HIGHEST WIND DIRECTION    SE (150)
  HIGHEST GUST SPEED    20   HIGHEST GUST DIRECTION    SW (230)
  AVERAGE WIND SPEED     5.0


SKY COVER
  AVERAGE SKY COVER 0.2


WEATHER CONDITIONS
 THE FOLLOWING WEATHER WAS RECORDED YESTERDAY.
  NO SIGNIFICANT WEATHER WAS OBSERVED.


RELATIVE HUMIDITY (PERCENT)
 HIGHEST    93           500 AM
 LOWEST     33          1100 AM
 AVERAGE    63

..........................................................


THE PORTLAND ME CLIMATE NORMALS FOR TODAY
                         NORMAL    RECORD    YEAR
 MAXIMUM TEMPERATURE (F)   78        90      2010
                                             2002
                                             1949
 MINIMUM TEMPERATURE (F)   58        42      1962


SUNRISE AND SUNSET
JULY  4 2015..........SUNRISE   505 AM EDT   SUNSET   826 PM EDT
JULY  5 2015..........SUNRISE   506 AM EDT   SUNSET   826 PM EDT


-  INDICATES NEGATIVE NUMBERS.
R  INDICATES RECORD WAS SET OR TIED.
MM INDICATES DATA IS MISSING.
T  INDICATES TRACE AMOUNT.




$$
