609
CDUS41 KGYX 250904
CLIPWM


CLIMATE REPORT
NATIONAL WEATHER SERVICE GRAY ME
404 AM EST SUN FEB 25 2018


...................................

...THE PORTLAND ME CLIMATE SUMMARY FOR FEBRUARY 24 2018...

CLIMATE NORMAL PERIOD 1981 TO 2010
CLIMATE RECORD PERIOD 1941 TO 2018


WEATHER ITEM   OBSERVED TIME   RECORD YEAR NORMAL DEPARTURE LAST
                VALUE   (LST)  VALUE       VALUE  FROM      YEAR
                                                  NORMAL
..................................................................
TEMPERATURE (F)
 YESTERDAY
  MAXIMUM         52    215 PM  54    2000  37     15       53
  MINIMUM         31   1104 PM -11    2015  19     12       37
  AVERAGE         42                        28     14       45

PRECIPITATION (IN)
  YESTERDAY        T             1.69 1981   0.12  -0.12     0.03
  MONTH TO DATE    3.86                      2.73   1.13     4.16
  SINCE DEC 1     10.61                     10.13   0.48    13.12
  SINCE JAN 1      7.15                      6.11   1.04     7.81

SNOWFALL (IN)
  YESTERDAY        0.0          10.7  2013   0.5   -0.5      0.0
  MONTH TO DATE   16.3                      10.4    5.9     39.7
  SINCE DEC 1     56.5                      42.8   13.7     65.7
  SINCE JUL 1     56.6                      44.7   11.9     66.2
  SNOW DEPTH       T

DEGREE DAYS
 HEATING
  YESTERDAY       23                        37    -14       20
  MONTH TO DATE  826                       960   -134      905
  SINCE DEC 1   3436                      3405     31     3123
  SINCE JUL 1   4601                      4896   -295     4375

 COOLING
  YESTERDAY        0                         0      0        0
  MONTH TO DATE    0                         0      0        0
  SINCE DEC 1      0                         0      0        0
  SINCE JAN 1      0                         0      0        0
..................................................................


WIND (MPH)
  RESULTANT WIND SPEED   2   RESULTANT WIND DIRECTION  NW (300)
  HIGHEST WIND SPEED    18   HIGHEST WIND DIRECTION    NW (320)
  HIGHEST GUST SPEED    24   HIGHEST GUST DIRECTION     N (340)
  AVERAGE WIND SPEED     7.1


SKY COVER
  AVERAGE SKY COVER 0.5


WEATHER CONDITIONS
 THE FOLLOWING WEATHER WAS RECORDED YESTERDAY.
  LIGHT RAIN
  FOG


RELATIVE HUMIDITY (PERCENT)
 HIGHEST   100           400 AM
 LOWEST     45           400 PM
 AVERAGE    73

..........................................................


THE PORTLAND ME CLIMATE NORMALS FOR TODAY
                         NORMAL    RECORD    YEAR
 MAXIMUM TEMPERATURE (F)   37        53      2016
 MINIMUM TEMPERATURE (F)   19       -13      1959


SUNRISE AND SUNSET
FEBRUARY 25 2018......SUNRISE   624 AM EST   SUNSET   525 PM EST
FEBRUARY 26 2018......SUNRISE   623 AM EST   SUNSET   526 PM EST


-  INDICATES NEGATIVE NUMBERS.
R  INDICATES RECORD WAS SET OR TIED.
MM INDICATES DATA IS MISSING.
T  INDICATES TRACE AMOUNT.




$$
