304
CDUS46 KSGX 291135
CLIRAL


CLIMATE REPORT
NATIONAL WEATHER SERVICE SAN DIEGO, CA
435 AM PDT SAT APR 29 2017


...................................

...THE RIVERSIDE MUNI AIRPORT CA CLIMATE SUMMARY FOR APRIL 28 2017...

CLIMATE NORMAL PERIOD 1981 TO 2010
CLIMATE RECORD PERIOD 1893 TO 2017


WEATHER ITEM   OBSERVED TIME   RECORD YEAR NORMAL DEPARTURE LAST
                VALUE   (LST)  VALUE       VALUE  FROM      YEAR
                                                  NORMAL
..................................................................
TEMPERATURE (F)
 YESTERDAY
  MAXIMUM         83    333 PM 101    1921  78      5       69
  MINIMUM         54    623 AM  30    1894  53      1       55
  AVERAGE         69                        65      4       62

PRECIPITATION (IN)
  YESTERDAY        0.00          0.99 1944   0.03  -0.03     0.00
  MONTH TO DATE    0.10                      0.76  -0.66     0.44
  SINCE OCT 1     13.19                     11.56   1.63     5.22
  SINCE JAN 1      7.93                      8.75  -0.82     4.05

DEGREE DAYS
 HEATING
  YESTERDAY        0                         2     -2        3
  MONTH TO DATE   31                       103    -72       28
  SINCE MAR 1    129                       308   -179      129
  SINCE JUL 1   1093                      1416   -323     1006

 COOLING
  YESTERDAY        4                         2      2        0
  MONTH TO DATE   65                        38     27       84
  SINCE MAR 1    124                        50     74      113
  SINCE JAN 1    124                        59     65      189
..................................................................


WIND (MPH)
  RESULTANT WIND SPEED   2   RESULTANT WIND DIRECTION   N (350)
  HIGHEST WIND SPEED    18   HIGHEST WIND DIRECTION     W (260)
  HIGHEST GUST SPEED    33   HIGHEST GUST DIRECTION     N (20)
  AVERAGE WIND SPEED     6.3


SKY COVER
  POSSIBLE SUNSHINE  MM
  AVERAGE SKY COVER 0.1


WEATHER CONDITIONS
 THE FOLLOWING WEATHER WAS RECORDED YESTERDAY.
  NO SIGNIFICANT WEATHER WAS OBSERVED.


RELATIVE HUMIDITY (PERCENT)
 HIGHEST    86           300 AM
 LOWEST     10          1100 PM
 AVERAGE    48

..........................................................


THE RIVERSIDE MUNI AIRPORT CA CLIMATE NORMALS FOR TODAY
                         NORMAL    RECORD    YEAR
 MAXIMUM TEMPERATURE (F)   78        98      2008
                                             1981
 MINIMUM TEMPERATURE (F)   53        33      1894


SUNRISE AND SUNSET
APRIL 29 2017.........SUNRISE   602 AM PDT   SUNSET   732 PM PDT
APRIL 30 2017.........SUNRISE   601 AM PDT   SUNSET   733 PM PDT


-  INDICATES NEGATIVE NUMBERS.
R  INDICATES RECORD WAS SET OR TIED.
MM INDICATES DATA IS MISSING.
T  INDICATES TRACE AMOUNT.




$$
