000
CDUS46 KSGX 270119
CLIRAL


CLIMATE REPORT
NATIONAL WEATHER SERVICE SAN DIEGO, CA
519 PM PST WED NOV 26 2014


...................................

...THE RIVERSIDE MUNI AIRPORT CA CLIMATE SUMMARY FOR NOVEMBER 26 2014...
VALID TODAY AS OF 0500 PM LOCAL TIME.

CLIMATE NORMAL PERIOD 1981 TO 2010
CLIMATE RECORD PERIOD 1893 TO 2014


WEATHER ITEM   OBSERVED TIME   RECORD YEAR NORMAL DEPARTURE LAST
                VALUE   (LST)  VALUE       VALUE  FROM      YEAR
                                                  NORMAL
..................................................................
TEMPERATURE (F)
 TODAY
  MAXIMUM         90    320 PM  92    1933  70     20       78
  MINIMUM         46    347 AM  27    1931  44      2       46
  AVERAGE         68                        57     11       62

PRECIPITATION (IN)
  TODAY            0.00          0.76 2008   0.04  -0.04     0.00
  MONTH TO DATE    0.28                      0.86  -0.58     0.52
  SINCE JUL 1      0.65                      1.54  -0.89     0.99
  SINCE JAN 1      2.37                     10.73  -8.36     3.20

SNOWFALL (IN)
  TODAY            0.0
  MONTH TO DATE    0.0
  SINCE JAN 1      0.0
  SINCE JUL 1      0.0
  SNOW DEPTH       0

DEGREE DAYS
 HEATING
  TODAY            0                         8     -8        3
  MONTH TO DATE   54                       132    -78       87
  SINCE SEP 1     55                       167   -112      126
  SINCE JUL 1     55                       167   -112      126

 COOLING
  TODAY            3                         0      3        0
  MONTH TO DATE   40                        24     16       29
  SINCE SEP 1    744                       495    249      517
  SINCE JAN 1   2335                      1753    582     1986
..................................................................


WIND (MPH)
  RESULTANT WIND SPEED   4   RESULTANT WIND DIRECTION   E (80)
  HIGHEST WIND SPEED     8   HIGHEST WIND DIRECTION    NE (60)
  HIGHEST GUST SPEED    12   HIGHEST GUST DIRECTION    SE (140)
  AVERAGE WIND SPEED     4.1


SKY COVER
  POSSIBLE SUNSHINE  MM
  AVERAGE SKY COVER 0.0


WEATHER CONDITIONS
 THE FOLLOWING WEATHER WAS RECORDED TODAY.
  NO SIGNIFICANT WEATHER WAS OBSERVED.


RELATIVE HUMIDITY (PERCENT)
 HIGHEST    42           400 AM
 LOWEST      6           300 PM
 AVERAGE    24

..........................................................


THE RIVERSIDE MUNI AIRPORT CA CLIMATE NORMALS FOR TOMORROW
                         NORMAL    RECORD    YEAR
 MAXIMUM TEMPERATURE (F)   70        89      1945
 MINIMUM TEMPERATURE (F)   44        29      1952


SUNRISE AND SUNSET
NOVEMBER 26 2014......SUNRISE   632 AM PST   SUNSET   442 PM PST
NOVEMBER 27 2014......SUNRISE   633 AM PST   SUNSET   441 PM PST


-  INDICATES NEGATIVE NUMBERS.
R  INDICATES RECORD WAS SET OR TIED.
MM INDICATES DATA IS MISSING.
T  INDICATES TRACE AMOUNT.




$$
