002
CDUS46 KSGX 081541
CLIRAL


CLIMATE REPORT
NATIONAL WEATHER SERVICE SAN DIEGO, CA
741 AM PST MON FEB 8 2016


...................................

...THE RIVERSIDE MUNI AIRPORT CA CLIMATE SUMMARY FOR FEBRUARY 7 2016...

CLIMATE NORMAL PERIOD 1981 TO 2010
CLIMATE RECORD PERIOD 1893 TO 2016


WEATHER ITEM   OBSERVED TIME   RECORD YEAR NORMAL DEPARTURE LAST
                VALUE   (LST)  VALUE       VALUE  FROM      YEAR
                                                  NORMAL
..................................................................
TEMPERATURE (F)
 YESTERDAY
  MAXIMUM         81    314 PM  87    1996  67     14       74
  MINIMUM         50    706 AM  27    1903  44      6       44
  AVERAGE         66                        55     11       59

PRECIPITATION (IN)
  YESTERDAY        0.00          3.22 1937   0.09  -0.09      T
  MONTH TO DATE    0.00                      0.46  -0.46      T
  SINCE OCT 1      3.76                      6.21  -2.45     3.81
  SINCE JAN 1      2.59                      3.40  -0.81     0.58

DEGREE DAYS
 HEATING
  YESTERDAY        0                        10    -10        6
  MONTH TO DATE   64                        70     -6       17
  SINCE DEC 1    696                       715    -19      470
  SINCE JUL 1    858                       915    -57      534

 COOLING
  YESTERDAY        1                         0      1        0
  MONTH TO DATE    1                         0      1        1
  SINCE DEC 1      3                         8     -5       13
  SINCE JAN 1      1                         6     -5        8
..................................................................


WIND (MPH)
  RESULTANT WIND SPEED  10   RESULTANT WIND DIRECTION  NE (40)
  HIGHEST WIND SPEED    22   HIGHEST WIND DIRECTION    NE (30)
  HIGHEST GUST SPEED    33   HIGHEST GUST DIRECTION    NE (30)
  AVERAGE WIND SPEED    10.7


SKY COVER
  POSSIBLE SUNSHINE  MM
  AVERAGE SKY COVER 0.0


WEATHER CONDITIONS
 THE FOLLOWING WEATHER WAS RECORDED YESTERDAY.
  NO SIGNIFICANT WEATHER WAS OBSERVED.


RELATIVE HUMIDITY (PERCENT)
 HIGHEST    36           700 AM
 LOWEST      8           500 PM
 AVERAGE    22

..........................................................


THE RIVERSIDE MUNI AIRPORT CA CLIMATE NORMALS FOR TODAY
                         NORMAL    RECORD    YEAR
 MAXIMUM TEMPERATURE (F)   67        88      1996
 MINIMUM TEMPERATURE (F)   44        26      1933


SUNRISE AND SUNSET
FEBRUARY  8 2016......SUNRISE   641 AM PST   SUNSET   527 PM PST
FEBRUARY  9 2016......SUNRISE   641 AM PST   SUNSET   528 PM PST


-  INDICATES NEGATIVE NUMBERS.
R  INDICATES RECORD WAS SET OR TIED.
MM INDICATES DATA IS MISSING.
T  INDICATES TRACE AMOUNT.




$$
