000
CDUS46 KSGX 291136
CLIRAL


CLIMATE REPORT
NATIONAL WEATHER SERVICE SAN DIEGO, CA
436 AM PDT THU JUN 29 2017


...................................

...THE RIVERSIDE MUNI AIRPORT CA CLIMATE SUMMARY FOR JUNE 28 2017...

CLIMATE NORMAL PERIOD 1981 TO 2010
CLIMATE RECORD PERIOD 1893 TO 2017


WEATHER ITEM   OBSERVED TIME   RECORD YEAR NORMAL DEPARTURE LAST
                VALUE   (LST)  VALUE       VALUE  FROM      YEAR
                                                  NORMAL
..................................................................
TEMPERATURE (F)
 YESTERDAY
  MAXIMUM         93    210 PM 106    1974  89      4       99
  MINIMUM         61    443 AM  46    1950  62     -1       71
  AVERAGE         77                        75      2       85

PRECIPITATION (IN)
  YESTERDAY        0.00          0.03 1925   0.00   0.00     0.00
  MONTH TO DATE    0.00                      0.09  -0.09      T
  SINCE OCT 1     13.21                     11.99   1.22     5.45
  SINCE JAN 1      7.95                      9.18  -1.23     4.28

DEGREE DAYS
 HEATING
  YESTERDAY        0                         0      0        0
  MONTH TO DATE    0                         0      0        0
  SINCE JUN 1      0                         0      0        0
  SINCE JUL 1   1134                      1444   -310     1032

 COOLING
  YESTERDAY       12                        10      2       20
  MONTH TO DATE  324                       200    124      348
  SINCE JUN 1    324                       200    124      348
  SINCE JAN 1    602                       377    225      629
..................................................................


WIND (MPH)
  RESULTANT WIND SPEED   5   RESULTANT WIND DIRECTION   W (280)
  HIGHEST WIND SPEED    20   HIGHEST WIND DIRECTION     W (280)
  HIGHEST GUST SPEED    25   HIGHEST GUST DIRECTION     W (280)
  AVERAGE WIND SPEED     5.6


SKY COVER
  POSSIBLE SUNSHINE  MM
  AVERAGE SKY COVER 0.0


WEATHER CONDITIONS
 THE FOLLOWING WEATHER WAS RECORDED YESTERDAY.
  NO SIGNIFICANT WEATHER WAS OBSERVED.


RELATIVE HUMIDITY (PERCENT)
 HIGHEST    84          1100 PM
 LOWEST     19          1200 PM
 AVERAGE    52

..........................................................


THE RIVERSIDE MUNI AIRPORT CA CLIMATE NORMALS FOR TODAY
                         NORMAL    RECORD    YEAR
 MAXIMUM TEMPERATURE (F)   89       105      2013
 MINIMUM TEMPERATURE (F)   62        44      1916


SUNRISE AND SUNSET
JUNE 29 2017..........SUNRISE   542 AM PDT   SUNSET   805 PM PDT
JUNE 30 2017..........SUNRISE   542 AM PDT   SUNSET   805 PM PDT


-  INDICATES NEGATIVE NUMBERS.
R  INDICATES RECORD WAS SET OR TIED.
MM INDICATES DATA IS MISSING.
T  INDICATES TRACE AMOUNT.




$$
