000
CDUS46 KSGX 280018
CLIRAL


CLIMATE REPORT
NATIONAL WEATHER SERVICE SAN DIEGO, CA
517 PM PDT FRI MAR 27 2015


...................................

...THE RIVERSIDE MUNI AIRPORT CA CLIMATE SUMMARY FOR MARCH 27 2015...
VALID TODAY AS OF 0500 PM LOCAL TIME.

CLIMATE NORMAL PERIOD 1981 TO 2010
CLIMATE RECORD PERIOD 1893 TO 2015


WEATHER ITEM   OBSERVED TIME   RECORD YEAR NORMAL DEPARTURE LAST
                VALUE   (LST)  VALUE       VALUE  FROM      YEAR
                                                  NORMAL
..................................................................
TEMPERATURE (F)
 TODAY
  MAXIMUM         94R   201 PM  92    1986  72     22       68
  MINIMUM         59    631 AM  29    1920  48     11       47
  AVERAGE         77                        60     17       58

PRECIPITATION (IN)
  TODAY            0.00          1.44 1991   0.03  -0.03     0.00
  MONTH TO DATE    0.24                      1.91  -1.67     0.26
  SINCE OCT 1      4.78                     10.70  -5.92     2.35
  SINCE JAN 1      1.55                      7.89  -6.34     1.36

SNOWFALL (IN)
  TODAY            0.0
  MONTH TO DATE    0.0
  SINCE MAR 1      0.0
  SINCE JUL 1      0.0
  SNOW DEPTH       0

DEGREE DAYS
 HEATING
  TODAY            0                         5     -5        7
  MONTH TO DATE   55                       184   -129       63
  SINCE MAR 1     55                       184   -129       63
  SINCE JUL 1    662                      1292   -630      725

 COOLING
  TODAY           12                         0     12        0
  MONTH TO DATE  105                         4    101       30
  SINCE MAR 1    105                         4    101       30
  SINCE JAN 1    129                        13    116       59
..................................................................


WIND (MPH)
  RESULTANT WIND SPEED   1   RESULTANT WIND DIRECTION  SW (210)
  HIGHEST WIND SPEED    17   HIGHEST WIND DIRECTION     W (250)
  HIGHEST GUST SPEED    22   HIGHEST GUST DIRECTION     W (280)
  AVERAGE WIND SPEED     5.6


SKY COVER
  POSSIBLE SUNSHINE  MM
  AVERAGE SKY COVER 0.0


WEATHER CONDITIONS
 THE FOLLOWING WEATHER WAS RECORDED TODAY.
  NO SIGNIFICANT WEATHER WAS OBSERVED.


RELATIVE HUMIDITY (PERCENT)
 HIGHEST    43           200 AM
 LOWEST     10          1200 PM
 AVERAGE    27

..........................................................


THE RIVERSIDE MUNI AIRPORT CA CLIMATE NORMALS FOR TOMORROW
                         NORMAL    RECORD    YEAR
 MAXIMUM TEMPERATURE (F)   72        91      1968
                                             1917
 MINIMUM TEMPERATURE (F)   48        31      1920


SUNRISE AND SUNSET
MARCH 27 2015.........SUNRISE   644 AM PDT   SUNSET   707 PM PDT
MARCH 28 2015.........SUNRISE   643 AM PDT   SUNSET   707 PM PDT


-  INDICATES NEGATIVE NUMBERS.
R  INDICATES RECORD WAS SET OR TIED.
MM INDICATES DATA IS MISSING.
T  INDICATES TRACE AMOUNT.




$$
