992
CDUS43 KUNR 031835
CLIRAP


CLIMATE REPORT
NATIONAL WEATHER SERVICE RAPID CITY SD
1134 AM MST SAT DEC 3 2016


...................................

...THE RAPID CITY AIRPORT SD CLIMATE SUMMARY FOR DECEMBER 3 2016...
VALID AS OF 1100 AM LOCAL TIME.

CLIMATE NORMAL PERIOD 1981 TO 2010
CLIMATE RECORD PERIOD 1942 TO 2016


WEATHER ITEM   OBSERVED TIME   RECORD YEAR NORMAL DEPARTURE LAST
                VALUE   (LST)  VALUE       VALUE  FROM      YEAR
                                                  NORMAL
..................................................................
TEMPERATURE (F)
 TODAY
  MAXIMUM         39   1059 AM  68    1948  39      0       45
  MINIMUM         15    720 AM  -6    2006  15      0       23
  AVERAGE         27                        27      0       34

PRECIPITATION (IN)
  TODAY            0.00          0.29 1955   0.01  -0.01     0.00
  MONTH TO DATE    0.00                      0.04  -0.04     0.14
  SINCE DEC 1      0.00                      0.04  -0.04     0.14
  SINCE JAN 1     12.50                     15.91  -3.41    24.76

SNOWFALL (IN)
  TODAY            0.0           3.9  1955   0.1   -0.1      0.0
  MONTH TO DATE    0.0                       0.5   -0.5      2.5
  SINCE DEC 1      0.0                       0.5   -0.5      2.5
  SINCE JUL 1      2.8                       8.3   -5.5      9.1
  SNOW DEPTH       0

DEGREE DAYS
 HEATING
  TODAY           38                        38      0       31
  MONTH TO DATE  110                       113     -3      101
  SINCE DEC 1    110                       113     -3      101
  SINCE JUL 1   1333                      1788   -455     1546

 COOLING
  TODAY            0                         0      0        0
  MONTH TO DATE    0                         0      0        0
  SINCE DEC 1      0                         0      0        0
  SINCE JAN 1    646                       636     10      577
..................................................................


WIND (MPH)
  HIGHEST WIND SPEED    14   HIGHEST WIND DIRECTION     N (340)
  HIGHEST GUST SPEED    17   HIGHEST GUST DIRECTION     N (360)
  AVERAGE WIND SPEED     4.4


SKY COVER
  AVERAGE SKY COVER 0.0


WEATHER CONDITIONS
 THE FOLLOWING WEATHER WAS RECORDED TODAY.
  NO SIGNIFICANT WEATHER WAS OBSERVED.


RELATIVE HUMIDITY (PERCENT)
 HIGHEST    92           100 AM
 LOWEST     40          1100 AM
 AVERAGE    66

..........................................................


THE RAPID CITY AIRPORT SD CLIMATE NORMALS FOR TOMORROW
                         NORMAL    RECORD    YEAR
 MAXIMUM TEMPERATURE (F)   39        75      1965
 MINIMUM TEMPERATURE (F)   15        -5      2005
                                             1972


SUNRISE AND SUNSET
DECEMBER  3 2016......SUNRISE   710 AM MST   SUNSET   415 PM MST
DECEMBER  4 2016......SUNRISE   711 AM MST   SUNSET   414 PM MST


-  INDICATES NEGATIVE NUMBERS.
R  INDICATES RECORD WAS SET OR TIED.
MM INDICATES DATA IS MISSING.
T  INDICATES TRACE AMOUNT.




$$
