000
CDUS43 KUNR 300841
CLIRAP


CLIMATE REPORT
NATIONAL WEATHER SERVICE RAPID CITY SD
138 AM MST FRI JAN 30 2015


...................................

...THE RAPID CITY AIRPORT SD CLIMATE SUMMARY FOR JANUARY 29 2015...

CLIMATE NORMAL PERIOD 1981 TO 2010
CLIMATE RECORD PERIOD 1942 TO 2015


WEATHER ITEM   OBSERVED TIME   RECORD YEAR NORMAL DEPARTURE LAST
                VALUE   (LST)  VALUE       VALUE  FROM      YEAR
                                                  NORMAL
..................................................................
TEMPERATURE (F)
 YESTERDAY
  MAXIMUM         47    254 PM  64    1960  37     10       51
  MINIMUM         20    731 AM -25    1951  13      7        6
  AVERAGE         34                        25      9       29

PRECIPITATION (IN)
  YESTERDAY        0.00          0.21 2001   0.01  -0.01      T
  MONTH TO DATE    0.13                      0.28  -0.15     0.22
  SINCE DEC 1      0.55                      0.70  -0.15     0.78
  SINCE JAN 1      0.13                      0.28  -0.15     0.22

SNOWFALL (IN)
  YESTERDAY        0.0           1.4  1944   0.1   -0.1      0.0
  MONTH TO DATE    2.4                       4.1   -1.7      3.2
  SINCE DEC 1     11.5                       9.5    2.0     11.8
  SINCE JUL 1     27.0                      17.3    9.7     36.6
  SNOW DEPTH       0

DEGREE DAYS
 HEATING
  YESTERDAY       31                        40     -9       36
  MONTH TO DATE 1068                      1162    -94     1118
  SINCE DEC 1   2198                      2403   -205     2541
  SINCE JUL 1   4006                      4078    -72     4261

 COOLING
  YESTERDAY        0                         0      0        0
  MONTH TO DATE    0                         0      0        0
  SINCE DEC 1      0                         0      0        0
  SINCE JAN 1      0                         0      0        0
..................................................................


WIND (MPH)
  HIGHEST WIND SPEED    30   HIGHEST WIND DIRECTION     N (340)
  HIGHEST GUST SPEED    35   HIGHEST GUST DIRECTION     N (340)
  AVERAGE WIND SPEED     7.8


SKY COVER
  AVERAGE SKY COVER 0.1


WEATHER CONDITIONS
 THE FOLLOWING WEATHER WAS RECORDED YESTERDAY.
  NO SIGNIFICANT WEATHER WAS OBSERVED.


RELATIVE HUMIDITY (PERCENT)
 HIGHEST    92           700 AM
 LOWEST     25          1200 PM
 AVERAGE    59

..........................................................


THE RAPID CITY AIRPORT SD CLIMATE NORMALS FOR TODAY
                         NORMAL    RECORD    YEAR
 MAXIMUM TEMPERATURE (F)   38        72      1989
 MINIMUM TEMPERATURE (F)   13       -21      1996


SUNRISE AND SUNSET
JANUARY 30 2015.......SUNRISE   712 AM MST   SUNSET   459 PM MST
JANUARY 31 2015.......SUNRISE   711 AM MST   SUNSET   501 PM MST


-  INDICATES NEGATIVE NUMBERS.
R  INDICATES RECORD WAS SET OR TIED.
MM INDICATES DATA IS MISSING.
T  INDICATES TRACE AMOUNT.




$$
