000
CDUS43 KUNR 210830
CLIRAP


CLIMATE REPORT
NATIONAL WEATHER SERVICE RAPID CITY SD
230 AM MDT THU AUG 21 2014


...................................

...THE RAPID CITY AIRPORT SD CLIMATE SUMMARY FOR AUGUST 20 2014...

CLIMATE NORMAL PERIOD 1981 TO 2010
CLIMATE RECORD PERIOD 1942 TO 2014


WEATHER ITEM   OBSERVED TIME   RECORD YEAR NORMAL DEPARTURE LAST
                VALUE   (LST)  VALUE       VALUE  FROM      YEAR
                                                  NORMAL
..................................................................
TEMPERATURE (F)
 YESTERDAY
  MAXIMUM         89    231 PM 104    1973  86      3       95
  MINIMUM         63   1054 PM  42    1964  56      7       59
  AVERAGE         76                        71      5       77

PRECIPITATION (IN)
  YESTERDAY        T             0.53 1965   0.04  -0.04     0.00
  MONTH TO DATE    2.99                      1.09   1.90     2.04
  SINCE JUN 1     10.18                      5.47   4.71     6.07
  SINCE JAN 1     15.57                     12.16   3.41    13.69

SNOWFALL (IN)
  YESTERDAY        0.0                       0.0    0.0      0.0
  MONTH TO DATE    0.0                       0.0    0.0      0.0
  SINCE JUN 1      0.0                       0.0    0.0      0.0
  SINCE JUL 1      0.0                       0.0    0.0      0.0
  SNOW DEPTH       0

DEGREE DAYS
 HEATING
  YESTERDAY        0                         1     -1        0
  MONTH TO DATE    0                         4     -4        0
  SINCE JUN 1    150                       118     32       85
  SINCE JUL 1     22                        19      3        5

 COOLING
  YESTERDAY       11                         7      4       12
  MONTH TO DATE  134                       163    -29      106
  SINCE JUN 1    323                       497   -174      444
  SINCE JAN 1    343                       512   -169      452
..................................................................


WIND (MPH)
  HIGHEST WIND SPEED    23   HIGHEST WIND DIRECTION    NW (330)
  HIGHEST GUST SPEED    29   HIGHEST GUST DIRECTION     N (340)
  AVERAGE WIND SPEED     8.3


SKY COVER
  AVERAGE SKY COVER 0.2


WEATHER CONDITIONS
 THE FOLLOWING WEATHER WAS RECORDED YESTERDAY.
  NO SIGNIFICANT WEATHER WAS OBSERVED.


RELATIVE HUMIDITY (PERCENT)
 HIGHEST    84           600 AM
 LOWEST     37           500 PM
 AVERAGE    61

..........................................................


THE RAPID CITY AIRPORT SD CLIMATE NORMALS FOR TODAY
                         NORMAL    RECORD    YEAR
 MAXIMUM TEMPERATURE (F)   86       101      1947
 MINIMUM TEMPERATURE (F)   56        44      1966


SUNRISE AND SUNSET
AUGUST 21 2014........SUNRISE   603 AM MDT   SUNSET   747 PM MDT
AUGUST 22 2014........SUNRISE   604 AM MDT   SUNSET   745 PM MDT


-  INDICATES NEGATIVE NUMBERS.
R  INDICATES RECORD WAS SET OR TIED.
MM INDICATES DATA IS MISSING.
T  INDICATES TRACE AMOUNT.




$$
