000
CDUS46 KMFR 250853
CLIRBG


CLIMATE REPORT
NATIONAL WEATHER SERVICE MEDFORD, OR
1253 AM PST THU DEC 25 2014


...................................

...THE ROSEBURG OR CLIMATE SUMMARY FOR DECEMBER 24 2014...

CLIMATE NORMAL PERIOD 1981 TO 2010
CLIMATE RECORD PERIOD 1931 TO 2014


WEATHER ITEM   OBSERVED TIME   RECORD YEAR NORMAL DEPARTURE LAST
                VALUE   (LST)  VALUE       VALUE  FROM      YEAR
                                                  NORMAL
..................................................................
TEMPERATURE (F)
 YESTERDAY
  MAXIMUM         56    228 AM  62    2006  47      9       48
  MINIMUM         40   1142 AM  12    1990  36      4       42
  AVERAGE         48                        42      6       45

PRECIPITATION (IN)
  YESTERDAY        0.70          0.98 2003   0.24   0.46     0.00
  MONTH TO DATE    4.98                      4.99  -0.01     0.69
  SINCE SEP 1     15.25                     15.08   0.17     7.54
  SINCE JAN 1     31.90                     34.73  -2.83    16.08

SNOWFALL (IN)
  YESTERDAY       MM                        MM     MM       MM
  MONTH TO DATE   MM                        MM     MM       MM
  SINCE JUL 1     MM                        MM     MM        0.0
  SNOW DEPTH      MM

DEGREE DAYS
 HEATING
  YESTERDAY       17                        23     -6       20
  MONTH TO DATE  317                       546   -229      652
  SINCE DEC 1    317                       546   -229      652
  SINCE JUL 1    907                      1475   -568     1611

 COOLING
  YESTERDAY        0                         0      0        0
  MONTH TO DATE    0                         0      0        0
  SINCE DEC 1      0                         0      0        0
  SINCE JAN 1    914                       480    434      823
..................................................................


WIND (MPH)
  RESULTANT WIND SPEED   1   RESULTANT WIND DIRECTION  NE (60)
  HIGHEST WIND SPEED    22   HIGHEST WIND DIRECTION     N (360)
  HIGHEST GUST SPEED    27   HIGHEST GUST DIRECTION     N (360)
  AVERAGE WIND SPEED     4.6


SKY COVER
  POSSIBLE SUNSHINE  MM
  AVERAGE SKY COVER 1.0


WEATHER CONDITIONS
 THE FOLLOWING WEATHER WAS RECORDED YESTERDAY.
  HEAVY RAIN
  RAIN
  LIGHT RAIN
  FOG


RELATIVE HUMIDITY (PERCENT)
 HIGHEST    96           800 PM
 LOWEST     77           200 AM
 AVERAGE    87

..........................................................


THE ROSEBURG OR CLIMATE NORMALS FOR TODAY
                         NORMAL    RECORD    YEAR
 MAXIMUM TEMPERATURE (F)   48        67      1980
 MINIMUM TEMPERATURE (F)   36        16      1990


SUNRISE AND SUNSET
DECEMBER 25 2014......SUNRISE   744 AM PST   SUNSET   443 PM PST
DECEMBER 26 2014......SUNRISE   744 AM PST   SUNSET   444 PM PST


-  INDICATES NEGATIVE NUMBERS.
R  INDICATES RECORD WAS SET OR TIED.
MM INDICATES DATA IS MISSING.
T  INDICATES TRACE AMOUNT.




$$
