000
CDUS46 KMFR 240836
CLIRBG


CLIMATE REPORT
NATIONAL WEATHER SERVICE MEDFORD, OR
136 AM PDT THU APR 24 2014


...................................

...THE ROSEBURG OR CLIMATE SUMMARY FOR APRIL 23 2014...

CLIMATE NORMAL PERIOD 1981 TO 2010
CLIMATE RECORD PERIOD 1931 TO 2014


WEATHER ITEM   OBSERVED TIME   RECORD YEAR NORMAL DEPARTURE LAST
                VALUE   (LST)  VALUE       VALUE  FROM      YEAR
                                                  NORMAL
..................................................................
TEMPERATURE (F)
 YESTERDAY
  MAXIMUM         60   1215 PM  85    2012  64     -4       73
  MINIMUM         46   1258 AM  31    1972  43      3       37
  AVERAGE         53                        54     -1       55

PRECIPITATION (IN)
  YESTERDAY        0.32          1.21 2003   0.08   0.24     0.00
  MONTH TO DATE    0.89                      2.24  -1.35     1.33
  SINCE SEP 1     20.84                     31.39 -10.55    24.83
  SINCE JAN 1     13.30                     14.78  -1.48     6.16

SNOWFALL (IN)
  YESTERDAY       MM                        MM     MM       MM
  MONTH TO DATE   MM                        MM     MM       MM
  SINCE JUL 1      0.0                      MM     MM       MM
  SNOW DEPTH      MM

DEGREE DAYS
 HEATING
  YESTERDAY       12                        12      0       10
  MONTH TO DATE  222                       311    -89      267
  SINCE MAR 1    619                       821   -202      701
  SINCE JUL 1   3546                      3690   -144     3411

 COOLING
  YESTERDAY        0                         0      0        0
  MONTH TO DATE    0                         0      0        0
  SINCE MAR 1      0                         0      0        0
  SINCE JAN 1      0                         0      0        0
..................................................................


WIND (MPH)
  RESULTANT WIND SPEED   5   RESULTANT WIND DIRECTION   S (160)
  HIGHEST WIND SPEED    14   HIGHEST WIND DIRECTION     S (190)
  HIGHEST GUST SPEED    20   HIGHEST GUST DIRECTION    SW (230)
  AVERAGE WIND SPEED     4.9


SKY COVER
  POSSIBLE SUNSHINE  MM
  AVERAGE SKY COVER 0.9


WEATHER CONDITIONS
 THE FOLLOWING WEATHER WAS RECORDED YESTERDAY.
  LIGHT RAIN
  FOG


RELATIVE HUMIDITY (PERCENT)
 HIGHEST    86           500 PM
 LOWEST     47          1200 PM
 AVERAGE    67

..........................................................


THE ROSEBURG OR CLIMATE NORMALS FOR TODAY
                         NORMAL    RECORD    YEAR
 MAXIMUM TEMPERATURE (F)   64        82      1995
 MINIMUM TEMPERATURE (F)   43        31      1986


SUNRISE AND SUNSET
APRIL 24 2014.........SUNRISE   617 AM PDT   SUNSET   807 PM PDT
APRIL 25 2014.........SUNRISE   615 AM PDT   SUNSET   808 PM PDT


-  INDICATES NEGATIVE NUMBERS.
R  INDICATES RECORD WAS SET OR TIED.
MM INDICATES DATA IS MISSING.
T  INDICATES TRACE AMOUNT.




$$
