000
CDUS46 KMFR 120844
CLIRBG


CLIMATE REPORT
NATIONAL WEATHER SERVICE MEDFORD, OR
144 AM PDT SAT JUL 12 2014


...................................

...THE ROSEBURG OR CLIMATE SUMMARY FOR JULY 11 2014...

CLIMATE NORMAL PERIOD 1981 TO 2010
CLIMATE RECORD PERIOD 1931 TO 2014


WEATHER ITEM   OBSERVED TIME   RECORD YEAR NORMAL DEPARTURE LAST
                VALUE   (LST)  VALUE       VALUE  FROM      YEAR
                                                  NORMAL
..................................................................
TEMPERATURE (F)
 YESTERDAY
  MAXIMUM         83    621 PM 106    1961  84     -1       84
  MINIMUM         61    543 AM  45    1981  56      5       56
  AVERAGE         72                        70      2       70

PRECIPITATION (IN)
  YESTERDAY        T             0.47 1976   0.01  -0.01     0.00
  MONTH TO DATE    T                         0.21  -0.21     0.00
  SINCE SEP 1     23.96                     35.58 -11.62    26.55
  SINCE JAN 1     16.42                     18.97  -2.55     7.88

SNOWFALL (IN)
  YESTERDAY       MM                        MM     MM       MM
  MONTH TO DATE   MM                        MM     MM       MM
  SINCE JUL 1     MM                        MM     MM       MM
  SNOW DEPTH      MM

DEGREE DAYS
 HEATING
  YESTERDAY        0                         0      0        0
  MONTH TO DATE    0                         8     -8        0
  SINCE JUN 1     35                        91    -56       35
  SINCE JUL 1      0                         8     -8        0

 COOLING
  YESTERDAY        7                         5      2        5
  MONTH TO DATE  109                        49     60      112
  SINCE JUN 1    180                        99     81      223
  SINCE JAN 1    225                       119    106      257
..................................................................


WIND (MPH)
  RESULTANT WIND SPEED   2   RESULTANT WIND DIRECTION   N (360)
  HIGHEST WIND SPEED    15   HIGHEST WIND DIRECTION     N (20)
  HIGHEST GUST SPEED    19   HIGHEST GUST DIRECTION    NE (30)
  AVERAGE WIND SPEED     3.6


SKY COVER
  POSSIBLE SUNSHINE  MM
  AVERAGE SKY COVER 0.1


WEATHER CONDITIONS
 THE FOLLOWING WEATHER WAS RECORDED YESTERDAY.
  NO SIGNIFICANT WEATHER WAS OBSERVED.


RELATIVE HUMIDITY (PERCENT)
 HIGHEST    72           500 AM
 LOWEST     43           500 PM
 AVERAGE    58

..........................................................


THE ROSEBURG OR CLIMATE NORMALS FOR TODAY
                         NORMAL    RECORD    YEAR
 MAXIMUM TEMPERATURE (F)   84       105      1961
 MINIMUM TEMPERATURE (F)   56        43      1974


SUNRISE AND SUNSET
JULY 12 2014..........SUNRISE   545 AM PDT   SUNSET   853 PM PDT
JULY 13 2014..........SUNRISE   546 AM PDT   SUNSET   852 PM PDT


-  INDICATES NEGATIVE NUMBERS.
R  INDICATES RECORD WAS SET OR TIED.
MM INDICATES DATA IS MISSING.
T  INDICATES TRACE AMOUNT.




$$
