000
CDUS46 KMFR 200835
CLIRBG


CLIMATE REPORT
NATIONAL WEATHER SERVICE MEDFORD, OR
135 AM PDT MON OCT 20 2014


...................................

...THE ROSEBURG OR CLIMATE SUMMARY FOR OCTOBER 19 2014...

CLIMATE NORMAL PERIOD 1981 TO 2010
CLIMATE RECORD PERIOD 1931 TO 2014


WEATHER ITEM   OBSERVED TIME   RECORD YEAR NORMAL DEPARTURE LAST
                VALUE   (LST)  VALUE       VALUE  FROM      YEAR
                                                  NORMAL
..................................................................
TEMPERATURE (F)
 YESTERDAY
  MAXIMUM         80    331 PM  89    1940  65     15       73
  MINIMUM         52    708 AM  27    1949  44      8       44
  AVERAGE         66                        54     12       59

PRECIPITATION (IN)
  YESTERDAY        0.00          0.72 1958   0.08  -0.08     0.00
  MONTH TO DATE    1.11                      1.21  -0.10     0.37
  SINCE SEP 1      2.63                      2.17   0.46     4.21
  SINCE JAN 1     19.28                     21.82  -2.54    12.75

SNOWFALL (IN)
  YESTERDAY       MM                        MM     MM       MM
  MONTH TO DATE   MM                        MM     MM       MM
  SINCE JUL 1     MM                        MM     MM       MM
  SNOW DEPTH      MM

DEGREE DAYS
 HEATING
  YESTERDAY        0                        11    -11        6
  MONTH TO DATE   32                       147   -115      198
  SINCE SEP 1     45                       215   -170      275
  SINCE JUL 1     52                       236   -184      276

 COOLING
  YESTERDAY        1                         0      1        0
  MONTH TO DATE   34                         2     32        0
  SINCE SEP 1    181                        67    114      121
  SINCE JAN 1    914                       478    436      823
..................................................................


WIND (MPH)
  RESULTANT WIND SPEED   2   RESULTANT WIND DIRECTION   S (190)
  HIGHEST WIND SPEED    14   HIGHEST WIND DIRECTION     S (170)
  HIGHEST GUST SPEED    20   HIGHEST GUST DIRECTION     S (170)
  AVERAGE WIND SPEED     2.4


SKY COVER
  POSSIBLE SUNSHINE  MM
  AVERAGE SKY COVER 0.1


WEATHER CONDITIONS
 THE FOLLOWING WEATHER WAS RECORDED YESTERDAY.
  FOG
  HAZE


RELATIVE HUMIDITY (PERCENT)
 HIGHEST    96           700 AM
 LOWEST     30           300 PM
 AVERAGE    63

..........................................................


THE ROSEBURG OR CLIMATE NORMALS FOR TODAY
                         NORMAL    RECORD    YEAR
 MAXIMUM TEMPERATURE (F)   64        83      2003
 MINIMUM TEMPERATURE (F)   44        28      1949


SUNRISE AND SUNSET
OCTOBER 20 2014.......SUNRISE   733 AM PDT   SUNSET   622 PM PDT
OCTOBER 21 2014.......SUNRISE   735 AM PDT   SUNSET   621 PM PDT


-  INDICATES NEGATIVE NUMBERS.
R  INDICATES RECORD WAS SET OR TIED.
MM INDICATES DATA IS MISSING.
T  INDICATES TRACE AMOUNT.




$$
