000
CDUS46 KMFR 290037
CLIRBG


CLIMATE REPORT
NATIONAL WEATHER SERVICE MEDFORD, OR
537 PM PDT THU APR 28 2016


...................................

...THE ROSEBURG OR CLIMATE SUMMARY FOR APRIL 28 2016...
VALID TODAY AS OF 0500 PM LOCAL TIME.

CLIMATE NORMAL PERIOD 1981 TO 2010
CLIMATE RECORD PERIOD 1931 TO 2016


WEATHER ITEM   OBSERVED TIME   RECORD YEAR NORMAL DEPARTURE LAST
                VALUE   (LST)  VALUE       VALUE  FROM      YEAR
                                                  NORMAL
..................................................................
TEMPERATURE (F)
 TODAY
  MAXIMUM         65    346 PM  88    1957  66     -1       70
  MINIMUM         51    659 AM  33    1954  44      7       51
  AVERAGE         58                        55      3       61

PRECIPITATION (IN)
  TODAY            0.00          0.41 1995   0.08  -0.08
  MONTH TO DATE    2.28                      2.66  -0.38
  SINCE OCT 1     35.93                     30.85   5.08
  SINCE JAN 1     16.74                     15.20   1.54

SNOWFALL (IN)
  TODAY           MM                        MM     MM       MM
  MONTH TO DATE    0.0                      MM     MM       MM
  SINCE JUL 1      0.0                      MM     MM        0.0
  SNOW DEPTH      MM

DEGREE DAYS
 HEATING
  TODAY            7                        10     -3        4
  MONTH TO DATE  193                       365   -172      328
  SINCE MAR 1    603                       875   -272      648
  SINCE JUL 1   2956                      3744   -788     2705

 COOLING
  TODAY            0                         0      0        0
  MONTH TO DATE   18                         0     18        1
  SINCE MAR 1     18                         0     18        1
  SINCE JAN 1     18                         0     18        1
..................................................................







THE ROSEBURG OR CLIMATE NORMALS FOR TOMORROW
                         NORMAL    RECORD    YEAR
 MAXIMUM TEMPERATURE (F)   66        92      1998
 MINIMUM TEMPERATURE (F)   44        28      1954


SUNRISE AND SUNSET
APRIL 28 2016.........SUNRISE   610 AM PDT   SUNSET   812 PM PDT
APRIL 29 2016.........SUNRISE   609 AM PDT   SUNSET   813 PM PDT


-  INDICATES NEGATIVE NUMBERS.
R  INDICATES RECORD WAS SET OR TIED.
MM INDICATES DATA IS MISSING.
T  INDICATES TRACE AMOUNT.




$$
