000
CDUS46 KMFR 260840
CLIRBG


CLIMATE REPORT
NATIONAL WEATHER SERVICE MEDFORD, OR
140 AM PDT THU MAR 26 2015


...................................

...THE ROSEBURG OR CLIMATE SUMMARY FOR MARCH 25 2015...

CLIMATE NORMAL PERIOD 1981 TO 2010
CLIMATE RECORD PERIOD 1931 TO 2015


WEATHER ITEM   OBSERVED TIME   RECORD YEAR NORMAL DEPARTURE LAST
                VALUE   (LST)  VALUE       VALUE  FROM      YEAR
                                                  NORMAL
..................................................................
TEMPERATURE (F)
 YESTERDAY
  MAXIMUM         73    415 PM  79    1997  59     14       64
  MINIMUM         51    653 AM  28    1954  40     11       48
  AVERAGE         62                        49     13       56

PRECIPITATION (IN)
  YESTERDAY        0.00          0.58 1962   0.13  -0.13     0.09
  MONTH TO DATE    2.80                      2.74   0.06     2.86
  SINCE OCT 1     23.26                     27.43  -4.17    14.01
  SINCE JAN 1      8.98                     11.78  -2.80    10.31

SNOWFALL (IN)
  YESTERDAY       MM                        MM     MM       MM
  MONTH TO DATE    0.0                      MM     MM       MM
  SINCE JUL 1      0.0                      MM     MM        0.0
  SNOW DEPTH      MM

DEGREE DAYS
 HEATING
  YESTERDAY        3                        16    -13        9
  MONTH TO DATE  274                       419   -145      303
  SINCE MAR 1    274                       419   -145      303
  SINCE JUL 1   2331                      3288   -957     3230

 COOLING
  YESTERDAY        0                         0      0        0
  MONTH TO DATE    0                         0      0        0
  SINCE MAR 1      0                         0      0        0
  SINCE JAN 1      0                         0      0        0
..................................................................


WIND (MPH)
  RESULTANT WIND SPEED   1   RESULTANT WIND DIRECTION  NE (50)
  HIGHEST WIND SPEED    10   HIGHEST WIND DIRECTION     N (10)
  HIGHEST GUST SPEED    13   HIGHEST GUST DIRECTION     N (10)
  AVERAGE WIND SPEED     1.5


SKY COVER
  POSSIBLE SUNSHINE  MM
  AVERAGE SKY COVER 0.4


WEATHER CONDITIONS
 THE FOLLOWING WEATHER WAS RECORDED YESTERDAY.
  NO SIGNIFICANT WEATHER WAS OBSERVED.


RELATIVE HUMIDITY (PERCENT)
 HIGHEST    89           300 AM
 LOWEST     41           300 PM
 AVERAGE    65

..........................................................


THE ROSEBURG OR CLIMATE NORMALS FOR TODAY
                         NORMAL    RECORD    YEAR
 MAXIMUM TEMPERATURE (F)   59        77      1994
 MINIMUM TEMPERATURE (F)   40        30      1996


SUNRISE AND SUNSET
MARCH 26 2015.........SUNRISE   706 AM PDT   SUNSET   733 PM PDT
MARCH 27 2015.........SUNRISE   704 AM PDT   SUNSET   734 PM PDT


-  INDICATES NEGATIVE NUMBERS.
R  INDICATES RECORD WAS SET OR TIED.
MM INDICATES DATA IS MISSING.
T  INDICATES TRACE AMOUNT.




$$
