420
CDUS46 KSTO 290842
CLIRDD

CLIMATE REPORT
NATIONAL WEATHER SERVICE SACRAMENTO, CA
141 AM PDT THU JUN 29 2017

...................................

...THE REDDING AIRPORT CA CLIMATE SUMMARY FOR JUNE 28 2017...

CLIMATE NORMAL PERIOD 1981 TO 2010
CLIMATE RECORD PERIOD 1986 TO 2017

WEATHER ITEM   OBSERVED RECORD YEAR NORMAL DEPARTURE LAST
                VALUE   VALUE       VALUE  FROM      YEAR
                                           NORMAL
...........................................................
TEMPERATURE (F)
 YESTERDAY
  MAXIMUM         97    108    2013  94      3      105
                               2009
  MINIMUM         64     53    1996  65     -1       65
  AVERAGE         81

PRECIPITATION (IN)
  YESTERDAY        0.00   0.87 2011   0.01  -0.01     0.00
  MONTH TO DATE    0.59               0.68  -0.09     2.46
  SINCE OCT 1     47.03              33.70  13.33    40.49
  SINCE JAN 1     28.30              20.85   7.45    30.63

SNOWFALL (IN)
  YESTERDAY        0.0   MM      MM  MM               0.0
  MONTH TO DATE    0.0               MM               0.0
  SINCE JUN 1      0.0               MM               0.0
  SINCE JUL 1      3.0               MM               0.0

DEGREE DAYS
 HEATING
  YESTERDAY        0

 COOLING
  YESTERDAY       16
...........................................................

WIND (MPH)
  RESULTANT WIND SPEED   3   RESULTANT WIND DIRECTION   S (160)
  HIGHEST WIND SPEED    16   HIGHEST WIND DIRECTION     S (160)
  HIGHEST GUST SPEED    20   HIGHEST GUST DIRECTION    SE (150)

SKY COVER
  POSSIBLE SUNSHINE  MM
  AVERAGE SKY COVER 0.0

WEATHER CONDITIONS
 THE FOLLOWING WEATHER WAS RECORDED YESTERDAY.
  NO SIGNIFICANT WEATHER WAS OBSERVED.


RELATIVE HUMIDITY (PERCENT)
 HIGHEST    63
 LOWEST     20
 AVERAGE    42

..........................................................

THE REDDING AIRPORT CA CLIMATE NORMALS FOR TODAY
                         NORMAL    RECORD    YEAR
 MAXIMUM TEMPERATURE (F)   95       108      2013
 MINIMUM TEMPERATURE (F)   65        55      1998


SUNRISE AND SUNSET
JUNE 29 2017..........SUNRISE   542 AM PDT   SUNSET   844 PM PDT
JUNE 30 2017..........SUNRISE   542 AM PDT   SUNSET   844 PM PDT

-  INDICATES NEGATIVE NUMBERS.
R  INDICATES RECORD WAS SET OR TIED.
MM INDICATES DATA IS MISSING.
T  INDICATES TRACE AMOUNT.

&&
....................................................................

REDDING CITY CLIMATE DATA FOR JUNE 28

CLIMATE RECORD PERIOD 1897-1986

RECORD HIGH..............    111 IN 1918
RECORD LOW...............     45 IN 1916

RECORD RAINFALL..........   0.48 IN 1952

$$
