000
CDUS46 KSTO 280837
CLIRDD

CLIMATE REPORT
NATIONAL WEATHER SERVICE SACRAMENTO, CA
137 AM PDT SAT MAR 28 2015


...................................

...THE REDDING AIRPORT CA CLIMATE SUMMARY FOR MARCH 27 2015...

CLIMATE NORMAL PERIOD 1981 TO 2010
CLIMATE RECORD PERIOD 1986 TO 2015


WEATHER ITEM   OBSERVED RECORD YEAR NORMAL DEPARTURE LAST
                VALUE   VALUE       VALUE  FROM      YEAR
                                           NORMAL
...........................................................
TEMPERATURE (F)
 YESTERDAY
  MAXIMUM         83R    83    1994  66     17       61
  MINIMUM         50     32    1991  44      6       47
  AVERAGE         67

PRECIPITATION (IN)
  YESTERDAY        0.00   1.24 2012   0.10  -0.10     0.03
  MONTH TO DATE    1.06               3.97  -2.91     4.08
  SINCE OCT 1     20.95              28.29  -7.34    14.69
  SINCE JAN 1      4.70              15.44 -10.74    12.58

SNOWFALL (IN)
  YESTERDAY        0.0   MM      MM  MM              MM
  MONTH TO DATE    0.0               MM               0.0
  SINCE MAR 1      0.0               MM               0.0
  SINCE JUL 1      0.0               MM               5.0

DEGREE DAYS
 HEATING
  YESTERDAY        0

 COOLING
  YESTERDAY        2
...........................................................


WIND (MPH)
  RESULTANT WIND SPEED   2   RESULTANT WIND DIRECTION   W (250)
  HIGHEST WIND SPEED    16   HIGHEST WIND DIRECTION    NW (310)
  HIGHEST GUST SPEED    27   HIGHEST GUST DIRECTION    NW (330)


SKY COVER
  POSSIBLE SUNSHINE  MM
  AVERAGE SKY COVER 0.1


WEATHER CONDITIONS
 THE FOLLOWING WEATHER WAS RECORDED YESTERDAY.
  NO SIGNIFICANT WEATHER WAS OBSERVED.


RELATIVE HUMIDITY (PERCENT)
 HIGHEST    89
 LOWEST     33
 AVERAGE    61

..........................................................


THE REDDING AIRPORT CA CLIMATE NORMALS FOR TODAY
                         NORMAL    RECORD    YEAR
 MAXIMUM TEMPERATURE (F)   66        82      2002
 MINIMUM TEMPERATURE (F)   44        32      1999


SUNRISE AND SUNSET
MARCH 28 2015.........SUNRISE   700 AM PDT   SUNSET   730 PM PDT
MARCH 29 2015.........SUNRISE   658 AM PDT   SUNSET   731 PM PDT


-  INDICATES NEGATIVE NUMBERS.
R  INDICATES RECORD WAS SET OR TIED.
MM INDICATES DATA IS MISSING.
T  INDICATES TRACE AMOUNT.

&&
....................................................................

REDDING CITY CLIMATE DATA FOR MARCH 27

CLIMATE RECORD PERIOD 1897-1986

RECORD HIGH..............     86 IN 1978
RECORD LOW...............     31 IN 1985

RECORD RAINFALL..........   2.91 IN 1915

$$
