000
CDUS46 KSTO 200844
CLIRDD

CLIMATE REPORT
NATIONAL WEATHER SERVICE SACRAMENTO, CA
130 AM PDT SUN AUG 20 2017

..........................................................

...THE REDDING AIRPORT CA CLIMATE SUMMARY FOR AUGUST 19 2017...

CLIMATE NORMAL PERIOD 1981 TO 2010
CLIMATE RECORD PERIOD 1986 TO 2017


WEATHER ITEM   OBSERVED RECORD YEAR NORMAL DEPARTURE LAST
                VALUE   VALUE       VALUE  FROM      YEAR
                                           NORMAL
...........................................................
TEMPERATURE (F)
 YESTERDAY
  MAXIMUM        103    108    1988  96      7      102
  MINIMUM         70     56    1990  63      7       70
  AVERAGE         87

PRECIPITATION (IN)
  YESTERDAY        0.00   0.29 1997   0.00   0.00     0.00
  MONTH TO DATE    0.10               0.08   0.02     0.00
  SINCE OCT 1     47.13              33.88  13.25    40.49
  SINCE JAN 1     28.40              21.03   7.37    30.63

SNOWFALL (IN)
  YESTERDAY        0.0   MM      MM  MM               0.0
  MONTH TO DATE    0.0               MM               0.0
  SINCE JUN 1      0.0               MM               0.0
  SINCE JUL 1      0.0               MM               0.0

DEGREE DAYS
 HEATING
  YESTERDAY        0

 COOLING
  YESTERDAY       22
...........................................................


WIND (MPH)
  RESULTANT WIND SPEED   0   RESULTANT WIND DIRECTION   W (270)
  HIGHEST WIND SPEED    14   HIGHEST WIND DIRECTION     N (360)
  HIGHEST GUST SPEED    19   HIGHEST GUST DIRECTION     N (10)


SKY COVER
  POSSIBLE SUNSHINE  MM
  AVERAGE SKY COVER 0.3


WEATHER CONDITIONS
 THE FOLLOWING WEATHER WAS RECORDED YESTERDAY.
  HAZE


RELATIVE HUMIDITY (PERCENT)
 HIGHEST    66
 LOWEST     13
 AVERAGE    40

..........................................................


THE REDDING AIRPORT CA CLIMATE NORMALS FOR TODAY
                         NORMAL    RECORD    YEAR
 MAXIMUM TEMPERATURE (F)   96       110      1988
 MINIMUM TEMPERATURE (F)   62        57      2002
                                             1996


SUNRISE AND SUNSET
AUGUST 20 2017........SUNRISE   625 AM PDT   SUNSET   759 PM PDT
AUGUST 21 2017........SUNRISE   626 AM PDT   SUNSET   758 PM PDT


-  INDICATES NEGATIVE NUMBERS.
R  INDICATES RECORD WAS SET OR TIED.
MM INDICATES DATA IS MISSING.
T  INDICATES TRACE AMOUNT.

&&
....................................................................

REDDING CITY CLIMATE DATA FOR AUGUST 19

CLIMATE RECORD PERIOD 1897-1986

RECORD HIGH..............    111 IN 1919
RECORD LOW...............     55 IN 1976

RECORD RAINFALL..........   0.39 IN 1968

$$
POWELL
