000
CDUS46 KSTO 201603 CCA
CLIRDD

CLIMATE REPORT
NATIONAL WEATHER SERVICE SACRAMENTO, CA
730 AM PDT SAT SEP 20 2014

.........................................................

...THE REDDING AIRPORT CA CLIMATE SUMMARY FOR SEPTEMBER 19 2014...

CLIMATE NORMAL PERIOD 1981 TO 2010
CLIMATE RECORD PERIOD 1986 TO 2014


WEATHER ITEM   OBSERVED RECORD YEAR NORMAL DEPARTURE LAST
                VALUE   VALUE       VALUE  FROM      YEAR
                                           NORMAL
...........................................................
TEMPERATURE (F)
 YESTERDAY
  MAXIMUM        101    106    1994  90     11       92
  MINIMUM         60     46    1986  57      3       52
  AVERAGE         81

PRECIPITATION (IN)
  YESTERDAY        0.00   0.30 2004   0.02  -0.02     0.00
  MONTH TO DATE    0.00               0.36  -0.36     0.00
  SINCE JUL 1      0.21               0.63  -0.42      T
  SINCE JAN 1     14.48              21.49  -7.01     9.30

SNOWFALL (IN)
  YESTERDAY        0.0    0.0  2002  MM               0.0
                               2001
  MONTH TO DATE    0.0               MM               0.0
  SINCE SEP 1      0.0               MM               0.0
  SINCE JUL 1      0.0               MM               0.0

DEGREE DAYS
 HEATING
  YESTERDAY        0

 COOLING
  YESTERDAY       16
...........................................................


WIND (MPH)
  RESULTANT WIND SPEED   5   RESULTANT WIND DIRECTION   N (340)
  HIGHEST WIND SPEED    21   HIGHEST WIND DIRECTION     S (160)
  HIGHEST GUST SPEED    24   HIGHEST GUST DIRECTION     S (170)


SKY COVER
  POSSIBLE SUNSHINE  MM
  AVERAGE SKY COVER 0.0


WEATHER CONDITIONS
 THE FOLLOWING WEATHER WAS RECORDED YESTERDAY.
  NO SIGNIFICANT WEATHER WAS OBSERVED.


RELATIVE HUMIDITY (PERCENT)
 HIGHEST    78
 LOWEST     12
 AVERAGE    45

..........................................................


THE REDDING AIRPORT CA CLIMATE NORMALS FOR TODAY
                         NORMAL    RECORD    YEAR
 MAXIMUM TEMPERATURE (F)   90       105      1994
 MINIMUM TEMPERATURE (F)   57        49      2004
                                             1986


SUNRISE AND SUNSET
SEPTEMBER 20 2014.....SUNRISE   655 AM PDT   SUNSET   709 PM PDT
SEPTEMBER 21 2014.....SUNRISE   656 AM PDT   SUNSET   708 PM PDT


-  INDICATES NEGATIVE NUMBERS.
R  INDICATES RECORD WAS SET OR TIED.
MM INDICATES DATA IS MISSING.
T  INDICATES TRACE AMOUNT.

&&
....................................................................

REDDING CITY CLIMATE DATA FOR SEPTEMBER 19

CLIMATE RECORD PERIOD 1897-1986

RECORD HIGH..............    109 IN 1952
RECORD LOW...............     45 IN 1986

RECORD RAINFALL..........   3.24 IN 1959

$$
POWELL
