000
CDUS46 KSTO 150046
CLIRDD

CLIMATE REPORT
NATIONAL WEATHER SERVICE SACRAMENTO, CA
442 PM PST THU DEC 14 2017


...................................

...THE REDDING AIRPORT CA CLIMATE SUMMARY FOR DECEMBER 14 2017...
VALID TODAY AS OF 0400 PM LOCAL TIME.

CLIMATE NORMAL PERIOD 1981 TO 2010
CLIMATE RECORD PERIOD 1986 TO 2017


WEATHER ITEM   OBSERVED RECORD YEAR NORMAL DEPARTURE LAST
                VALUE   VALUE       VALUE  FROM      YEAR
                                           NORMAL
...........................................................
TEMPERATURE (F)
 TODAY
  MAXIMUM         76R    71    1989  54     22       56
  MINIMUM         57     24    2011  36     21       44
  AVERAGE         67

PRECIPITATION (IN)
  TODAY            0.00   2.55 2002   0.20  -0.20     0.56
  MONTH TO DATE    0.08               2.61  -2.53     3.10
  SINCE OCT 1      5.64               9.19  -3.55    15.80
  SINCE JAN 1     34.65              30.96   3.69    46.43

SNOWFALL (IN)
  TODAY            0.0   MM      MM  MM               0.0
  MONTH TO DATE    0.0               MM               0.0
  SINCE DEC 1      0.0               MM               0.0
  SINCE JUL 1      0.0               MM               0.0

DEGREE DAYS
 HEATING
  TODAY            0

 COOLING
  TODAY            2
...........................................................


WIND (MPH)
  RESULTANT WIND SPEED  13   RESULTANT WIND DIRECTION   N (360)
  HIGHEST WIND SPEED    25   HIGHEST WIND DIRECTION     N (10)
  HIGHEST GUST SPEED    30   HIGHEST GUST DIRECTION     N (20)


SKY COVER
  POSSIBLE SUNSHINE  MM
  AVERAGE SKY COVER 0.0


WEATHER CONDITIONS
 THE FOLLOWING WEATHER WAS RECORDED TODAY.
  NO SIGNIFICANT WEATHER WAS OBSERVED.


RELATIVE HUMIDITY (PERCENT)
 HIGHEST    28
 LOWEST     16
 AVERAGE    22

..........................................................


THE REDDING AIRPORT CA CLIMATE NORMALS FOR TOMORROW
                         NORMAL    RECORD    YEAR
 MAXIMUM TEMPERATURE (F)   54        72      1998
 MINIMUM TEMPERATURE (F)   36        26      2005


SUNRISE AND SUNSET
DECEMBER 14 2017......SUNRISE   725 AM PST   SUNSET   443 PM PST
DECEMBER 15 2017......SUNRISE   726 AM PST   SUNSET   443 PM PST


-  INDICATES NEGATIVE NUMBERS.
R  INDICATES RECORD WAS SET OR TIED.
MM INDICATES DATA IS MISSING.
T  INDICATES TRACE AMOUNT.

&&
....................................................................

REDDING CITY CLIMATE DATA FOR DECEMBER 14

CLIMATE RECORD PERIOD 1897-1986

RECORD HIGH..............     75 IN 1980
RECORD LOW...............     20 IN 1972

RECORD RAINFALL..........   2.47 IN 1977

$$

NNNN
