000
CDUS41 KPHI 010640
CLIRDG


CLIMATE REPORT
NATIONAL WEATHER SERVICE MOUNT HOLLY NJ
237 AM EDT SAT OCT 1 2016


...................................

...THE READING PA CLIMATE SUMMARY FOR SEPTEMBER 30 2016...

CLIMATE NORMAL PERIOD 1981 TO 2010
CLIMATE RECORD PERIOD 1869 TO 2016


WEATHER ITEM   OBSERVED TIME   RECORD YEAR NORMAL DEPARTURE LAST
                VALUE   (LST)  VALUE       VALUE  FROM      YEAR
                                                  NORMAL
..................................................................
TEMPERATURE (F)
 YESTERDAY
  MAXIMUM         60    616 PM  92    1986  70    -10       76
  MINIMUM         53    811 AM  34    1978  49      4       59
  AVERAGE         57                        59     -2       68

PRECIPITATION (IN)
  YESTERDAY        1.26          5.15 2010   0.17   1.09     0.33
  MONTH TO DATE    4.65                      4.34   0.31     5.32
  SINCE SEP 1      4.65                      4.34   0.31     5.32
  SINCE JAN 1     29.16                     33.30  -4.14    30.70

SNOWFALL (IN)
  YESTERDAY       MM            MM      MM  MM     MM       MM
  MONTH TO DATE   MM                        MM     MM       MM
  SINCE SEP 1     MM                        MM     MM       MM
  SINCE JUL 1     MM                        MM     MM       MM
  SNOW DEPTH      MM

DEGREE DAYS
 HEATING
  YESTERDAY        8                         6      2        0
  MONTH TO DATE   32                        72    -40       14
  SINCE SEP 1     32                        74    -42       14
  SINCE JUL 1     32                        79    -47       14

 COOLING
  YESTERDAY        0                         1     -1        3
  MONTH TO DATE  191                        84    107      182
  SINCE SEP 1    191                        84    107      182
  SINCE JAN 1   1333                       887    446     1177
..................................................................


WIND (MPH)
  HIGHEST WIND SPEED    16   HIGHEST WIND DIRECTION    NE (60)
  HIGHEST GUST SPEED    26   HIGHEST GUST DIRECTION    NE (60)
  AVERAGE WIND SPEED     8.7


SKY COVER
  POSSIBLE SUNSHINE  MM
  AVERAGE SKY COVER 1.0


WEATHER CONDITIONS
 THE FOLLOWING WEATHER WAS RECORDED YESTERDAY.
  HEAVY RAIN
  RAIN
  LIGHT RAIN
  FOG
  HAZE


RELATIVE HUMIDITY (PERCENT)
 HIGHEST    93           200 AM
 LOWEST     78           600 PM
 AVERAGE    86

..........................................................


THE READING PA CLIMATE NORMALS FOR TODAY
                         NORMAL    RECORD    YEAR
 MAXIMUM TEMPERATURE (F)   69        88      1905
 MINIMUM TEMPERATURE (F)   49        32      1993
                                             1899


SUNRISE AND SUNSET
OCTOBER  1 2016.......SUNRISE   701 AM EDT   SUNSET   645 PM EDT
OCTOBER  2 2016.......SUNRISE   702 AM EDT   SUNSET   644 PM EDT


-  INDICATES NEGATIVE NUMBERS.
R  INDICATES RECORD WAS SET OR TIED.
MM INDICATES DATA IS MISSING.
T  INDICATES TRACE AMOUNT.




$$
