000
CDUS41 KPHI 250628
CLIRDG


CLIMATE REPORT
NATIONAL WEATHER SERVICE MOUNT HOLLY NJ
126 AM EST SAT FEB 25 2017


...................................

...THE READING PA CLIMATE SUMMARY FOR FEBRUARY 24 2017...

CLIMATE NORMAL PERIOD 1981 TO 2010
CLIMATE RECORD PERIOD 1869 TO 2017


WEATHER ITEM   OBSERVED TIME   RECORD YEAR NORMAL DEPARTURE LAST
                VALUE   (LST)  VALUE       VALUE  FROM      YEAR
                                                  NORMAL
..................................................................
TEMPERATURE (F)
 YESTERDAY
  MAXIMUM         77R   142 PM  77    1985  44     33       64
  MINIMUM         53    603 AM  -3    2015  25     28       37
  AVERAGE         65                        34     31       51

PRECIPITATION (IN)
  YESTERDAY        0.00          1.27 1998   0.09  -0.09     1.02
  MONTH TO DATE    0.75                      2.12  -1.37     3.20
  SINCE DEC 1      5.24                      8.46  -3.22    10.29
  SINCE JAN 1      3.11                      5.17  -2.06     6.73

DEGREE DAYS
 HEATING
  YESTERDAY        0                        31    -31       14
  MONTH TO DATE  604                       798   -194      758
  SINCE DEC 1   2431                      2856   -425     2410
  SINCE JUL 1   3285                      3923   -638     3229

 COOLING
  YESTERDAY        0                         0      0        0
  MONTH TO DATE    0                         0      0        0
  SINCE DEC 1      0                         0      0        0
  SINCE JAN 1      0                         0      0        0
..................................................................


WIND (MPH)
  HIGHEST WIND SPEED    21   HIGHEST WIND DIRECTION     S (170)
  HIGHEST GUST SPEED    30   HIGHEST GUST DIRECTION     S (170)
  AVERAGE WIND SPEED     8.7


SKY COVER
  POSSIBLE SUNSHINE  MM
  AVERAGE SKY COVER 0.2


WEATHER CONDITIONS
 THE FOLLOWING WEATHER WAS RECORDED YESTERDAY.
  NO SIGNIFICANT WEATHER WAS OBSERVED.


RELATIVE HUMIDITY (PERCENT)
 HIGHEST    86           600 AM
 LOWEST     46           200 PM
 AVERAGE    66

..........................................................


THE READING PA CLIMATE NORMALS FOR TODAY
                         NORMAL    RECORD    YEAR
 MAXIMUM TEMPERATURE (F)   44        77      1930
 MINIMUM TEMPERATURE (F)   25         2      1914


SUNRISE AND SUNSET
FEBRUARY 25 2017......SUNRISE   643 AM EST   SUNSET   551 PM EST
FEBRUARY 26 2017......SUNRISE   642 AM EST   SUNSET   552 PM EST


-  INDICATES NEGATIVE NUMBERS.
R  INDICATES RECORD WAS SET OR TIED.
MM INDICATES DATA IS MISSING.
T  INDICATES TRACE AMOUNT.




$$
