000
CDUS41 KPHI 240630
CLIRDG


CLIMATE REPORT
NATIONAL WEATHER SERVICE MOUNT HOLLY NJ
228 AM EDT FRI MAR 24 2017


...................................

...THE READING PA CLIMATE SUMMARY FOR MARCH 23 2017...

CLIMATE NORMAL PERIOD 1981 TO 2010
CLIMATE RECORD PERIOD 1869 TO 2017


WEATHER ITEM   OBSERVED TIME   RECORD YEAR NORMAL DEPARTURE LAST
                VALUE   (LST)  VALUE       VALUE  FROM      YEAR
                                                  NORMAL
..................................................................
TEMPERATURE (F)
 YESTERDAY
  MAXIMUM         44    403 PM  80    2012  53     -9       71
  MINIMUM         20    535 AM  14    1906  34    -14       38
  AVERAGE         32                        44    -12       55

PRECIPITATION (IN)
  YESTERDAY        0.00          2.18 1903   0.12  -0.12     0.00
  MONTH TO DATE    2.04                      2.42  -0.38     0.56
  SINCE MAR 1      2.04                      2.42  -0.38     0.56
  SINCE JAN 1      5.43                      7.95  -2.52     7.37

DEGREE DAYS
 HEATING
  YESTERDAY       33                        22     11       10
  MONTH TO DATE  651                       583     68      423
  SINCE MAR 1    651                       583     68      423
  SINCE JUL 1   4013                      4625   -612     3770

 COOLING
  YESTERDAY        0                         0      0        0
  MONTH TO DATE    0                         0      0        3
  SINCE MAR 1      0                         0      0        3
  SINCE JAN 1      0                         0      0        3
..................................................................


WIND (MPH)
  HIGHEST WIND SPEED    15   HIGHEST WIND DIRECTION     W (280)
  HIGHEST GUST SPEED    19   HIGHEST GUST DIRECTION    SW (220)
  AVERAGE WIND SPEED     4.6


SKY COVER
  POSSIBLE SUNSHINE  MM
  AVERAGE SKY COVER 0.0


WEATHER CONDITIONS
 THE FOLLOWING WEATHER WAS RECORDED YESTERDAY.
  NO SIGNIFICANT WEATHER WAS OBSERVED.


RELATIVE HUMIDITY (PERCENT)
 HIGHEST    52           600 AM
 LOWEST     27           300 PM
 AVERAGE    40

..........................................................


THE READING PA CLIMATE NORMALS FOR TODAY
                         NORMAL    RECORD    YEAR
 MAXIMUM TEMPERATURE (F)   54        78      1988
 MINIMUM TEMPERATURE (F)   34        13      1906


SUNRISE AND SUNSET
MARCH 24 2017.........SUNRISE   700 AM EDT   SUNSET   720 PM EDT
MARCH 25 2017.........SUNRISE   659 AM EDT   SUNSET   721 PM EDT


-  INDICATES NEGATIVE NUMBERS.
R  INDICATES RECORD WAS SET OR TIED.
MM INDICATES DATA IS MISSING.
T  INDICATES TRACE AMOUNT.




$$
