000
CDUS41 KPHI 102131
CLIRDG


CLIMATE REPORT
NATIONAL WEATHER SERVICE MOUNT HOLLY NJ
430 PM EST SAT DEC 10 2016


...................................

...THE READING PA CLIMATE SUMMARY FOR DECEMBER 10 2016...
VALID TODAY AS OF 0400 PM LOCAL TIME.

CLIMATE NORMAL PERIOD 1981 TO 2010
CLIMATE RECORD PERIOD 1869 TO 2016


WEATHER ITEM   OBSERVED TIME   RECORD YEAR NORMAL DEPARTURE LAST
                VALUE   (LST)  VALUE       VALUE  FROM      YEAR
                                                  NORMAL
..................................................................
TEMPERATURE (F)
 TODAY
  MAXIMUM         36    226 PM  71    1946  43     -7       57
  MINIMUM         27    733 AM   1    1989  27      0       42
  AVERAGE         32                        35     -3       50

PRECIPITATION (IN)
  TODAY            0.00          2.31 1878   0.12  -0.12      T
  MONTH TO DATE    0.71                      1.17  -0.46     0.85
  SINCE DEC 1      0.71                      1.17  -0.46     0.85
  SINCE JAN 1     33.40                     41.15  -7.75    34.83

SNOWFALL (IN)
  TODAY           MM            MM      MM  MM     MM       MM
  MONTH TO DATE   MM                        MM     MM       MM
  SINCE DEC 1     MM                        MM     MM       MM
  SINCE JUL 1     MM                        MM     MM       MM
  SNOW DEPTH      MM

DEGREE DAYS
 HEATING
  TODAY           33                        30      3       15
  MONTH TO DATE  253                       282    -29      222
  SINCE DEC 1    253                       282    -29      222
  SINCE JUL 1   1107                      1349   -242     1041

 COOLING
  TODAY            0                         0      0        0
  MONTH TO DATE    0                         0      0        0
  SINCE DEC 1      0                         0      0        0
  SINCE JAN 1   1356                       896    460     1182
..................................................................


WIND (MPH)
  HIGHEST WIND SPEED    20   HIGHEST WIND DIRECTION    NW (300)
  HIGHEST GUST SPEED    26   HIGHEST GUST DIRECTION     W (290)
  AVERAGE WIND SPEED    11.4


SKY COVER
  POSSIBLE SUNSHINE  MM
  AVERAGE SKY COVER 0.4


WEATHER CONDITIONS
 THE FOLLOWING WEATHER WAS RECORDED TODAY.
  NO SIGNIFICANT WEATHER WAS OBSERVED.


RELATIVE HUMIDITY (PERCENT)
 HIGHEST    68           300 AM
 LOWEST     38           300 PM
 AVERAGE    53

..........................................................


THE READING PA CLIMATE NORMALS FOR TOMORROW
                         NORMAL    RECORD    YEAR
 MAXIMUM TEMPERATURE (F)   43        66      1911
 MINIMUM TEMPERATURE (F)   27         5      1904


SUNRISE AND SUNSET
DECEMBER 10 2016......SUNRISE   716 AM EST   SUNSET   437 PM EST
DECEMBER 11 2016......SUNRISE   717 AM EST   SUNSET   438 PM EST


-  INDICATES NEGATIVE NUMBERS.
R  INDICATES RECORD WAS SET OR TIED.
MM INDICATES DATA IS MISSING.
T  INDICATES TRACE AMOUNT.




$$
