000
CDUS41 KPHI 180627
CLIRDG


CLIMATE REPORT
NATIONAL WEATHER SERVICE MOUNT HOLLY NJ
227 AM EDT THU SEP 18 2014


...................................

...THE READING PA CLIMATE SUMMARY FOR SEPTEMBER 17 2014...

CLIMATE NORMAL PERIOD 1981 TO 2010
CLIMATE RECORD PERIOD 1869 TO 2014


WEATHER ITEM   OBSERVED TIME   RECORD YEAR NORMAL DEPARTURE LAST
                VALUE   (LST)  VALUE       VALUE  FROM      YEAR
                                                  NORMAL
..................................................................
TEMPERATURE (F)
 YESTERDAY
  MAXIMUM         74    225 PM  94    1991  75     -1       66
  MINIMUM         49    601 AM  37    1986  55     -6       43
  AVERAGE         62                        65     -3       55

PRECIPITATION (IN)
  YESTERDAY        0.00          2.30 1903   0.17  -0.17     0.00
  MONTH TO DATE    1.25                      2.18  -0.93     0.77
  SINCE SEP 1      1.25                      2.18  -0.93     0.77
  SINCE JAN 1     31.68                     31.14   0.54    29.91

SNOWFALL (IN)
  YESTERDAY       MM            MM      MM  MM     MM       MM
  MONTH TO DATE   MM                        MM     MM       MM
  SINCE SEP 1     MM                        MM     MM       MM
  SINCE JUL 1     MM                        MM     MM       MM
  SNOW DEPTH      MM

DEGREE DAYS
 HEATING
  YESTERDAY        3                         2      1       10
  MONTH TO DATE   25                        15     10       36
  SINCE SEP 1     25                        15     10       36
  SINCE JUL 1     26                        20      6       36

 COOLING
  YESTERDAY        0                         2     -2        0
  MONTH TO DATE  102                        67     35       95
  SINCE SEP 1    102                        67     35       95
  SINCE JAN 1    923                       870     53     1079
..................................................................


WIND (MPH)
  HIGHEST WIND SPEED     9   HIGHEST WIND DIRECTION     W (270)
  HIGHEST GUST SPEED    13   HIGHEST GUST DIRECTION    SW (220)
  AVERAGE WIND SPEED     2.3


SKY COVER
  POSSIBLE SUNSHINE  MM
  AVERAGE SKY COVER 0.3


WEATHER CONDITIONS
 THE FOLLOWING WEATHER WAS RECORDED YESTERDAY.
  FOG


RELATIVE HUMIDITY (PERCENT)
 HIGHEST    93           600 AM
 LOWEST     38           200 PM
 AVERAGE    66

..........................................................


THE READING PA CLIMATE NORMALS FOR TODAY
                         NORMAL    RECORD    YEAR
 MAXIMUM TEMPERATURE (F)   75        91      1965
 MINIMUM TEMPERATURE (F)   54        39      1990
                                             1986
                                             1984


SUNRISE AND SUNSET
SEPTEMBER 18 2014.....SUNRISE   647 AM EDT   SUNSET   708 PM EDT
SEPTEMBER 19 2014.....SUNRISE   648 AM EDT   SUNSET   706 PM EDT


-  INDICATES NEGATIVE NUMBERS.
R  INDICATES RECORD WAS SET OR TIED.
MM INDICATES DATA IS MISSING.
T  INDICATES TRACE AMOUNT.




$$
