000
CDUS41 KPHI 060632
CLIRDG


CLIMATE REPORT
NATIONAL WEATHER SERVICE MOUNT HOLLY NJ
226 AM EDT MON JUL 6 2015


...................................

...THE READING PA CLIMATE SUMMARY FOR JULY 5 2015...

CLIMATE NORMAL PERIOD 1981 TO 2010
CLIMATE RECORD PERIOD 1869 TO 2015


WEATHER ITEM   OBSERVED TIME   RECORD YEAR NORMAL DEPARTURE LAST
                VALUE   (LST)  VALUE       VALUE  FROM      YEAR
                                                  NORMAL
..................................................................
TEMPERATURE (F)
 YESTERDAY
  MAXIMUM         82    402 PM 100    2010  85     -3       81
                                      1999
                                      1919
  MINIMUM         62    521 AM  49    1979  64     -2       57
                                      1978
  AVERAGE         72                        75     -3       69

PRECIPITATION (IN)
  YESTERDAY        0.00          1.80 1895   0.13  -0.13     0.00
  MONTH TO DATE    0.32                      0.70  -0.38     2.12
  SINCE JUN 1      6.54                      4.48   2.06     5.91
  SINCE JAN 1     18.45                     21.50  -3.05    24.73

SNOWFALL (IN)
  YESTERDAY       MM            MM      MM  MM     MM       MM
  MONTH TO DATE   MM                        MM     MM       MM
  SINCE JUN 1     MM                        MM     MM       MM
  SINCE JUL 1     MM                        MM     MM       MM
  SNOW DEPTH      MM

DEGREE DAYS
 HEATING
  YESTERDAY        0                         0      0        0
  MONTH TO DATE    0                         0      0        0
  SINCE JUN 1     21                        24     -3        1
  SINCE JUL 1      0                         0      0        0

 COOLING
  YESTERDAY        7                        10     -3        4
  MONTH TO DATE   30                        47    -17       61
  SINCE JUN 1    255                       236     19      289
  SINCE JAN 1    414                       296    118      351
..................................................................


WIND (MPH)
  HIGHEST WIND SPEED     8   HIGHEST WIND DIRECTION     W (280)
  HIGHEST GUST SPEED    10   HIGHEST GUST DIRECTION     N (20)
  AVERAGE WIND SPEED     1.6


SKY COVER
  POSSIBLE SUNSHINE  MM
  AVERAGE SKY COVER 0.5


WEATHER CONDITIONS
 THE FOLLOWING WEATHER WAS RECORDED YESTERDAY.
  FOG
  FOG W/VISIBILITY <= 1/4 MILE
  HAZE


RELATIVE HUMIDITY (PERCENT)
 HIGHEST    93          1200 AM
 LOWEST     51           300 PM
 AVERAGE    72

..........................................................


THE READING PA CLIMATE NORMALS FOR TODAY
                         NORMAL    RECORD    YEAR
 MAXIMUM TEMPERATURE (F)   85       102      2010
 MINIMUM TEMPERATURE (F)   64        47      1979


SUNRISE AND SUNSET
JULY  6 2015..........SUNRISE   540 AM EDT   SUNSET   837 PM EDT
JULY  7 2015..........SUNRISE   541 AM EDT   SUNSET   837 PM EDT


-  INDICATES NEGATIVE NUMBERS.
R  INDICATES RECORD WAS SET OR TIED.
MM INDICATES DATA IS MISSING.
T  INDICATES TRACE AMOUNT.




$$
