000
CDUS41 KPHI 160629
CLIRDG


CLIMATE REPORT
NATIONAL WEATHER SERVICE MOUNT HOLLY NJ
129 AM EST MON JAN 16 2017


...................................

...THE READING PA CLIMATE SUMMARY FOR JANUARY 15 2017...

CLIMATE NORMAL PERIOD 1981 TO 2010
CLIMATE RECORD PERIOD 1869 TO 2017


WEATHER ITEM   OBSERVED TIME   RECORD YEAR NORMAL DEPARTURE LAST
                VALUE   (LST)  VALUE       VALUE  FROM      YEAR
                                                  NORMAL
..................................................................
TEMPERATURE (F)
 YESTERDAY
  MAXIMUM         38    258 PM  68    1937  37      1       46
  MINIMUM         23   1123 PM  -2    1988  22      1       24
  AVERAGE         31                        30      1       35

PRECIPITATION (IN)
  YESTERDAY        0.00          1.61 1890   0.10  -0.10     0.25
  MONTH TO DATE    1.25                      1.63  -0.38     1.27
  SINCE DEC 1      3.38                      4.92  -1.54     4.83
  SINCE JAN 1      1.25                      1.63  -0.38     1.27

DEGREE DAYS
 HEATING
  YESTERDAY       34                        36     -2       30
  MONTH TO DATE  494                       525    -31      500
  SINCE DEC 1   1410                      1489    -79     1065
  SINCE JUL 1   2264                      2556   -292     1884

 COOLING
  YESTERDAY        0                         0      0        0
  MONTH TO DATE    0                         0      0        0
  SINCE DEC 1      0                         0      0        0
  SINCE JAN 1      0                         0      0        0
..................................................................


WIND (MPH)
  HIGHEST WIND SPEED    14   HIGHEST WIND DIRECTION     N (360)
  HIGHEST GUST SPEED    17   HIGHEST GUST DIRECTION    NW (320)
  AVERAGE WIND SPEED     4.9


SKY COVER
  POSSIBLE SUNSHINE  MM
  AVERAGE SKY COVER 0.2


WEATHER CONDITIONS
 THE FOLLOWING WEATHER WAS RECORDED YESTERDAY.
  FOG


RELATIVE HUMIDITY (PERCENT)
 HIGHEST    85          1200 AM
 LOWEST     44           300 PM
 AVERAGE    65

..........................................................


THE READING PA CLIMATE NORMALS FOR TODAY
                         NORMAL    RECORD    YEAR
 MAXIMUM TEMPERATURE (F)   37        62      1995
 MINIMUM TEMPERATURE (F)   22         0      1994


SUNRISE AND SUNSET
JANUARY 16 2017.......SUNRISE   724 AM EST   SUNSET   504 PM EST
JANUARY 17 2017.......SUNRISE   724 AM EST   SUNSET   505 PM EST


-  INDICATES NEGATIVE NUMBERS.
R  INDICATES RECORD WAS SET OR TIED.
MM INDICATES DATA IS MISSING.
T  INDICATES TRACE AMOUNT.




$$
