000
CDUS41 KPHI 200627
CLIRDG


CLIMATE REPORT
NATIONAL WEATHER SERVICE MOUNT HOLLY NJ
226 AM EDT MON OCT 20 2014


...................................

...THE READING PA CLIMATE SUMMARY FOR OCTOBER 19 2014...

CLIMATE NORMAL PERIOD 1981 TO 2010
CLIMATE RECORD PERIOD 1869 TO 2014


WEATHER ITEM   OBSERVED TIME   RECORD YEAR NORMAL DEPARTURE LAST
                VALUE   (LST)  VALUE       VALUE  FROM      YEAR
                                                  NORMAL
..................................................................
TEMPERATURE (F)
 YESTERDAY
  MAXIMUM         55    318 PM  84    1963  63     -8       63
  MINIMUM         40   1159 PM  22    1974  42     -2       40
  AVERAGE         48                        53     -5       52

PRECIPITATION (IN)
  YESTERDAY        0.00          3.04 1996   0.09  -0.09     0.15
  MONTH TO DATE    4.22                      2.24   1.98     4.73
  SINCE SEP 1      6.02                      6.58  -0.56     6.04
  SINCE JAN 1     36.45                     35.54   0.91    35.18

SNOWFALL (IN)
  YESTERDAY       MM            MM      MM  MM     MM       MM
  MONTH TO DATE   MM                        MM     MM       MM
  SINCE SEP 1     MM                        MM     MM       MM
  SINCE JUL 1     MM                        MM     MM       MM
  SNOW DEPTH      MM

DEGREE DAYS
 HEATING
  YESTERDAY       17                        13      4       13
  MONTH TO DATE  120                       188    -68       80
  SINCE SEP 1    174                       262    -88      170
  SINCE JUL 1    175                       267    -92      170

 COOLING
  YESTERDAY        0                         0      0        0
  MONTH TO DATE   16                         5     11       42
  SINCE SEP 1    141                        89     52      140
  SINCE JAN 1    962                       892     70     1124
..................................................................


WIND (MPH)
  HIGHEST WIND SPEED    26   HIGHEST WIND DIRECTION    NW (310)
  HIGHEST GUST SPEED    35   HIGHEST GUST DIRECTION     W (290)
  AVERAGE WIND SPEED    11.8


SKY COVER
  POSSIBLE SUNSHINE  MM
  AVERAGE SKY COVER 0.5


WEATHER CONDITIONS
 THE FOLLOWING WEATHER WAS RECORDED YESTERDAY.
  NO SIGNIFICANT WEATHER WAS OBSERVED.


RELATIVE HUMIDITY (PERCENT)
 HIGHEST    79           900 PM
 LOWEST     35           300 PM
 AVERAGE    57

..........................................................


THE READING PA CLIMATE NORMALS FOR TODAY
                         NORMAL    RECORD    YEAR
 MAXIMUM TEMPERATURE (F)   63        80      1969
                                             1953
                                             1947
 MINIMUM TEMPERATURE (F)   42        22      1974


SUNRISE AND SUNSET
OCTOBER 20 2014.......SUNRISE   720 AM EDT   SUNSET   617 PM EDT
OCTOBER 21 2014.......SUNRISE   721 AM EDT   SUNSET   615 PM EDT


-  INDICATES NEGATIVE NUMBERS.
R  INDICATES RECORD WAS SET OR TIED.
MM INDICATES DATA IS MISSING.
T  INDICATES TRACE AMOUNT.




$$
