000
CDUS46 KPDT 310042
CLIRDM

CLIMATE REPORT
NATIONAL WEATHER SERVICE PENDLETON OR
542 PM PDT SAT AUG 30 2014


...................................

...THE REDMOND OR CLIMATE SUMMARY FOR AUGUST 30 2014...
VALID TODAY AS OF 0500 PM LOCAL TIME.

CLIMATE NORMAL PERIOD 1981 TO 2010
CLIMATE RECORD PERIOD 1949 TO 2014


WEATHER ITEM   OBSERVED TIME   RECORD YEAR NORMAL DEPARTURE LAST
                VALUE   (LST)  VALUE       VALUE  FROM      YEAR
                                                  NORMAL
..................................................................
TEMPERATURE (F)
 TODAY
  MAXIMUM         71   1205 PM 101    1967  81    -10       83
  MINIMUM         53    541 AM  31    1965  42     11       50
  AVERAGE         62                        62      0       67

PRECIPITATION (IN)
  TODAY            0.02          0.69 1989   0.01   0.01     0.00
  MONTH TO DATE    0.96                      0.48   0.48     1.16
  SINCE OCT 1      5.71                      8.47  -2.76     6.99
  SINCE JAN 1      5.00                      5.71  -0.71     3.08

DEGREE DAYS
 HEATING
  TODAY            3                         4     -1        0
  MONTH TO DATE   33                        76    -43       16
  SINCE JUN 1    287                       362    -75      221
  SINCE JUL 1     64                       145    -81       36

 COOLING
  TODAY            0                         1     -1        2
  MONTH TO DATE  103                        79     24       96
  SINCE JUN 1    297                       200     97      302
  SINCE JAN 1    297                       205     92      311
..................................................................


WIND (MPH)
  RESULTANT WIND SPEED   1   RESULTANT WIND DIRECTION   W (290)
  HIGHEST WIND SPEED    23   HIGHEST WIND DIRECTION     W (280)
  HIGHEST GUST SPEED    29   HIGHEST GUST DIRECTION    NW (310)
  AVERAGE WIND SPEED     5.4


SKY COVER
  POSSIBLE SUNSHINE  MM
  AVERAGE SKY COVER 0.5


WEATHER CONDITIONS
THE FOLLOWING WEATHER WAS RECORDED TODAY.
  LIGHT RAIN


RELATIVE HUMIDITY (PERCENT)
 HIGHEST    66           200 AM
 LOWEST     37          1000 AM
 AVERAGE    52

..........................................................


THE REDMOND OR CLIMATE NORMALS FOR TOMORROW
                         NORMAL    RECORD    YEAR
 MAXIMUM TEMPERATURE (F)   81       100      1967
 MINIMUM TEMPERATURE (F)   42        28      2006


SUNRISE AND SUNSET
AUGUST 30 2014........SUNRISE   625 AM PDT   SUNSET   744 PM PDT
AUGUST 31 2014........SUNRISE   626 AM PDT   SUNSET   742 PM PDT


-  INDICATES NEGATIVE NUMBERS.
R  INDICATES RECORD WAS SET OR TIED.
MM INDICATES DATA IS MISSING.
T  INDICATES TRACE AMOUNT.

$$
