000
CDUS46 KPDT 150858
CLIRDM

CLIMATE REPORT
NATIONAL WEATHER SERVICE PENDLETON OR
1249 AM PST FRI DEC 15 2017


...................................

...THE REDMOND OR CLIMATE SUMMARY FOR DECEMBER 14 2017...

CLIMATE NORMAL PERIOD 1981 TO 2010
CLIMATE RECORD PERIOD 1949 TO 2017


WEATHER ITEM   OBSERVED TIME   RECORD YEAR NORMAL DEPARTURE LAST
                VALUE   (LST)  VALUE       VALUE  FROM      YEAR
                                                  NORMAL
..................................................................
TEMPERATURE (F)
 YESTERDAY
  MAXIMUM         25    302 PM  64    1962  40    -15       22
  MINIMUM         14   1152 PM  -6    1972  20     -6       13
  AVERAGE         20                        30    -10       18

PRECIPITATION (IN)
  YESTERDAY        0.00          0.95 1977   0.04  -0.04     0.83
  MONTH TO DATE    T                         0.55  -0.55     1.57
  SINCE OCT 1      0.99                      2.15  -1.16     3.58
  SINCE JAN 1      6.46                      8.29  -1.83     9.12

DEGREE DAYS
 HEATING
  YESTERDAY       45                        35     10       47
  MONTH TO DATE  562                       476     86      548
  SINCE DEC 1    562                       476     86      548
  SINCE JUL 1   2141                      2250   -109     2012

 COOLING
  YESTERDAY        0                         0      0        0
  MONTH TO DATE    0                         0      0        0
  SINCE DEC 1      0                         0      0        0
  SINCE JAN 1    434                       222    212      240
..................................................................


WIND (MPH)
  RESULTANT WIND SPEED   0   RESULTANT WIND DIRECTION   S (160)
  HIGHEST WIND SPEED     6   HIGHEST WIND DIRECTION     N (360)
  HIGHEST GUST SPEED     7   HIGHEST GUST DIRECTION     S (170)
  AVERAGE WIND SPEED     1.4


SKY COVER
  POSSIBLE SUNSHINE  MM
  AVERAGE SKY COVER 0.9


WEATHER CONDITIONS
 THE FOLLOWING WEATHER WAS RECORDED YESTERDAY.
  FOG
  FOG W/VISIBILITY <= 1/4 MILE


RELATIVE HUMIDITY (PERCENT)
 HIGHEST   100          1200 AM
 LOWEST     81           200 PM
 AVERAGE    91

..........................................................


THE REDMOND OR CLIMATE NORMALS FOR TODAY
                         NORMAL    RECORD    YEAR
 MAXIMUM TEMPERATURE (F)   40        63      1980
 MINIMUM TEMPERATURE (F)   20        -6      1967


SUNRISE AND SUNSET
DECEMBER 15 2017......SUNRISE   734 AM PST   SUNSET   426 PM PST
DECEMBER 16 2017......SUNRISE   734 AM PST   SUNSET   427 PM PST


-  INDICATES NEGATIVE NUMBERS.
R  INDICATES RECORD WAS SET OR TIED.
MM INDICATES DATA IS MISSING.
T  INDICATES TRACE AMOUNT.




$$
