000
CDUS46 KPDT 210838
CLIRDM

CLIMATE REPORT
NATIONAL WEATHER SERVICE PENDLETON OR
133 AM PDT THU SEP 21 2017


...................................

...THE REDMOND OR CLIMATE SUMMARY FOR SEPTEMBER 20 2017...

CLIMATE NORMAL PERIOD 1981 TO 2010
CLIMATE RECORD PERIOD 1949 TO 2017


WEATHER ITEM   OBSERVED TIME   RECORD YEAR NORMAL DEPARTURE LAST
                VALUE   (LST)  VALUE       VALUE  FROM      YEAR
                                                  NORMAL
..................................................................
TEMPERATURE (F)
 YESTERDAY
  MAXIMUM         55    147 PM  95    1999  75    -20       68
  MINIMUM         41   1159 PM  23    1983  37      4       41
  AVERAGE         48                        56     -8       55

PRECIPITATION (IN)
  YESTERDAY        0.26R         0.22 1986   0.02   0.24     0.00
  MONTH TO DATE    0.43                      0.27   0.16     0.02
  SINCE OCT 1      9.22                      8.76   0.46     9.08
  SINCE JAN 1      5.47                      6.00  -0.53     5.51

DEGREE DAYS
 HEATING
  YESTERDAY       17                         9      8       10
  MONTH TO DATE   94                       140    -46      179
  SINCE SEP 1     94                       140    -46      179
  SINCE JUL 1    117                       289   -172      268

 COOLING
  YESTERDAY        0                         0      0        0
  MONTH TO DATE   56                        14     42        0
  SINCE SEP 1     56                        14     42        0
  SINCE JAN 1    434                       220    214      239
..................................................................


WIND (MPH)
  RESULTANT WIND SPEED  10   RESULTANT WIND DIRECTION   W (280)
  HIGHEST WIND SPEED    26   HIGHEST WIND DIRECTION     W (280)
  HIGHEST GUST SPEED    35   HIGHEST GUST DIRECTION     W (280)
  AVERAGE WIND SPEED    10.4


SKY COVER
  POSSIBLE SUNSHINE  MM
  AVERAGE SKY COVER 0.6


WEATHER CONDITIONS
 THE FOLLOWING WEATHER WAS RECORDED YESTERDAY.
  RAIN
  LIGHT RAIN
  FOG


RELATIVE HUMIDITY (PERCENT)
 HIGHEST    86           100 AM
 LOWEST     41           400 PM
 AVERAGE    64

..........................................................


THE REDMOND OR CLIMATE NORMALS FOR TODAY
                         NORMAL    RECORD    YEAR
 MAXIMUM TEMPERATURE (F)   75        96      1967
 MINIMUM TEMPERATURE (F)   37        23      1955


SUNRISE AND SUNSET
SEPTEMBER 21 2017.....SUNRISE   651 AM PDT   SUNSET   703 PM PDT
SEPTEMBER 22 2017.....SUNRISE   652 AM PDT   SUNSET   701 PM PDT


-  INDICATES NEGATIVE NUMBERS.
R  INDICATES RECORD WAS SET OR TIED.
MM INDICATES DATA IS MISSING.
T  INDICATES TRACE AMOUNT.




$$
