653
CDUS46 KPDT 300836 RRA
CLIRDM

CLIMATE REPORT
NATIONAL WEATHER SERVICE PENDLETON OR
136 AM PDT THU MAR 30 2017


...................................

...THE REDMOND OR CLIMATE SUMMARY FOR MARCH 29 2017...

CLIMATE NORMAL PERIOD 1981 TO 2010
CLIMATE RECORD PERIOD 1949 TO 2017


WEATHER ITEM   OBSERVED TIME   RECORD YEAR NORMAL DEPARTURE LAST
                VALUE   (LST)  VALUE       VALUE  FROM      YEAR
                                                  NORMAL
..................................................................
TEMPERATURE (F)
 YESTERDAY
  MAXIMUM         58   1159 AM  80    1966  57      1       56
  MINIMUM         42   1159 PM  14    1950  27     15       34
  AVERAGE         50                        42      8       45

PRECIPITATION (IN)
  YESTERDAY        0.27          0.39 1974   0.02   0.25     0.00
  MONTH TO DATE    0.57                      0.61  -0.04     0.57
  SINCE OCT 1      7.08                      4.99   2.09     5.48
  SINCE JAN 1      3.33                      2.23   1.10     1.91

DEGREE DAYS
 HEATING
  YESTERDAY       15                        23     -8       20
  MONTH TO DATE  626                       731   -105      690
  SINCE MAR 1    626                       731   -105      690
  SINCE JUL 1   5503                      5404     99     4821

 COOLING
  YESTERDAY        0                         0      0        0
  MONTH TO DATE    0                         0      0        0
  SINCE MAR 1      0                         0      0        0
  SINCE JAN 1      0                         0      0        0
..................................................................


WIND (MPH)
  RESULTANT WIND SPEED  12   RESULTANT WIND DIRECTION  SW (210)
  HIGHEST WIND SPEED    25   HIGHEST WIND DIRECTION     S (200)
  HIGHEST GUST SPEED    35   HIGHEST GUST DIRECTION     S (200)
  AVERAGE WIND SPEED    13.9


SKY COVER
  POSSIBLE SUNSHINE  MM
  AVERAGE SKY COVER 0.7


WEATHER CONDITIONS
 THE FOLLOWING WEATHER WAS RECORDED YESTERDAY.
  HEAVY RAIN
  RAIN
  LIGHT RAIN
  FOG


RELATIVE HUMIDITY (PERCENT)
 HIGHEST    82          1100 PM
 LOWEST     51          1200 PM
 AVERAGE    67

..........................................................


THE REDMOND OR CLIMATE NORMALS FOR TODAY
                         NORMAL    RECORD    YEAR
 MAXIMUM TEMPERATURE (F)   57        76      1964
 MINIMUM TEMPERATURE (F)   27        10      1954


SUNRISE AND SUNSET
MARCH 30 2017.........SUNRISE   649 AM PDT   SUNSET   730 PM PDT
MARCH 31 2017.........SUNRISE   647 AM PDT   SUNSET   731 PM PDT


-  INDICATES NEGATIVE NUMBERS.
R  INDICATES RECORD WAS SET OR TIED.
MM INDICATES DATA IS MISSING.
T  INDICATES TRACE AMOUNT.


$$
