000
CDUS46 KPDT 240858
CLIRDM

CLIMATE REPORT
NATIONAL WEATHER SERVICE PENDLETON OR
136 AM PDT FRI OCT 24 2014


...................................

...THE REDMOND OR CLIMATE SUMMARY FOR OCTOBER 23 2014...

CLIMATE NORMAL PERIOD 1981 TO 2010
CLIMATE RECORD PERIOD 1949 TO 2014


WEATHER ITEM   OBSERVED TIME   RECORD YEAR NORMAL DEPARTURE LAST
                VALUE   (LST)  VALUE       VALUE  FROM      YEAR
                                                  NORMAL
..................................................................
TEMPERATURE (F)
 YESTERDAY
  MAXIMUM         55    216 PM  82    1965  60     -5       68
  MINIMUM         43    734 PM  18    1980  30     13       27
  AVERAGE         49                        45      4       48

PRECIPITATION (IN)
  YESTERDAY        0.11          0.19 1951   0.02   0.09     0.00
  MONTH TO DATE    0.37                      0.43  -0.06     0.05
  SINCE OCT 1      0.37                      0.43  -0.06     0.05
  SINCE JAN 1      5.79                      6.57  -0.78     4.14

DEGREE DAYS
 HEATING
  YESTERDAY       16                        20     -4       17
  MONTH TO DATE  235                       376   -141      479
  SINCE SEP 1    421                       626   -205      709
  SINCE JUL 1    495                       775   -280      745

 COOLING
  YESTERDAY        0                         0      0        0
  MONTH TO DATE    0                         0      0        0
  SINCE SEP 1     14                        16     -2       36
  SINCE JAN 1    311                       222     89      350
..................................................................


WIND (MPH)
  RESULTANT WIND SPEED   5   RESULTANT WIND DIRECTION   S (200)
  HIGHEST WIND SPEED    16   HIGHEST WIND DIRECTION     S (180)
  HIGHEST GUST SPEED    26   HIGHEST GUST DIRECTION    SW (210)
  AVERAGE WIND SPEED     6.7


SKY COVER
  POSSIBLE SUNSHINE  MM
  AVERAGE SKY COVER 0.6


WEATHER CONDITIONS
 THE FOLLOWING WEATHER WAS RECORDED YESTERDAY.
  RAIN
  LIGHT RAIN
  FOG


RELATIVE HUMIDITY (PERCENT)
 HIGHEST    83           100 AM
 LOWEST     50           400 PM
 AVERAGE    67

..........................................................


THE REDMOND OR CLIMATE NORMALS FOR TODAY
                         NORMAL    RECORD    YEAR
 MAXIMUM TEMPERATURE (F)   60        85      1968
 MINIMUM TEMPERATURE (F)   30        15      2002


SUNRISE AND SUNSET
OCTOBER 24 2014.......SUNRISE   731 AM PDT   SUNSET   606 PM PDT
OCTOBER 25 2014.......SUNRISE   732 AM PDT   SUNSET   604 PM PDT


-  INDICATES NEGATIVE NUMBERS.
R  INDICATES RECORD WAS SET OR TIED.
MM INDICATES DATA IS MISSING.
T  INDICATES TRACE AMOUNT.




$$
