000
CDUS46 KPDT 270836 RRA
CLIRDM

CLIMATE REPORT
NATIONAL WEATHER SERVICE PENDLETON OR
125 AM PDT TUE SEP 27 2016


...................................

...THE REDMOND OR CLIMATE SUMMARY FOR SEPTEMBER 26 2016...

CLIMATE NORMAL PERIOD 1981 TO 2010
CLIMATE RECORD PERIOD 1949 TO 2016


WEATHER ITEM   OBSERVED TIME   RECORD YEAR NORMAL DEPARTURE LAST
                VALUE   (LST)  VALUE       VALUE  FROM      YEAR
                                                  NORMAL
..................................................................
TEMPERATURE (F)
 YESTERDAY
  MAXIMUM         93    347 PM  95    1963  73     20       69
  MINIMUM         38    607 AM  24    1970  35      3       34
  AVERAGE         66                        54     12       52

PRECIPITATION (IN)
  YESTERDAY        0.00          0.64 1981   0.01  -0.01     0.00
  MONTH TO DATE    0.04                      0.35  -0.31     0.07
  SINCE OCT 1      9.10                      8.84   0.26     8.84
  SINCE JAN 1      5.53                      6.08  -0.55     4.56

DEGREE DAYS
 HEATING
  YESTERDAY        0                        11    -11       13
  MONTH TO DATE  247                       203     44      232
  SINCE SEP 1    247                       203     44      232
  SINCE JUL 1    336                       352    -16      323

 COOLING
  YESTERDAY        1                         0      1        0
  MONTH TO DATE    1                        14    -13        8
  SINCE SEP 1      1                        14    -13        8
  SINCE JAN 1    240                       220     20      363
..................................................................


WIND (MPH)
  RESULTANT WIND SPEED   1   RESULTANT WIND DIRECTION   W (250)
  HIGHEST WIND SPEED    16   HIGHEST WIND DIRECTION    NW (330)
  HIGHEST GUST SPEED    22   HIGHEST GUST DIRECTION    NW (330)
  AVERAGE WIND SPEED     5.4


SKY COVER
  POSSIBLE SUNSHINE  MM
  AVERAGE SKY COVER 0.0


WEATHER CONDITIONS
 THE FOLLOWING WEATHER WAS RECORDED YESTERDAY.
  NO SIGNIFICANT WEATHER WAS OBSERVED.


RELATIVE HUMIDITY (PERCENT)
 HIGHEST    62           300 AM
 LOWEST     10           100 PM
 AVERAGE    36

..........................................................


THE REDMOND OR CLIMATE NORMALS FOR TODAY
                         NORMAL    RECORD    YEAR
 MAXIMUM TEMPERATURE (F)   72        97      1963
 MINIMUM TEMPERATURE (F)   35        25      1999


SUNRISE AND SUNSET
SEPTEMBER 27 2016.....SUNRISE   658 AM PDT   SUNSET   652 PM PDT
SEPTEMBER 28 2016.....SUNRISE   659 AM PDT   SUNSET   650 PM PDT


-  INDICATES NEGATIVE NUMBERS.
R  INDICATES RECORD WAS SET OR TIED.
MM INDICATES DATA IS MISSING.
T  INDICATES TRACE AMOUNT.




$$
