000
CDUS46 KPDT 180901
CLIRDM

CLIMATE REPORT
NATIONAL WEATHER SERVICE PENDLETON OR
201 AM PDT THU SEP 18 2014


...................................

...THE REDMOND OR CLIMATE SUMMARY FOR SEPTEMBER 17 2014...

CLIMATE NORMAL PERIOD 1981 TO 2010
CLIMATE RECORD PERIOD 1949 TO 2014


WEATHER ITEM   OBSERVED TIME   RECORD YEAR NORMAL DEPARTURE LAST
                VALUE   (LST)  VALUE       VALUE  FROM      YEAR
                                                  NORMAL
..................................................................
TEMPERATURE (F)
 YESTERDAY
  MAXIMUM         86    251 PM  95    1981  76     10       62
  MINIMUM         54    555 AM  19    1965  38     16       49
  AVERAGE         70                        57     13       56

PRECIPITATION (IN)
  YESTERDAY        0.00          0.32 2010   0.02  -0.02     0.08
  MONTH TO DATE    0.00                      0.23  -0.23     0.10
  SINCE OCT 1      5.71                      8.72  -3.01     7.09
  SINCE JAN 1      5.00                      5.96  -0.96     3.18

DEGREE DAYS
 HEATING
  YESTERDAY        0                         9     -9        9
  MONTH TO DATE  110                       113     -3       38
  SINCE SEP 1    110                       113     -3       38
  SINCE JUL 1    184                       262    -78       74

 COOLING
  YESTERDAY        5                         0      5        0
  MONTH TO DATE    6                        14     -8       36
  SINCE SEP 1      6                        14     -8       36
  SINCE JAN 1    303                       220     83      350
..................................................................


WIND (MPH)
  RESULTANT WIND SPEED   1   RESULTANT WIND DIRECTION  SW (230)
  HIGHEST WIND SPEED    20   HIGHEST WIND DIRECTION    NW (330)
  HIGHEST GUST SPEED    25   HIGHEST GUST DIRECTION     S (190)
  AVERAGE WIND SPEED     7.2


SKY COVER
  POSSIBLE SUNSHINE  MM
  AVERAGE SKY COVER 0.0


WEATHER CONDITIONS
THE FOLLOWING WEATHER WAS RECORDED YESTERDAY.
  HAZE


RELATIVE HUMIDITY (PERCENT)
 HIGHEST    51           300 AM
 LOWEST     11           300 PM
 AVERAGE    31

..........................................................


THE REDMOND OR CLIMATE NORMALS FOR TODAY
                         NORMAL    RECORD    YEAR
 MAXIMUM TEMPERATURE (F)   76        92      1984
 MINIMUM TEMPERATURE (F)   38        22      1965


SUNRISE AND SUNSET
SEPTEMBER 18 2014.....SUNRISE   647 AM PDT   SUNSET   709 PM PDT
SEPTEMBER 19 2014.....SUNRISE   648 AM PDT   SUNSET   707 PM PDT


-  INDICATES NEGATIVE NUMBERS.
R  INDICATES RECORD WAS SET OR TIED.
MM INDICATES DATA IS MISSING.
T  INDICATES TRACE AMOUNT.

$$
