000
CDUS46 KPDT 240037
CLIRDM

CLIMATE REPORT
NATIONAL WEATHER SERVICE PENDLETON OR
526 PM PDT TUE AUG 23 2016


...................................

...THE REDMOND OR CLIMATE SUMMARY FOR AUGUST 23 2016...
VALID TODAY AS OF 0500 PM LOCAL TIME.

CLIMATE NORMAL PERIOD 1981 TO 2010
CLIMATE RECORD PERIOD 1949 TO 2016


WEATHER ITEM   OBSERVED TIME   RECORD YEAR NORMAL DEPARTURE LAST
                VALUE   (LST)  VALUE       VALUE  FROM      YEAR
                                                  NORMAL
..................................................................
TEMPERATURE (F)
 TODAY
  MAXIMUM         82    359 PM  99    1969  83     -1       89
  MINIMUM         37    518 AM  32    2010  44     -7       39
                                      1971
  AVERAGE         60                        64     -4       64

PRECIPITATION (IN)
  TODAY            0.00          0.25 1998   0.02  -0.02     0.00
  MONTH TO DATE    0.02                      0.37  -0.35     0.01
  SINCE OCT 1      9.06                      8.36   0.70     8.76
  SINCE JAN 1      5.49                      5.60  -0.11     4.48

DEGREE DAYS
 HEATING
  TODAY            5                         3      2        1
  MONTH TO DATE   33                        50    -17       27
  SINCE JUN 1    259                       336    -77      152
  SINCE JUL 1     82                       119    -37       75

 COOLING
  TODAY            0                         2     -2        0
  MONTH TO DATE   75                        69      6       83
  SINCE JUN 1    215                       190     25      324
  SINCE JAN 1    218                       195     23      333
..................................................................


WIND (MPH)
  RESULTANT WIND SPEED   1   RESULTANT WIND DIRECTION   N (340)
  HIGHEST WIND SPEED    14   HIGHEST WIND DIRECTION    NW (330)
  HIGHEST GUST SPEED    17   HIGHEST GUST DIRECTION    NW (330)
  AVERAGE WIND SPEED     4.1


SKY COVER
  POSSIBLE SUNSHINE  MM
  AVERAGE SKY COVER 0.0


WEATHER CONDITIONS
 THE FOLLOWING WEATHER WAS RECORDED TODAY.
  NO SIGNIFICANT WEATHER WAS OBSERVED.


RELATIVE HUMIDITY (PERCENT)
 HIGHEST    54           400 AM
 LOWEST      9           400 PM
 AVERAGE    32

..........................................................


THE REDMOND OR CLIMATE NORMALS FOR TOMORROW
                         NORMAL    RECORD    YEAR
 MAXIMUM TEMPERATURE (F)   83        97      1999
 MINIMUM TEMPERATURE (F)   44        31      1992


SUNRISE AND SUNSET
AUGUST 23 2016........SUNRISE   618 AM PDT   SUNSET   755 PM PDT
AUGUST 24 2016........SUNRISE   619 AM PDT   SUNSET   754 PM PDT


-  INDICATES NEGATIVE NUMBERS.
R  INDICATES RECORD WAS SET OR TIED.
MM INDICATES DATA IS MISSING.
T  INDICATES TRACE AMOUNT.




$$
